INSERT INTO `cities` (`id`, `name`, `state_id`, `cost`, `status`, `created_at`, `updated_at`, `deleted_at`) VALUES
(46720, 'Midlothian', 3974, 0.00, 0, '2021-04-06 01:13:52', '2021-04-06 01:13:52', NULL),
(46721, 'Montclair', 3974, 0.00, 0, '2021-04-06 01:13:52', '2021-04-06 01:13:52', NULL),
(46722, 'Montross', 3974, 0.00, 0, '2021-04-06 01:13:52', '2021-04-06 01:13:52', NULL),
(46723, 'Mount Vernon', 3974, 0.00, 0, '2021-04-06 01:13:52', '2021-04-06 01:13:52', NULL),
(46724, 'Newington', 3974, 0.00, 0, '2021-04-06 01:13:52', '2021-04-06 01:13:52', NULL),
(46725, 'Newport News', 3974, 0.00, 0, '2021-04-06 01:13:52', '2021-04-06 01:13:52', NULL),
(46726, 'Norfolk', 3974, 0.00, 0, '2021-04-06 01:13:52', '2021-04-06 01:13:52', NULL),
(46727, 'North Springfield', 3974, 0.00, 0, '2021-04-06 01:13:52', '2021-04-06 01:13:52', NULL),
(46728, 'Oakton', 3974, 0.00, 0, '2021-04-06 01:13:52', '2021-04-06 01:13:52', NULL),
(46729, 'Orange', 3974, 0.00, 0, '2021-04-06 01:13:52', '2021-04-06 01:13:52', NULL),
(46730, 'Petersburg', 3974, 0.00, 0, '2021-04-06 01:13:52', '2021-04-06 01:13:52', NULL),
(46731, 'Poquoson', 3974, 0.00, 0, '2021-04-06 01:13:52', '2021-04-06 01:13:52', NULL),
(46732, 'Portsmouth', 3974, 0.00, 0, '2021-04-06 01:13:52', '2021-04-06 01:13:52', NULL),
(46733, 'Radford', 3974, 0.00, 0, '2021-04-06 01:13:52', '2021-04-06 01:13:52', NULL),
(46734, 'Reston', 3974, 0.00, 0, '2021-04-06 01:13:52', '2021-04-06 01:13:52', NULL),
(46735, 'Richmond', 3974, 0.00, 0, '2021-04-06 01:13:52', '2021-04-06 01:13:52', NULL),
(46736, 'Roanoke', 3974, 0.00, 0, '2021-04-06 01:13:52', '2021-04-06 01:13:52', NULL),
(46737, 'Rose Hill', 3974, 0.00, 0, '2021-04-06 01:13:52', '2021-04-06 01:13:52', NULL),
(46738, 'Salem', 3974, 0.00, 0, '2021-04-06 01:13:52', '2021-04-06 01:13:52', NULL),
(46739, 'Seaford', 3974, 0.00, 0, '2021-04-06 01:13:52', '2021-04-06 01:13:52', NULL),
(46740, 'South Boston', 3974, 0.00, 0, '2021-04-06 01:13:52', '2021-04-06 01:13:52', NULL),
(46741, 'Springfield', 3974, 0.00, 0, '2021-04-06 01:13:52', '2021-04-06 01:13:52', NULL),
(46742, 'Stafford', 3974, 0.00, 0, '2021-04-06 01:13:52', '2021-04-06 01:13:52', NULL),
(46743, 'Staffordshire', 3974, 0.00, 0, '2021-04-06 01:13:52', '2021-04-06 01:13:52', NULL),
(46744, 'Staunton', 3974, 0.00, 0, '2021-04-06 01:13:52', '2021-04-06 01:13:52', NULL),
(46745, 'Sterling', 3974, 0.00, 0, '2021-04-06 01:13:52', '2021-04-06 01:13:52', NULL),
(46746, 'Suffolk', 3974, 0.00, 0, '2021-04-06 01:13:52', '2021-04-06 01:13:52', NULL),
(46747, 'Sugarland Run', 3974, 0.00, 0, '2021-04-06 01:13:52', '2021-04-06 01:13:52', NULL),
(46748, 'Tappahannock', 3974, 0.00, 0, '2021-04-06 01:13:52', '2021-04-06 01:13:52', NULL),
(46749, 'Timberlake', 3974, 0.00, 0, '2021-04-06 01:13:52', '2021-04-06 01:13:52', NULL),
(46750, 'Triangle', 3974, 0.00, 0, '2021-04-06 01:13:52', '2021-04-06 01:13:52', NULL),
(46751, 'Tuckahoe', 3974, 0.00, 0, '2021-04-06 01:13:52', '2021-04-06 01:13:52', NULL),
(46752, 'Tysons Corner', 3974, 0.00, 0, '2021-04-06 01:13:52', '2021-04-06 01:13:52', NULL),
(46753, 'Vienna', 3974, 0.00, 0, '2021-04-06 01:13:52', '2021-04-06 01:13:52', NULL),
(46754, 'Virginia Beach', 3974, 0.00, 0, '2021-04-06 01:13:52', '2021-04-06 01:13:52', NULL),
(46755, 'Warrenton', 3974, 0.00, 0, '2021-04-06 01:13:52', '2021-04-06 01:13:52', NULL),
(46756, 'Washington', 3974, 0.00, 0, '2021-04-06 01:13:52', '2021-04-06 01:13:52', NULL),
(46757, 'Waterford', 3974, 0.00, 0, '2021-04-06 01:13:52', '2021-04-06 01:13:52', NULL),
(46758, 'Waynesboro', 3974, 0.00, 0, '2021-04-06 01:13:52', '2021-04-06 01:13:52', NULL),
(46759, 'West Springfield', 3974, 0.00, 0, '2021-04-06 01:13:52', '2021-04-06 01:13:52', NULL),
(46760, 'Williamsburg', 3974, 0.00, 0, '2021-04-06 01:13:52', '2021-04-06 01:13:52', NULL),
(46761, 'Winchester', 3974, 0.00, 0, '2021-04-06 01:13:52', '2021-04-06 01:13:52', NULL),
(46762, 'Wolf Trap', 3974, 0.00, 0, '2021-04-06 01:13:52', '2021-04-06 01:13:52', NULL),
(46763, 'Woodbridge', 3974, 0.00, 0, '2021-04-06 01:13:52', '2021-04-06 01:13:52', NULL),
(46764, 'Wytheville', 3974, 0.00, 0, '2021-04-06 01:13:52', '2021-04-06 01:13:52', NULL),
(46765, 'Yorktown', 3974, 0.00, 0, '2021-04-06 01:13:52', '2021-04-06 01:13:52', NULL),
(46766, 'Aberdeen', 3975, 0.00, 0, '2021-04-06 01:13:52', '2021-04-06 01:13:52', NULL),
(46767, 'Airway Heights', 3975, 0.00, 0, '2021-04-06 01:13:52', '2021-04-06 01:13:52', NULL),
(46768, 'Alderwood Manor', 3975, 0.00, 0, '2021-04-06 01:13:52', '2021-04-06 01:13:52', NULL),
(46769, 'Anacortes', 3975, 0.00, 0, '2021-04-06 01:13:52', '2021-04-06 01:13:52', NULL),
(46770, 'Arlington', 3975, 0.00, 0, '2021-04-06 01:13:52', '2021-04-06 01:13:52', NULL),
(46771, 'Auburn', 3975, 0.00, 0, '2021-04-06 01:13:52', '2021-04-06 01:13:52', NULL),
(46772, 'Bainbridge Island', 3975, 0.00, 0, '2021-04-06 01:13:52', '2021-04-06 01:13:52', NULL),
(46773, 'Battle Ground', 3975, 0.00, 0, '2021-04-06 01:13:52', '2021-04-06 01:13:52', NULL),
(46774, 'Bellevue', 3975, 0.00, 0, '2021-04-06 01:13:52', '2021-04-06 01:13:52', NULL),
(46775, 'Bellingham', 3975, 0.00, 0, '2021-04-06 01:13:52', '2021-04-06 01:13:52', NULL),
(46776, 'Bingen', 3975, 0.00, 0, '2021-04-06 01:13:52', '2021-04-06 01:13:52', NULL),
(46777, 'Blaine', 3975, 0.00, 0, '2021-04-06 01:13:52', '2021-04-06 01:13:52', NULL),
(46778, 'Bothell', 3975, 0.00, 0, '2021-04-06 01:13:52', '2021-04-06 01:13:52', NULL),
(46779, 'Bremerton', 3975, 0.00, 0, '2021-04-06 01:13:52', '2021-04-06 01:13:52', NULL),
(46780, 'Bryn Mawr-Skyway', 3975, 0.00, 0, '2021-04-06 01:13:52', '2021-04-06 01:13:52', NULL),
(46781, 'Buckley', 3975, 0.00, 0, '2021-04-06 01:13:52', '2021-04-06 01:13:52', NULL),
(46782, 'Burien', 3975, 0.00, 0, '2021-04-06 01:13:52', '2021-04-06 01:13:52', NULL),
(46783, 'Burlington', 3975, 0.00, 0, '2021-04-06 01:13:52', '2021-04-06 01:13:52', NULL),
(46784, 'Camano Island', 3975, 0.00, 0, '2021-04-06 01:13:52', '2021-04-06 01:13:52', NULL),
(46785, 'Camas', 3975, 0.00, 0, '2021-04-06 01:13:52', '2021-04-06 01:13:52', NULL),
(46786, 'Cascade-Fairwood', 3975, 0.00, 0, '2021-04-06 01:13:52', '2021-04-06 01:13:52', NULL),
(46787, 'Centralia', 3975, 0.00, 0, '2021-04-06 01:13:52', '2021-04-06 01:13:52', NULL),
(46788, 'Chehalis', 3975, 0.00, 0, '2021-04-06 01:13:52', '2021-04-06 01:13:52', NULL),
(46789, 'Cheney', 3975, 0.00, 0, '2021-04-06 01:13:52', '2021-04-06 01:13:52', NULL),
(46790, 'Clear Lake', 3975, 0.00, 0, '2021-04-06 01:13:52', '2021-04-06 01:13:52', NULL),
(46791, 'Colbert', 3975, 0.00, 0, '2021-04-06 01:13:52', '2021-04-06 01:13:52', NULL),
(46792, 'Cottage Lake', 3975, 0.00, 0, '2021-04-06 01:13:52', '2021-04-06 01:13:52', NULL),
(46793, 'Covington-Sawyer-Wilderness', 3975, 0.00, 0, '2021-04-06 01:13:52', '2021-04-06 01:13:52', NULL),
(46794, 'Des Moines', 3975, 0.00, 0, '2021-04-06 01:13:52', '2021-04-06 01:13:52', NULL),
(46795, 'Duvall', 3975, 0.00, 0, '2021-04-06 01:13:52', '2021-04-06 01:13:52', NULL),
(46796, 'East Hill-Meridian', 3975, 0.00, 0, '2021-04-06 01:13:52', '2021-04-06 01:13:52', NULL),
(46797, 'East Renton Highlands', 3975, 0.00, 0, '2021-04-06 01:13:52', '2021-04-06 01:13:52', NULL),
(46798, 'East Wenatchee Bench', 3975, 0.00, 0, '2021-04-06 01:13:52', '2021-04-06 01:13:52', NULL),
(46799, 'Eastsound', 3975, 0.00, 0, '2021-04-06 01:13:52', '2021-04-06 01:13:52', NULL),
(46800, 'Eatonville', 3975, 0.00, 0, '2021-04-06 01:13:52', '2021-04-06 01:13:52', NULL),
(46801, 'Edgewood-North Hill', 3975, 0.00, 0, '2021-04-06 01:13:52', '2021-04-06 01:13:52', NULL),
(46802, 'Edmonds', 3975, 0.00, 0, '2021-04-06 01:13:52', '2021-04-06 01:13:52', NULL),
(46803, 'Elk Plain', 3975, 0.00, 0, '2021-04-06 01:13:52', '2021-04-06 01:13:52', NULL),
(46804, 'Ellensburg', 3975, 0.00, 0, '2021-04-06 01:13:52', '2021-04-06 01:13:52', NULL),
(46805, 'Enumclaw', 3975, 0.00, 0, '2021-04-06 01:13:52', '2021-04-06 01:13:52', NULL),
(46806, 'Esperance', 3975, 0.00, 0, '2021-04-06 01:13:52', '2021-04-06 01:13:52', NULL),
(46807, 'Everett', 3975, 0.00, 0, '2021-04-06 01:13:52', '2021-04-06 01:13:52', NULL),
(46808, 'Evergreen', 3975, 0.00, 0, '2021-04-06 01:13:52', '2021-04-06 01:13:52', NULL),
(46809, 'Fairchild', 3975, 0.00, 0, '2021-04-06 01:13:52', '2021-04-06 01:13:52', NULL),
(46810, 'Federal Way', 3975, 0.00, 0, '2021-04-06 01:13:52', '2021-04-06 01:13:52', NULL),
(46811, 'Ferndale', 3975, 0.00, 0, '2021-04-06 01:13:52', '2021-04-06 01:13:52', NULL),
(46812, 'Fircrest', 3975, 0.00, 0, '2021-04-06 01:13:52', '2021-04-06 01:13:52', NULL),
(46813, 'Ford', 3975, 0.00, 0, '2021-04-06 01:13:52', '2021-04-06 01:13:52', NULL),
(46814, 'Fort Lewis', 3975, 0.00, 0, '2021-04-06 01:13:52', '2021-04-06 01:13:52', NULL),
(46815, 'Friday Harbor', 3975, 0.00, 0, '2021-04-06 01:13:52', '2021-04-06 01:13:52', NULL),
(46816, 'Gig Harbor', 3975, 0.00, 0, '2021-04-06 01:13:52', '2021-04-06 01:13:52', NULL),
(46817, 'Graham', 3975, 0.00, 0, '2021-04-06 01:13:52', '2021-04-06 01:13:52', NULL),
(46818, 'Harbour Pointe', 3975, 0.00, 0, '2021-04-06 01:13:52', '2021-04-06 01:13:52', NULL),
(46819, 'Inglewood-Finn Hill', 3975, 0.00, 0, '2021-04-06 01:13:52', '2021-04-06 01:13:52', NULL),
(46820, 'Issaquah', 3975, 0.00, 0, '2021-04-06 01:13:52', '2021-04-06 01:13:52', NULL),
(46821, 'Kelso', 3975, 0.00, 0, '2021-04-06 01:13:52', '2021-04-06 01:13:52', NULL),
(46822, 'Kenmore', 3975, 0.00, 0, '2021-04-06 01:13:52', '2021-04-06 01:13:52', NULL),
(46823, 'Kennewick', 3975, 0.00, 0, '2021-04-06 01:13:52', '2021-04-06 01:13:52', NULL),
(46824, 'Kent', 3975, 0.00, 0, '2021-04-06 01:13:52', '2021-04-06 01:13:52', NULL),
(46825, 'Kingsgate', 3975, 0.00, 0, '2021-04-06 01:13:52', '2021-04-06 01:13:52', NULL),
(46826, 'Kirkland', 3975, 0.00, 0, '2021-04-06 01:13:52', '2021-04-06 01:13:52', NULL),
(46827, 'Lacey', 3975, 0.00, 0, '2021-04-06 01:13:52', '2021-04-06 01:13:52', NULL),
(46828, 'Lake Serene-North Lynnwood', 3975, 0.00, 0, '2021-04-06 01:13:52', '2021-04-06 01:13:52', NULL),
(46829, 'Lakeland North', 3975, 0.00, 0, '2021-04-06 01:13:52', '2021-04-06 01:13:52', NULL),
(46830, 'Lakeland South', 3975, 0.00, 0, '2021-04-06 01:13:52', '2021-04-06 01:13:52', NULL),
(46831, 'Lakewood', 3975, 0.00, 0, '2021-04-06 01:13:52', '2021-04-06 01:13:52', NULL),
(46832, 'Longview', 3975, 0.00, 0, '2021-04-06 01:13:52', '2021-04-06 01:13:52', NULL),
(46833, 'Lynnwood', 3975, 0.00, 0, '2021-04-06 01:13:52', '2021-04-06 01:13:52', NULL),
(46834, 'Martha Lake', 3975, 0.00, 0, '2021-04-06 01:13:52', '2021-04-06 01:13:52', NULL),
(46835, 'Marysville', 3975, 0.00, 0, '2021-04-06 01:13:52', '2021-04-06 01:13:52', NULL),
(46836, 'Mercer Island', 3975, 0.00, 0, '2021-04-06 01:13:52', '2021-04-06 01:13:52', NULL),
(46837, 'Minnehaha', 3975, 0.00, 0, '2021-04-06 01:13:52', '2021-04-06 01:13:52', NULL),
(46838, 'Monroe', 3975, 0.00, 0, '2021-04-06 01:13:52', '2021-04-06 01:13:52', NULL),
(46839, 'Moses Lake', 3975, 0.00, 0, '2021-04-06 01:13:52', '2021-04-06 01:13:52', NULL),
(46840, 'Mossyrock', 3975, 0.00, 0, '2021-04-06 01:13:52', '2021-04-06 01:13:52', NULL),
(46841, 'Mount Vernon', 3975, 0.00, 0, '2021-04-06 01:13:52', '2021-04-06 01:13:52', NULL),
(46842, 'Mountlake Terrace', 3975, 0.00, 0, '2021-04-06 01:13:52', '2021-04-06 01:13:52', NULL),
(46843, 'Mukilteo', 3975, 0.00, 0, '2021-04-06 01:13:52', '2021-04-06 01:13:52', NULL),
(46844, 'Newport Hills', 3975, 0.00, 0, '2021-04-06 01:13:52', '2021-04-06 01:13:52', NULL),
(46845, 'North City-Ridgecrest', 3975, 0.00, 0, '2021-04-06 01:13:52', '2021-04-06 01:13:52', NULL),
(46846, 'North Creek', 3975, 0.00, 0, '2021-04-06 01:13:52', '2021-04-06 01:13:52', NULL),
(46847, 'North Marysville', 3975, 0.00, 0, '2021-04-06 01:13:52', '2021-04-06 01:13:52', NULL),
(46848, 'Oak Harbor', 3975, 0.00, 0, '2021-04-06 01:13:52', '2021-04-06 01:13:52', NULL),
(46849, 'Ocean Shores', 3975, 0.00, 0, '2021-04-06 01:13:52', '2021-04-06 01:13:52', NULL),
(46850, 'Olympia', 3975, 0.00, 0, '2021-04-06 01:13:52', '2021-04-06 01:13:52', NULL),
(46851, 'Opportunity', 3975, 0.00, 0, '2021-04-06 01:13:52', '2021-04-06 01:13:52', NULL),
(46852, 'Orchards South', 3975, 0.00, 0, '2021-04-06 01:13:52', '2021-04-06 01:13:52', NULL),
(46853, 'Orting', 3975, 0.00, 0, '2021-04-06 01:13:52', '2021-04-06 01:13:52', NULL),
(46854, 'Paine Field-Lake Stickney', 3975, 0.00, 0, '2021-04-06 01:13:52', '2021-04-06 01:13:52', NULL),
(46855, 'Parkland', 3975, 0.00, 0, '2021-04-06 01:13:52', '2021-04-06 01:13:52', NULL),
(46856, 'Pasco', 3975, 0.00, 0, '2021-04-06 01:13:52', '2021-04-06 01:13:52', NULL),
(46857, 'Picnic Point-North Lynnwood', 3975, 0.00, 0, '2021-04-06 01:13:52', '2021-04-06 01:13:52', NULL),
(46858, 'Pine Lake', 3975, 0.00, 0, '2021-04-06 01:13:52', '2021-04-06 01:13:52', NULL),
(46859, 'Port Angeles', 3975, 0.00, 0, '2021-04-06 01:13:52', '2021-04-06 01:13:52', NULL),
(46860, 'Port Hadlock', 3975, 0.00, 0, '2021-04-06 01:13:52', '2021-04-06 01:13:52', NULL),
(46861, 'Port Ludlow', 3975, 0.00, 0, '2021-04-06 01:13:52', '2021-04-06 01:13:52', NULL),
(46862, 'Port Orchard', 3975, 0.00, 0, '2021-04-06 01:13:52', '2021-04-06 01:13:52', NULL),
(46863, 'Poulsbo', 3975, 0.00, 0, '2021-04-06 01:13:52', '2021-04-06 01:13:52', NULL),
(46864, 'Pullman', 3975, 0.00, 0, '2021-04-06 01:13:52', '2021-04-06 01:13:52', NULL),
(46865, 'Puyallup', 3975, 0.00, 0, '2021-04-06 01:13:52', '2021-04-06 01:13:52', NULL),
(46866, 'Redmond', 3975, 0.00, 0, '2021-04-06 01:13:52', '2021-04-06 01:13:52', NULL),
(46867, 'Renton', 3975, 0.00, 0, '2021-04-06 01:13:52', '2021-04-06 01:13:52', NULL),
(46868, 'Republic', 3975, 0.00, 0, '2021-04-06 01:13:52', '2021-04-06 01:13:52', NULL),
(46869, 'Richland', 3975, 0.00, 0, '2021-04-06 01:13:52', '2021-04-06 01:13:52', NULL),
(46870, 'Riverton-Boulevard Park', 3975, 0.00, 0, '2021-04-06 01:13:52', '2021-04-06 01:13:52', NULL),
(46871, 'Sahalee', 3975, 0.00, 0, '2021-04-06 01:13:52', '2021-04-06 01:13:52', NULL),
(46872, 'Salmon Creek', 3975, 0.00, 0, '2021-04-06 01:13:52', '2021-04-06 01:13:52', NULL),
(46873, 'Sammamish', 3975, 0.00, 0, '2021-04-06 01:13:52', '2021-04-06 01:13:52', NULL),
(46874, 'SeaTac', 3975, 0.00, 0, '2021-04-06 01:13:52', '2021-04-06 01:13:52', NULL),
(46875, 'Seattle', 3975, 0.00, 0, '2021-04-06 01:13:52', '2021-04-06 01:13:52', NULL),
(46876, 'Seattle Hill-Silver Firs', 3975, 0.00, 0, '2021-04-06 01:13:52', '2021-04-06 01:13:52', NULL),
(46877, 'Sedro Woolley', 3975, 0.00, 0, '2021-04-06 01:13:52', '2021-04-06 01:13:52', NULL),
(46878, 'Shelton', 3975, 0.00, 0, '2021-04-06 01:13:52', '2021-04-06 01:13:52', NULL),
(46879, 'Shoreline', 3975, 0.00, 0, '2021-04-06 01:13:52', '2021-04-06 01:13:52', NULL),
(46880, 'Silverdale', 3975, 0.00, 0, '2021-04-06 01:13:52', '2021-04-06 01:13:52', NULL),
(46881, 'Snohomish', 3975, 0.00, 0, '2021-04-06 01:13:52', '2021-04-06 01:13:52', NULL),
(46882, 'South Hill', 3975, 0.00, 0, '2021-04-06 01:13:52', '2021-04-06 01:13:52', NULL),
(46883, 'South Prairie', 3975, 0.00, 0, '2021-04-06 01:13:52', '2021-04-06 01:13:52', NULL),
(46884, 'South Seattle', 3975, 0.00, 0, '2021-04-06 01:13:52', '2021-04-06 01:13:52', NULL),
(46885, 'Spanaway', 3975, 0.00, 0, '2021-04-06 01:13:52', '2021-04-06 01:13:52', NULL),
(46886, 'Spokane', 3975, 0.00, 0, '2021-04-06 01:13:52', '2021-04-06 01:13:52', NULL),
(46887, 'Sumas', 3975, 0.00, 0, '2021-04-06 01:13:52', '2021-04-06 01:13:52', NULL),
(46888, 'Sumner', 3975, 0.00, 0, '2021-04-06 01:13:52', '2021-04-06 01:13:52', NULL),
(46889, 'Sunnyside', 3975, 0.00, 0, '2021-04-06 01:13:52', '2021-04-06 01:13:52', NULL),
(46890, 'Tacoma', 3975, 0.00, 0, '2021-04-06 01:13:52', '2021-04-06 01:13:52', NULL),
(46891, 'Tukwila', 3975, 0.00, 0, '2021-04-06 01:13:52', '2021-04-06 01:13:52', NULL),
(46892, 'Tumwater', 3975, 0.00, 0, '2021-04-06 01:13:52', '2021-04-06 01:13:52', NULL),
(46893, 'University Place', 3975, 0.00, 0, '2021-04-06 01:13:52', '2021-04-06 01:13:52', NULL),
(46894, 'Vancouver', 3975, 0.00, 0, '2021-04-06 01:13:52', '2021-04-06 01:13:52', NULL),
(46895, 'Vashon', 3975, 0.00, 0, '2021-04-06 01:13:52', '2021-04-06 01:13:52', NULL),
(46896, 'Walla Walla', 3975, 0.00, 0, '2021-04-06 01:13:52', '2021-04-06 01:13:52', NULL),
(46897, 'Washougal', 3975, 0.00, 0, '2021-04-06 01:13:52', '2021-04-06 01:13:52', NULL),
(46898, 'Wenatchee', 3975, 0.00, 0, '2021-04-06 01:13:52', '2021-04-06 01:13:52', NULL),
(46899, 'West Lake Stevens', 3975, 0.00, 0, '2021-04-06 01:13:52', '2021-04-06 01:13:52', NULL),
(46900, 'White Center', 3975, 0.00, 0, '2021-04-06 01:13:52', '2021-04-06 01:13:52', NULL),
(46901, 'White Salmon', 3975, 0.00, 0, '2021-04-06 01:13:52', '2021-04-06 01:13:52', NULL),
(46902, 'White Swan', 3975, 0.00, 0, '2021-04-06 01:13:52', '2021-04-06 01:13:52', NULL),
(46903, 'Woodinville', 3975, 0.00, 0, '2021-04-06 01:13:52', '2021-04-06 01:13:52', NULL),
(46904, 'Yakima', 3975, 0.00, 0, '2021-04-06 01:13:52', '2021-04-06 01:13:52', NULL),
(46905, 'Yelm', 3975, 0.00, 0, '2021-04-06 01:13:52', '2021-04-06 01:13:52', NULL),
(46906, 'Adams', 3977, 0.00, 0, '2021-04-06 01:13:52', '2021-04-06 01:13:52', NULL),
(46907, 'Allouez', 3977, 0.00, 0, '2021-04-06 01:13:52', '2021-04-06 01:13:52', NULL),
(46908, 'Appleton', 3977, 0.00, 0, '2021-04-06 01:13:52', '2021-04-06 01:13:52', NULL),
(46909, 'Ashland', 3977, 0.00, 0, '2021-04-06 01:13:52', '2021-04-06 01:13:52', NULL),
(46910, 'Ashwaubenon', 3977, 0.00, 0, '2021-04-06 01:13:52', '2021-04-06 01:13:52', NULL),
(46911, 'Baraboo', 3977, 0.00, 0, '2021-04-06 01:13:52', '2021-04-06 01:13:52', NULL),
(46912, 'Beaver Dam', 3977, 0.00, 0, '2021-04-06 01:13:52', '2021-04-06 01:13:52', NULL),
(46913, 'Beloit', 3977, 0.00, 0, '2021-04-06 01:13:52', '2021-04-06 01:13:52', NULL),
(46914, 'Brookfield', 3977, 0.00, 0, '2021-04-06 01:13:52', '2021-04-06 01:13:52', NULL),
(46915, 'Brown Deer', 3977, 0.00, 0, '2021-04-06 01:13:52', '2021-04-06 01:13:52', NULL),
(46916, 'Burlington', 3977, 0.00, 0, '2021-04-06 01:13:52', '2021-04-06 01:13:52', NULL),
(46917, 'Caledonia', 3977, 0.00, 0, '2021-04-06 01:13:52', '2021-04-06 01:13:52', NULL),
(46918, 'Carter', 3977, 0.00, 0, '2021-04-06 01:13:52', '2021-04-06 01:13:52', NULL),
(46919, 'Cedarburg', 3977, 0.00, 0, '2021-04-06 01:13:52', '2021-04-06 01:13:52', NULL),
(46920, 'Chippewa Falls', 3977, 0.00, 0, '2021-04-06 01:13:52', '2021-04-06 01:13:52', NULL),
(46921, 'Cudahy', 3977, 0.00, 0, '2021-04-06 01:13:52', '2021-04-06 01:13:52', NULL),
(46922, 'De Pere', 3977, 0.00, 0, '2021-04-06 01:13:52', '2021-04-06 01:13:52', NULL),
(46923, 'Deer Park', 3977, 0.00, 0, '2021-04-06 01:13:52', '2021-04-06 01:13:52', NULL),
(46924, 'Delafield', 3977, 0.00, 0, '2021-04-06 01:13:52', '2021-04-06 01:13:52', NULL),
(46925, 'Eau Claire', 3977, 0.00, 0, '2021-04-06 01:13:52', '2021-04-06 01:13:52', NULL),
(46926, 'Elkhorn', 3977, 0.00, 0, '2021-04-06 01:13:52', '2021-04-06 01:13:52', NULL),
(46927, 'Elroy', 3977, 0.00, 0, '2021-04-06 01:13:52', '2021-04-06 01:13:52', NULL),
(46928, 'Fitchburg', 3977, 0.00, 0, '2021-04-06 01:13:52', '2021-04-06 01:13:52', NULL),
(46929, 'Fond du Lac', 3977, 0.00, 0, '2021-04-06 01:13:52', '2021-04-06 01:13:52', NULL),
(46930, 'Fort Atkinson', 3977, 0.00, 0, '2021-04-06 01:13:52', '2021-04-06 01:13:52', NULL),
(46931, 'Franklin', 3977, 0.00, 0, '2021-04-06 01:13:52', '2021-04-06 01:13:52', NULL),
(46932, 'Galesville', 3977, 0.00, 0, '2021-04-06 01:13:52', '2021-04-06 01:13:52', NULL),
(46933, 'Germantown', 3977, 0.00, 0, '2021-04-06 01:13:52', '2021-04-06 01:13:52', NULL),
(46934, 'Glen Flora', 3977, 0.00, 0, '2021-04-06 01:13:52', '2021-04-06 01:13:52', NULL),
(46935, 'Glendale', 3977, 0.00, 0, '2021-04-06 01:13:52', '2021-04-06 01:13:52', NULL),
(46936, 'Goodman', 3977, 0.00, 0, '2021-04-06 01:13:52', '2021-04-06 01:13:52', NULL),
(46937, 'Grafton', 3977, 0.00, 0, '2021-04-06 01:13:52', '2021-04-06 01:13:52', NULL),
(46938, 'Green Bay', 3977, 0.00, 0, '2021-04-06 01:13:52', '2021-04-06 01:13:52', NULL),
(46939, 'Greendale', 3977, 0.00, 0, '2021-04-06 01:13:52', '2021-04-06 01:13:52', NULL),
(46940, 'Greenfield', 3977, 0.00, 0, '2021-04-06 01:13:52', '2021-04-06 01:13:52', NULL),
(46941, 'Hartford', 3977, 0.00, 0, '2021-04-06 01:13:52', '2021-04-06 01:13:52', NULL),
(46942, 'Hartland', 3977, 0.00, 0, '2021-04-06 01:13:52', '2021-04-06 01:13:52', NULL),
(46943, 'Howard', 3977, 0.00, 0, '2021-04-06 01:13:52', '2021-04-06 01:13:52', NULL),
(46944, 'Hudson', 3977, 0.00, 0, '2021-04-06 01:13:52', '2021-04-06 01:13:52', NULL),
(46945, 'Janesville', 3977, 0.00, 0, '2021-04-06 01:13:52', '2021-04-06 01:13:52', NULL),
(46946, 'Jefferson', 3977, 0.00, 0, '2021-04-06 01:13:52', '2021-04-06 01:13:52', NULL),
(46947, 'Junction City', 3977, 0.00, 0, '2021-04-06 01:13:52', '2021-04-06 01:13:52', NULL),
(46948, 'Kaukauna', 3977, 0.00, 0, '2021-04-06 01:13:52', '2021-04-06 01:13:52', NULL),
(46949, 'Kenosha', 3977, 0.00, 0, '2021-04-06 01:13:52', '2021-04-06 01:13:52', NULL),
(46950, 'Kiel', 3977, 0.00, 0, '2021-04-06 01:13:52', '2021-04-06 01:13:52', NULL),
(46951, 'Kohler', 3977, 0.00, 0, '2021-04-06 01:13:52', '2021-04-06 01:13:52', NULL),
(46952, 'La Crosse', 3977, 0.00, 0, '2021-04-06 01:13:52', '2021-04-06 01:13:52', NULL),
(46953, 'Little Chute', 3977, 0.00, 0, '2021-04-06 01:13:52', '2021-04-06 01:13:52', NULL),
(46954, 'Madison', 3977, 0.00, 0, '2021-04-06 01:13:52', '2021-04-06 01:13:52', NULL),
(46955, 'Manitowoc', 3977, 0.00, 0, '2021-04-06 01:13:52', '2021-04-06 01:13:52', NULL),
(46956, 'Marinette', 3977, 0.00, 0, '2021-04-06 01:13:52', '2021-04-06 01:13:52', NULL),
(46957, 'Marshfield', 3977, 0.00, 0, '2021-04-06 01:13:52', '2021-04-06 01:13:52', NULL),
(46958, 'Medford', 3977, 0.00, 0, '2021-04-06 01:13:52', '2021-04-06 01:13:52', NULL),
(46959, 'Menasha', 3977, 0.00, 0, '2021-04-06 01:13:52', '2021-04-06 01:13:52', NULL),
(46960, 'Menomonee Falls', 3977, 0.00, 0, '2021-04-06 01:13:52', '2021-04-06 01:13:52', NULL),
(46961, 'Menomonie', 3977, 0.00, 0, '2021-04-06 01:13:52', '2021-04-06 01:13:52', NULL),
(46962, 'Mequon', 3977, 0.00, 0, '2021-04-06 01:13:52', '2021-04-06 01:13:52', NULL),
(46963, 'Merrill', 3977, 0.00, 0, '2021-04-06 01:13:52', '2021-04-06 01:13:52', NULL),
(46964, 'Middleton', 3977, 0.00, 0, '2021-04-06 01:13:52', '2021-04-06 01:13:52', NULL),
(46965, 'Milwaukee', 3977, 0.00, 0, '2021-04-06 01:13:52', '2021-04-06 01:13:52', NULL),
(46966, 'Mineral Point', 3977, 0.00, 0, '2021-04-06 01:13:52', '2021-04-06 01:13:52', NULL),
(46967, 'Monroe', 3977, 0.00, 0, '2021-04-06 01:13:52', '2021-04-06 01:13:52', NULL),
(46968, 'Mount Pleasant', 3977, 0.00, 0, '2021-04-06 01:13:52', '2021-04-06 01:13:52', NULL),
(46969, 'Mukwonago', 3977, 0.00, 0, '2021-04-06 01:13:52', '2021-04-06 01:13:52', NULL),
(46970, 'Muskego', 3977, 0.00, 0, '2021-04-06 01:13:52', '2021-04-06 01:13:52', NULL),
(46971, 'Neenah', 3977, 0.00, 0, '2021-04-06 01:13:52', '2021-04-06 01:13:52', NULL),
(46972, 'New Berlin', 3977, 0.00, 0, '2021-04-06 01:13:52', '2021-04-06 01:13:52', NULL),
(46973, 'New Richmond', 3977, 0.00, 0, '2021-04-06 01:13:52', '2021-04-06 01:13:52', NULL),
(46974, 'Oak Creek', 3977, 0.00, 0, '2021-04-06 01:13:52', '2021-04-06 01:13:52', NULL),
(46975, 'Oconomowoc', 3977, 0.00, 0, '2021-04-06 01:13:52', '2021-04-06 01:13:52', NULL),
(46976, 'Onalaska', 3977, 0.00, 0, '2021-04-06 01:13:52', '2021-04-06 01:13:52', NULL),
(46977, 'Orfordville', 3977, 0.00, 0, '2021-04-06 01:13:52', '2021-04-06 01:13:52', NULL),
(46978, 'Oshkosh', 3977, 0.00, 0, '2021-04-06 01:13:52', '2021-04-06 01:13:52', NULL),
(46979, 'Pigeon Falls', 3977, 0.00, 0, '2021-04-06 01:13:52', '2021-04-06 01:13:52', NULL),
(46980, 'Platteville', 3977, 0.00, 0, '2021-04-06 01:13:52', '2021-04-06 01:13:52', NULL),
(46981, 'Pleasant Prairie', 3977, 0.00, 0, '2021-04-06 01:13:52', '2021-04-06 01:13:52', NULL),
(46982, 'Plover', 3977, 0.00, 0, '2021-04-06 01:13:52', '2021-04-06 01:13:52', NULL),
(46983, 'Port Washington', 3977, 0.00, 0, '2021-04-06 01:13:52', '2021-04-06 01:13:52', NULL),
(46984, 'Portage', 3977, 0.00, 0, '2021-04-06 01:13:52', '2021-04-06 01:13:52', NULL),
(46985, 'Pound', 3977, 0.00, 0, '2021-04-06 01:13:52', '2021-04-06 01:13:52', NULL),
(46986, 'Racine', 3977, 0.00, 0, '2021-04-06 01:13:52', '2021-04-06 01:13:52', NULL),
(46987, 'Reedsburg', 3977, 0.00, 0, '2021-04-06 01:13:52', '2021-04-06 01:13:52', NULL),
(46988, 'Rhinelander', 3977, 0.00, 0, '2021-04-06 01:13:52', '2021-04-06 01:13:52', NULL),
(46989, 'River Falls', 3977, 0.00, 0, '2021-04-06 01:13:52', '2021-04-06 01:13:52', NULL),
(46990, 'Saint Francis', 3977, 0.00, 0, '2021-04-06 01:13:52', '2021-04-06 01:13:52', NULL),
(46991, 'Sheboygan', 3977, 0.00, 0, '2021-04-06 01:13:52', '2021-04-06 01:13:52', NULL),
(46992, 'Shorewood', 3977, 0.00, 0, '2021-04-06 01:13:52', '2021-04-06 01:13:52', NULL),
(46993, 'South Milwaukee', 3977, 0.00, 0, '2021-04-06 01:13:52', '2021-04-06 01:13:52', NULL),
(46994, 'Spring Valley', 3977, 0.00, 0, '2021-04-06 01:13:52', '2021-04-06 01:13:52', NULL),
(46995, 'Stevens Point', 3977, 0.00, 0, '2021-04-06 01:13:52', '2021-04-06 01:13:52', NULL),
(46996, 'Stoughton', 3977, 0.00, 0, '2021-04-06 01:13:52', '2021-04-06 01:13:52', NULL),
(46997, 'Strum', 3977, 0.00, 0, '2021-04-06 01:13:52', '2021-04-06 01:13:52', NULL),
(46998, 'Sturtevant', 3977, 0.00, 0, '2021-04-06 01:13:52', '2021-04-06 01:13:52', NULL),
(46999, 'Sun Prairie', 3977, 0.00, 0, '2021-04-06 01:13:52', '2021-04-06 01:13:52', NULL),
(47000, 'Superior', 3977, 0.00, 0, '2021-04-06 01:13:52', '2021-04-06 01:13:52', NULL),
(47001, 'Three Lakes', 3977, 0.00, 0, '2021-04-06 01:13:52', '2021-04-06 01:13:52', NULL),
(47002, 'Tomah', 3977, 0.00, 0, '2021-04-06 01:13:52', '2021-04-06 01:13:52', NULL),
(47003, 'Two Rivers', 3977, 0.00, 0, '2021-04-06 01:13:52', '2021-04-06 01:13:52', NULL),
(47004, 'Washington Island', 3977, 0.00, 0, '2021-04-06 01:13:52', '2021-04-06 01:13:52', NULL),
(47005, 'Waterford', 3977, 0.00, 0, '2021-04-06 01:13:52', '2021-04-06 01:13:52', NULL),
(47006, 'Watertown', 3977, 0.00, 0, '2021-04-06 01:13:52', '2021-04-06 01:13:52', NULL),
(47007, 'Waukesha', 3977, 0.00, 0, '2021-04-06 01:13:52', '2021-04-06 01:13:52', NULL),
(47008, 'Waupun', 3977, 0.00, 0, '2021-04-06 01:13:52', '2021-04-06 01:13:52', NULL),
(47009, 'Wausau', 3977, 0.00, 0, '2021-04-06 01:13:52', '2021-04-06 01:13:52', NULL),
(47010, 'Wautoma', 3977, 0.00, 0, '2021-04-06 01:13:52', '2021-04-06 01:13:52', NULL),
(47011, 'Wauwatosa', 3977, 0.00, 0, '2021-04-06 01:13:52', '2021-04-06 01:13:52', NULL),
(47012, 'West Allis', 3977, 0.00, 0, '2021-04-06 01:13:52', '2021-04-06 01:13:52', NULL),
(47013, 'West Bend', 3977, 0.00, 0, '2021-04-06 01:13:52', '2021-04-06 01:13:52', NULL),
(47014, 'Weston', 3977, 0.00, 0, '2021-04-06 01:13:52', '2021-04-06 01:13:52', NULL),
(47015, 'Whitefish Bay', 3977, 0.00, 0, '2021-04-06 01:13:52', '2021-04-06 01:13:52', NULL),
(47016, 'Whitewater', 3977, 0.00, 0, '2021-04-06 01:13:52', '2021-04-06 01:13:52', NULL),
(47017, 'Wisconsin Rapids', 3977, 0.00, 0, '2021-04-06 01:13:52', '2021-04-06 01:13:52', NULL),
(47018, 'Buffalo', 3978, 0.00, 0, '2021-04-06 01:13:52', '2021-04-06 01:13:52', NULL),
(47019, 'Casper', 3978, 0.00, 0, '2021-04-06 01:13:52', '2021-04-06 01:13:52', NULL),
(47020, 'Cheyenne', 3978, 0.00, 0, '2021-04-06 01:13:52', '2021-04-06 01:13:52', NULL),
(47021, 'Cody', 3978, 0.00, 0, '2021-04-06 01:13:52', '2021-04-06 01:13:52', NULL),
(47022, 'Douglas', 3978, 0.00, 0, '2021-04-06 01:13:52', '2021-04-06 01:13:52', NULL),
(47023, 'Evanston', 3978, 0.00, 0, '2021-04-06 01:13:52', '2021-04-06 01:13:52', NULL),
(47024, 'Gillette', 3978, 0.00, 0, '2021-04-06 01:13:52', '2021-04-06 01:13:52', NULL),
(47025, 'Green River', 3978, 0.00, 0, '2021-04-06 01:13:52', '2021-04-06 01:13:52', NULL),
(47026, 'Jackson', 3978, 0.00, 0, '2021-04-06 01:13:52', '2021-04-06 01:13:52', NULL),
(47027, 'Lander', 3978, 0.00, 0, '2021-04-06 01:13:52', '2021-04-06 01:13:52', NULL),
(47028, 'Laramie', 3978, 0.00, 0, '2021-04-06 01:13:52', '2021-04-06 01:13:52', NULL),
(47029, 'Powell', 3978, 0.00, 0, '2021-04-06 01:13:52', '2021-04-06 01:13:52', NULL),
(47030, 'Rawlins', 3978, 0.00, 0, '2021-04-06 01:13:52', '2021-04-06 01:13:52', NULL),
(47031, 'Riverton', 3978, 0.00, 0, '2021-04-06 01:13:52', '2021-04-06 01:13:52', NULL),
(47032, 'Rock Springs', 3978, 0.00, 0, '2021-04-06 01:13:52', '2021-04-06 01:13:52', NULL),
(47033, 'Sheridan', 3978, 0.00, 0, '2021-04-06 01:13:52', '2021-04-06 01:13:52', NULL),
(47034, 'Torrington', 3978, 0.00, 0, '2021-04-06 01:13:52', '2021-04-06 01:13:52', NULL),
(47035, 'Worland', 3978, 0.00, 0, '2021-04-06 01:13:52', '2021-04-06 01:13:52', NULL),
(47036, 'Artigas', 3980, 0.00, 0, '2021-04-06 01:13:52', '2021-04-06 01:13:52', NULL),
(47037, 'Bella Union', 3980, 0.00, 0, '2021-04-06 01:13:52', '2021-04-06 01:13:52', NULL),
(47038, 'Camino Maldonado', 3981, 0.00, 0, '2021-04-06 01:13:52', '2021-04-06 01:13:52', NULL),
(47039, 'Canelones', 3981, 0.00, 0, '2021-04-06 01:13:52', '2021-04-06 01:13:52', NULL),
(47040, 'Ciudad de la Costa', 3981, 0.00, 0, '2021-04-06 01:13:52', '2021-04-06 01:13:52', NULL),
(47041, 'Juan Antonio Artigas', 3981, 0.00, 0, '2021-04-06 01:13:52', '2021-04-06 01:13:52', NULL),
(47042, 'Las Piedras', 3981, 0.00, 0, '2021-04-06 01:13:52', '2021-04-06 01:13:52', NULL),
(47043, 'Pando', 3981, 0.00, 0, '2021-04-06 01:13:52', '2021-04-06 01:13:52', NULL),
(47044, 'Paso de Carrasco', 3981, 0.00, 0, '2021-04-06 01:13:52', '2021-04-06 01:13:52', NULL),
(47045, 'Progreso', 3981, 0.00, 0, '2021-04-06 01:13:52', '2021-04-06 01:13:52', NULL),
(47046, 'Santa Lucia', 3981, 0.00, 0, '2021-04-06 01:13:52', '2021-04-06 01:13:52', NULL),
(47047, 'Carmelo', 3983, 0.00, 0, '2021-04-06 01:13:52', '2021-04-06 01:13:52', NULL),
(47048, 'Colonia', 3983, 0.00, 0, '2021-04-06 01:13:52', '2021-04-06 01:13:52', NULL),
(47049, 'Juan Lacaze', 3983, 0.00, 0, '2021-04-06 01:13:52', '2021-04-06 01:13:52', NULL),
(47050, 'Nueva Helvecia', 3983, 0.00, 0, '2021-04-06 01:13:52', '2021-04-06 01:13:52', NULL),
(47051, 'Durazno', 3984, 0.00, 0, '2021-04-06 01:13:52', '2021-04-06 01:13:52', NULL),
(47052, 'Florida', 3985, 0.00, 0, '2021-04-06 01:13:52', '2021-04-06 01:13:52', NULL),
(47053, 'Trinidad', 3986, 0.00, 0, '2021-04-06 01:13:52', '2021-04-06 01:13:52', NULL),
(47054, 'Minas', 3987, 0.00, 0, '2021-04-06 01:13:52', '2021-04-06 01:13:52', NULL),
(47055, 'Maldonado', 3988, 0.00, 0, '2021-04-06 01:13:52', '2021-04-06 01:13:52', NULL),
(47056, 'San Carlos', 3988, 0.00, 0, '2021-04-06 01:13:52', '2021-04-06 01:13:52', NULL),
(47057, 'La Paz', 3989, 0.00, 0, '2021-04-06 01:13:52', '2021-04-06 01:13:52', NULL),
(47058, 'Montevideo', 3989, 0.00, 0, '2021-04-06 01:13:52', '2021-04-06 01:13:52', NULL),
(47059, 'Paysandu', 3990, 0.00, 0, '2021-04-06 01:13:52', '2021-04-06 01:13:52', NULL),
(47060, 'Rivera', 3992, 0.00, 0, '2021-04-06 01:13:52', '2021-04-06 01:13:52', NULL),
(47061, 'Chuy', 3993, 0.00, 0, '2021-04-06 01:13:52', '2021-04-06 01:13:52', NULL),
(47062, 'Rocha', 3993, 0.00, 0, '2021-04-06 01:13:52', '2021-04-06 01:13:52', NULL),
(47063, 'Salto', 3994, 0.00, 0, '2021-04-06 01:13:52', '2021-04-06 01:13:52', NULL),
(47064, 'Dolores', 3996, 0.00, 0, '2021-04-06 01:13:52', '2021-04-06 01:13:52', NULL),
(47065, 'Mercedes', 3996, 0.00, 0, '2021-04-06 01:13:52', '2021-04-06 01:13:52', NULL),
(47066, 'Paso de los Toros', 3997, 0.00, 0, '2021-04-06 01:13:52', '2021-04-06 01:13:52', NULL),
(47067, 'Tacuarembo', 3997, 0.00, 0, '2021-04-06 01:13:52', '2021-04-06 01:13:52', NULL),
(47068, 'Ahunabayev', 3999, 0.00, 0, '2021-04-06 01:13:52', '2021-04-06 01:13:52', NULL),
(47069, 'Andijon', 3999, 0.00, 0, '2021-04-06 01:13:52', '2021-04-06 01:13:52', NULL),
(47070, 'Asaka', 3999, 0.00, 0, '2021-04-06 01:13:52', '2021-04-06 01:13:52', NULL),
(47071, 'Boz', 3999, 0.00, 0, '2021-04-06 01:13:52', '2021-04-06 01:13:52', NULL),
(47072, 'Hakkulobod', 3999, 0.00, 0, '2021-04-06 01:13:52', '2021-04-06 01:13:52', NULL),
(47073, 'Hocaobod', 3999, 0.00, 0, '2021-04-06 01:13:52', '2021-04-06 01:13:52', NULL),
(47074, 'Honobod', 3999, 0.00, 0, '2021-04-06 01:13:52', '2021-04-06 01:13:52', NULL),
(47075, 'Ilyichevsk', 3999, 0.00, 0, '2021-04-06 01:13:52', '2021-04-06 01:13:52', NULL),
(47076, 'Karabagis', 3999, 0.00, 0, '2021-04-06 01:13:52', '2021-04-06 01:13:52', NULL),
(47077, 'Kurgontepa', 3999, 0.00, 0, '2021-04-06 01:13:52', '2021-04-06 01:13:52', NULL),
(47078, 'Marhomat', 3999, 0.00, 0, '2021-04-06 01:13:52', '2021-04-06 01:13:52', NULL),
(47079, 'Pahtaobod', 3999, 0.00, 0, '2021-04-06 01:13:52', '2021-04-06 01:13:52', NULL),
(47080, 'Paytug', 3999, 0.00, 0, '2021-04-06 01:13:52', '2021-04-06 01:13:52', NULL),
(47081, 'Sahrihan', 3999, 0.00, 0, '2021-04-06 01:13:52', '2021-04-06 01:13:52', NULL),
(47082, 'Buhoro', 4000, 0.00, 0, '2021-04-06 01:13:52', '2021-04-06 01:13:52', NULL),
(47083, 'Cangeldi', 4000, 0.00, 0, '2021-04-06 01:13:52', '2021-04-06 01:13:52', NULL),
(47084, 'Galaosiye', 4000, 0.00, 0, '2021-04-06 01:13:52', '2021-04-06 01:13:52', NULL),
(47085, 'Gazli', 4000, 0.00, 0, '2021-04-06 01:13:52', '2021-04-06 01:13:52', NULL),
(47086, 'Gijduvon', 4000, 0.00, 0, '2021-04-06 01:13:52', '2021-04-06 01:13:52', NULL),
(47087, 'Kizilravbe', 4000, 0.00, 0, '2021-04-06 01:13:52', '2021-04-06 01:13:52', NULL),
(47088, 'Kogon', 4000, 0.00, 0, '2021-04-06 01:13:52', '2021-04-06 01:13:52', NULL),
(47089, 'Korakul', 4000, 0.00, 0, '2021-04-06 01:13:52', '2021-04-06 01:13:52', NULL),
(47090, 'Korovulbazar', 4000, 0.00, 0, '2021-04-06 01:13:52', '2021-04-06 01:13:52', NULL),
(47091, 'Kukca', 4000, 0.00, 0, '2021-04-06 01:13:52', '2021-04-06 01:13:52', NULL),
(47092, 'Olot', 4000, 0.00, 0, '2021-04-06 01:13:52', '2021-04-06 01:13:52', NULL),
(47093, 'Oyokkuduk', 4000, 0.00, 0, '2021-04-06 01:13:52', '2021-04-06 01:13:52', NULL),
(47094, 'Romitan', 4000, 0.00, 0, '2021-04-06 01:13:52', '2021-04-06 01:13:52', NULL),
(47095, 'Safirkon', 4000, 0.00, 0, '2021-04-06 01:13:52', '2021-04-06 01:13:52', NULL),
(47096, 'Vobkent', 4000, 0.00, 0, '2021-04-06 01:13:52', '2021-04-06 01:13:52', NULL),
(47097, 'Cizah', 4002, 0.00, 0, '2021-04-06 01:13:52', '2021-04-06 01:13:52', NULL),
(47098, 'Dustlik', 4002, 0.00, 0, '2021-04-06 01:13:52', '2021-04-06 01:13:52', NULL),
(47099, 'Gagarin', 4002, 0.00, 0, '2021-04-06 01:13:52', '2021-04-06 01:13:52', NULL),
(47100, 'Gallaorol', 4002, 0.00, 0, '2021-04-06 01:13:52', '2021-04-06 01:13:52', NULL),
(47101, 'Marcanbulok', 4002, 0.00, 0, '2021-04-06 01:13:52', '2021-04-06 01:13:52', NULL),
(47102, 'Pahtakor', 4002, 0.00, 0, '2021-04-06 01:13:52', '2021-04-06 01:13:52', NULL),
(47103, 'Ulyanovo', 4002, 0.00, 0, '2021-04-06 01:13:52', '2021-04-06 01:13:52', NULL),
(47104, 'Zomin', 4002, 0.00, 0, '2021-04-06 01:13:52', '2021-04-06 01:13:52', NULL),
(47105, 'Altyarik', 4003, 0.00, 0, '2021-04-06 01:13:52', '2021-04-06 01:13:52', NULL),
(47106, 'Avval', 4003, 0.00, 0, '2021-04-06 01:13:52', '2021-04-06 01:13:52', NULL),
(47107, 'Besarik', 4003, 0.00, 0, '2021-04-06 01:13:52', '2021-04-06 01:13:52', NULL),
(47108, 'Fargona', 4003, 0.00, 0, '2021-04-06 01:13:52', '2021-04-06 01:13:52', NULL),
(47109, 'Hamza', 4003, 0.00, 0, '2021-04-06 01:13:52', '2021-04-06 01:13:52', NULL),
(47110, 'Kirgili', 4003, 0.00, 0, '2021-04-06 01:13:52', '2021-04-06 01:13:52', NULL),
(47111, 'Kukon', 4003, 0.00, 0, '2021-04-06 01:13:52', '2021-04-06 01:13:52', NULL),
(47112, 'Kuva', 4003, 0.00, 0, '2021-04-06 01:13:52', '2021-04-06 01:13:52', NULL),
(47113, 'Kuvasoy', 4003, 0.00, 0, '2021-04-06 01:13:52', '2021-04-06 01:13:52', NULL),
(47114, 'Margilon', 4003, 0.00, 0, '2021-04-06 01:13:52', '2021-04-06 01:13:52', NULL),
(47115, 'Rapkan', 4003, 0.00, 0, '2021-04-06 01:13:52', '2021-04-06 01:13:52', NULL),
(47116, 'Riston', 4003, 0.00, 0, '2021-04-06 01:13:52', '2021-04-06 01:13:52', NULL),
(47117, 'Toslok', 4003, 0.00, 0, '2021-04-06 01:13:52', '2021-04-06 01:13:52', NULL),
(47118, 'Yaypan', 4003, 0.00, 0, '2021-04-06 01:13:52', '2021-04-06 01:13:52', NULL),
(47119, 'Drujba', 4004, 0.00, 0, '2021-04-06 01:13:52', '2021-04-06 01:13:52', NULL),
(47120, 'Gurlan', 4004, 0.00, 0, '2021-04-06 01:13:52', '2021-04-06 01:13:52', NULL),
(47121, 'Hazorasp', 4004, 0.00, 0, '2021-04-06 01:13:52', '2021-04-06 01:13:52', NULL),
(47122, 'Heva', 4004, 0.00, 0, '2021-04-06 01:13:52', '2021-04-06 01:13:52', NULL),
(47123, 'Honko', 4004, 0.00, 0, '2021-04-06 01:13:52', '2021-04-06 01:13:52', NULL),
(47124, 'Kuskupir', 4004, 0.00, 0, '2021-04-06 01:13:52', '2021-04-06 01:13:52', NULL),
(47125, 'Mesekli', 4004, 0.00, 0, '2021-04-06 01:13:52', '2021-04-06 01:13:52', NULL),
(47126, 'Sovot', 4004, 0.00, 0, '2021-04-06 01:13:52', '2021-04-06 01:13:52', NULL),
(47127, 'Turpokkala', 4004, 0.00, 0, '2021-04-06 01:13:52', '2021-04-06 01:13:52', NULL),
(47128, 'Urgenc', 4004, 0.00, 0, '2021-04-06 01:13:52', '2021-04-06 01:13:52', NULL),
(47129, 'Beskent', 4005, 0.00, 0, '2021-04-06 01:13:52', '2021-04-06 01:13:52', NULL),
(47130, 'Ceynau', 4005, 0.00, 0, '2021-04-06 01:13:52', '2021-04-06 01:13:52', NULL),
(47131, 'Cirakci', 4005, 0.00, 0, '2021-04-06 01:13:52', '2021-04-06 01:13:52', NULL),
(47132, 'Dehkanobod', 4005, 0.00, 0, '2021-04-06 01:13:52', '2021-04-06 01:13:52', NULL),
(47133, 'Dinau', 4005, 0.00, 0, '2021-04-06 01:13:52', '2021-04-06 01:13:52', NULL),
(47134, 'Guzor', 4005, 0.00, 0, '2021-04-06 01:13:52', '2021-04-06 01:13:52', NULL),
(47135, 'Kallig', 4005, 0.00, 0, '2021-04-06 01:13:52', '2021-04-06 01:13:52', NULL),
(47136, 'Kamasi', 4005, 0.00, 0, '2021-04-06 01:13:52', '2021-04-06 01:13:52', NULL),
(47137, 'Karabag', 4005, 0.00, 0, '2021-04-06 01:13:52', '2021-04-06 01:13:52', NULL),
(47138, 'Karsi', 4005, 0.00, 0, '2021-04-06 01:13:52', '2021-04-06 01:13:52', NULL),
(47139, 'Kasbi', 4005, 0.00, 0, '2021-04-06 01:13:52', '2021-04-06 01:13:52', NULL),
(47140, 'Kitob', 4005, 0.00, 0, '2021-04-06 01:13:52', '2021-04-06 01:13:52', NULL),
(47141, 'Koson', 4005, 0.00, 0, '2021-04-06 01:13:52', '2021-04-06 01:13:52', NULL),
(47142, 'Madaniyat', 4005, 0.00, 0, '2021-04-06 01:13:52', '2021-04-06 01:13:52', NULL),
(47143, 'Maydayap', 4005, 0.00, 0, '2021-04-06 01:13:52', '2021-04-06 01:13:52', NULL),
(47144, 'Maymanak', 4005, 0.00, 0, '2021-04-06 01:13:52', '2021-04-06 01:13:52', NULL),
(47145, 'Muborak', 4005, 0.00, 0, '2021-04-06 01:13:52', '2021-04-06 01:13:52', NULL),
(47146, 'Oktyabrskiy', 4005, 0.00, 0, '2021-04-06 01:13:52', '2021-04-06 01:13:52', NULL),
(47147, 'Sahrisabz', 4005, 0.00, 0, '2021-04-06 01:13:52', '2021-04-06 01:13:52', NULL),
(47148, 'Talimarcon', 4005, 0.00, 0, '2021-04-06 01:13:52', '2021-04-06 01:13:52', NULL),
(47149, 'Urtacim', 4005, 0.00, 0, '2021-04-06 01:13:52', '2021-04-06 01:13:52', NULL),
(47150, 'Yakkabog', 4005, 0.00, 0, '2021-04-06 01:13:52', '2021-04-06 01:13:52', NULL),
(47151, 'Yaninison', 4005, 0.00, 0, '2021-04-06 01:13:52', '2021-04-06 01:13:52', NULL),
(47152, 'Beruni', 4006, 0.00, 0, '2021-04-06 01:13:52', '2021-04-06 01:13:52', NULL),
(47153, 'Buston', 4006, 0.00, 0, '2021-04-06 01:13:52', '2021-04-06 01:13:52', NULL),
(47154, 'Cimboy', 4006, 0.00, 0, '2021-04-06 01:13:52', '2021-04-06 01:13:52', NULL),
(47155, 'Halkobod', 4006, 0.00, 0, '2021-04-06 01:13:52', '2021-04-06 01:13:52', NULL),
(47156, 'Hucayli', 4006, 0.00, 0, '2021-04-06 01:13:52', '2021-04-06 01:13:52', NULL),
(47157, 'Karauzyak', 4006, 0.00, 0, '2021-04-06 01:13:52', '2021-04-06 01:13:52', NULL),
(47158, 'Kegayli', 4006, 0.00, 0, '2021-04-06 01:13:52', '2021-04-06 01:13:52', NULL),
(47159, 'Kizketken', 4006, 0.00, 0, '2021-04-06 01:13:52', '2021-04-06 01:13:52', NULL),
(47160, 'Kozokdaryo', 4006, 0.00, 0, '2021-04-06 01:13:52', '2021-04-06 01:13:52', NULL),
(47161, 'Kungirot', 4006, 0.00, 0, '2021-04-06 01:13:52', '2021-04-06 01:13:52', NULL),
(47162, 'Mangit', 4006, 0.00, 0, '2021-04-06 01:13:52', '2021-04-06 01:13:52', NULL),
(47163, 'Muynok', 4006, 0.00, 0, '2021-04-06 01:13:52', '2021-04-06 01:13:52', NULL),
(47164, 'Nukus', 4006, 0.00, 0, '2021-04-06 01:13:52', '2021-04-06 01:13:52', NULL),
(47165, 'Tahiatos', 4006, 0.00, 0, '2021-04-06 01:13:52', '2021-04-06 01:13:52', NULL),
(47166, 'Tahtakupir', 4006, 0.00, 0, '2021-04-06 01:13:52', '2021-04-06 01:13:52', NULL),
(47167, 'Turtkul', 4006, 0.00, 0, '2021-04-06 01:13:52', '2021-04-06 01:13:52', NULL),
(47168, 'Aytim', 4007, 0.00, 0, '2021-04-06 01:13:52', '2021-04-06 01:13:52', NULL),
(47169, 'Besbulok', 4007, 0.00, 0, '2021-04-06 01:13:52', '2021-04-06 01:13:52', NULL),
(47170, 'Cartak', 4007, 0.00, 0, '2021-04-06 01:13:52', '2021-04-06 01:13:52', NULL),
(47171, 'Cingeldi', 4007, 0.00, 0, '2021-04-06 01:13:52', '2021-04-06 01:13:52', NULL),
(47172, 'Cust', 4007, 0.00, 0, '2021-04-06 01:13:52', '2021-04-06 01:13:52', NULL),
(47173, 'Gozgon', 4007, 0.00, 0, '2021-04-06 01:13:52', '2021-04-06 01:13:52', NULL),
(47174, 'Iskavat', 4007, 0.00, 0, '2021-04-06 01:13:52', '2021-04-06 01:13:52', NULL),
(47175, 'Kalkuduk', 4007, 0.00, 0, '2021-04-06 01:13:52', '2021-04-06 01:13:52', NULL),
(47176, 'Konimeh', 4007, 0.00, 0, '2021-04-06 01:13:52', '2021-04-06 01:13:52', NULL),
(47177, 'Kosonsoy', 4007, 0.00, 0, '2021-04-06 01:13:52', '2021-04-06 01:13:52', NULL),
(47178, 'Minbulok', 4007, 0.00, 0, '2021-04-06 01:13:52', '2021-04-06 01:13:52', NULL),
(47179, 'Namangan', 4007, 0.00, 0, '2021-04-06 01:13:52', '2021-04-06 01:13:52', NULL),
(47180, 'Nurota', 4007, 0.00, 0, '2021-04-06 01:13:52', '2021-04-06 01:13:52', NULL),
(47181, 'Pop', 4007, 0.00, 0, '2021-04-06 01:13:52', '2021-04-06 01:13:52', NULL),
(47182, 'Tomdibulok', 4007, 0.00, 0, '2021-04-06 01:13:52', '2021-04-06 01:13:52', NULL),
(47183, 'Tosbulok', 4007, 0.00, 0, '2021-04-06 01:13:52', '2021-04-06 01:13:52', NULL),
(47184, 'Turakurgon', 4007, 0.00, 0, '2021-04-06 01:13:52', '2021-04-06 01:13:52', NULL),
(47185, 'Uckurgon', 4007, 0.00, 0, '2021-04-06 01:13:52', '2021-04-06 01:13:52', NULL),
(47186, 'Unhoyat', 4007, 0.00, 0, '2021-04-06 01:13:52', '2021-04-06 01:13:52', NULL),
(47187, 'Uyci', 4007, 0.00, 0, '2021-04-06 01:13:52', '2021-04-06 01:13:52', NULL),
(47188, 'Uzunkuduk', 4007, 0.00, 0, '2021-04-06 01:13:52', '2021-04-06 01:13:52', NULL),
(47189, 'Yanikurgon', 4007, 0.00, 0, '2021-04-06 01:13:52', '2021-04-06 01:13:52', NULL),
(47190, 'Karmana', 4008, 0.00, 0, '2021-04-06 01:13:52', '2021-04-06 01:13:52', NULL),
(47191, 'Kiziltepa', 4008, 0.00, 0, '2021-04-06 01:13:52', '2021-04-06 01:13:52', NULL),
(47192, 'Navoi', 4008, 0.00, 0, '2021-04-06 01:13:52', '2021-04-06 01:13:52', NULL),
(47193, 'Uckuduk', 4008, 0.00, 0, '2021-04-06 01:13:52', '2021-04-06 01:13:52', NULL),
(47194, 'Zarafson', 4008, 0.00, 0, '2021-04-06 01:13:52', '2021-04-06 01:13:52', NULL),
(47195, 'Bulungur', 4009, 0.00, 0, '2021-04-06 01:13:52', '2021-04-06 01:13:52', NULL),
(47196, 'Camboy', 4009, 0.00, 0, '2021-04-06 01:13:52', '2021-04-06 01:13:52', NULL),
(47197, 'Carhin', 4009, 0.00, 0, '2021-04-06 01:13:52', '2021-04-06 01:13:52', NULL),
(47198, 'Celak', 4009, 0.00, 0, '2021-04-06 01:13:52', '2021-04-06 01:13:52', NULL),
(47199, 'Cuma', 4009, 0.00, 0, '2021-04-06 01:13:52', '2021-04-06 01:13:52', NULL),
(47200, 'Dahbed', 4009, 0.00, 0, '2021-04-06 01:13:52', '2021-04-06 01:13:52', NULL),
(47201, 'Istihon', 4009, 0.00, 0, '2021-04-06 01:13:52', '2021-04-06 01:13:52', NULL),
(47202, 'Kattakurgon', 4009, 0.00, 0, '2021-04-06 01:13:52', '2021-04-06 01:13:52', NULL),
(47203, 'Kusrobod', 4009, 0.00, 0, '2021-04-06 01:13:52', '2021-04-06 01:13:52', NULL),
(47204, 'Nurobod', 4009, 0.00, 0, '2021-04-06 01:13:52', '2021-04-06 01:13:52', NULL),
(47205, 'Oktos', 4009, 0.00, 0, '2021-04-06 01:13:52', '2021-04-06 01:13:52', NULL),
(47206, 'Paysanba', 4009, 0.00, 0, '2021-04-06 01:13:52', '2021-04-06 01:13:52', NULL),
(47207, 'Samarkand', 4009, 0.00, 0, '2021-04-06 01:13:52', '2021-04-06 01:13:52', NULL),
(47208, 'Superfosfatniy', 4009, 0.00, 0, '2021-04-06 01:13:52', '2021-04-06 01:13:52', NULL),
(47209, 'Urgut', 4009, 0.00, 0, '2021-04-06 01:13:52', '2021-04-06 01:13:52', NULL),
(47210, 'Yanirobod', 4009, 0.00, 0, '2021-04-06 01:13:52', '2021-04-06 01:13:52', NULL),
(47211, 'Ziadin', 4009, 0.00, 0, '2021-04-06 01:13:52', '2021-04-06 01:13:52', NULL),
(47212, 'Baht', 4010, 0.00, 0, '2021-04-06 01:13:52', '2021-04-06 01:13:52', NULL),
(47213, 'Guliston', 4010, 0.00, 0, '2021-04-06 01:13:52', '2021-04-06 01:13:52', NULL),
(47214, 'Hovos', 4010, 0.00, 0, '2021-04-06 01:13:52', '2021-04-06 01:13:52', NULL),
(47215, 'Sirdare', 4010, 0.00, 0, '2021-04-06 01:13:52', '2021-04-06 01:13:52', NULL),
(47216, 'Sirin', 4010, 0.00, 0, '2021-04-06 01:13:52', '2021-04-06 01:13:52', NULL),
(47217, 'Yaniyer', 4010, 0.00, 0, '2021-04-06 01:13:52', '2021-04-06 01:13:52', NULL),
(47218, 'Akkurgon', 4011, 0.00, 0, '2021-04-06 01:13:52', '2021-04-06 01:13:52', NULL),
(47219, 'Boysun', 4011, 0.00, 0, '2021-04-06 01:13:52', '2021-04-06 01:13:52', NULL),
(47220, 'Carkurgon', 4011, 0.00, 0, '2021-04-06 01:13:52', '2021-04-06 01:13:52', NULL),
(47221, 'Denau', 4011, 0.00, 0, '2021-04-06 01:13:52', '2021-04-06 01:13:52', NULL),
(47222, 'Kumkurgon', 4011, 0.00, 0, '2021-04-06 01:13:52', '2021-04-06 01:13:52', NULL),
(47223, 'Paskurd', 4011, 0.00, 0, '2021-04-06 01:13:52', '2021-04-06 01:13:52', NULL),
(47224, 'Sargun', 4011, 0.00, 0, '2021-04-06 01:13:52', '2021-04-06 01:13:52', NULL),
(47225, 'Sariasiya', 4011, 0.00, 0, '2021-04-06 01:13:52', '2021-04-06 01:13:52', NULL),
(47226, 'Serobod', 4011, 0.00, 0, '2021-04-06 01:13:52', '2021-04-06 01:13:52', NULL),
(47227, 'Surci', 4011, 0.00, 0, '2021-04-06 01:13:52', '2021-04-06 01:13:52', NULL),
(47228, 'Termiz', 4011, 0.00, 0, '2021-04-06 01:13:52', '2021-04-06 01:13:52', NULL),
(47229, 'Zan', 4011, 0.00, 0, '2021-04-06 01:13:52', '2021-04-06 01:13:52', NULL),
(47230, 'Almazar', 4012, 0.00, 0, '2021-04-06 01:13:52', '2021-04-06 01:13:52', NULL),
(47231, 'Angren', 4012, 0.00, 0, '2021-04-06 01:13:52', '2021-04-06 01:13:52', NULL),
(47232, 'Bekobod', 4012, 0.00, 0, '2021-04-06 01:13:52', '2021-04-06 01:13:52', NULL),
(47233, 'Bektemir', 4012, 0.00, 0, '2021-04-06 01:13:52', '2021-04-06 01:13:52', NULL),
(47234, 'Buka', 4012, 0.00, 0, '2021-04-06 01:13:52', '2021-04-06 01:13:52', NULL),
(47235, 'Cinoz', 4012, 0.00, 0, '2021-04-06 01:13:52', '2021-04-06 01:13:52', NULL),
(47236, 'Circik', 4012, 0.00, 0, '2021-04-06 01:13:52', '2021-04-06 01:13:52', NULL),
(47237, 'Gazalkent', 4012, 0.00, 0, '2021-04-06 01:13:52', '2021-04-06 01:13:52', NULL),
(47238, 'Iskandar', 4012, 0.00, 0, '2021-04-06 01:13:52', '2021-04-06 01:13:52', NULL),
(47239, 'Keles', 4012, 0.00, 0, '2021-04-06 01:13:52', '2021-04-06 01:13:52', NULL),
(47240, 'Kibray', 4012, 0.00, 0, '2021-04-06 01:13:52', '2021-04-06 01:13:52', NULL),
(47241, 'Krasnogorskiy', 4012, 0.00, 0, '2021-04-06 01:13:52', '2021-04-06 01:13:52', NULL),
(47242, 'Kuyluk', 4012, 0.00, 0, '2021-04-06 01:13:52', '2021-04-06 01:13:52', NULL),
(47243, 'Ohangaron', 4012, 0.00, 0, '2021-04-06 01:13:52', '2021-04-06 01:13:52', NULL),
(47244, 'Olmalik', 4012, 0.00, 0, '2021-04-06 01:13:52', '2021-04-06 01:13:52', NULL),
(47245, 'Parkent', 4012, 0.00, 0, '2021-04-06 01:13:52', '2021-04-06 01:13:52', NULL),
(47246, 'Pskent', 4012, 0.00, 0, '2021-04-06 01:13:52', '2021-04-06 01:13:52', NULL),
(47247, 'Salar', 4012, 0.00, 0, '2021-04-06 01:13:52', '2021-04-06 01:13:52', NULL),
(47248, 'Soldatski', 4012, 0.00, 0, '2021-04-06 01:13:52', '2021-04-06 01:13:52', NULL),
(47249, 'Tashkent', 4012, 0.00, 0, '2021-04-06 01:13:52', '2021-04-06 01:13:52', NULL),
(47250, 'Toskent', 4012, 0.00, 0, '2021-04-06 01:13:52', '2021-04-06 01:13:52', NULL),
(47251, 'Tuytepa', 4012, 0.00, 0, '2021-04-06 01:13:52', '2021-04-06 01:13:52', NULL),
(47252, 'Urtaaul', 4012, 0.00, 0, '2021-04-06 01:13:52', '2021-04-06 01:13:52', NULL),
(47253, 'Yaniobod', 4012, 0.00, 0, '2021-04-06 01:13:52', '2021-04-06 01:13:52', NULL),
(47254, 'Yaniyul', 4012, 0.00, 0, '2021-04-06 01:13:52', '2021-04-06 01:13:52', NULL),
(47255, 'Lakatoro', 4013, 0.00, 0, '2021-04-06 01:13:52', '2021-04-06 01:13:52', NULL),
(47256, 'Norsup', 4013, 0.00, 0, '2021-04-06 01:13:52', '2021-04-06 01:13:52', NULL),
(47257, 'Longana', 4014, 0.00, 0, '2021-04-06 01:13:52', '2021-04-06 01:13:52', NULL),
(47258, 'Luganville', 4015, 0.00, 0, '2021-04-06 01:13:52', '2021-04-06 01:13:52', NULL),
(47259, 'Port Olry', 4015, 0.00, 0, '2021-04-06 01:13:52', '2021-04-06 01:13:52', NULL),
(47260, 'Vila', 4016, 0.00, 0, '2021-04-06 01:13:52', '2021-04-06 01:13:52', NULL),
(47261, 'Isangel', 4017, 0.00, 0, '2021-04-06 01:13:52', '2021-04-06 01:13:52', NULL),
(47262, 'Sola', 4018, 0.00, 0, '2021-04-06 01:13:52', '2021-04-06 01:13:52', NULL),
(47263, 'Puerto Ayacucho', 4020, 0.00, 0, '2021-04-06 01:13:52', '2021-04-06 01:13:52', NULL),
(47264, 'Anaco', 4021, 0.00, 0, '2021-04-06 01:13:52', '2021-04-06 01:13:52', NULL),
(47265, 'Barcelona', 4021, 0.00, 0, '2021-04-06 01:13:52', '2021-04-06 01:13:52', NULL),
(47266, 'Cantaura', 4021, 0.00, 0, '2021-04-06 01:13:52', '2021-04-06 01:13:52', NULL),
(47267, 'El Tigre', 4021, 0.00, 0, '2021-04-06 01:13:52', '2021-04-06 01:13:52', NULL),
(47268, 'Puerto la Cruz', 4021, 0.00, 0, '2021-04-06 01:13:52', '2021-04-06 01:13:52', NULL),
(47269, 'San Jose de Guanipa', 4021, 0.00, 0, '2021-04-06 01:13:52', '2021-04-06 01:13:52', NULL),
(47270, 'Guasdualito', 4022, 0.00, 0, '2021-04-06 01:13:52', '2021-04-06 01:13:52', NULL),
(47271, 'San Fernando', 4022, 0.00, 0, '2021-04-06 01:13:52', '2021-04-06 01:13:52', NULL),
(47272, 'Cagua', 4023, 0.00, 0, '2021-04-06 01:13:52', '2021-04-06 01:13:52', NULL),
(47273, 'El Limon', 4023, 0.00, 0, '2021-04-06 01:13:52', '2021-04-06 01:13:52', NULL),
(47274, 'La Victoria', 4023, 0.00, 0, '2021-04-06 01:13:52', '2021-04-06 01:13:52', NULL),
(47275, 'Las Teyerias', 4023, 0.00, 0, '2021-04-06 01:13:52', '2021-04-06 01:13:52', NULL),
(47276, 'Maracay', 4023, 0.00, 0, '2021-04-06 01:13:52', '2021-04-06 01:13:52', NULL),
(47277, 'Palo Negro', 4023, 0.00, 0, '2021-04-06 01:13:52', '2021-04-06 01:13:52', NULL),
(47278, 'San Mateo', 4023, 0.00, 0, '2021-04-06 01:13:52', '2021-04-06 01:13:52', NULL),
(47279, 'Turmero', 4023, 0.00, 0, '2021-04-06 01:13:52', '2021-04-06 01:13:52', NULL),
(47280, 'Villa de Cura', 4023, 0.00, 0, '2021-04-06 01:13:52', '2021-04-06 01:13:52', NULL),
(47281, 'Barinas', 4024, 0.00, 0, '2021-04-06 01:13:52', '2021-04-06 01:13:52', NULL),
(47282, 'Barinitas', 4024, 0.00, 0, '2021-04-06 01:13:52', '2021-04-06 01:13:52', NULL),
(47283, 'Ciudad Bolivar', 4025, 0.00, 0, '2021-04-06 01:13:52', '2021-04-06 01:13:52', NULL),
(47284, 'Ciudad Guayana', 4025, 0.00, 0, '2021-04-06 01:13:52', '2021-04-06 01:13:52', NULL),
(47285, 'Upata', 4025, 0.00, 0, '2021-04-06 01:13:52', '2021-04-06 01:13:52', NULL),
(47286, 'Goaigoaza', 4026, 0.00, 0, '2021-04-06 01:13:52', '2021-04-06 01:13:52', NULL),
(47287, 'Guacara', 4026, 0.00, 0, '2021-04-06 01:13:52', '2021-04-06 01:13:52', NULL),
(47288, 'Guigue', 4026, 0.00, 0, '2021-04-06 01:13:52', '2021-04-06 01:13:52', NULL),
(47289, 'Mariara', 4026, 0.00, 0, '2021-04-06 01:13:52', '2021-04-06 01:13:52', NULL),
(47290, 'Moron', 4026, 0.00, 0, '2021-04-06 01:13:52', '2021-04-06 01:13:52', NULL),
(47291, 'Puerto Cabello', 4026, 0.00, 0, '2021-04-06 01:13:52', '2021-04-06 01:13:52', NULL),
(47292, 'San Joaquin', 4026, 0.00, 0, '2021-04-06 01:13:52', '2021-04-06 01:13:52', NULL),
(47293, 'Tacarigua', 4026, 0.00, 0, '2021-04-06 01:13:52', '2021-04-06 01:13:52', NULL);
INSERT INTO `cities` (`id`, `name`, `state_id`, `cost`, `status`, `created_at`, `updated_at`, `deleted_at`) VALUES
(47294, 'Valencia', 4026, 0.00, 0, '2021-04-06 01:13:52', '2021-04-06 01:13:52', NULL),
(47295, 'San Carlos', 4027, 0.00, 0, '2021-04-06 01:13:52', '2021-04-06 01:13:52', NULL),
(47296, 'Tinaquillo', 4027, 0.00, 0, '2021-04-06 01:13:52', '2021-04-06 01:13:52', NULL),
(47297, 'Coro', 4030, 0.00, 0, '2021-04-06 01:13:52', '2021-04-06 01:13:52', NULL),
(47298, 'Punta Cardon', 4030, 0.00, 0, '2021-04-06 01:13:52', '2021-04-06 01:13:52', NULL),
(47299, 'Punto Fijo', 4030, 0.00, 0, '2021-04-06 01:13:52', '2021-04-06 01:13:52', NULL),
(47300, 'Altagracia de Orituco', 4031, 0.00, 0, '2021-04-06 01:13:52', '2021-04-06 01:13:52', NULL),
(47301, 'Calabozo', 4031, 0.00, 0, '2021-04-06 01:13:52', '2021-04-06 01:13:52', NULL),
(47302, 'San Juan de los Morros', 4031, 0.00, 0, '2021-04-06 01:13:52', '2021-04-06 01:13:52', NULL),
(47303, 'Valle de la Pascua', 4031, 0.00, 0, '2021-04-06 01:13:52', '2021-04-06 01:13:52', NULL),
(47304, 'Zaraza', 4031, 0.00, 0, '2021-04-06 01:13:52', '2021-04-06 01:13:52', NULL),
(47305, 'Barquisimeto', 4032, 0.00, 0, '2021-04-06 01:13:52', '2021-04-06 01:13:52', NULL),
(47306, 'Cabudare', 4032, 0.00, 0, '2021-04-06 01:13:52', '2021-04-06 01:13:52', NULL),
(47307, 'Carora', 4032, 0.00, 0, '2021-04-06 01:13:52', '2021-04-06 01:13:52', NULL),
(47308, 'El Tocuyo', 4032, 0.00, 0, '2021-04-06 01:13:52', '2021-04-06 01:13:52', NULL),
(47309, 'Los Rastrojos', 4032, 0.00, 0, '2021-04-06 01:13:52', '2021-04-06 01:13:52', NULL),
(47310, 'Quibor', 4032, 0.00, 0, '2021-04-06 01:13:52', '2021-04-06 01:13:52', NULL),
(47311, 'Ejido', 4033, 0.00, 0, '2021-04-06 01:13:52', '2021-04-06 01:13:52', NULL),
(47312, 'El Vigia', 4033, 0.00, 0, '2021-04-06 01:13:52', '2021-04-06 01:13:52', NULL),
(47313, 'Merida', 4033, 0.00, 0, '2021-04-06 01:13:52', '2021-04-06 01:13:52', NULL),
(47314, 'Baruta', 4034, 0.00, 0, '2021-04-06 01:13:52', '2021-04-06 01:13:52', NULL),
(47315, 'Carrizal', 4034, 0.00, 0, '2021-04-06 01:13:52', '2021-04-06 01:13:52', NULL),
(47316, 'Catia La Mar', 4034, 0.00, 0, '2021-04-06 01:13:52', '2021-04-06 01:13:52', NULL),
(47317, 'Caucaguita', 4034, 0.00, 0, '2021-04-06 01:13:52', '2021-04-06 01:13:52', NULL),
(47318, 'Chacao', 4034, 0.00, 0, '2021-04-06 01:13:52', '2021-04-06 01:13:52', NULL),
(47319, 'Charallave', 4034, 0.00, 0, '2021-04-06 01:13:52', '2021-04-06 01:13:52', NULL),
(47320, 'Cua', 4034, 0.00, 0, '2021-04-06 01:13:52', '2021-04-06 01:13:52', NULL),
(47321, 'El Cafetal', 4034, 0.00, 0, '2021-04-06 01:13:52', '2021-04-06 01:13:52', NULL),
(47322, 'El Hatillo', 4034, 0.00, 0, '2021-04-06 01:13:52', '2021-04-06 01:13:52', NULL),
(47323, 'Filas de Mariche', 4034, 0.00, 0, '2021-04-06 01:13:52', '2021-04-06 01:13:52', NULL),
(47324, 'Guarenas', 4034, 0.00, 0, '2021-04-06 01:13:52', '2021-04-06 01:13:52', NULL),
(47325, 'Guatire', 4034, 0.00, 0, '2021-04-06 01:13:52', '2021-04-06 01:13:52', NULL),
(47326, 'La Dolorita', 4034, 0.00, 0, '2021-04-06 01:13:52', '2021-04-06 01:13:52', NULL),
(47327, 'Los Dos Caminos', 4034, 0.00, 0, '2021-04-06 01:13:52', '2021-04-06 01:13:52', NULL),
(47328, 'Los Teques', 4034, 0.00, 0, '2021-04-06 01:13:52', '2021-04-06 01:13:52', NULL),
(47329, 'Ocumare del Tuy', 4034, 0.00, 0, '2021-04-06 01:13:52', '2021-04-06 01:13:52', NULL),
(47330, 'Petare', 4034, 0.00, 0, '2021-04-06 01:13:52', '2021-04-06 01:13:52', NULL),
(47331, 'San Antonio de los Altos', 4034, 0.00, 0, '2021-04-06 01:13:52', '2021-04-06 01:13:52', NULL),
(47332, 'Santa Teresa', 4034, 0.00, 0, '2021-04-06 01:13:52', '2021-04-06 01:13:52', NULL),
(47333, 'Maturin', 4035, 0.00, 0, '2021-04-06 01:13:52', '2021-04-06 01:13:52', NULL),
(47334, 'Acarigua', 4037, 0.00, 0, '2021-04-06 01:13:52', '2021-04-06 01:13:52', NULL),
(47335, 'Araure', 4037, 0.00, 0, '2021-04-06 01:13:52', '2021-04-06 01:13:52', NULL),
(47336, 'Guanare', 4037, 0.00, 0, '2021-04-06 01:13:52', '2021-04-06 01:13:52', NULL),
(47337, 'Villa Bruzual', 4037, 0.00, 0, '2021-04-06 01:13:52', '2021-04-06 01:13:52', NULL),
(47338, 'Carupano', 4038, 0.00, 0, '2021-04-06 01:13:52', '2021-04-06 01:13:52', NULL),
(47339, 'Cumana', 4038, 0.00, 0, '2021-04-06 01:13:52', '2021-04-06 01:13:52', NULL),
(47340, 'La Fria', 4039, 0.00, 0, '2021-04-06 01:13:52', '2021-04-06 01:13:52', NULL),
(47341, 'Rubio', 4039, 0.00, 0, '2021-04-06 01:13:52', '2021-04-06 01:13:52', NULL),
(47342, 'San Antonio del Tachira', 4039, 0.00, 0, '2021-04-06 01:13:52', '2021-04-06 01:13:52', NULL),
(47343, 'San Cristobal', 4039, 0.00, 0, '2021-04-06 01:13:52', '2021-04-06 01:13:52', NULL),
(47344, 'San Juan de Colon', 4039, 0.00, 0, '2021-04-06 01:13:52', '2021-04-06 01:13:52', NULL),
(47345, 'Tariba', 4039, 0.00, 0, '2021-04-06 01:13:52', '2021-04-06 01:13:52', NULL),
(47346, 'Trujillo', 4040, 0.00, 0, '2021-04-06 01:13:52', '2021-04-06 01:13:52', NULL),
(47347, 'Valera', 4040, 0.00, 0, '2021-04-06 01:13:52', '2021-04-06 01:13:52', NULL),
(47348, 'Caraballeda', 4041, 0.00, 0, '2021-04-06 01:13:52', '2021-04-06 01:13:52', NULL),
(47349, 'La Guaira', 4041, 0.00, 0, '2021-04-06 01:13:52', '2021-04-06 01:13:52', NULL),
(47350, 'Maiquetia', 4041, 0.00, 0, '2021-04-06 01:13:52', '2021-04-06 01:13:52', NULL),
(47351, 'Chivacoa', 4042, 0.00, 0, '2021-04-06 01:13:52', '2021-04-06 01:13:52', NULL),
(47352, 'Nirgua', 4042, 0.00, 0, '2021-04-06 01:13:52', '2021-04-06 01:13:52', NULL),
(47353, 'San Felipe', 4042, 0.00, 0, '2021-04-06 01:13:52', '2021-04-06 01:13:52', NULL),
(47354, 'Yaritagua', 4042, 0.00, 0, '2021-04-06 01:13:52', '2021-04-06 01:13:52', NULL),
(47355, 'Bachaquero', 4043, 0.00, 0, '2021-04-06 01:13:52', '2021-04-06 01:13:52', NULL),
(47356, 'Cabimas', 4043, 0.00, 0, '2021-04-06 01:13:52', '2021-04-06 01:13:52', NULL),
(47357, 'Ciudad Ojeda', 4043, 0.00, 0, '2021-04-06 01:13:52', '2021-04-06 01:13:52', NULL),
(47358, 'Lagunillas', 4043, 0.00, 0, '2021-04-06 01:13:52', '2021-04-06 01:13:52', NULL),
(47359, 'Machiques', 4043, 0.00, 0, '2021-04-06 01:13:52', '2021-04-06 01:13:52', NULL),
(47360, 'Maracaibo', 4043, 0.00, 0, '2021-04-06 01:13:52', '2021-04-06 01:13:52', NULL),
(47361, 'San Carlos del Zulia', 4043, 0.00, 0, '2021-04-06 01:13:52', '2021-04-06 01:13:52', NULL),
(47362, 'Santa Rita', 4043, 0.00, 0, '2021-04-06 01:13:52', '2021-04-06 01:13:52', NULL),
(47363, 'Villa del Rosario', 4043, 0.00, 0, '2021-04-06 01:13:52', '2021-04-06 01:13:52', NULL),
(47364, 'Ha noi', 4053, 0.00, 0, '2021-04-06 01:13:52', '2021-04-06 01:13:52', NULL),
(47365, 'Hoang Mai', 4053, 0.00, 0, '2021-04-06 01:13:52', '2021-04-06 01:13:52', NULL),
(47366, 'Lang Ha', 4053, 0.00, 0, '2021-04-06 01:13:52', '2021-04-06 01:13:52', NULL),
(47367, 'Settlement', 4064, 0.00, 0, '2021-04-06 01:13:52', '2021-04-06 01:13:52', NULL),
(47368, 'East End-Long Look', 4066, 0.00, 0, '2021-04-06 01:13:52', '2021-04-06 01:13:52', NULL),
(47369, 'Road Town', 4066, 0.00, 0, '2021-04-06 01:13:52', '2021-04-06 01:13:52', NULL),
(47370, 'West End', 4066, 0.00, 0, '2021-04-06 01:13:52', '2021-04-06 01:13:52', NULL),
(47371, 'Kolia', 4070, 0.00, 0, '2021-04-06 01:13:52', '2021-04-06 01:13:52', NULL),
(47372, 'Mala\'e', 4070, 0.00, 0, '2021-04-06 01:13:52', '2021-04-06 01:13:52', NULL),
(47373, 'Ono', 4070, 0.00, 0, '2021-04-06 01:13:52', '2021-04-06 01:13:52', NULL),
(47374, 'Poi', 4070, 0.00, 0, '2021-04-06 01:13:52', '2021-04-06 01:13:52', NULL),
(47375, 'Tamana', 4070, 0.00, 0, '2021-04-06 01:13:52', '2021-04-06 01:13:52', NULL),
(47376, 'Taoa', 4070, 0.00, 0, '2021-04-06 01:13:52', '2021-04-06 01:13:52', NULL),
(47377, 'Tuatafa', 4070, 0.00, 0, '2021-04-06 01:13:52', '2021-04-06 01:13:52', NULL),
(47378, 'Vele', 4070, 0.00, 0, '2021-04-06 01:13:52', '2021-04-06 01:13:52', NULL),
(47379, 'Fiua', 4071, 0.00, 0, '2021-04-06 01:13:52', '2021-04-06 01:13:52', NULL),
(47380, 'Leava', 4071, 0.00, 0, '2021-04-06 01:13:52', '2021-04-06 01:13:52', NULL),
(47381, 'Nuku', 4071, 0.00, 0, '2021-04-06 01:13:52', '2021-04-06 01:13:52', NULL),
(47382, 'Tavai', 4071, 0.00, 0, '2021-04-06 01:13:52', '2021-04-06 01:13:52', NULL),
(47383, 'Toloke', 4071, 0.00, 0, '2021-04-06 01:13:52', '2021-04-06 01:13:52', NULL),
(47384, 'Vaisei', 4071, 0.00, 0, '2021-04-06 01:13:52', '2021-04-06 01:13:52', NULL),
(47385, 'Ahoa', 4072, 0.00, 0, '2021-04-06 01:13:52', '2021-04-06 01:13:52', NULL),
(47386, 'Aka Aka', 4072, 0.00, 0, '2021-04-06 01:13:52', '2021-04-06 01:13:52', NULL),
(47387, 'Alele', 4072, 0.00, 0, '2021-04-06 01:13:52', '2021-04-06 01:13:52', NULL),
(47388, 'Falaleu', 4072, 0.00, 0, '2021-04-06 01:13:52', '2021-04-06 01:13:52', NULL),
(47389, 'Gahi', 4072, 0.00, 0, '2021-04-06 01:13:52', '2021-04-06 01:13:52', NULL),
(47390, 'Haafuasia', 4072, 0.00, 0, '2021-04-06 01:13:52', '2021-04-06 01:13:52', NULL),
(47391, 'Haatofo', 4072, 0.00, 0, '2021-04-06 01:13:52', '2021-04-06 01:13:52', NULL),
(47392, 'Halalo', 4072, 0.00, 0, '2021-04-06 01:13:52', '2021-04-06 01:13:52', NULL),
(47393, 'Kolopopo', 4072, 0.00, 0, '2021-04-06 01:13:52', '2021-04-06 01:13:52', NULL),
(47394, 'Lavegahau', 4072, 0.00, 0, '2021-04-06 01:13:52', '2021-04-06 01:13:52', NULL),
(47395, 'Liku', 4072, 0.00, 0, '2021-04-06 01:13:52', '2021-04-06 01:13:52', NULL),
(47396, 'Mala\'e', 4072, 0.00, 0, '2021-04-06 01:13:52', '2021-04-06 01:13:52', NULL),
(47397, 'Malaefoou', 4072, 0.00, 0, '2021-04-06 01:13:52', '2021-04-06 01:13:52', NULL),
(47398, 'Mata\'Utu', 4072, 0.00, 0, '2021-04-06 01:13:52', '2021-04-06 01:13:52', NULL),
(47399, 'Teesi', 4072, 0.00, 0, '2021-04-06 01:13:52', '2021-04-06 01:13:52', NULL),
(47400, 'Tepa', 4072, 0.00, 0, '2021-04-06 01:13:52', '2021-04-06 01:13:52', NULL),
(47401, 'Utuofa', 4072, 0.00, 0, '2021-04-06 01:13:52', '2021-04-06 01:13:52', NULL),
(47402, 'Vailala', 4072, 0.00, 0, '2021-04-06 01:13:52', '2021-04-06 01:13:52', NULL),
(47403, 'Vaimalau', 4072, 0.00, 0, '2021-04-06 01:13:52', '2021-04-06 01:13:52', NULL),
(47404, 'Vaitupu', 4072, 0.00, 0, '2021-04-06 01:13:52', '2021-04-06 01:13:52', NULL),
(47405, 'ad-Dakhlah', 4074, 0.00, 0, '2021-04-06 01:13:52', '2021-04-06 01:13:52', NULL),
(47406, 'al-\'Ayun', 4075, 0.00, 0, '2021-04-06 01:13:52', '2021-04-06 01:13:52', NULL),
(47407, 'as-Samarah', 4076, 0.00, 0, '2021-04-06 01:13:52', '2021-04-06 01:13:52', NULL),
(47408, '\'Adan', 4077, 0.00, 0, '2021-04-06 01:13:52', '2021-04-06 01:13:52', NULL),
(47409, 'Aden', 4077, 0.00, 0, '2021-04-06 01:13:52', '2021-04-06 01:13:52', NULL),
(47410, 'Ahwar', 4078, 0.00, 0, '2021-04-06 01:13:52', '2021-04-06 01:13:52', NULL),
(47411, 'Ja\'ar', 4078, 0.00, 0, '2021-04-06 01:13:52', '2021-04-06 01:13:52', NULL),
(47412, 'Zinjibar', 4078, 0.00, 0, '2021-04-06 01:13:52', '2021-04-06 01:13:52', NULL),
(47413, 'Dhamar', 4079, 0.00, 0, '2021-04-06 01:13:52', '2021-04-06 01:13:52', NULL),
(47414, 'Shaqra\'', 4080, 0.00, 0, '2021-04-06 01:13:52', '2021-04-06 01:13:52', NULL),
(47415, 'al-Mukalla', 4080, 0.00, 0, '2021-04-06 01:13:52', '2021-04-06 01:13:52', NULL),
(47416, 'ash-Shahir', 4080, 0.00, 0, '2021-04-06 01:13:52', '2021-04-06 01:13:52', NULL),
(47417, 'Hajjah', 4081, 0.00, 0, '2021-04-06 01:13:52', '2021-04-06 01:13:52', NULL),
(47418, 'Hodaidah', 4082, 0.00, 0, '2021-04-06 01:13:52', '2021-04-06 01:13:52', NULL),
(47419, 'Dhi Sufal', 4083, 0.00, 0, '2021-04-06 01:13:52', '2021-04-06 01:13:52', NULL),
(47420, 'Ibb', 4083, 0.00, 0, '2021-04-06 01:13:52', '2021-04-06 01:13:52', NULL),
(47421, 'Jiblah', 4083, 0.00, 0, '2021-04-06 01:13:52', '2021-04-06 01:13:52', NULL),
(47422, 'Qa\'tabah', 4083, 0.00, 0, '2021-04-06 01:13:52', '2021-04-06 01:13:52', NULL),
(47423, 'Yarim', 4083, 0.00, 0, '2021-04-06 01:13:52', '2021-04-06 01:13:52', NULL),
(47424, 'Tuban', 4084, 0.00, 0, '2021-04-06 01:13:52', '2021-04-06 01:13:52', NULL),
(47425, 'Ma\'rib', 4085, 0.00, 0, '2021-04-06 01:13:52', '2021-04-06 01:13:52', NULL),
(47426, 'Sa\'dah', 4087, 0.00, 0, '2021-04-06 01:13:52', '2021-04-06 01:13:52', NULL),
(47427, '\'Amran', 4088, 0.00, 0, '2021-04-06 01:13:52', '2021-04-06 01:13:52', NULL),
(47428, 'Sahar', 4088, 0.00, 0, '2021-04-06 01:13:52', '2021-04-06 01:13:52', NULL),
(47429, 'Sanaa', 4088, 0.00, 0, '2021-04-06 01:13:52', '2021-04-06 01:13:52', NULL),
(47430, 'Sayyan', 4088, 0.00, 0, '2021-04-06 01:13:52', '2021-04-06 01:13:52', NULL),
(47431, '\'Ataq', 4089, 0.00, 0, '2021-04-06 01:13:52', '2021-04-06 01:13:52', NULL),
(47432, 'Habban', 4089, 0.00, 0, '2021-04-06 01:13:52', '2021-04-06 01:13:52', NULL),
(47433, 'Taiz', 4089, 0.00, 0, '2021-04-06 01:13:52', '2021-04-06 01:13:52', NULL),
(47434, 'Ta\'izz', 4090, 0.00, 0, '2021-04-06 01:13:52', '2021-04-06 01:13:52', NULL),
(47435, 'al-Mukha', 4090, 0.00, 0, '2021-04-06 01:13:52', '2021-04-06 01:13:52', NULL),
(47436, 'Raydah', 4091, 0.00, 0, '2021-04-06 01:13:52', '2021-04-06 01:13:52', NULL),
(47437, 'al-Bayda', 4091, 0.00, 0, '2021-04-06 01:13:52', '2021-04-06 01:13:52', NULL),
(47438, 'Bajil', 4092, 0.00, 0, '2021-04-06 01:13:52', '2021-04-06 01:13:52', NULL),
(47439, 'Bayt-al-Faqih', 4092, 0.00, 0, '2021-04-06 01:13:52', '2021-04-06 01:13:52', NULL),
(47440, 'Zabid', 4092, 0.00, 0, '2021-04-06 01:13:52', '2021-04-06 01:13:52', NULL),
(47441, 'al-Hudaydah', 4092, 0.00, 0, '2021-04-06 01:13:52', '2021-04-06 01:13:52', NULL),
(47442, 'al-Marawi\'ah', 4092, 0.00, 0, '2021-04-06 01:13:52', '2021-04-06 01:13:52', NULL),
(47443, 'az-Zaydiyah', 4092, 0.00, 0, '2021-04-06 01:13:52', '2021-04-06 01:13:52', NULL),
(47444, 'al-Hazm', 4093, 0.00, 0, '2021-04-06 01:13:52', '2021-04-06 01:13:52', NULL),
(47445, 'al-Ghaydah', 4094, 0.00, 0, '2021-04-06 01:13:52', '2021-04-06 01:13:52', NULL),
(47446, 'Mahwit', 4095, 0.00, 0, '2021-04-06 01:13:52', '2021-04-06 01:13:52', NULL),
(47447, 'Nikshic', 4098, 0.00, 0, '2021-04-06 01:13:52', '2021-04-06 01:13:52', NULL),
(47448, 'Pljevlja', 4098, 0.00, 0, '2021-04-06 01:13:52', '2021-04-06 01:13:52', NULL),
(47449, 'Podgorica', 4098, 0.00, 0, '2021-04-06 01:13:52', '2021-04-06 01:13:52', NULL),
(47450, 'Ulcinj', 4098, 0.00, 0, '2021-04-06 01:13:52', '2021-04-06 01:13:52', NULL),
(47451, 'Gjakove', 4100, 0.00, 0, '2021-04-06 01:13:52', '2021-04-06 01:13:52', NULL),
(47452, 'Novi Banovci', 4100, 0.00, 0, '2021-04-06 01:13:52', '2021-04-06 01:13:52', NULL),
(47453, 'Senta', 4100, 0.00, 0, '2021-04-06 01:13:52', '2021-04-06 01:13:52', NULL),
(47454, 'Serbia', 4100, 0.00, 0, '2021-04-06 01:13:52', '2021-04-06 01:13:52', NULL),
(47455, 'Uzice', 4100, 0.00, 0, '2021-04-06 01:13:52', '2021-04-06 01:13:52', NULL),
(47456, 'Ada', 4101, 0.00, 0, '2021-04-06 01:13:52', '2021-04-06 01:13:52', NULL),
(47457, 'Alibunar', 4101, 0.00, 0, '2021-04-06 01:13:52', '2021-04-06 01:13:52', NULL),
(47458, 'Apatin', 4101, 0.00, 0, '2021-04-06 01:13:52', '2021-04-06 01:13:52', NULL),
(47459, 'Bach', 4101, 0.00, 0, '2021-04-06 01:13:52', '2021-04-06 01:13:52', NULL),
(47460, 'Bachka Palanka', 4101, 0.00, 0, '2021-04-06 01:13:52', '2021-04-06 01:13:52', NULL),
(47461, 'Bachka Petrovac', 4101, 0.00, 0, '2021-04-06 01:13:52', '2021-04-06 01:13:52', NULL),
(47462, 'Bachka Topola', 4101, 0.00, 0, '2021-04-06 01:13:52', '2021-04-06 01:13:52', NULL),
(47463, 'Bachki Jarak', 4101, 0.00, 0, '2021-04-06 01:13:52', '2021-04-06 01:13:52', NULL),
(47464, 'Banacki Karlovac', 4101, 0.00, 0, '2021-04-06 01:13:52', '2021-04-06 01:13:52', NULL),
(47465, 'Bechej', 4101, 0.00, 0, '2021-04-06 01:13:52', '2021-04-06 01:13:52', NULL),
(47466, 'Bela Crkva', 4101, 0.00, 0, '2021-04-06 01:13:52', '2021-04-06 01:13:52', NULL),
(47467, 'Beochin', 4101, 0.00, 0, '2021-04-06 01:13:52', '2021-04-06 01:13:52', NULL),
(47468, 'Choka', 4101, 0.00, 0, '2021-04-06 01:13:52', '2021-04-06 01:13:52', NULL),
(47469, 'Churug', 4101, 0.00, 0, '2021-04-06 01:13:52', '2021-04-06 01:13:52', NULL),
(47470, 'Crvenka', 4101, 0.00, 0, '2021-04-06 01:13:52', '2021-04-06 01:13:52', NULL),
(47471, 'Futog', 4101, 0.00, 0, '2021-04-06 01:13:52', '2021-04-06 01:13:52', NULL),
(47472, 'Indhija', 4101, 0.00, 0, '2021-04-06 01:13:52', '2021-04-06 01:13:52', NULL),
(47473, 'Irig', 4101, 0.00, 0, '2021-04-06 01:13:52', '2021-04-06 01:13:52', NULL),
(47474, 'Kac', 4101, 0.00, 0, '2021-04-06 01:13:52', '2021-04-06 01:13:52', NULL),
(47475, 'Kanjizha', 4101, 0.00, 0, '2021-04-06 01:13:52', '2021-04-06 01:13:52', NULL),
(47476, 'Kikinda', 4101, 0.00, 0, '2021-04-06 01:13:52', '2021-04-06 01:13:52', NULL),
(47477, 'Kovachica', 4101, 0.00, 0, '2021-04-06 01:13:52', '2021-04-06 01:13:52', NULL),
(47478, 'Kovin', 4101, 0.00, 0, '2021-04-06 01:13:52', '2021-04-06 01:13:52', NULL),
(47479, 'Kula', 4101, 0.00, 0, '2021-04-06 01:13:52', '2021-04-06 01:13:52', NULL),
(47480, 'Mol', 4101, 0.00, 0, '2021-04-06 01:13:52', '2021-04-06 01:13:52', NULL),
(47481, 'Nova Pazova', 4101, 0.00, 0, '2021-04-06 01:13:52', '2021-04-06 01:13:52', NULL),
(47482, 'Novi Bechej', 4101, 0.00, 0, '2021-04-06 01:13:52', '2021-04-06 01:13:52', NULL),
(47483, 'Novi Knezhevac', 4101, 0.00, 0, '2021-04-06 01:13:52', '2021-04-06 01:13:52', NULL),
(47484, 'Novi Sad', 4101, 0.00, 0, '2021-04-06 01:13:52', '2021-04-06 01:13:52', NULL),
(47485, 'Odzhaci', 4101, 0.00, 0, '2021-04-06 01:13:52', '2021-04-06 01:13:52', NULL),
(47486, 'Pacarak', 4101, 0.00, 0, '2021-04-06 01:13:52', '2021-04-06 01:13:52', NULL),
(47487, 'Palic', 4101, 0.00, 0, '2021-04-06 01:13:52', '2021-04-06 01:13:52', NULL),
(47488, 'Panchevo', 4101, 0.00, 0, '2021-04-06 01:13:52', '2021-04-06 01:13:52', NULL),
(47489, 'Petrovaradin', 4101, 0.00, 0, '2021-04-06 01:13:52', '2021-04-06 01:13:52', NULL),
(47490, 'Ruma', 4101, 0.00, 0, '2021-04-06 01:13:52', '2021-04-06 01:13:52', NULL),
(47491, 'Senta', 4101, 0.00, 0, '2021-04-06 01:13:52', '2021-04-06 01:13:52', NULL),
(47492, 'Shid', 4101, 0.00, 0, '2021-04-06 01:13:52', '2021-04-06 01:13:52', NULL),
(47493, 'Sivac', 4101, 0.00, 0, '2021-04-06 01:13:52', '2021-04-06 01:13:52', NULL),
(47494, 'Sombor', 4101, 0.00, 0, '2021-04-06 01:13:52', '2021-04-06 01:13:52', NULL),
(47495, 'Srbobran', 4101, 0.00, 0, '2021-04-06 01:13:52', '2021-04-06 01:13:52', NULL),
(47496, 'Sremska Kamenica', 4101, 0.00, 0, '2021-04-06 01:13:52', '2021-04-06 01:13:52', NULL),
(47497, 'Sremska Mitrovica', 4101, 0.00, 0, '2021-04-06 01:13:52', '2021-04-06 01:13:52', NULL),
(47498, 'Sremski Karlovci', 4101, 0.00, 0, '2021-04-06 01:13:52', '2021-04-06 01:13:52', NULL),
(47499, 'Stara Pazova', 4101, 0.00, 0, '2021-04-06 01:13:52', '2021-04-06 01:13:52', NULL),
(47500, 'Subotica', 4101, 0.00, 0, '2021-04-06 01:13:52', '2021-04-06 01:13:52', NULL),
(47501, 'Temerin', 4101, 0.00, 0, '2021-04-06 01:13:52', '2021-04-06 01:13:52', NULL),
(47502, 'Veternik', 4101, 0.00, 0, '2021-04-06 01:13:52', '2021-04-06 01:13:52', NULL),
(47503, 'Vrbas', 4101, 0.00, 0, '2021-04-06 01:13:52', '2021-04-06 01:13:52', NULL),
(47504, 'Vrshac', 4101, 0.00, 0, '2021-04-06 01:13:52', '2021-04-06 01:13:52', NULL),
(47505, 'Zhabalj', 4101, 0.00, 0, '2021-04-06 01:13:52', '2021-04-06 01:13:52', NULL),
(47506, 'Zhitishte', 4101, 0.00, 0, '2021-04-06 01:13:52', '2021-04-06 01:13:52', NULL),
(47507, 'Zrenjanin', 4101, 0.00, 0, '2021-04-06 01:13:52', '2021-04-06 01:13:52', NULL),
(47508, 'Kabwe', 4102, 0.00, 0, '2021-04-06 01:13:52', '2021-04-06 01:13:52', NULL),
(47509, 'Kapiri Mposhi', 4102, 0.00, 0, '2021-04-06 01:13:52', '2021-04-06 01:13:52', NULL),
(47510, 'Mkushi', 4102, 0.00, 0, '2021-04-06 01:13:52', '2021-04-06 01:13:52', NULL),
(47511, 'Mumbwa', 4102, 0.00, 0, '2021-04-06 01:13:52', '2021-04-06 01:13:52', NULL),
(47512, 'Serenje', 4102, 0.00, 0, '2021-04-06 01:13:52', '2021-04-06 01:13:52', NULL),
(47513, 'Chambishi', 4103, 0.00, 0, '2021-04-06 01:13:52', '2021-04-06 01:13:52', NULL),
(47514, 'Chililabombwe', 4103, 0.00, 0, '2021-04-06 01:13:52', '2021-04-06 01:13:52', NULL),
(47515, 'Chingola', 4103, 0.00, 0, '2021-04-06 01:13:52', '2021-04-06 01:13:52', NULL),
(47516, 'Kalulushi', 4103, 0.00, 0, '2021-04-06 01:13:52', '2021-04-06 01:13:52', NULL),
(47517, 'Kitwe', 4103, 0.00, 0, '2021-04-06 01:13:52', '2021-04-06 01:13:52', NULL),
(47518, 'Luanshya', 4103, 0.00, 0, '2021-04-06 01:13:52', '2021-04-06 01:13:52', NULL),
(47519, 'Mpongwe', 4103, 0.00, 0, '2021-04-06 01:13:52', '2021-04-06 01:13:52', NULL),
(47520, 'Mufulira', 4103, 0.00, 0, '2021-04-06 01:13:52', '2021-04-06 01:13:52', NULL),
(47521, 'Ndola', 4103, 0.00, 0, '2021-04-06 01:13:52', '2021-04-06 01:13:52', NULL),
(47522, 'Chipata', 4104, 0.00, 0, '2021-04-06 01:13:52', '2021-04-06 01:13:52', NULL),
(47523, 'Katete', 4104, 0.00, 0, '2021-04-06 01:13:52', '2021-04-06 01:13:52', NULL),
(47524, 'Lundazi', 4104, 0.00, 0, '2021-04-06 01:13:52', '2021-04-06 01:13:52', NULL),
(47525, 'Petauke', 4104, 0.00, 0, '2021-04-06 01:13:52', '2021-04-06 01:13:52', NULL),
(47526, 'Mansa', 4105, 0.00, 0, '2021-04-06 01:13:52', '2021-04-06 01:13:52', NULL),
(47527, 'Mwansabombwe', 4105, 0.00, 0, '2021-04-06 01:13:52', '2021-04-06 01:13:52', NULL),
(47528, 'Nchelenge', 4105, 0.00, 0, '2021-04-06 01:13:52', '2021-04-06 01:13:52', NULL),
(47529, 'Samfya', 4105, 0.00, 0, '2021-04-06 01:13:52', '2021-04-06 01:13:52', NULL),
(47530, 'Chilanga', 4106, 0.00, 0, '2021-04-06 01:13:52', '2021-04-06 01:13:52', NULL),
(47531, 'Kafue', 4106, 0.00, 0, '2021-04-06 01:13:52', '2021-04-06 01:13:52', NULL),
(47532, 'Lusaka', 4106, 0.00, 0, '2021-04-06 01:13:52', '2021-04-06 01:13:52', NULL),
(47533, 'Kalengwa', 4107, 0.00, 0, '2021-04-06 01:13:52', '2021-04-06 01:13:52', NULL),
(47534, 'Kansanshi', 4107, 0.00, 0, '2021-04-06 01:13:52', '2021-04-06 01:13:52', NULL),
(47535, 'Mwinilunga', 4107, 0.00, 0, '2021-04-06 01:13:52', '2021-04-06 01:13:52', NULL),
(47536, 'Solwezi', 4107, 0.00, 0, '2021-04-06 01:13:52', '2021-04-06 01:13:52', NULL),
(47537, 'Zambezi', 4107, 0.00, 0, '2021-04-06 01:13:52', '2021-04-06 01:13:52', NULL),
(47538, 'Chinsali', 4108, 0.00, 0, '2021-04-06 01:13:52', '2021-04-06 01:13:52', NULL),
(47539, 'Isoka', 4108, 0.00, 0, '2021-04-06 01:13:52', '2021-04-06 01:13:52', NULL),
(47540, 'Kasama', 4108, 0.00, 0, '2021-04-06 01:13:52', '2021-04-06 01:13:52', NULL),
(47541, 'Mbala', 4108, 0.00, 0, '2021-04-06 01:13:52', '2021-04-06 01:13:52', NULL),
(47542, 'Mpika', 4108, 0.00, 0, '2021-04-06 01:13:52', '2021-04-06 01:13:52', NULL),
(47543, 'Choma', 4109, 0.00, 0, '2021-04-06 01:13:52', '2021-04-06 01:13:52', NULL),
(47544, 'Itezhi-Tezhi', 4109, 0.00, 0, '2021-04-06 01:13:52', '2021-04-06 01:13:52', NULL),
(47545, 'Kalomo', 4109, 0.00, 0, '2021-04-06 01:13:52', '2021-04-06 01:13:52', NULL),
(47546, 'Livingstone', 4109, 0.00, 0, '2021-04-06 01:13:52', '2021-04-06 01:13:52', NULL),
(47547, 'Maamba', 4109, 0.00, 0, '2021-04-06 01:13:52', '2021-04-06 01:13:52', NULL),
(47548, 'Mazabuka', 4109, 0.00, 0, '2021-04-06 01:13:52', '2021-04-06 01:13:52', NULL),
(47549, 'Monze', 4109, 0.00, 0, '2021-04-06 01:13:52', '2021-04-06 01:13:52', NULL),
(47550, 'Nakambala', 4109, 0.00, 0, '2021-04-06 01:13:52', '2021-04-06 01:13:52', NULL),
(47551, 'Siavonga', 4109, 0.00, 0, '2021-04-06 01:13:52', '2021-04-06 01:13:52', NULL),
(47552, 'Kalabo', 4110, 0.00, 0, '2021-04-06 01:13:52', '2021-04-06 01:13:52', NULL),
(47553, 'Kaoma', 4110, 0.00, 0, '2021-04-06 01:13:52', '2021-04-06 01:13:52', NULL),
(47554, 'Limulunga', 4110, 0.00, 0, '2021-04-06 01:13:52', '2021-04-06 01:13:52', NULL),
(47555, 'Mongu', 4110, 0.00, 0, '2021-04-06 01:13:52', '2021-04-06 01:13:52', NULL),
(47556, 'Senanga', 4110, 0.00, 0, '2021-04-06 01:13:52', '2021-04-06 01:13:52', NULL),
(47557, 'Sesheke', 4110, 0.00, 0, '2021-04-06 01:13:52', '2021-04-06 01:13:52', NULL),
(47558, 'Bulawayo', 4111, 0.00, 0, '2021-04-06 01:13:52', '2021-04-06 01:13:52', NULL),
(47559, 'Chitungwiza', 4112, 0.00, 0, '2021-04-06 01:13:52', '2021-04-06 01:13:52', NULL),
(47560, 'Harare', 4112, 0.00, 0, '2021-04-06 01:13:52', '2021-04-06 01:13:52', NULL),
(47561, 'Chimanimani', 4113, 0.00, 0, '2021-04-06 01:13:52', '2021-04-06 01:13:52', NULL),
(47562, 'Chipinge', 4113, 0.00, 0, '2021-04-06 01:13:52', '2021-04-06 01:13:52', NULL),
(47563, 'Mutare', 4113, 0.00, 0, '2021-04-06 01:13:52', '2021-04-06 01:13:52', NULL),
(47564, 'Nyanga', 4113, 0.00, 0, '2021-04-06 01:13:52', '2021-04-06 01:13:52', NULL),
(47565, 'Rusape', 4113, 0.00, 0, '2021-04-06 01:13:52', '2021-04-06 01:13:52', NULL),
(47566, 'Sakubva', 4113, 0.00, 0, '2021-04-06 01:13:52', '2021-04-06 01:13:52', NULL),
(47567, 'Chiredzi', 4117, 0.00, 0, '2021-04-06 01:13:52', '2021-04-06 01:13:52', NULL),
(47568, 'Gaths', 4117, 0.00, 0, '2021-04-06 01:13:52', '2021-04-06 01:13:52', NULL),
(47569, 'Masvingo', 4117, 0.00, 0, '2021-04-06 01:13:52', '2021-04-06 01:13:52', NULL),
(47570, 'Chivhu', 4120, 0.00, 0, '2021-04-06 01:13:52', '2021-04-06 01:13:52', NULL),
(47571, 'Gweru', 4120, 0.00, 0, '2021-04-06 01:13:52', '2021-04-06 01:13:52', NULL),
(47572, 'Kwekwe', 4120, 0.00, 0, '2021-04-06 01:13:52', '2021-04-06 01:13:52', NULL),
(47573, 'Mvuma', 4120, 0.00, 0, '2021-04-06 01:13:52', '2021-04-06 01:13:52', NULL),
(47574, 'Redcliffe', 4120, 0.00, 0, '2021-04-06 01:13:52', '2021-04-06 01:13:52', NULL),
(47575, 'Shurugwi', 4120, 0.00, 0, '2021-04-06 01:13:52', '2021-04-06 01:13:52', NULL),
(47576, 'Zvishavane', 4120, 0.00, 0, '2021-04-06 01:13:52', '2021-04-06 01:13:52', NULL),
(47577, 'Manchester', 3952, 0.00, 0, '2021-04-06 01:13:52', '2021-04-06 01:13:52', NULL),
(47578, 'Nashua', 3952, 0.00, 0, '2021-04-06 01:13:52', '2021-04-06 01:13:52', NULL),
(47579, 'Concord', 3952, 0.00, 0, '2021-04-06 01:13:52', '2021-04-06 01:13:52', NULL),
(47580, 'Derry', 3952, 0.00, 0, '2021-04-06 01:13:52', '2021-04-06 01:13:52', NULL),
(47581, 'Dover', 3952, 0.00, 0, '2021-04-06 01:13:52', '2021-04-06 01:13:52', NULL),
(47582, 'Rochester', 3952, 0.00, 0, '2021-04-06 01:13:52', '2021-04-06 01:13:52', NULL),
(47583, 'Salem', 3952, 0.00, 0, '2021-04-06 01:13:52', '2021-04-06 01:13:52', NULL),
(47584, 'Merrimack', 3952, 0.00, 0, '2021-04-06 01:13:52', '2021-04-06 01:13:52', NULL),
(47585, 'Hudson', 3952, 0.00, 0, '2021-04-06 01:13:52', '2021-04-06 01:13:52', NULL),
(47586, 'Londonderry', 3952, 0.00, 0, '2021-04-06 01:13:52', '2021-04-06 01:13:52', NULL),
(47587, 'Keene', 3952, 0.00, 0, '2021-04-06 01:13:52', '2021-04-06 01:13:52', NULL),
(47588, 'Bedford', 3952, 0.00, 0, '2021-04-06 01:13:52', '2021-04-06 01:13:52', NULL),
(47589, 'Portsmouth', 3952, 0.00, 0, '2021-04-06 01:13:52', '2021-04-06 01:13:52', NULL),
(47590, 'Goffstown', 3952, 0.00, 0, '2021-04-06 01:13:52', '2021-04-06 01:13:52', NULL),
(47591, 'Laconia', 3952, 0.00, 0, '2021-04-06 01:13:52', '2021-04-06 01:13:52', NULL),
(47592, 'Hampton', 3952, 0.00, 0, '2021-04-06 01:13:52', '2021-04-06 01:13:52', NULL),
(47593, 'Milford', 3952, 0.00, 0, '2021-04-06 01:13:52', '2021-04-06 01:13:52', NULL),
(47594, 'Durham', 3952, 0.00, 0, '2021-04-06 01:13:52', '2021-04-06 01:13:52', NULL),
(47595, 'Exeter', 3952, 0.00, 0, '2021-04-06 01:13:52', '2021-04-06 01:13:52', NULL),
(47596, 'Windham', 3952, 0.00, 0, '2021-04-06 01:13:52', '2021-04-06 01:13:52', NULL),
(47597, 'Hooksett', 3952, 0.00, 0, '2021-04-06 01:13:52', '2021-04-06 01:13:52', NULL),
(47598, 'Claremont', 3952, 0.00, 0, '2021-04-06 01:13:52', '2021-04-06 01:13:52', NULL),
(47599, 'Lebanon', 3952, 0.00, 0, '2021-04-06 01:13:52', '2021-04-06 01:13:52', NULL),
(47600, 'Pelham', 3952, 0.00, 0, '2021-04-06 01:13:52', '2021-04-06 01:13:52', NULL),
(47601, 'Somersworth', 3952, 0.00, 0, '2021-04-06 01:13:52', '2021-04-06 01:13:52', NULL),
(47602, 'Hanover', 3952, 0.00, 0, '2021-04-06 01:13:52', '2021-04-06 01:13:52', NULL),
(47603, 'Amherst', 3952, 0.00, 0, '2021-04-06 01:13:52', '2021-04-06 01:13:52', NULL),
(47604, 'Raymond', 3952, 0.00, 0, '2021-04-06 01:13:52', '2021-04-06 01:13:52', NULL),
(47605, 'Conway', 3952, 0.00, 0, '2021-04-06 01:13:52', '2021-04-06 01:13:52', NULL),
(47606, 'Berlin', 3952, 0.00, 0, '2021-04-06 01:13:52', '2021-04-06 01:13:52', NULL),
(47607, 'Newmarket', 3952, 0.00, 0, '2021-04-06 01:13:52', '2021-04-06 01:13:52', NULL),
(47608, 'Weare', 3952, 0.00, 0, '2021-04-06 01:13:52', '2021-04-06 01:13:52', NULL),
(47609, 'Seabrook', 3952, 0.00, 0, '2021-04-06 01:13:52', '2021-04-06 01:13:52', NULL),
(47610, 'Barrington', 3952, 0.00, 0, '2021-04-06 01:13:52', '2021-04-06 01:13:52', NULL),
(47611, 'Hampstead', 3952, 0.00, 0, '2021-04-06 01:13:52', '2021-04-06 01:13:52', NULL),
(47612, 'Franklin', 3952, 0.00, 0, '2021-04-06 01:13:52', '2021-04-06 01:13:52', NULL),
(47613, 'Litchfield', 3952, 0.00, 0, '2021-04-06 01:13:52', '2021-04-06 01:13:52', NULL),
(47614, 'Hollis', 3952, 0.00, 0, '2021-04-06 01:13:52', '2021-04-06 01:13:52', NULL),
(47615, 'Plaistow', 3952, 0.00, 0, '2021-04-06 01:13:52', '2021-04-06 01:13:52', NULL),
(47616, 'Bow', 3952, 0.00, 0, '2021-04-06 01:13:52', '2021-04-06 01:13:52', NULL),
(47617, 'Belmont', 3952, 0.00, 0, '2021-04-06 01:13:52', '2021-04-06 01:13:52', NULL),
(47618, 'Stratham', 3952, 0.00, 0, '2021-04-06 01:13:52', '2021-04-06 01:13:52', NULL),
(47619, 'Swanzey', 3952, 0.00, 0, '2021-04-06 01:13:52', '2021-04-06 01:13:52', NULL),
(47620, 'Gilford', 3952, 0.00, 0, '2021-04-06 01:13:52', '2021-04-06 01:13:52', NULL),
(47621, 'Pembroke', 3952, 0.00, 0, '2021-04-06 01:13:52', '2021-04-06 01:13:52', NULL),
(47622, 'Plymouth', 3952, 0.00, 0, '2021-04-06 01:13:52', '2021-04-06 01:13:52', NULL),
(47623, 'Farmington', 3952, 0.00, 0, '2021-04-06 01:13:52', '2021-04-06 01:13:52', NULL),
(47624, 'Atkinson', 3952, 0.00, 0, '2021-04-06 01:13:52', '2021-04-06 01:13:52', NULL),
(47625, 'Newport', 3952, 0.00, 0, '2021-04-06 01:13:52', '2021-04-06 01:13:52', NULL),
(47626, 'Epping', 3952, 0.00, 0, '2021-04-06 01:13:52', '2021-04-06 01:13:52', NULL),
(47627, 'Peterborough', 3952, 0.00, 0, '2021-04-06 01:13:52', '2021-04-06 01:13:52', NULL),
(47628, 'Wolfeboro', 3952, 0.00, 0, '2021-04-06 01:13:52', '2021-04-06 01:13:52', NULL),
(47629, 'Meredith', 3952, 0.00, 0, '2021-04-06 01:13:52', '2021-04-06 01:13:52', NULL),
(47630, 'Kingston', 3952, 0.00, 0, '2021-04-06 01:13:52', '2021-04-06 01:13:52', NULL),
(47631, 'Rindge', 3952, 0.00, 0, '2021-04-06 01:13:52', '2021-04-06 01:13:52', NULL),
(47632, 'Hillsborough', 3952, 0.00, 0, '2021-04-06 01:13:52', '2021-04-06 01:13:52', NULL),
(47633, 'Newark', 3953, 0.00, 0, '2021-04-06 01:13:52', '2021-04-06 01:13:52', NULL),
(47634, 'Jersey City', 3953, 0.00, 0, '2021-04-06 01:13:52', '2021-04-06 01:13:52', NULL),
(47635, 'Paterson', 3953, 0.00, 0, '2021-04-06 01:13:52', '2021-04-06 01:13:52', NULL),
(47636, 'Elizabeth', 3953, 0.00, 0, '2021-04-06 01:13:52', '2021-04-06 01:13:52', NULL),
(47637, 'Edison', 3953, 0.00, 0, '2021-04-06 01:13:52', '2021-04-06 01:13:52', NULL),
(47638, 'Woodbridge', 3953, 0.00, 0, '2021-04-06 01:13:52', '2021-04-06 01:13:52', NULL),
(47639, 'Lakewood', 3953, 0.00, 0, '2021-04-06 01:13:52', '2021-04-06 01:13:52', NULL),
(47640, 'Toms River', 3953, 0.00, 0, '2021-04-06 01:13:52', '2021-04-06 01:13:52', NULL),
(47641, 'Hamilton', 3953, 0.00, 0, '2021-04-06 01:13:52', '2021-04-06 01:13:52', NULL),
(47642, 'Trenton', 3953, 0.00, 0, '2021-04-06 01:13:52', '2021-04-06 01:13:52', NULL),
(47643, 'Clifton', 3953, 0.00, 0, '2021-04-06 01:13:52', '2021-04-06 01:13:52', NULL),
(47644, 'Camden', 3953, 0.00, 0, '2021-04-06 01:13:52', '2021-04-06 01:13:52', NULL),
(47645, 'Brick', 3953, 0.00, 0, '2021-04-06 01:13:52', '2021-04-06 01:13:52', NULL),
(47646, 'Cherry Hill', 3953, 0.00, 0, '2021-04-06 01:13:52', '2021-04-06 01:13:52', NULL),
(47647, 'Passaic', 3953, 0.00, 0, '2021-04-06 01:13:52', '2021-04-06 01:13:52', NULL),
(47648, 'Middletown', 3953, 0.00, 0, '2021-04-06 01:13:52', '2021-04-06 01:13:52', NULL),
(47649, 'Union City', 3953, 0.00, 0, '2021-04-06 01:13:52', '2021-04-06 01:13:52', NULL),
(47650, 'Old Bridge', 3953, 0.00, 0, '2021-04-06 01:13:52', '2021-04-06 01:13:52', NULL),
(47651, 'Gloucester Township', 3953, 0.00, 0, '2021-04-06 01:13:52', '2021-04-06 01:13:52', NULL),
(47652, 'East Orange', 3953, 0.00, 0, '2021-04-06 01:13:52', '2021-04-06 01:13:52', NULL),
(47653, 'Bayonne', 3953, 0.00, 0, '2021-04-06 01:13:52', '2021-04-06 01:13:52', NULL),
(47654, 'Franklin', 3953, 0.00, 0, '2021-04-06 01:13:52', '2021-04-06 01:13:52', NULL),
(47655, 'North Bergen', 3953, 0.00, 0, '2021-04-06 01:13:52', '2021-04-06 01:13:52', NULL),
(47656, 'Vineland', 3953, 0.00, 0, '2021-04-06 01:13:52', '2021-04-06 01:13:52', NULL),
(47657, 'Union', 3953, 0.00, 0, '2021-04-06 01:13:52', '2021-04-06 01:13:52', NULL),
(47658, 'Piscataway', 3953, 0.00, 0, '2021-04-06 01:13:52', '2021-04-06 01:13:52', NULL),
(47659, 'New Brunswick', 3953, 0.00, 0, '2021-04-06 01:13:52', '2021-04-06 01:13:52', NULL),
(47660, 'Jackson', 3953, 0.00, 0, '2021-04-06 01:13:52', '2021-04-06 01:13:52', NULL),
(47661, 'Wayne', 3953, 0.00, 0, '2021-04-06 01:13:52', '2021-04-06 01:13:52', NULL),
(47662, 'Irvington', 3953, 0.00, 0, '2021-04-06 01:13:52', '2021-04-06 01:13:52', NULL),
(47663, 'Parsippany-Troy Hills', 3953, 0.00, 0, '2021-04-06 01:13:52', '2021-04-06 01:13:52', NULL),
(47664, 'Howell', 3953, 0.00, 0, '2021-04-06 01:13:52', '2021-04-06 01:13:52', NULL),
(47665, 'Perth Amboy', 3953, 0.00, 0, '2021-04-06 01:13:52', '2021-04-06 01:13:52', NULL),
(47666, 'Hoboken', 3953, 0.00, 0, '2021-04-06 01:13:52', '2021-04-06 01:13:52', NULL),
(47667, 'Plainfield', 3953, 0.00, 0, '2021-04-06 01:13:52', '2021-04-06 01:13:52', NULL),
(47668, 'West New York', 3953, 0.00, 0, '2021-04-06 01:13:52', '2021-04-06 01:13:52', NULL),
(47669, 'Washington Township', 3953, 0.00, 0, '2021-04-06 01:13:52', '2021-04-06 01:13:52', NULL),
(47670, 'East Brunswick', 3953, 0.00, 0, '2021-04-06 01:13:52', '2021-04-06 01:13:52', NULL),
(47671, 'Bloomfield', 3953, 0.00, 0, '2021-04-06 01:13:52', '2021-04-06 01:13:52', NULL),
(47672, 'West Orange', 3953, 0.00, 0, '2021-04-06 01:13:52', '2021-04-06 01:13:52', NULL),
(47673, 'Evesham', 3953, 0.00, 0, '2021-04-06 01:13:52', '2021-04-06 01:13:52', NULL),
(47674, 'Bridgewater', 3953, 0.00, 0, '2021-04-06 01:13:52', '2021-04-06 01:13:52', NULL),
(47675, 'South Brunswick', 3953, 0.00, 0, '2021-04-06 01:13:52', '2021-04-06 01:13:52', NULL),
(47676, 'Egg Harbor', 3953, 0.00, 0, '2021-04-06 01:13:52', '2021-04-06 01:13:52', NULL),
(47677, 'Manchester', 3953, 0.00, 0, '2021-04-06 01:13:52', '2021-04-06 01:13:52', NULL),
(47678, 'Hackensack', 3953, 0.00, 0, '2021-04-06 01:13:52', '2021-04-06 01:13:52', NULL),
(47679, 'Sayreville', 3953, 0.00, 0, '2021-04-06 01:13:52', '2021-04-06 01:13:52', NULL),
(47680, 'Mount Laurel', 3953, 0.00, 0, '2021-04-06 01:13:52', '2021-04-06 01:13:52', NULL),
(47681, 'Berkeley', 3953, 0.00, 0, '2021-04-06 01:13:52', '2021-04-06 01:13:52', NULL),
(47682, 'North Brunswick', 3953, 0.00, 0, '2021-04-06 01:13:52', '2021-04-06 01:13:52', NULL),
(47683, 'Kearny', 3953, 0.00, 0, '2021-04-06 01:13:52', '2021-04-06 01:13:52', NULL),
(47684, 'Linden', 3953, 0.00, 0, '2021-04-06 01:13:52', '2021-04-06 01:13:52', NULL),
(47685, 'Marlboro', 3953, 0.00, 0, '2021-04-06 01:13:52', '2021-04-06 01:13:52', NULL),
(47686, 'Teaneck', 3953, 0.00, 0, '2021-04-06 01:13:52', '2021-04-06 01:13:52', NULL),
(47687, 'Atlantic City', 3953, 0.00, 0, '2021-04-06 01:13:52', '2021-04-06 01:13:52', NULL),
(47688, 'Winslow', 3953, 0.00, 0, '2021-04-06 01:13:52', '2021-04-06 01:13:52', NULL),
(47689, 'Monroe', 3953, 0.00, 0, '2021-04-06 01:13:52', '2021-04-06 01:13:52', NULL),
(47690, 'Manalapan', 3953, 0.00, 0, '2021-04-06 01:13:52', '2021-04-06 01:13:52', NULL),
(47691, 'Hillsborough', 3953, 0.00, 0, '2021-04-06 01:13:52', '2021-04-06 01:13:52', NULL),
(47692, 'Montclair', 3953, 0.00, 0, '2021-04-06 01:13:52', '2021-04-06 01:13:52', NULL),
(47693, 'Galloway', 3953, 0.00, 0, '2021-04-06 01:13:52', '2021-04-06 01:13:52', NULL),
(47694, 'Freehold Township', 3953, 0.00, 0, '2021-04-06 01:13:52', '2021-04-06 01:13:52', NULL),
(47695, 'Monroe Township', 3953, 0.00, 0, '2021-04-06 01:13:52', '2021-04-06 01:13:52', NULL),
(47696, 'Belleville', 3953, 0.00, 0, '2021-04-06 01:13:52', '2021-04-06 01:13:52', NULL),
(47697, 'Pennsauken', 3953, 0.00, 0, '2021-04-06 01:13:52', '2021-04-06 01:13:52', NULL),
(47698, 'Ewing', 3953, 0.00, 0, '2021-04-06 01:13:52', '2021-04-06 01:13:52', NULL),
(47699, 'Fort Lee', 3953, 0.00, 0, '2021-04-06 01:13:52', '2021-04-06 01:13:52', NULL),
(47700, 'Lawrence', 3953, 0.00, 0, '2021-04-06 01:13:52', '2021-04-06 01:13:52', NULL),
(47701, 'Fair Lawn', 3953, 0.00, 0, '2021-04-06 01:13:52', '2021-04-06 01:13:52', NULL),
(47702, 'Willingboro', 3953, 0.00, 0, '2021-04-06 01:13:52', '2021-04-06 01:13:52', NULL),
(47703, 'Long Branch', 3953, 0.00, 0, '2021-04-06 01:13:52', '2021-04-06 01:13:52', NULL),
(47704, 'Deptford', 3953, 0.00, 0, '2021-04-06 01:13:52', '2021-04-06 01:13:52', NULL),
(47705, 'Garfield', 3953, 0.00, 0, '2021-04-06 01:13:52', '2021-04-06 01:13:52', NULL),
(47706, 'Westfield', 3953, 0.00, 0, '2021-04-06 01:13:52', '2021-04-06 01:13:52', NULL),
(47707, 'City of Orange', 3953, 0.00, 0, '2021-04-06 01:13:52', '2021-04-06 01:13:52', NULL),
(47708, 'Livingston', 3953, 0.00, 0, '2021-04-06 01:13:52', '2021-04-06 01:13:52', NULL),
(47709, 'Voorhees', 3953, 0.00, 0, '2021-04-06 01:13:52', '2021-04-06 01:13:52', NULL),
(47710, 'Princeton', 3953, 0.00, 0, '2021-04-06 01:13:52', '2021-04-06 01:13:52', NULL),
(47711, 'Millville', 3953, 0.00, 0, '2021-04-06 01:13:52', '2021-04-06 01:13:52', NULL),
(47712, 'Nutley', 3953, 0.00, 0, '2021-04-06 01:13:52', '2021-04-06 01:13:52', NULL),
(47713, 'Mount Olive', 3953, 0.00, 0, '2021-04-06 01:13:52', '2021-04-06 01:13:52', NULL),
(47714, 'Neptune', 3953, 0.00, 0, '2021-04-06 01:13:52', '2021-04-06 01:13:52', NULL),
(47715, 'Pemberton Township', 3953, 0.00, 0, '2021-04-06 01:13:52', '2021-04-06 01:13:52', NULL),
(47716, 'Lacey', 3953, 0.00, 0, '2021-04-06 01:13:52', '2021-04-06 01:13:52', NULL),
(47717, 'Rahway', 3953, 0.00, 0, '2021-04-06 01:13:52', '2021-04-06 01:13:52', NULL),
(47718, 'Ocean Township', 3953, 0.00, 0, '2021-04-06 01:13:52', '2021-04-06 01:13:52', NULL),
(47719, 'East Windsor', 3953, 0.00, 0, '2021-04-06 01:13:52', '2021-04-06 01:13:52', NULL),
(47720, 'West Windsor', 3953, 0.00, 0, '2021-04-06 01:13:52', '2021-04-06 01:13:52', NULL),
(47721, 'Englewood', 3953, 0.00, 0, '2021-04-06 01:13:52', '2021-04-06 01:13:52', NULL),
(47722, 'Bergenfield', 3953, 0.00, 0, '2021-04-06 01:13:52', '2021-04-06 01:13:52', NULL),
(47723, 'Bernards Township', 3953, 0.00, 0, '2021-04-06 01:13:52', '2021-04-06 01:13:52', NULL),
(47724, 'Stafford Township', 3953, 0.00, 0, '2021-04-06 01:13:52', '2021-04-06 01:13:52', NULL),
(47725, 'Hamilton Township', 3953, 0.00, 0, '2021-04-06 01:13:52', '2021-04-06 01:13:52', NULL),
(47726, 'Paramus', 3953, 0.00, 0, '2021-04-06 01:13:52', '2021-04-06 01:13:52', NULL),
(47727, 'Wall', 3953, 0.00, 0, '2021-04-06 01:13:52', '2021-04-06 01:13:52', NULL),
(47728, 'Mahwah', 3953, 0.00, 0, '2021-04-06 01:13:52', '2021-04-06 01:13:52', NULL),
(47729, 'West Milford', 3953, 0.00, 0, '2021-04-06 01:13:52', '2021-04-06 01:13:52', NULL),
(47730, 'Randolph', 3953, 0.00, 0, '2021-04-06 01:13:52', '2021-04-06 01:13:52', NULL),
(47731, 'Bridgeton', 3953, 0.00, 0, '2021-04-06 01:13:52', '2021-04-06 01:13:52', NULL),
(47732, 'Ridgewood', 3953, 0.00, 0, '2021-04-06 01:13:52', '2021-04-06 01:13:52', NULL),
(47733, 'Rockaway Township', 3953, 0.00, 0, '2021-04-06 01:13:52', '2021-04-06 01:13:52', NULL),
(47734, 'Lodi', 3953, 0.00, 0, '2021-04-06 01:13:52', '2021-04-06 01:13:52', NULL),
(47735, 'Vernon', 3953, 0.00, 0, '2021-04-06 01:13:52', '2021-04-06 01:13:52', NULL),
(47736, 'Maplewood', 3953, 0.00, 0, '2021-04-06 01:13:52', '2021-04-06 01:13:52', NULL),
(47737, 'Cliffside Park', 3953, 0.00, 0, '2021-04-06 01:13:52', '2021-04-06 01:13:52', NULL),
(47738, 'Scotch Plains', 3953, 0.00, 0, '2021-04-06 01:13:52', '2021-04-06 01:13:52', NULL),
(47739, 'South Plainfield', 3953, 0.00, 0, '2021-04-06 01:13:52', '2021-04-06 01:13:52', NULL),
(47740, 'Roxbury', 3953, 0.00, 0, '2021-04-06 01:13:52', '2021-04-06 01:13:52', NULL),
(47741, 'Medford', 3953, 0.00, 0, '2021-04-06 01:13:52', '2021-04-06 01:13:52', NULL),
(47742, 'Plainsboro', 3953, 0.00, 0, '2021-04-06 01:13:52', '2021-04-06 01:13:52', NULL),
(47743, 'Lower Township', 3953, 0.00, 0, '2021-04-06 01:13:52', '2021-04-06 01:13:52', NULL),
(47744, 'Carteret', 3953, 0.00, 0, '2021-04-06 01:13:52', '2021-04-06 01:13:52', NULL),
(47745, 'Cranford', 3953, 0.00, 0, '2021-04-06 01:13:52', '2021-04-06 01:13:52', NULL),
(47746, 'Burlington Township', 3953, 0.00, 0, '2021-04-06 01:13:52', '2021-04-06 01:13:52', NULL),
(47747, 'Morris Township', 3953, 0.00, 0, '2021-04-06 01:13:52', '2021-04-06 01:13:52', NULL),
(47748, 'Montgomery', 3953, 0.00, 0, '2021-04-06 01:13:52', '2021-04-06 01:13:52', NULL),
(47749, 'Raritan Township', 3953, 0.00, 0, '2021-04-06 01:13:52', '2021-04-06 01:13:52', NULL),
(47750, 'North Plainfield', 3953, 0.00, 0, '2021-04-06 01:13:52', '2021-04-06 01:13:52', NULL),
(47751, 'West Deptford', 3953, 0.00, 0, '2021-04-06 01:13:52', '2021-04-06 01:13:52', NULL),
(47752, 'Montville', 3953, 0.00, 0, '2021-04-06 01:13:52', '2021-04-06 01:13:52', NULL),
(47753, 'Summit', 3953, 0.00, 0, '2021-04-06 01:13:52', '2021-04-06 01:13:52', NULL),
(47754, 'Hillside', 3953, 0.00, 0, '2021-04-06 01:13:52', '2021-04-06 01:13:52', NULL),
(47755, 'Jefferson', 3953, 0.00, 0, '2021-04-06 01:13:52', '2021-04-06 01:13:52', NULL),
(47756, 'Roselle', 3953, 0.00, 0, '2021-04-06 01:13:52', '2021-04-06 01:13:52', NULL),
(47757, 'Barnegat', 3953, 0.00, 0, '2021-04-06 01:13:52', '2021-04-06 01:13:52', NULL),
(47758, 'Moorestown', 3953, 0.00, 0, '2021-04-06 01:13:52', '2021-04-06 01:13:52', NULL),
(47759, 'Lyndhurst', 3953, 0.00, 0, '2021-04-06 01:13:52', '2021-04-06 01:13:52', NULL),
(47760, 'Hazlet', 3953, 0.00, 0, '2021-04-06 01:13:52', '2021-04-06 01:13:52', NULL),
(47761, 'Pleasantville', 3953, 0.00, 0, '2021-04-06 01:13:52', '2021-04-06 01:13:52', NULL),
(47762, 'Millburn', 3953, 0.00, 0, '2021-04-06 01:13:52', '2021-04-06 01:13:52', NULL),
(47763, 'Little Egg Harbor', 3953, 0.00, 0, '2021-04-06 01:13:52', '2021-04-06 01:13:52', NULL),
(47764, 'Sparta', 3953, 0.00, 0, '2021-04-06 01:13:52', '2021-04-06 01:13:52', NULL),
(47765, 'Palisades Park', 3953, 0.00, 0, '2021-04-06 01:13:52', '2021-04-06 01:13:52', NULL),
(47766, 'Elmwood Park', 3953, 0.00, 0, '2021-04-06 01:13:52', '2021-04-06 01:13:52', NULL),
(47767, 'Maple Shade', 3953, 0.00, 0, '2021-04-06 01:13:52', '2021-04-06 01:13:52', NULL),
(47768, 'Middle Township', 3953, 0.00, 0, '2021-04-06 01:13:52', '2021-04-06 01:13:52', NULL),
(47769, 'Hawthorne', 3953, 0.00, 0, '2021-04-06 01:13:52', '2021-04-06 01:13:52', NULL),
(47770, 'Glassboro', 3953, 0.00, 0, '2021-04-06 01:13:52', '2021-04-06 01:13:52', NULL),
(47771, 'Washington Township', 3953, 0.00, 0, '2021-04-06 01:13:52', '2021-04-06 01:13:52', NULL),
(47772, 'Morristown', 3953, 0.00, 0, '2021-04-06 01:13:52', '2021-04-06 01:13:52', NULL),
(47773, 'Point Pleasant', 3953, 0.00, 0, '2021-04-06 01:13:52', '2021-04-06 01:13:52', NULL),
(47774, 'Aberdeen', 3953, 0.00, 0, '2021-04-06 01:13:52', '2021-04-06 01:13:52', NULL),
(47775, 'Dover', 3953, 0.00, 0, '2021-04-06 01:13:52', '2021-04-06 01:13:52', NULL),
(47776, 'Rutherford', 3953, 0.00, 0, '2021-04-06 01:13:52', '2021-04-06 01:13:52', NULL),
(47777, 'Tinton Falls', 3953, 0.00, 0, '2021-04-06 01:13:52', '2021-04-06 01:13:52', NULL),
(47778, 'Lindenwold', 3953, 0.00, 0, '2021-04-06 01:13:52', '2021-04-06 01:13:52', NULL),
(47779, 'Dumont', 3953, 0.00, 0, '2021-04-06 01:13:52', '2021-04-06 01:13:52', NULL),
(47780, 'Hopewell Township', 3953, 0.00, 0, '2021-04-06 01:13:52', '2021-04-06 01:13:52', NULL),
(47781, 'Delran', 3953, 0.00, 0, '2021-04-06 01:13:52', '2021-04-06 01:13:52', NULL),
(47782, 'Franklin Township', 3953, 0.00, 0, '2021-04-06 01:13:52', '2021-04-06 01:13:52', NULL),
(47783, 'Holmdel', 3953, 0.00, 0, '2021-04-06 01:13:52', '2021-04-06 01:13:52', NULL),
(47784, 'Wyckoff', 3953, 0.00, 0, '2021-04-06 01:13:52', '2021-04-06 01:13:52', NULL),
(47785, 'Denville', 3953, 0.00, 0, '2021-04-06 01:13:52', '2021-04-06 01:13:52', NULL),
(47786, 'New Milford', 3953, 0.00, 0, '2021-04-06 01:13:52', '2021-04-06 01:13:52', NULL),
(47787, 'Secaucus', 3953, 0.00, 0, '2021-04-06 01:13:52', '2021-04-06 01:13:52', NULL),
(47788, 'South Orange Village', 3953, 0.00, 0, '2021-04-06 01:13:52', '2021-04-06 01:13:52', NULL),
(47789, 'Readington', 3953, 0.00, 0, '2021-04-06 01:13:52', '2021-04-06 01:13:52', NULL),
(47790, 'Asbury Park', 3953, 0.00, 0, '2021-04-06 01:13:52', '2021-04-06 01:13:52', NULL),
(47791, 'South River', 3953, 0.00, 0, '2021-04-06 01:13:52', '2021-04-06 01:13:52', NULL),
(47792, 'Madison', 3953, 0.00, 0, '2021-04-06 01:13:52', '2021-04-06 01:13:52', NULL),
(47793, 'Springfield', 3953, 0.00, 0, '2021-04-06 01:13:52', '2021-04-06 01:13:52', NULL),
(47794, 'Cinnaminson', 3953, 0.00, 0, '2021-04-06 01:13:52', '2021-04-06 01:13:52', NULL),
(47795, 'Pequannock', 3953, 0.00, 0, '2021-04-06 01:13:52', '2021-04-06 01:13:52', NULL),
(47796, 'North Arlington', 3953, 0.00, 0, '2021-04-06 01:13:52', '2021-04-06 01:13:52', NULL),
(47797, 'Warren', 3953, 0.00, 0, '2021-04-06 01:13:52', '2021-04-06 01:13:52', NULL),
(47798, 'Mantua', 3953, 0.00, 0, '2021-04-06 01:13:52', '2021-04-06 01:13:52', NULL),
(47799, 'Hopatcong', 3953, 0.00, 0, '2021-04-06 01:13:52', '2021-04-06 01:13:52', NULL),
(47800, 'Phillipsburg', 3953, 0.00, 0, '2021-04-06 01:13:52', '2021-04-06 01:13:52', NULL),
(47801, 'Hammonton', 3953, 0.00, 0, '2021-04-06 01:13:52', '2021-04-06 01:13:52', NULL),
(47802, 'Clark', 3953, 0.00, 0, '2021-04-06 01:13:52', '2021-04-06 01:13:52', NULL),
(47803, 'Haddon Township', 3953, 0.00, 0, '2021-04-06 01:13:52', '2021-04-06 01:13:52', NULL),
(47804, 'Tenafly', 3953, 0.00, 0, '2021-04-06 01:13:52', '2021-04-06 01:13:52', NULL),
(47805, 'Ramsey', 3953, 0.00, 0, '2021-04-06 01:13:52', '2021-04-06 01:13:52', NULL),
(47806, 'Branchburg', 3953, 0.00, 0, '2021-04-06 01:13:52', '2021-04-06 01:13:52', NULL),
(47807, 'Little Falls', 3953, 0.00, 0, '2021-04-06 01:13:52', '2021-04-06 01:13:52', NULL),
(47808, 'Highland Park', 3953, 0.00, 0, '2021-04-06 01:13:52', '2021-04-06 01:13:52', NULL),
(47809, 'Collingswood', 3953, 0.00, 0, '2021-04-06 01:13:52', '2021-04-06 01:13:52', NULL),
(47810, 'Fairview', 3953, 0.00, 0, '2021-04-06 01:13:52', '2021-04-06 01:13:52', NULL),
(47811, 'Hanover', 3953, 0.00, 0, '2021-04-06 01:13:52', '2021-04-06 01:13:52', NULL),
(47812, 'Saddle Brook', 3953, 0.00, 0, '2021-04-06 01:13:52', '2021-04-06 01:13:52', NULL),
(47813, 'Robbinsville', 3953, 0.00, 0, '2021-04-06 01:13:52', '2021-04-06 01:13:52', NULL),
(47814, 'Middlesex', 3953, 0.00, 0, '2021-04-06 01:13:52', '2021-04-06 01:13:52', NULL),
(47815, 'Harrison', 3953, 0.00, 0, '2021-04-06 01:13:52', '2021-04-06 01:13:52', NULL),
(47816, 'Metuchen', 3953, 0.00, 0, '2021-04-06 01:13:52', '2021-04-06 01:13:52', NULL),
(47817, 'Clinton Township', 3953, 0.00, 0, '2021-04-06 01:13:52', '2021-04-06 01:13:52', NULL),
(47818, 'Pennsville', 3953, 0.00, 0, '2021-04-06 01:13:52', '2021-04-06 01:13:52', NULL),
(47819, 'Verona', 3953, 0.00, 0, '2021-04-06 01:13:52', '2021-04-06 01:13:52', NULL),
(47820, 'Albuquerque', 3955, 0.00, 0, '2021-04-06 01:13:52', '2021-04-06 01:13:52', NULL),
(47821, 'Las Cruces', 3955, 0.00, 0, '2021-04-06 01:13:52', '2021-04-06 01:13:52', NULL),
(47822, 'Rio Rancho', 3955, 0.00, 0, '2021-04-06 01:13:52', '2021-04-06 01:13:52', NULL),
(47823, 'Santa Fe', 3955, 0.00, 0, '2021-04-06 01:13:52', '2021-04-06 01:13:52', NULL),
(47824, 'Roswell', 3955, 0.00, 0, '2021-04-06 01:13:52', '2021-04-06 01:13:52', NULL),
(47825, 'Farmington', 3955, 0.00, 0, '2021-04-06 01:13:52', '2021-04-06 01:13:52', NULL),
(47826, 'South Valley', 3955, 0.00, 0, '2021-04-06 01:13:52', '2021-04-06 01:13:52', NULL),
(47827, 'Clovis', 3955, 0.00, 0, '2021-04-06 01:13:52', '2021-04-06 01:13:52', NULL),
(47828, 'Hobbs', 3955, 0.00, 0, '2021-04-06 01:13:52', '2021-04-06 01:13:52', NULL),
(47829, 'Alamogordo', 3955, 0.00, 0, '2021-04-06 01:13:52', '2021-04-06 01:13:52', NULL),
(47830, 'Carlsbad', 3955, 0.00, 0, '2021-04-06 01:13:52', '2021-04-06 01:13:52', NULL),
(47831, 'Gallup', 3955, 0.00, 0, '2021-04-06 01:13:52', '2021-04-06 01:13:52', NULL),
(47832, 'Deming', 3955, 0.00, 0, '2021-04-06 01:13:52', '2021-04-06 01:13:52', NULL),
(47833, 'Los Lunas', 3955, 0.00, 0, '2021-04-06 01:13:52', '2021-04-06 01:13:52', NULL),
(47834, 'Chaparral', 3955, 0.00, 0, '2021-04-06 01:13:52', '2021-04-06 01:13:52', NULL),
(47835, 'Sunland Park', 3955, 0.00, 0, '2021-04-06 01:13:52', '2021-04-06 01:13:52', NULL),
(47836, 'Las Vegas', 3955, 0.00, 0, '2021-04-06 01:13:52', '2021-04-06 01:13:52', NULL),
(47837, 'Portales', 3955, 0.00, 0, '2021-04-06 01:13:52', '2021-04-06 01:13:52', NULL),
(47838, 'Los Alamos', 3955, 0.00, 0, '2021-04-06 01:13:52', '2021-04-06 01:13:52', NULL),
(47839, 'North Valley', 3955, 0.00, 0, '2021-04-06 01:13:52', '2021-04-06 01:13:52', NULL),
(47840, 'Artesia', 3955, 0.00, 0, '2021-04-06 01:13:52', '2021-04-06 01:13:52', NULL),
(47841, 'Lovington', 3955, 0.00, 0, '2021-04-06 01:13:52', '2021-04-06 01:13:52', NULL),
(47842, 'Silver City', 3955, 0.00, 0, '2021-04-06 01:13:52', '2021-04-06 01:13:52', NULL),
(47843, 'Espanola', 3955, 0.00, 0, '2021-04-06 01:13:52', '2021-04-06 01:13:52', NULL),
(47844, 'Anthony', 3955, 0.00, 0, '2021-04-06 01:13:52', '2021-04-06 01:13:52', NULL),
(47845, 'Grants', 3955, 0.00, 0, '2021-04-06 01:13:52', '2021-04-06 01:13:52', NULL),
(47846, 'Socorro', 3955, 0.00, 0, '2021-04-06 01:13:52', '2021-04-06 01:13:52', NULL),
(47847, 'Corrales', 3955, 0.00, 0, '2021-04-06 01:13:52', '2021-04-06 01:13:52', NULL),
(47848, 'Bernalillo', 3955, 0.00, 0, '2021-04-06 01:13:52', '2021-04-06 01:13:52', NULL),
(47849, 'Shiprock', 3955, 0.00, 0, '2021-04-06 01:13:52', '2021-04-06 01:13:52', NULL),
(47850, 'Bloomfield', 3955, 0.00, 0, '2021-04-06 01:13:52', '2021-04-06 01:13:52', NULL),
(47851, 'Ruidoso', 3955, 0.00, 0, '2021-04-06 01:13:52', '2021-04-06 01:13:52', NULL),
(47852, 'Kirtland', 3955, 0.00, 0, '2021-04-06 01:13:52', '2021-04-06 01:13:52', NULL),
(47853, 'Belen', 3955, 0.00, 0, '2021-04-06 01:13:52', '2021-04-06 01:13:52', NULL),
(47854, 'Airmont', 3956, 0.00, 0, '2021-04-06 01:13:52', '2021-04-06 01:13:52', NULL),
(47855, 'Albany', 3956, 0.00, 0, '2021-04-06 01:13:52', '2021-04-06 01:13:52', NULL),
(47856, 'Alden', 3956, 0.00, 0, '2021-04-06 01:13:52', '2021-04-06 01:13:52', NULL),
(47857, 'Amherst', 3956, 0.00, 0, '2021-04-06 01:13:52', '2021-04-06 01:13:52', NULL),
(47858, 'Amityville', 3956, 0.00, 0, '2021-04-06 01:13:52', '2021-04-06 01:13:52', NULL),
(47859, 'Amsterdam', 3956, 0.00, 0, '2021-04-06 01:13:52', '2021-04-06 01:13:52', NULL),
(47860, 'Arcadia', 3956, 0.00, 0, '2021-04-06 01:13:52', '2021-04-06 01:13:52', NULL),
(47861, 'Auburn', 3956, 0.00, 0, '2021-04-06 01:13:52', '2021-04-06 01:13:52', NULL),
(47862, 'Aurora', 3956, 0.00, 0, '2021-04-06 01:13:52', '2021-04-06 01:13:52', NULL),
(47863, 'Babylon', 3956, 0.00, 0, '2021-04-06 01:13:52', '2021-04-06 01:13:52', NULL),
(47864, 'Baldwinsville', 3956, 0.00, 0, '2021-04-06 01:13:52', '2021-04-06 01:13:52', NULL),
(47865, 'Ballston', 3956, 0.00, 0, '2021-04-06 01:13:52', '2021-04-06 01:13:52', NULL),
(47866, 'Batavia', 3956, 0.00, 0, '2021-04-06 01:13:52', '2021-04-06 01:13:52', NULL),
(47867, 'Bath', 3956, 0.00, 0, '2021-04-06 01:13:52', '2021-04-06 01:13:52', NULL),
(47868, 'Beacon', 3956, 0.00, 0, '2021-04-06 01:13:52', '2021-04-06 01:13:52', NULL);
INSERT INTO `cities` (`id`, `name`, `state_id`, `cost`, `status`, `created_at`, `updated_at`, `deleted_at`) VALUES
(47869, 'Bedford', 3956, 0.00, 0, '2021-04-06 01:13:52', '2021-04-06 01:13:52', NULL),
(47870, 'Beekman', 3956, 0.00, 0, '2021-04-06 01:13:52', '2021-04-06 01:13:52', NULL),
(47871, 'Bethlehem', 3956, 0.00, 0, '2021-04-06 01:13:52', '2021-04-06 01:13:52', NULL),
(47872, 'Binghamton', 3956, 0.00, 0, '2021-04-06 01:13:52', '2021-04-06 01:13:52', NULL),
(47873, 'Blooming Grove', 3956, 0.00, 0, '2021-04-06 01:13:52', '2021-04-06 01:13:52', NULL),
(47874, 'Briarcliff Manor', 3956, 0.00, 0, '2021-04-06 01:13:52', '2021-04-06 01:13:52', NULL),
(47875, 'Brighton', 3956, 0.00, 0, '2021-04-06 01:13:52', '2021-04-06 01:13:52', NULL),
(47876, 'Brockport', 3956, 0.00, 0, '2021-04-06 01:13:52', '2021-04-06 01:13:52', NULL),
(47877, 'Brookhaven', 3956, 0.00, 0, '2021-04-06 01:13:52', '2021-04-06 01:13:52', NULL),
(47878, 'Brunswick', 3956, 0.00, 0, '2021-04-06 01:13:52', '2021-04-06 01:13:52', NULL),
(47879, 'Buffalo', 3956, 0.00, 0, '2021-04-06 01:13:52', '2021-04-06 01:13:52', NULL),
(47880, 'Camillus', 3956, 0.00, 0, '2021-04-06 01:13:52', '2021-04-06 01:13:52', NULL),
(47881, 'Canandaigua', 3956, 0.00, 0, '2021-04-06 01:13:52', '2021-04-06 01:13:52', NULL),
(47882, 'Canton', 3956, 0.00, 0, '2021-04-06 01:13:52', '2021-04-06 01:13:52', NULL),
(47883, 'Carmel', 3956, 0.00, 0, '2021-04-06 01:13:52', '2021-04-06 01:13:52', NULL),
(47884, 'Catskill', 3956, 0.00, 0, '2021-04-06 01:13:52', '2021-04-06 01:13:52', NULL),
(47885, 'Cheektowaga', 3956, 0.00, 0, '2021-04-06 01:13:52', '2021-04-06 01:13:52', NULL),
(47886, 'Chenango', 3956, 0.00, 0, '2021-04-06 01:13:52', '2021-04-06 01:13:52', NULL),
(47887, 'Chester', 3956, 0.00, 0, '2021-04-06 01:13:52', '2021-04-06 01:13:52', NULL),
(47888, 'Chestnut Ridge', 3956, 0.00, 0, '2021-04-06 01:13:52', '2021-04-06 01:13:52', NULL),
(47889, 'Chili', 3956, 0.00, 0, '2021-04-06 01:13:52', '2021-04-06 01:13:52', NULL),
(47890, 'Cicero', 3956, 0.00, 0, '2021-04-06 01:13:52', '2021-04-06 01:13:52', NULL),
(47891, 'Clarence', 3956, 0.00, 0, '2021-04-06 01:13:52', '2021-04-06 01:13:52', NULL),
(47892, 'Clarkstown', 3956, 0.00, 0, '2021-04-06 01:13:52', '2021-04-06 01:13:52', NULL),
(47893, 'Clay', 3956, 0.00, 0, '2021-04-06 01:13:52', '2021-04-06 01:13:52', NULL),
(47894, 'Clifton Park', 3956, 0.00, 0, '2021-04-06 01:13:52', '2021-04-06 01:13:52', NULL),
(47895, 'Cohoes', 3956, 0.00, 0, '2021-04-06 01:13:52', '2021-04-06 01:13:52', NULL),
(47896, 'Colonie', 3956, 0.00, 0, '2021-04-06 01:13:52', '2021-04-06 01:13:52', NULL),
(47897, 'Corning', 3956, 0.00, 0, '2021-04-06 01:13:52', '2021-04-06 01:13:52', NULL),
(47898, 'Cornwall', 3956, 0.00, 0, '2021-04-06 01:13:52', '2021-04-06 01:13:52', NULL),
(47899, 'Cortland', 3956, 0.00, 0, '2021-04-06 01:13:52', '2021-04-06 01:13:52', NULL),
(47900, 'Cortlandt', 3956, 0.00, 0, '2021-04-06 01:13:52', '2021-04-06 01:13:52', NULL),
(47901, 'Crawford', 3956, 0.00, 0, '2021-04-06 01:13:52', '2021-04-06 01:13:52', NULL),
(47902, 'Croton-on-Hudson', 3956, 0.00, 0, '2021-04-06 01:13:52', '2021-04-06 01:13:52', NULL),
(47903, 'Depew', 3956, 0.00, 0, '2021-04-06 01:13:52', '2021-04-06 01:13:52', NULL),
(47904, 'DeWitt (De Witt)', 3956, 0.00, 0, '2021-04-06 01:13:52', '2021-04-06 01:13:52', NULL),
(47905, 'Dobbs Ferry', 3956, 0.00, 0, '2021-04-06 01:13:52', '2021-04-06 01:13:52', NULL),
(47906, 'Dryden', 3956, 0.00, 0, '2021-04-06 01:13:52', '2021-04-06 01:13:52', NULL),
(47907, 'Dunkirk', 3956, 0.00, 0, '2021-04-06 01:13:52', '2021-04-06 01:13:52', NULL),
(47908, 'East Fishkill', 3956, 0.00, 0, '2021-04-06 01:13:52', '2021-04-06 01:13:52', NULL),
(47909, 'East Greenbush', 3956, 0.00, 0, '2021-04-06 01:13:52', '2021-04-06 01:13:52', NULL),
(47910, 'East Hampton', 3956, 0.00, 0, '2021-04-06 01:13:52', '2021-04-06 01:13:52', NULL),
(47911, 'East Hills', 3956, 0.00, 0, '2021-04-06 01:13:52', '2021-04-06 01:13:52', NULL),
(47912, 'East Rockaway', 3956, 0.00, 0, '2021-04-06 01:13:52', '2021-04-06 01:13:52', NULL),
(47913, 'Eastchester', 3956, 0.00, 0, '2021-04-06 01:13:52', '2021-04-06 01:13:52', NULL),
(47914, 'Elma', 3956, 0.00, 0, '2021-04-06 01:13:52', '2021-04-06 01:13:52', NULL),
(47915, 'Elmira', 3956, 0.00, 0, '2021-04-06 01:13:52', '2021-04-06 01:13:52', NULL),
(47916, 'Endicott', 3956, 0.00, 0, '2021-04-06 01:13:52', '2021-04-06 01:13:52', NULL),
(47917, 'Esopus', 3956, 0.00, 0, '2021-04-06 01:13:52', '2021-04-06 01:13:52', NULL),
(47918, 'Evans', 3956, 0.00, 0, '2021-04-06 01:13:52', '2021-04-06 01:13:52', NULL),
(47919, 'Fallsburg', 3956, 0.00, 0, '2021-04-06 01:13:52', '2021-04-06 01:13:52', NULL),
(47920, 'Farmingdale', 3956, 0.00, 0, '2021-04-06 01:13:52', '2021-04-06 01:13:52', NULL),
(47921, 'Farmington', 3956, 0.00, 0, '2021-04-06 01:13:52', '2021-04-06 01:13:52', NULL),
(47922, 'Fishkill', 3956, 0.00, 0, '2021-04-06 01:13:52', '2021-04-06 01:13:52', NULL),
(47923, 'Floral Park', 3956, 0.00, 0, '2021-04-06 01:13:52', '2021-04-06 01:13:52', NULL),
(47924, 'Fredonia', 3956, 0.00, 0, '2021-04-06 01:13:52', '2021-04-06 01:13:52', NULL),
(47925, 'Freeport', 3956, 0.00, 0, '2021-04-06 01:13:52', '2021-04-06 01:13:52', NULL),
(47926, 'Fulton', 3956, 0.00, 0, '2021-04-06 01:13:52', '2021-04-06 01:13:52', NULL),
(47927, 'Garden City', 3956, 0.00, 0, '2021-04-06 01:13:52', '2021-04-06 01:13:52', NULL),
(47928, 'Gates', 3956, 0.00, 0, '2021-04-06 01:13:52', '2021-04-06 01:13:52', NULL),
(47929, 'Geddes', 3956, 0.00, 0, '2021-04-06 01:13:52', '2021-04-06 01:13:52', NULL),
(47930, 'Geneseo', 3956, 0.00, 0, '2021-04-06 01:13:52', '2021-04-06 01:13:52', NULL),
(47931, 'Geneva', 3956, 0.00, 0, '2021-04-06 01:13:52', '2021-04-06 01:13:52', NULL),
(47932, 'German Flatts', 3956, 0.00, 0, '2021-04-06 01:13:52', '2021-04-06 01:13:52', NULL),
(47933, 'Glen Cove', 3956, 0.00, 0, '2021-04-06 01:13:52', '2021-04-06 01:13:52', NULL),
(47934, 'Glens Falls', 3956, 0.00, 0, '2021-04-06 01:13:52', '2021-04-06 01:13:52', NULL),
(47935, 'Glenville', 3956, 0.00, 0, '2021-04-06 01:13:52', '2021-04-06 01:13:52', NULL),
(47936, 'Gloversville', 3956, 0.00, 0, '2021-04-06 01:13:52', '2021-04-06 01:13:52', NULL),
(47937, 'Goshen', 3956, 0.00, 0, '2021-04-06 01:13:52', '2021-04-06 01:13:52', NULL),
(47938, 'Grand Island', 3956, 0.00, 0, '2021-04-06 01:13:52', '2021-04-06 01:13:52', NULL),
(47939, 'Great Neck', 3956, 0.00, 0, '2021-04-06 01:13:52', '2021-04-06 01:13:52', NULL),
(47940, 'Greece', 3956, 0.00, 0, '2021-04-06 01:13:52', '2021-04-06 01:13:52', NULL),
(47941, 'Greenburgh', 3956, 0.00, 0, '2021-04-06 01:13:52', '2021-04-06 01:13:52', NULL),
(47942, 'Guilderland', 3956, 0.00, 0, '2021-04-06 01:13:52', '2021-04-06 01:13:52', NULL),
(47943, 'Halfmoon', 3956, 0.00, 0, '2021-04-06 01:13:52', '2021-04-06 01:13:52', NULL),
(47944, 'Hamburg', 3956, 0.00, 0, '2021-04-06 01:13:52', '2021-04-06 01:13:52', NULL),
(47945, 'Hamlin', 3956, 0.00, 0, '2021-04-06 01:13:52', '2021-04-06 01:13:52', NULL),
(47946, 'Harrison', 3956, 0.00, 0, '2021-04-06 01:13:52', '2021-04-06 01:13:52', NULL),
(47947, 'Hastings', 3956, 0.00, 0, '2021-04-06 01:13:52', '2021-04-06 01:13:52', NULL),
(47948, 'Hastings-on-Hudson', 3956, 0.00, 0, '2021-04-06 01:13:52', '2021-04-06 01:13:52', NULL),
(47949, 'Haverstraw', 3956, 0.00, 0, '2021-04-06 01:13:52', '2021-04-06 01:13:52', NULL),
(47950, 'Hempstead', 3956, 0.00, 0, '2021-04-06 01:13:52', '2021-04-06 01:13:52', NULL),
(47951, 'Henrietta', 3956, 0.00, 0, '2021-04-06 01:13:52', '2021-04-06 01:13:52', NULL),
(47952, 'Herkimer', 3956, 0.00, 0, '2021-04-06 01:13:52', '2021-04-06 01:13:52', NULL),
(47953, 'Highlands', 3956, 0.00, 0, '2021-04-06 01:13:52', '2021-04-06 01:13:52', NULL),
(47954, 'Hornell', 3956, 0.00, 0, '2021-04-06 01:13:52', '2021-04-06 01:13:52', NULL),
(47955, 'Horseheads', 3956, 0.00, 0, '2021-04-06 01:13:52', '2021-04-06 01:13:52', NULL),
(47956, 'Hudson', 3956, 0.00, 0, '2021-04-06 01:13:52', '2021-04-06 01:13:52', NULL),
(47957, 'Hudson Falls', 3956, 0.00, 0, '2021-04-06 01:13:52', '2021-04-06 01:13:52', NULL),
(47958, 'Huntington', 3956, 0.00, 0, '2021-04-06 01:13:52', '2021-04-06 01:13:52', NULL),
(47959, 'Hyde Park', 3956, 0.00, 0, '2021-04-06 01:13:52', '2021-04-06 01:13:52', NULL),
(47960, 'Ilion', 3956, 0.00, 0, '2021-04-06 01:13:52', '2021-04-06 01:13:52', NULL),
(47961, 'Irondequoit', 3956, 0.00, 0, '2021-04-06 01:13:52', '2021-04-06 01:13:52', NULL),
(47962, 'Islip', 3956, 0.00, 0, '2021-04-06 01:13:52', '2021-04-06 01:13:52', NULL),
(47963, 'Ithaca', 3956, 0.00, 0, '2021-04-06 01:13:52', '2021-04-06 01:13:52', NULL),
(47964, 'Jamestown', 3956, 0.00, 0, '2021-04-06 01:13:52', '2021-04-06 01:13:52', NULL),
(47965, 'Johnson City', 3956, 0.00, 0, '2021-04-06 01:13:52', '2021-04-06 01:13:52', NULL),
(47966, 'Johnstown', 3956, 0.00, 0, '2021-04-06 01:13:52', '2021-04-06 01:13:52', NULL),
(47967, 'Kenmore', 3956, 0.00, 0, '2021-04-06 01:13:52', '2021-04-06 01:13:52', NULL),
(47968, 'Kent', 3956, 0.00, 0, '2021-04-06 01:13:52', '2021-04-06 01:13:52', NULL),
(47969, 'Kingsbury', 3956, 0.00, 0, '2021-04-06 01:13:52', '2021-04-06 01:13:52', NULL),
(47970, 'Kingston', 3956, 0.00, 0, '2021-04-06 01:13:52', '2021-04-06 01:13:52', NULL),
(47971, 'Kirkland', 3956, 0.00, 0, '2021-04-06 01:13:52', '2021-04-06 01:13:52', NULL),
(47972, 'Kiryas Joel', 3956, 0.00, 0, '2021-04-06 01:13:52', '2021-04-06 01:13:52', NULL),
(47973, 'Lackawanna', 3956, 0.00, 0, '2021-04-06 01:13:52', '2021-04-06 01:13:52', NULL),
(47974, 'LaGrange (La Grange)', 3956, 0.00, 0, '2021-04-06 01:13:52', '2021-04-06 01:13:52', NULL),
(47975, 'Lake Grove', 3956, 0.00, 0, '2021-04-06 01:13:52', '2021-04-06 01:13:52', NULL),
(47976, 'Lancaster', 3956, 0.00, 0, '2021-04-06 01:13:52', '2021-04-06 01:13:52', NULL),
(47977, 'Lansing', 3956, 0.00, 0, '2021-04-06 01:13:52', '2021-04-06 01:13:52', NULL),
(47978, 'Le Ray', 3956, 0.00, 0, '2021-04-06 01:13:52', '2021-04-06 01:13:52', NULL),
(47979, 'Lenox', 3956, 0.00, 0, '2021-04-06 01:13:52', '2021-04-06 01:13:52', NULL),
(47980, 'Lewisboro', 3956, 0.00, 0, '2021-04-06 01:13:52', '2021-04-06 01:13:52', NULL),
(47981, 'Lewiston', 3956, 0.00, 0, '2021-04-06 01:13:52', '2021-04-06 01:13:52', NULL),
(47982, 'Liberty', 3956, 0.00, 0, '2021-04-06 01:13:52', '2021-04-06 01:13:52', NULL),
(47983, 'Lindenhurst', 3956, 0.00, 0, '2021-04-06 01:13:52', '2021-04-06 01:13:52', NULL),
(47984, 'Little Falls', 3956, 0.00, 0, '2021-04-06 01:13:52', '2021-04-06 01:13:52', NULL),
(47985, 'Lloyd', 3956, 0.00, 0, '2021-04-06 01:13:52', '2021-04-06 01:13:52', NULL),
(47986, 'Lockport', 3956, 0.00, 0, '2021-04-06 01:13:52', '2021-04-06 01:13:52', NULL),
(47987, 'Long Beach', 3956, 0.00, 0, '2021-04-06 01:13:52', '2021-04-06 01:13:52', NULL),
(47988, 'Lynbrook', 3956, 0.00, 0, '2021-04-06 01:13:52', '2021-04-06 01:13:52', NULL),
(47989, 'Lysander', 3956, 0.00, 0, '2021-04-06 01:13:52', '2021-04-06 01:13:52', NULL),
(47990, 'Macedon', 3956, 0.00, 0, '2021-04-06 01:13:52', '2021-04-06 01:13:52', NULL),
(47991, 'Malone', 3956, 0.00, 0, '2021-04-06 01:13:52', '2021-04-06 01:13:52', NULL),
(47992, 'Malta', 3956, 0.00, 0, '2021-04-06 01:13:52', '2021-04-06 01:13:52', NULL),
(47993, 'Malverne', 3956, 0.00, 0, '2021-04-06 01:13:52', '2021-04-06 01:13:52', NULL),
(47994, 'Mamakating', 3956, 0.00, 0, '2021-04-06 01:13:52', '2021-04-06 01:13:52', NULL),
(47995, 'Mamaroneck', 3956, 0.00, 0, '2021-04-06 01:13:52', '2021-04-06 01:13:52', NULL),
(47996, 'Manchester', 3956, 0.00, 0, '2021-04-06 01:13:52', '2021-04-06 01:13:52', NULL),
(47997, 'Manlius', 3956, 0.00, 0, '2021-04-06 01:13:52', '2021-04-06 01:13:52', NULL),
(47998, 'Massapequa Park', 3956, 0.00, 0, '2021-04-06 01:13:52', '2021-04-06 01:13:52', NULL),
(47999, 'Massena', 3956, 0.00, 0, '2021-04-06 01:13:52', '2021-04-06 01:13:52', NULL),
(48000, 'Mastic Beach', 3956, 0.00, 0, '2021-04-06 01:13:52', '2021-04-06 01:13:52', NULL),
(48001, 'Mechanicville', 3956, 0.00, 0, '2021-04-06 01:13:52', '2021-04-06 01:13:52', NULL),
(48002, 'Mendon', 3956, 0.00, 0, '2021-04-06 01:13:52', '2021-04-06 01:13:52', NULL),
(48003, 'Middletown', 3956, 0.00, 0, '2021-04-06 01:13:52', '2021-04-06 01:13:52', NULL),
(48004, 'Milton', 3956, 0.00, 0, '2021-04-06 01:13:52', '2021-04-06 01:13:52', NULL),
(48005, 'Mineola', 3956, 0.00, 0, '2021-04-06 01:13:52', '2021-04-06 01:13:52', NULL),
(48006, 'Monroe', 3956, 0.00, 0, '2021-04-06 01:13:52', '2021-04-06 01:13:52', NULL),
(48007, 'Montgomery', 3956, 0.00, 0, '2021-04-06 01:13:52', '2021-04-06 01:13:52', NULL),
(48008, 'Moreau', 3956, 0.00, 0, '2021-04-06 01:13:52', '2021-04-06 01:13:52', NULL),
(48009, 'Mount Kisco', 3956, 0.00, 0, '2021-04-06 01:13:52', '2021-04-06 01:13:52', NULL),
(48010, 'Mount Pleasant', 3956, 0.00, 0, '2021-04-06 01:13:52', '2021-04-06 01:13:52', NULL),
(48011, 'Mount Vernon', 3956, 0.00, 0, '2021-04-06 01:13:52', '2021-04-06 01:13:52', NULL),
(48012, 'New Castle', 3956, 0.00, 0, '2021-04-06 01:13:52', '2021-04-06 01:13:52', NULL),
(48013, 'New Hartford', 3956, 0.00, 0, '2021-04-06 01:13:52', '2021-04-06 01:13:52', NULL),
(48014, 'New Hyde Park', 3956, 0.00, 0, '2021-04-06 01:13:52', '2021-04-06 01:13:52', NULL),
(48015, 'New Paltz', 3956, 0.00, 0, '2021-04-06 01:13:52', '2021-04-06 01:13:52', NULL),
(48016, 'New Rochelle', 3956, 0.00, 0, '2021-04-06 01:13:52', '2021-04-06 01:13:52', NULL),
(48017, 'New Square', 3956, 0.00, 0, '2021-04-06 01:13:52', '2021-04-06 01:13:52', NULL),
(48018, 'New Windsor', 3956, 0.00, 0, '2021-04-06 01:13:52', '2021-04-06 01:13:52', NULL),
(48019, 'New York', 3956, 0.00, 0, '2021-04-06 01:13:52', '2021-04-06 01:13:52', NULL),
(48020, 'Newark', 3956, 0.00, 0, '2021-04-06 01:13:52', '2021-04-06 01:13:52', NULL),
(48021, 'Newburgh', 3956, 0.00, 0, '2021-04-06 01:13:52', '2021-04-06 01:13:52', NULL),
(48022, 'Newfane', 3956, 0.00, 0, '2021-04-06 01:13:52', '2021-04-06 01:13:52', NULL),
(48023, 'Niagara Falls', 3956, 0.00, 0, '2021-04-06 01:13:52', '2021-04-06 01:13:52', NULL),
(48024, 'Niskayuna', 3956, 0.00, 0, '2021-04-06 01:13:52', '2021-04-06 01:13:52', NULL),
(48025, 'North Castle', 3956, 0.00, 0, '2021-04-06 01:13:52', '2021-04-06 01:13:52', NULL),
(48026, 'North Greenbush', 3956, 0.00, 0, '2021-04-06 01:13:52', '2021-04-06 01:13:52', NULL),
(48027, 'North Hempstead', 3956, 0.00, 0, '2021-04-06 01:13:52', '2021-04-06 01:13:52', NULL),
(48028, 'North Syracuse', 3956, 0.00, 0, '2021-04-06 01:13:52', '2021-04-06 01:13:52', NULL),
(48029, 'North Tonawanda', 3956, 0.00, 0, '2021-04-06 01:13:52', '2021-04-06 01:13:52', NULL),
(48030, 'Northport', 3956, 0.00, 0, '2021-04-06 01:13:52', '2021-04-06 01:13:52', NULL),
(48031, 'Norwich', 3956, 0.00, 0, '2021-04-06 01:13:52', '2021-04-06 01:13:52', NULL),
(48032, 'Nyack', 3956, 0.00, 0, '2021-04-06 01:13:52', '2021-04-06 01:13:52', NULL),
(48033, 'Ogden', 3956, 0.00, 0, '2021-04-06 01:13:52', '2021-04-06 01:13:52', NULL),
(48034, 'Ogdensburg', 3956, 0.00, 0, '2021-04-06 01:13:52', '2021-04-06 01:13:52', NULL),
(48035, 'Olean', 3956, 0.00, 0, '2021-04-06 01:13:52', '2021-04-06 01:13:52', NULL),
(48036, 'Oneida', 3956, 0.00, 0, '2021-04-06 01:13:52', '2021-04-06 01:13:52', NULL),
(48037, 'Oneonta', 3956, 0.00, 0, '2021-04-06 01:13:52', '2021-04-06 01:13:52', NULL),
(48038, 'Onondaga', 3956, 0.00, 0, '2021-04-06 01:13:52', '2021-04-06 01:13:52', NULL),
(48039, 'Ontario', 3956, 0.00, 0, '2021-04-06 01:13:52', '2021-04-06 01:13:52', NULL),
(48040, 'Orangetown', 3956, 0.00, 0, '2021-04-06 01:13:52', '2021-04-06 01:13:52', NULL),
(48041, 'Orchard Park', 3956, 0.00, 0, '2021-04-06 01:13:52', '2021-04-06 01:13:52', NULL),
(48042, 'Ossining', 3956, 0.00, 0, '2021-04-06 01:13:52', '2021-04-06 01:13:52', NULL),
(48043, 'Oswego', 3956, 0.00, 0, '2021-04-06 01:13:52', '2021-04-06 01:13:52', NULL),
(48044, 'Owego', 3956, 0.00, 0, '2021-04-06 01:13:52', '2021-04-06 01:13:52', NULL),
(48045, 'Oyster Bay', 3956, 0.00, 0, '2021-04-06 01:13:52', '2021-04-06 01:13:52', NULL),
(48046, 'Parma', 3956, 0.00, 0, '2021-04-06 01:13:52', '2021-04-06 01:13:52', NULL),
(48047, 'Patchogue', 3956, 0.00, 0, '2021-04-06 01:13:52', '2021-04-06 01:13:52', NULL),
(48048, 'Patterson', 3956, 0.00, 0, '2021-04-06 01:13:52', '2021-04-06 01:13:52', NULL),
(48049, 'Peekskill', 3956, 0.00, 0, '2021-04-06 01:13:52', '2021-04-06 01:13:52', NULL),
(48050, 'Pelham', 3956, 0.00, 0, '2021-04-06 01:13:52', '2021-04-06 01:13:52', NULL),
(48051, 'Penfield', 3956, 0.00, 0, '2021-04-06 01:13:52', '2021-04-06 01:13:52', NULL),
(48052, 'Perinton', 3956, 0.00, 0, '2021-04-06 01:13:52', '2021-04-06 01:13:52', NULL),
(48053, 'Philipstown', 3956, 0.00, 0, '2021-04-06 01:13:52', '2021-04-06 01:13:52', NULL),
(48054, 'Pittsford', 3956, 0.00, 0, '2021-04-06 01:13:52', '2021-04-06 01:13:52', NULL),
(48055, 'Plattekill', 3956, 0.00, 0, '2021-04-06 01:13:52', '2021-04-06 01:13:52', NULL),
(48056, 'Plattsburgh', 3956, 0.00, 0, '2021-04-06 01:13:52', '2021-04-06 01:13:52', NULL),
(48057, 'Pleasant Valley', 3956, 0.00, 0, '2021-04-06 01:13:52', '2021-04-06 01:13:52', NULL),
(48058, 'Pleasantville', 3956, 0.00, 0, '2021-04-06 01:13:52', '2021-04-06 01:13:52', NULL),
(48059, 'Pomfret', 3956, 0.00, 0, '2021-04-06 01:13:52', '2021-04-06 01:13:52', NULL),
(48060, 'Port Chester', 3956, 0.00, 0, '2021-04-06 01:13:52', '2021-04-06 01:13:52', NULL),
(48061, 'Port Jefferson', 3956, 0.00, 0, '2021-04-06 01:13:52', '2021-04-06 01:13:52', NULL),
(48062, 'Port Jervis', 3956, 0.00, 0, '2021-04-06 01:13:52', '2021-04-06 01:13:52', NULL),
(48063, 'Potsdam', 3956, 0.00, 0, '2021-04-06 01:13:52', '2021-04-06 01:13:52', NULL),
(48064, 'Poughkeepsie', 3956, 0.00, 0, '2021-04-06 01:13:52', '2021-04-06 01:13:52', NULL),
(48065, 'Putnam Valley', 3956, 0.00, 0, '2021-04-06 01:13:52', '2021-04-06 01:13:52', NULL),
(48066, 'Queensbury', 3956, 0.00, 0, '2021-04-06 01:13:52', '2021-04-06 01:13:52', NULL),
(48067, 'Ramapo', 3956, 0.00, 0, '2021-04-06 01:13:52', '2021-04-06 01:13:52', NULL),
(48068, 'Red Hook', 3956, 0.00, 0, '2021-04-06 01:13:52', '2021-04-06 01:13:52', NULL),
(48069, 'Rensselaer', 3956, 0.00, 0, '2021-04-06 01:13:52', '2021-04-06 01:13:52', NULL),
(48070, 'Riverhead', 3956, 0.00, 0, '2021-04-06 01:13:52', '2021-04-06 01:13:52', NULL),
(48071, 'Rochester', 3956, 0.00, 0, '2021-04-06 01:13:52', '2021-04-06 01:13:52', NULL),
(48072, 'Rockville Centre', 3956, 0.00, 0, '2021-04-06 01:13:52', '2021-04-06 01:13:52', NULL),
(48073, 'Rome', 3956, 0.00, 0, '2021-04-06 01:13:52', '2021-04-06 01:13:52', NULL),
(48074, 'Rotterdam', 3956, 0.00, 0, '2021-04-06 01:13:52', '2021-04-06 01:13:52', NULL),
(48075, 'Rye', 3956, 0.00, 0, '2021-04-06 01:13:52', '2021-04-06 01:13:52', NULL),
(48076, 'Rye Brook', 3956, 0.00, 0, '2021-04-06 01:13:52', '2021-04-06 01:13:52', NULL),
(48077, 'Salamanca', 3956, 0.00, 0, '2021-04-06 01:13:52', '2021-04-06 01:13:52', NULL),
(48078, 'Salina', 3956, 0.00, 0, '2021-04-06 01:13:52', '2021-04-06 01:13:52', NULL),
(48079, 'Saratoga Springs', 3956, 0.00, 0, '2021-04-06 01:13:52', '2021-04-06 01:13:52', NULL),
(48080, 'Saugerties', 3956, 0.00, 0, '2021-04-06 01:13:52', '2021-04-06 01:13:52', NULL),
(48081, 'Scarsdale', 3956, 0.00, 0, '2021-04-06 01:13:52', '2021-04-06 01:13:52', NULL),
(48082, 'Schenectady', 3956, 0.00, 0, '2021-04-06 01:13:52', '2021-04-06 01:13:52', NULL),
(48083, 'Schodack', 3956, 0.00, 0, '2021-04-06 01:13:52', '2021-04-06 01:13:52', NULL),
(48084, 'Scotia', 3956, 0.00, 0, '2021-04-06 01:13:52', '2021-04-06 01:13:52', NULL),
(48085, 'Seneca Falls', 3956, 0.00, 0, '2021-04-06 01:13:52', '2021-04-06 01:13:52', NULL),
(48086, 'Shawangunk', 3956, 0.00, 0, '2021-04-06 01:13:52', '2021-04-06 01:13:52', NULL),
(48087, 'Sherrill', 3956, 0.00, 0, '2021-04-06 01:13:52', '2021-04-06 01:13:52', NULL),
(48088, 'Sleepy Hollow', 3956, 0.00, 0, '2021-04-06 01:13:52', '2021-04-06 01:13:52', NULL),
(48089, 'Smithtown', 3956, 0.00, 0, '2021-04-06 01:13:52', '2021-04-06 01:13:52', NULL),
(48090, 'Somers', 3956, 0.00, 0, '2021-04-06 01:13:52', '2021-04-06 01:13:52', NULL),
(48091, 'Southampton', 3956, 0.00, 0, '2021-04-06 01:13:52', '2021-04-06 01:13:52', NULL),
(48092, 'Southeast', 3956, 0.00, 0, '2021-04-06 01:13:52', '2021-04-06 01:13:52', NULL),
(48093, 'Southold', 3956, 0.00, 0, '2021-04-06 01:13:52', '2021-04-06 01:13:52', NULL),
(48094, 'Southport', 3956, 0.00, 0, '2021-04-06 01:13:52', '2021-04-06 01:13:52', NULL),
(48095, 'Spring Valley', 3956, 0.00, 0, '2021-04-06 01:13:52', '2021-04-06 01:13:52', NULL),
(48096, 'Stony Point', 3956, 0.00, 0, '2021-04-06 01:13:52', '2021-04-06 01:13:52', NULL),
(48097, 'Suffern', 3956, 0.00, 0, '2021-04-06 01:13:52', '2021-04-06 01:13:52', NULL),
(48098, 'Sullivan', 3956, 0.00, 0, '2021-04-06 01:13:52', '2021-04-06 01:13:52', NULL),
(48099, 'Sweden', 3956, 0.00, 0, '2021-04-06 01:13:52', '2021-04-06 01:13:52', NULL),
(48100, 'Syracuse', 3956, 0.00, 0, '2021-04-06 01:13:52', '2021-04-06 01:13:52', NULL),
(48101, 'Tarrytown', 3956, 0.00, 0, '2021-04-06 01:13:52', '2021-04-06 01:13:52', NULL),
(48102, 'Thompson', 3956, 0.00, 0, '2021-04-06 01:13:52', '2021-04-06 01:13:52', NULL),
(48103, 'Tonawanda', 3956, 0.00, 0, '2021-04-06 01:13:52', '2021-04-06 01:13:52', NULL),
(48104, 'Troy', 3956, 0.00, 0, '2021-04-06 01:13:52', '2021-04-06 01:13:52', NULL),
(48105, 'Ulster', 3956, 0.00, 0, '2021-04-06 01:13:52', '2021-04-06 01:13:52', NULL),
(48106, 'Union', 3956, 0.00, 0, '2021-04-06 01:13:52', '2021-04-06 01:13:52', NULL),
(48107, 'Utica', 3956, 0.00, 0, '2021-04-06 01:13:52', '2021-04-06 01:13:52', NULL),
(48108, 'Valley Stream', 3956, 0.00, 0, '2021-04-06 01:13:52', '2021-04-06 01:13:52', NULL),
(48109, 'Van Buren', 3956, 0.00, 0, '2021-04-06 01:13:52', '2021-04-06 01:13:52', NULL),
(48110, 'Vestal', 3956, 0.00, 0, '2021-04-06 01:13:52', '2021-04-06 01:13:52', NULL),
(48111, 'Victor', 3956, 0.00, 0, '2021-04-06 01:13:52', '2021-04-06 01:13:52', NULL),
(48112, 'Walden', 3956, 0.00, 0, '2021-04-06 01:13:52', '2021-04-06 01:13:52', NULL),
(48113, 'Wallkill', 3956, 0.00, 0, '2021-04-06 01:13:52', '2021-04-06 01:13:52', NULL),
(48114, 'Walworth', 3956, 0.00, 0, '2021-04-06 01:13:52', '2021-04-06 01:13:52', NULL),
(48115, 'Wappinger', 3956, 0.00, 0, '2021-04-06 01:13:52', '2021-04-06 01:13:52', NULL),
(48116, 'Warwick', 3956, 0.00, 0, '2021-04-06 01:13:52', '2021-04-06 01:13:52', NULL),
(48117, 'Watertown', 3956, 0.00, 0, '2021-04-06 01:13:52', '2021-04-06 01:13:52', NULL),
(48118, 'Watervliet', 3956, 0.00, 0, '2021-04-06 01:13:52', '2021-04-06 01:13:52', NULL),
(48119, 'Wawarsing', 3956, 0.00, 0, '2021-04-06 01:13:52', '2021-04-06 01:13:52', NULL),
(48120, 'Webster', 3956, 0.00, 0, '2021-04-06 01:13:52', '2021-04-06 01:13:52', NULL),
(48121, 'West Haverstraw', 3956, 0.00, 0, '2021-04-06 01:13:52', '2021-04-06 01:13:52', NULL),
(48122, 'West Seneca', 3956, 0.00, 0, '2021-04-06 01:13:52', '2021-04-06 01:13:52', NULL),
(48123, 'Westbury', 3956, 0.00, 0, '2021-04-06 01:13:52', '2021-04-06 01:13:52', NULL),
(48124, 'Wheatfield', 3956, 0.00, 0, '2021-04-06 01:13:52', '2021-04-06 01:13:52', NULL),
(48125, 'White Plains', 3956, 0.00, 0, '2021-04-06 01:13:52', '2021-04-06 01:13:52', NULL),
(48126, 'Whitestown', 3956, 0.00, 0, '2021-04-06 01:13:52', '2021-04-06 01:13:52', NULL),
(48127, 'Williston Park', 3956, 0.00, 0, '2021-04-06 01:13:52', '2021-04-06 01:13:52', NULL),
(48128, 'Wilton', 3956, 0.00, 0, '2021-04-06 01:13:52', '2021-04-06 01:13:52', NULL),
(48129, 'Woodbury', 3956, 0.00, 0, '2021-04-06 01:13:52', '2021-04-06 01:13:52', NULL),
(48130, 'Yonkers', 3956, 0.00, 0, '2021-04-06 01:13:52', '2021-04-06 01:13:52', NULL),
(48131, 'Yorktown', 3956, 0.00, 0, '2021-04-06 01:13:52', '2021-04-06 01:13:52', NULL),
(48132, 'Charlotte', 3957, 0.00, 0, '2021-04-06 01:13:52', '2021-04-06 01:13:52', NULL),
(48133, 'Raleigh', 3957, 0.00, 0, '2021-04-06 01:13:52', '2021-04-06 01:13:52', NULL),
(48134, 'Greensboro', 3957, 0.00, 0, '2021-04-06 01:13:52', '2021-04-06 01:13:52', NULL),
(48135, 'Durham', 3957, 0.00, 0, '2021-04-06 01:13:52', '2021-04-06 01:13:52', NULL),
(48136, 'Winston-Salem', 3957, 0.00, 0, '2021-04-06 01:13:52', '2021-04-06 01:13:52', NULL),
(48137, 'Fayetteville', 3957, 0.00, 0, '2021-04-06 01:13:52', '2021-04-06 01:13:52', NULL),
(48138, 'Cary', 3957, 0.00, 0, '2021-04-06 01:13:52', '2021-04-06 01:13:52', NULL),
(48139, 'Wilmington', 3957, 0.00, 0, '2021-04-06 01:13:52', '2021-04-06 01:13:52', NULL),
(48140, 'High Point', 3957, 0.00, 0, '2021-04-06 01:13:52', '2021-04-06 01:13:52', NULL),
(48141, 'Greenville', 3957, 0.00, 0, '2021-04-06 01:13:52', '2021-04-06 01:13:52', NULL),
(48142, 'Asheville', 3957, 0.00, 0, '2021-04-06 01:13:52', '2021-04-06 01:13:52', NULL),
(48143, 'Concord', 3957, 0.00, 0, '2021-04-06 01:13:52', '2021-04-06 01:13:52', NULL),
(48144, 'Gastonia', 3957, 0.00, 0, '2021-04-06 01:13:52', '2021-04-06 01:13:52', NULL),
(48145, 'Jacksonville', 3957, 0.00, 0, '2021-04-06 01:13:52', '2021-04-06 01:13:52', NULL),
(48146, 'Chapel Hill', 3957, 0.00, 0, '2021-04-06 01:13:52', '2021-04-06 01:13:52', NULL),
(48147, 'Rocky Mount', 3957, 0.00, 0, '2021-04-06 01:13:52', '2021-04-06 01:13:52', NULL),
(48148, 'Burlington', 3957, 0.00, 0, '2021-04-06 01:13:52', '2021-04-06 01:13:52', NULL),
(48149, 'Huntersville', 3957, 0.00, 0, '2021-04-06 01:13:52', '2021-04-06 01:13:52', NULL),
(48150, 'Wilson', 3957, 0.00, 0, '2021-04-06 01:13:52', '2021-04-06 01:13:52', NULL),
(48151, 'Kannapolis', 3957, 0.00, 0, '2021-04-06 01:13:52', '2021-04-06 01:13:52', NULL),
(48152, 'Apex', 3957, 0.00, 0, '2021-04-06 01:13:52', '2021-04-06 01:13:52', NULL),
(48153, 'Hickory', 3957, 0.00, 0, '2021-04-06 01:13:52', '2021-04-06 01:13:52', NULL),
(48154, 'Wake Forest', 3957, 0.00, 0, '2021-04-06 01:13:52', '2021-04-06 01:13:52', NULL),
(48155, 'Indian Trail', 3957, 0.00, 0, '2021-04-06 01:13:52', '2021-04-06 01:13:52', NULL),
(48156, 'Goldsboro', 3957, 0.00, 0, '2021-04-06 01:13:52', '2021-04-06 01:13:52', NULL),
(48157, 'Mooresville', 3957, 0.00, 0, '2021-04-06 01:13:52', '2021-04-06 01:13:52', NULL),
(48158, 'Monroe', 3957, 0.00, 0, '2021-04-06 01:13:52', '2021-04-06 01:13:52', NULL),
(48159, 'Salisbury', 3957, 0.00, 0, '2021-04-06 01:13:52', '2021-04-06 01:13:52', NULL),
(48160, 'New Bern', 3957, 0.00, 0, '2021-04-06 01:13:52', '2021-04-06 01:13:52', NULL),
(48161, 'Holly Springs', 3957, 0.00, 0, '2021-04-06 01:13:52', '2021-04-06 01:13:52', NULL),
(48162, 'Matthews', 3957, 0.00, 0, '2021-04-06 01:13:52', '2021-04-06 01:13:52', NULL),
(48163, 'Sanford', 3957, 0.00, 0, '2021-04-06 01:13:52', '2021-04-06 01:13:52', NULL),
(48164, 'Garner', 3957, 0.00, 0, '2021-04-06 01:13:52', '2021-04-06 01:13:52', NULL),
(48165, 'Cornelius', 3957, 0.00, 0, '2021-04-06 01:13:52', '2021-04-06 01:13:52', NULL),
(48166, 'Thomasville', 3957, 0.00, 0, '2021-04-06 01:13:52', '2021-04-06 01:13:52', NULL),
(48167, 'Asheboro', 3957, 0.00, 0, '2021-04-06 01:13:52', '2021-04-06 01:13:52', NULL),
(48168, 'Statesville', 3957, 0.00, 0, '2021-04-06 01:13:52', '2021-04-06 01:13:52', NULL),
(48169, 'Mint Hill', 3957, 0.00, 0, '2021-04-06 01:13:52', '2021-04-06 01:13:52', NULL),
(48170, 'Kernersville', 3957, 0.00, 0, '2021-04-06 01:13:52', '2021-04-06 01:13:52', NULL),
(48171, 'Morrisville', 3957, 0.00, 0, '2021-04-06 01:13:52', '2021-04-06 01:13:52', NULL),
(48172, 'Fuquay-Varina', 3957, 0.00, 0, '2021-04-06 01:13:52', '2021-04-06 01:13:52', NULL),
(48173, 'Lumberton', 3957, 0.00, 0, '2021-04-06 01:13:52', '2021-04-06 01:13:52', NULL),
(48174, 'Kinston', 3957, 0.00, 0, '2021-04-06 01:13:52', '2021-04-06 01:13:52', NULL),
(48175, 'Carrboro', 3957, 0.00, 0, '2021-04-06 01:13:52', '2021-04-06 01:13:52', NULL),
(48176, 'Havelock', 3957, 0.00, 0, '2021-04-06 01:13:52', '2021-04-06 01:13:52', NULL),
(48177, 'Shelby', 3957, 0.00, 0, '2021-04-06 01:13:52', '2021-04-06 01:13:52', NULL),
(48178, 'Clemmons', 3957, 0.00, 0, '2021-04-06 01:13:52', '2021-04-06 01:13:52', NULL),
(48179, 'Lexington', 3957, 0.00, 0, '2021-04-06 01:13:52', '2021-04-06 01:13:52', NULL),
(48180, 'Clayton', 3957, 0.00, 0, '2021-04-06 01:13:52', '2021-04-06 01:13:52', NULL),
(48181, 'Boone', 3957, 0.00, 0, '2021-04-06 01:13:52', '2021-04-06 01:13:52', NULL),
(48182, 'Fargo', 3958, 0.00, 0, '2021-04-06 01:13:52', '2021-04-06 01:13:52', NULL),
(48183, 'Bismarck', 3958, 0.00, 0, '2021-04-06 01:13:52', '2021-04-06 01:13:52', NULL),
(48184, 'Grand Forks', 3958, 0.00, 0, '2021-04-06 01:13:52', '2021-04-06 01:13:52', NULL),
(48185, 'Minot', 3958, 0.00, 0, '2021-04-06 01:13:52', '2021-04-06 01:13:52', NULL),
(48186, 'West Fargo', 3958, 0.00, 0, '2021-04-06 01:13:52', '2021-04-06 01:13:52', NULL),
(48187, 'Williston', 3958, 0.00, 0, '2021-04-06 01:13:52', '2021-04-06 01:13:52', NULL),
(48188, 'Dickinson', 3958, 0.00, 0, '2021-04-06 01:13:52', '2021-04-06 01:13:52', NULL),
(48189, 'Mandan', 3958, 0.00, 0, '2021-04-06 01:13:52', '2021-04-06 01:13:52', NULL),
(48190, 'Jamestown', 3958, 0.00, 0, '2021-04-06 01:13:52', '2021-04-06 01:13:52', NULL),
(48191, 'Wahpeton', 3958, 0.00, 0, '2021-04-06 01:13:52', '2021-04-06 01:13:52', NULL),
(48192, 'Devils Lake', 3958, 0.00, 0, '2021-04-06 01:13:52', '2021-04-06 01:13:52', NULL),
(48193, 'Valley City', 3958, 0.00, 0, '2021-04-06 01:13:52', '2021-04-06 01:13:52', NULL),
(48194, 'Providence', 3965, 0.00, 0, '2021-04-06 01:13:52', '2021-04-06 01:13:52', NULL),
(48195, 'Warwick', 3965, 0.00, 0, '2021-04-06 01:13:52', '2021-04-06 01:13:52', NULL),
(48196, 'Cranston', 3965, 0.00, 0, '2021-04-06 01:13:52', '2021-04-06 01:13:52', NULL),
(48197, 'Pawtucket', 3965, 0.00, 0, '2021-04-06 01:13:52', '2021-04-06 01:13:52', NULL),
(48198, 'East Providence', 3965, 0.00, 0, '2021-04-06 01:13:52', '2021-04-06 01:13:52', NULL),
(48199, 'Woonsocket', 3965, 0.00, 0, '2021-04-06 01:13:52', '2021-04-06 01:13:52', NULL),
(48200, 'Coventry', 3965, 0.00, 0, '2021-04-06 01:13:52', '2021-04-06 01:13:52', NULL),
(48201, 'Cumberland', 3965, 0.00, 0, '2021-04-06 01:13:52', '2021-04-06 01:13:52', NULL),
(48202, 'North Providence', 3965, 0.00, 0, '2021-04-06 01:13:52', '2021-04-06 01:13:52', NULL),
(48203, 'South Kingstown', 3965, 0.00, 0, '2021-04-06 01:13:52', '2021-04-06 01:13:52', NULL),
(48204, 'West Warwick', 3965, 0.00, 0, '2021-04-06 01:13:52', '2021-04-06 01:13:52', NULL),
(48205, 'Johnston', 3965, 0.00, 0, '2021-04-06 01:13:52', '2021-04-06 01:13:52', NULL),
(48206, 'North Kingstown', 3965, 0.00, 0, '2021-04-06 01:13:52', '2021-04-06 01:13:52', NULL),
(48207, 'Newport', 3965, 0.00, 0, '2021-04-06 01:13:52', '2021-04-06 01:13:52', NULL),
(48208, 'Bristol', 3965, 0.00, 0, '2021-04-06 01:13:52', '2021-04-06 01:13:52', NULL),
(48209, 'Westerly', 3965, 0.00, 0, '2021-04-06 01:13:52', '2021-04-06 01:13:52', NULL),
(48210, 'Smithfield', 3965, 0.00, 0, '2021-04-06 01:13:52', '2021-04-06 01:13:52', NULL),
(48211, 'Lincoln', 3965, 0.00, 0, '2021-04-06 01:13:52', '2021-04-06 01:13:52', NULL),
(48212, 'Central Falls', 3965, 0.00, 0, '2021-04-06 01:13:52', '2021-04-06 01:13:52', NULL),
(48213, 'Portsmouth', 3965, 0.00, 0, '2021-04-06 01:13:52', '2021-04-06 01:13:52', NULL),
(48214, 'Barrington', 3965, 0.00, 0, '2021-04-06 01:13:52', '2021-04-06 01:13:52', NULL),
(48215, 'Middletown', 3965, 0.00, 0, '2021-04-06 01:13:52', '2021-04-06 01:13:52', NULL),
(48216, 'Burrillville', 3965, 0.00, 0, '2021-04-06 01:13:52', '2021-04-06 01:13:52', NULL),
(48217, 'Narragansett', 3965, 0.00, 0, '2021-04-06 01:13:52', '2021-04-06 01:13:52', NULL),
(48218, 'Tiverton', 3965, 0.00, 0, '2021-04-06 01:13:52', '2021-04-06 01:13:52', NULL),
(48219, 'East Greenwich', 3965, 0.00, 0, '2021-04-06 01:13:52', '2021-04-06 01:13:52', NULL),
(48220, 'North Smithfield', 3965, 0.00, 0, '2021-04-06 01:13:52', '2021-04-06 01:13:52', NULL),
(48221, 'Warren', 3965, 0.00, 0, '2021-04-06 01:13:52', '2021-04-06 01:13:52', NULL),
(48222, 'Scituate', 3965, 0.00, 0, '2021-04-06 01:13:52', '2021-04-06 01:13:52', NULL),
(48223, 'Glocester', 3965, 0.00, 0, '2021-04-06 01:13:52', '2021-04-06 01:13:52', NULL),
(48224, 'Hopkinton', 3965, 0.00, 0, '2021-04-06 01:13:52', '2021-04-06 01:13:52', NULL),
(48225, 'Charlestown', 3965, 0.00, 0, '2021-04-06 01:13:52', '2021-04-06 01:13:52', NULL),
(48226, 'Richmond', 3965, 0.00, 0, '2021-04-06 01:13:52', '2021-04-06 01:13:52', NULL),
(48227, 'Columbia', 3966, 0.00, 0, '2021-04-06 01:13:52', '2021-04-06 01:13:52', NULL),
(48228, 'Charleston', 3966, 0.00, 0, '2021-04-06 01:13:52', '2021-04-06 01:13:52', NULL),
(48229, 'North Charleston', 3966, 0.00, 0, '2021-04-06 01:13:52', '2021-04-06 01:13:52', NULL),
(48230, 'Mount Pleasant', 3966, 0.00, 0, '2021-04-06 01:13:52', '2021-04-06 01:13:52', NULL),
(48231, 'Rock Hill', 3966, 0.00, 0, '2021-04-06 01:13:52', '2021-04-06 01:13:52', NULL),
(48232, 'Greenville', 3966, 0.00, 0, '2021-04-06 01:13:52', '2021-04-06 01:13:52', NULL),
(48233, 'Summerville', 3966, 0.00, 0, '2021-04-06 01:13:52', '2021-04-06 01:13:52', NULL),
(48234, 'Sumter', 3966, 0.00, 0, '2021-04-06 01:13:52', '2021-04-06 01:13:52', NULL),
(48235, 'Hilton Head Island', 3966, 0.00, 0, '2021-04-06 01:13:52', '2021-04-06 01:13:52', NULL),
(48236, 'Spartanburg', 3966, 0.00, 0, '2021-04-06 01:13:52', '2021-04-06 01:13:52', NULL),
(48237, 'Florence', 3966, 0.00, 0, '2021-04-06 01:13:52', '2021-04-06 01:13:52', NULL),
(48238, 'Goose Creek', 3966, 0.00, 0, '2021-04-06 01:13:52', '2021-04-06 01:13:52', NULL),
(48239, 'Aiken', 3966, 0.00, 0, '2021-04-06 01:13:52', '2021-04-06 01:13:52', NULL),
(48240, 'Myrtle Beach', 3966, 0.00, 0, '2021-04-06 01:13:52', '2021-04-06 01:13:52', NULL),
(48241, 'Anderson', 3966, 0.00, 0, '2021-04-06 01:13:52', '2021-04-06 01:13:52', NULL),
(48242, 'Greer', 3966, 0.00, 0, '2021-04-06 01:13:52', '2021-04-06 01:13:52', NULL),
(48243, 'Mauldin', 3966, 0.00, 0, '2021-04-06 01:13:52', '2021-04-06 01:13:52', NULL),
(48244, 'Greenwood', 3966, 0.00, 0, '2021-04-06 01:13:52', '2021-04-06 01:13:52', NULL),
(48245, 'North Augusta', 3966, 0.00, 0, '2021-04-06 01:13:52', '2021-04-06 01:13:52', NULL),
(48246, 'Easley', 3966, 0.00, 0, '2021-04-06 01:13:52', '2021-04-06 01:13:52', NULL),
(48247, 'Simpsonville', 3966, 0.00, 0, '2021-04-06 01:13:52', '2021-04-06 01:13:52', NULL),
(48248, 'Hanahan', 3966, 0.00, 0, '2021-04-06 01:13:52', '2021-04-06 01:13:52', NULL),
(48249, 'Lexington', 3966, 0.00, 0, '2021-04-06 01:13:52', '2021-04-06 01:13:52', NULL),
(48250, 'Conway', 3966, 0.00, 0, '2021-04-06 01:13:52', '2021-04-06 01:13:52', NULL),
(48251, 'West Columbia', 3966, 0.00, 0, '2021-04-06 01:13:52', '2021-04-06 01:13:52', NULL),
(48252, 'North Myrtle Beach', 3966, 0.00, 0, '2021-04-06 01:13:52', '2021-04-06 01:13:52', NULL),
(48253, 'Clemson', 3966, 0.00, 0, '2021-04-06 01:13:52', '2021-04-06 01:13:52', NULL),
(48254, 'Orangeburg', 3966, 0.00, 0, '2021-04-06 01:13:52', '2021-04-06 01:13:52', NULL),
(48255, 'Cayce', 3966, 0.00, 0, '2021-04-06 01:13:52', '2021-04-06 01:13:52', NULL),
(48256, 'Bluffton', 3966, 0.00, 0, '2021-04-06 01:13:52', '2021-04-06 01:13:52', NULL),
(48257, 'Beaufort', 3966, 0.00, 0, '2021-04-06 01:13:52', '2021-04-06 01:13:52', NULL),
(48258, 'Gaffney', 3966, 0.00, 0, '2021-04-06 01:13:52', '2021-04-06 01:13:52', NULL),
(48259, 'Irmo', 3966, 0.00, 0, '2021-04-06 01:13:52', '2021-04-06 01:13:52', NULL),
(48260, 'Fort Mill', 3966, 0.00, 0, '2021-04-06 01:13:52', '2021-04-06 01:13:52', NULL),
(48261, 'Port Royal', 3966, 0.00, 0, '2021-04-06 01:13:52', '2021-04-06 01:13:52', NULL),
(48262, 'Forest Acres', 3966, 0.00, 0, '2021-04-06 01:13:52', '2021-04-06 01:13:52', NULL),
(48263, 'Newberry', 3966, 0.00, 0, '2021-04-06 01:13:52', '2021-04-06 01:13:52', NULL),
(48264, 'Sioux Falls', 3967, 0.00, 0, '2021-04-06 01:13:52', '2021-04-06 01:13:52', NULL),
(48265, 'Rapid City', 3967, 0.00, 0, '2021-04-06 01:13:52', '2021-04-06 01:13:52', NULL),
(48266, 'Aberdeen', 3967, 0.00, 0, '2021-04-06 01:13:52', '2021-04-06 01:13:52', NULL),
(48267, 'Brookings', 3967, 0.00, 0, '2021-04-06 01:13:52', '2021-04-06 01:13:52', NULL),
(48268, 'Watertown', 3967, 0.00, 0, '2021-04-06 01:13:52', '2021-04-06 01:13:52', NULL),
(48269, 'Mitchell', 3967, 0.00, 0, '2021-04-06 01:13:52', '2021-04-06 01:13:52', NULL),
(48270, 'Yankton', 3967, 0.00, 0, '2021-04-06 01:13:52', '2021-04-06 01:13:52', NULL),
(48271, 'Pierre', 3967, 0.00, 0, '2021-04-06 01:13:52', '2021-04-06 01:13:52', NULL),
(48272, 'Huron', 3967, 0.00, 0, '2021-04-06 01:13:52', '2021-04-06 01:13:52', NULL),
(48273, 'Spearfish', 3967, 0.00, 0, '2021-04-06 01:13:52', '2021-04-06 01:13:52', NULL),
(48274, 'Vermillion', 3967, 0.00, 0, '2021-04-06 01:13:52', '2021-04-06 01:13:52', NULL),
(48275, 'Brandon', 3967, 0.00, 0, '2021-04-06 01:13:52', '2021-04-06 01:13:52', NULL),
(48276, 'Box Elder', 3967, 0.00, 0, '2021-04-06 01:13:52', '2021-04-06 01:13:52', NULL),
(48277, 'Madison', 3967, 0.00, 0, '2021-04-06 01:13:52', '2021-04-06 01:13:52', NULL),
(48278, 'Sturgis', 3967, 0.00, 0, '2021-04-06 01:13:52', '2021-04-06 01:13:52', NULL),
(48279, 'Belle Fourche', 3967, 0.00, 0, '2021-04-06 01:13:52', '2021-04-06 01:13:52', NULL),
(48280, 'Harrisburg', 3967, 0.00, 0, '2021-04-06 01:13:52', '2021-04-06 01:13:52', NULL),
(48281, 'Charleston', 3976, 0.00, 0, '2021-04-06 01:13:52', '2021-04-06 01:13:52', NULL),
(48282, 'Huntington', 3976, 0.00, 0, '2021-04-06 01:13:52', '2021-04-06 01:13:52', NULL),
(48283, 'Morgantown', 3976, 0.00, 0, '2021-04-06 01:13:52', '2021-04-06 01:13:52', NULL),
(48284, 'Parkersburg', 3976, 0.00, 0, '2021-04-06 01:13:52', '2021-04-06 01:13:52', NULL),
(48285, 'Wheeling', 3976, 0.00, 0, '2021-04-06 01:13:52', '2021-04-06 01:13:52', NULL),
(48286, 'Weirton', 3976, 0.00, 0, '2021-04-06 01:13:52', '2021-04-06 01:13:52', NULL),
(48287, 'Fairmont', 3976, 0.00, 0, '2021-04-06 01:13:52', '2021-04-06 01:13:52', NULL),
(48288, 'Martinsburg', 3976, 0.00, 0, '2021-04-06 01:13:52', '2021-04-06 01:13:52', NULL),
(48289, 'Beckley', 3976, 0.00, 0, '2021-04-06 01:13:52', '2021-04-06 01:13:52', NULL),
(48290, 'Clarksburg', 3976, 0.00, 0, '2021-04-06 01:13:52', '2021-04-06 01:13:52', NULL),
(48291, 'South Charleston', 3976, 0.00, 0, '2021-04-06 01:13:52', '2021-04-06 01:13:52', NULL),
(48292, 'St. Albans', 3976, 0.00, 0, '2021-04-06 01:13:52', '2021-04-06 01:13:52', NULL),
(48293, 'Vienna', 3976, 0.00, 0, '2021-04-06 01:13:52', '2021-04-06 01:13:52', NULL),
(48294, 'Bluefield', 3976, 0.00, 0, '2021-04-06 01:13:52', '2021-04-06 01:13:52', NULL),
(48295, 'Moundsville', 3976, 0.00, 0, '2021-04-06 01:13:52', '2021-04-06 01:13:52', NULL),
(48296, 'Bridgeport', 3976, 0.00, 0, '2021-04-06 01:13:52', '2021-04-06 01:13:52', NULL),
(48297, 'Oak Hill', 3976, 0.00, 0, '2021-04-06 01:13:52', '2021-04-06 01:13:52', NULL),
(48298, 'Dunbar', 3976, 0.00, 0, '2021-04-06 01:13:52', '2021-04-06 01:13:52', NULL),
(48299, 'Elkins', 3976, 0.00, 0, '2021-04-06 01:13:52', '2021-04-06 01:13:52', NULL),
(48300, 'Nitro', 3976, 0.00, 0, '2021-04-06 01:13:52', '2021-04-06 01:13:52', NULL),
(48301, 'Hurricane', 3976, 0.00, 0, '2021-04-06 01:13:52', '2021-04-06 01:13:52', NULL),
(48302, 'Princeton', 3976, 0.00, 0, '2021-04-06 01:13:52', '2021-04-06 01:13:52', NULL),
(48303, 'Charles Town', 3976, 0.00, 0, '2021-04-06 01:13:52', '2021-04-06 01:13:52', NULL),
(48304, 'Buckhannon', 3976, 0.00, 0, '2021-04-06 01:13:52', '2021-04-06 01:13:52', NULL),
(48305, 'Keyser', 3976, 0.00, 0, '2021-04-06 01:13:52', '2021-04-06 01:13:52', NULL),
(48306, 'New Martinsville', 3976, 0.00, 0, '2021-04-06 01:13:52', '2021-04-06 01:13:52', NULL),
(48307, 'Grafton', 3976, 0.00, 0, '2021-04-06 01:13:52', '2021-04-06 01:13:52', NULL),
(48308, 'Ranson', 3976, 0.00, 0, '2021-04-06 01:13:52', '2021-04-06 01:13:52', NULL),
(48309, 'Point Pleasant', 3976, 0.00, 0, '2021-04-06 01:13:52', '2021-04-06 01:13:52', NULL),
(48310, 'Westover', 3976, 0.00, 0, '2021-04-06 01:13:52', '2021-04-06 01:13:52', NULL),
(48311, 'Weston', 3976, 0.00, 0, '2021-04-06 01:13:52', '2021-04-06 01:13:52', NULL),
(48312, 'Lewisburg', 3976, 0.00, 0, '2021-04-06 01:13:52', '2021-04-06 01:13:52', NULL),
(48313, 'Ravenswood', 3976, 0.00, 0, '2021-04-06 01:13:52', '2021-04-06 01:13:52', NULL),
(48314, 'Summersville', 3976, 0.00, 0, '2021-04-06 01:13:52', '2021-04-06 01:13:52', NULL),
(48315, 'Alcala', 805, 0.00, 0, '2021-04-06 01:13:52', '2021-04-06 01:13:52', NULL),
(48316, 'Andalucia', 805, 0.00, 0, '2021-04-06 01:13:52', '2021-04-06 01:13:52', NULL),
(48317, 'Ansermanuevo', 805, 0.00, 0, '2021-04-06 01:13:52', '2021-04-06 01:13:52', NULL),
(48318, 'Argelia', 805, 0.00, 0, '2021-04-06 01:13:52', '2021-04-06 01:13:52', NULL),
(48319, 'Bolivar', 805, 0.00, 0, '2021-04-06 01:13:52', '2021-04-06 01:13:52', NULL),
(48320, 'Buenaventura', 805, 0.00, 0, '2021-04-06 01:13:52', '2021-04-06 01:13:52', NULL),
(48321, 'Buga', 805, 0.00, 0, '2021-04-06 01:13:52', '2021-04-06 01:13:52', NULL),
(48322, 'Bugalagrande', 805, 0.00, 0, '2021-04-06 01:13:52', '2021-04-06 01:13:52', NULL),
(48323, 'Caicedonia', 805, 0.00, 0, '2021-04-06 01:13:52', '2021-04-06 01:13:52', NULL),
(48324, 'Cali', 805, 0.00, 0, '2021-04-06 01:13:52', '2021-04-06 01:13:52', NULL),
(48325, 'Calima - El Darien', 805, 0.00, 0, '2021-04-06 01:13:52', '2021-04-06 01:13:52', NULL),
(48326, 'Candelaria', 805, 0.00, 0, '2021-04-06 01:13:52', '2021-04-06 01:13:52', NULL),
(48327, 'Cartago', 805, 0.00, 0, '2021-04-06 01:13:52', '2021-04-06 01:13:52', NULL),
(48328, 'Dagua', 805, 0.00, 0, '2021-04-06 01:13:52', '2021-04-06 01:13:52', NULL),
(48329, 'El Aguila', 805, 0.00, 0, '2021-04-06 01:13:52', '2021-04-06 01:13:52', NULL),
(48330, 'El Cairo', 805, 0.00, 0, '2021-04-06 01:13:52', '2021-04-06 01:13:52', NULL),
(48331, 'El Cerrito', 805, 0.00, 0, '2021-04-06 01:13:52', '2021-04-06 01:13:52', NULL),
(48332, 'El Dovio', 805, 0.00, 0, '2021-04-06 01:13:52', '2021-04-06 01:13:52', NULL),
(48333, 'Florida', 805, 0.00, 0, '2021-04-06 01:13:52', '2021-04-06 01:13:52', NULL),
(48334, 'Ginebra', 805, 0.00, 0, '2021-04-06 01:13:52', '2021-04-06 01:13:52', NULL),
(48335, 'Guacari', 805, 0.00, 0, '2021-04-06 01:13:52', '2021-04-06 01:13:52', NULL),
(48336, 'Jamundi', 805, 0.00, 0, '2021-04-06 01:13:52', '2021-04-06 01:13:52', NULL),
(48337, 'La Cumbre', 805, 0.00, 0, '2021-04-06 01:13:52', '2021-04-06 01:13:52', NULL),
(48338, 'La Union', 805, 0.00, 0, '2021-04-06 01:13:52', '2021-04-06 01:13:52', NULL),
(48339, 'La Victoria', 805, 0.00, 0, '2021-04-06 01:13:52', '2021-04-06 01:13:52', NULL),
(48340, 'Obando', 805, 0.00, 0, '2021-04-06 01:13:52', '2021-04-06 01:13:52', NULL),
(48341, 'Palmira', 805, 0.00, 0, '2021-04-06 01:13:52', '2021-04-06 01:13:52', NULL),
(48342, 'Pradera', 805, 0.00, 0, '2021-04-06 01:13:52', '2021-04-06 01:13:52', NULL),
(48343, 'Restrepo', 805, 0.00, 0, '2021-04-06 01:13:52', '2021-04-06 01:13:52', NULL),
(48344, 'Riofrio', 805, 0.00, 0, '2021-04-06 01:13:52', '2021-04-06 01:13:52', NULL),
(48345, 'Roldanillo', 805, 0.00, 0, '2021-04-06 01:13:52', '2021-04-06 01:13:52', NULL),
(48346, 'San Pedro', 805, 0.00, 0, '2021-04-06 01:13:52', '2021-04-06 01:13:52', NULL),
(48347, 'Sevilla', 805, 0.00, 0, '2021-04-06 01:13:52', '2021-04-06 01:13:52', NULL),
(48348, 'Toro', 805, 0.00, 0, '2021-04-06 01:13:52', '2021-04-06 01:13:52', NULL),
(48349, 'Trujillo', 805, 0.00, 0, '2021-04-06 01:13:52', '2021-04-06 01:13:52', NULL),
(48350, 'Tulua', 805, 0.00, 0, '2021-04-06 01:13:52', '2021-04-06 01:13:52', NULL),
(48351, 'Ulloa', 805, 0.00, 0, '2021-04-06 01:13:52', '2021-04-06 01:13:52', NULL),
(48352, 'Versalles', 805, 0.00, 0, '2021-04-06 01:13:52', '2021-04-06 01:13:52', NULL),
(48353, 'Vijes', 805, 0.00, 0, '2021-04-06 01:13:52', '2021-04-06 01:13:52', NULL),
(48354, 'Yotoco', 805, 0.00, 0, '2021-04-06 01:13:52', '2021-04-06 01:13:52', NULL),
(48355, 'Yumbo', 805, 0.00, 0, '2021-04-06 01:13:52', '2021-04-06 01:13:52', NULL),
(48356, 'Zarzal', 805, 0.00, 0, '2021-04-06 01:13:52', '2021-04-06 01:13:52', NULL),
(48357, 'Béja Sud', 3634, 8.00, 1, '2022-11-20 11:11:46', '2022-11-20 11:11:46', NULL),
(48358, 'Utique', 3636, 8.00, 1, '2022-11-20 11:42:42', '2022-11-20 11:42:42', NULL),
(48359, 'Maamoura', 3645, 0.00, 1, '2023-05-01 12:21:48', '2023-05-01 12:21:48', NULL),
(48360, 'Tazarka', 3645, 0.00, 1, '2023-05-01 12:22:45', '2023-05-01 12:22:45', NULL),
(48361, 'Somaa', 3645, 0.00, 1, '2023-05-01 12:24:02', '2023-05-01 12:24:02', NULL),
(48362, 'Yassmine Hammmet', 3640, 0.00, 1, '2023-05-01 14:40:37', '2023-05-01 14:40:37', NULL),
(48363, 'Zéramdine', 3644, 8.00, 1, '2023-05-13 14:53:13', '2023-05-13 14:53:13', NULL),
(48364, 'Teboulba', 3644, 8.00, 1, '2023-05-13 14:53:39', '2023-05-13 14:53:39', NULL),
(48365, 'Sayada-Lamta-Bou Hajar', 3644, 8.00, 1, '2023-05-13 14:54:03', '2023-05-13 14:54:03', NULL),
(48366, 'Sahline', 3644, 8.00, 1, '2023-05-13 14:54:20', '2023-05-13 14:54:20', NULL),
(48367, 'Ouerdanine', 3644, 8.00, 1, '2023-05-13 14:54:37', '2023-05-13 14:54:37', NULL),
(48368, 'Moknine', 3644, 8.00, 1, '2023-05-13 14:54:54', '2023-05-13 14:54:54', NULL),
(48369, 'Ksibet el-Médiouni', 3644, 8.00, 1, '2023-05-13 14:55:13', '2023-05-13 14:55:13', NULL),
(48370, 'Ksar Hellal', 3644, 8.00, 1, '2023-05-13 14:55:34', '2023-05-13 14:55:34', NULL),
(48371, 'Jemmal', 3644, 8.00, 1, '2023-05-13 14:55:53', '2023-05-13 14:55:53', NULL),
(48372, 'Beni Hassen', 3644, 8.00, 1, '2023-05-13 14:56:13', '2023-05-13 14:56:13', NULL),
(48373, 'Bembla', 3644, 8.00, 1, '2023-05-13 14:56:30', '2023-05-13 14:56:30', NULL),
(48374, 'Bekalta', 3644, 8.00, 1, '2023-05-13 14:56:48', '2023-05-13 14:56:48', NULL),
(48375, 'Ben Arous', 3635, 8.00, 1, '2023-05-27 13:00:02', '2023-05-27 13:00:02', NULL),
(48376, 'Bou Mhel el-Bassatine', 3635, 8.00, 1, '2023-05-27 13:00:19', '2023-05-27 13:00:19', NULL),
(48377, 'El Mourouj', 3635, 8.00, 1, '2023-05-27 13:00:34', '2023-05-27 13:00:34', NULL),
(48378, 'Ezzahra', 3635, 8.00, 1, '2023-05-27 13:00:47', '2023-05-27 13:00:47', NULL),
(48379, 'Fouchana', 3635, 8.00, 1, '2023-05-27 13:01:03', '2023-05-27 13:01:03', NULL),
(48380, 'Hammam Chott', 3635, 8.00, 1, '2023-05-27 13:01:15', '2023-05-27 13:01:15', NULL),
(48381, 'Hammam Lif', 3635, 8.00, 1, '2023-05-27 13:01:28', '2023-05-27 13:01:28', NULL),
(48382, 'Mohamedia', 3635, 8.00, 1, '2023-05-27 13:01:42', '2023-05-27 13:01:42', NULL),
(48383, 'Medina Jedida', 3635, 8.00, 1, '2023-05-27 13:01:56', '2023-05-27 13:01:56', NULL),
(48384, 'Mégrine', 3635, 8.00, 1, '2023-05-27 13:02:09', '2023-05-27 13:02:09', NULL),
(48385, 'Mornag', 3635, 8.00, 1, '2023-05-27 13:02:22', '2023-05-27 13:02:22', NULL),
(48386, 'Radès', 3635, 8.00, 1, '2023-05-27 13:02:34', '2023-05-27 13:02:34', NULL),
(48387, 'Mezzouna', 3651, 8.00, 1, '2023-07-05 07:13:25', '2023-07-05 07:13:25', NULL),
(48388, 'Bir El Hafey', 3651, 8.00, 1, '2023-07-05 07:14:16', '2023-07-05 07:14:16', NULL),
(48389, 'Cebbala Ouled Asker', 3651, 8.00, 1, '2023-07-05 07:14:32', '2023-07-05 07:14:32', NULL),
(48390, 'Jilma', 3651, 8.00, 1, '2023-07-05 07:14:47', '2023-07-05 07:14:47', NULL),
(48391, 'Meknassy', 3651, 8.00, 1, '2023-07-05 07:14:59', '2023-07-05 07:14:59', NULL),
(48392, 'Menzel Bouzaiane', 3651, 8.00, 1, '2023-07-05 07:15:16', '2023-07-05 07:15:16', NULL),
(48393, 'Ouled Haffouz', 3651, 8.00, 1, '2023-07-05 07:15:38', '2023-07-05 07:15:38', NULL),
(48394, 'Regueb', 3651, 8.00, 1, '2023-07-05 07:15:53', '2023-07-05 07:15:53', NULL),
(48395, 'Sidi Ali Ben Aoun', 3651, 8.00, 1, '2023-07-05 07:16:10', '2023-07-05 07:16:10', NULL),
(48396, 'Sidi Bouzid Est', 3651, 8.00, 1, '2023-07-05 07:16:23', '2023-07-05 07:16:23', NULL),
(48397, 'Sidi Bouzid Ouest', 3651, 8.00, 1, '2023-07-05 07:16:37', '2023-07-05 07:16:37', NULL),
(48398, 'Souk Jedid', 3651, 8.00, 1, '2023-07-05 07:16:52', '2023-07-05 07:16:52', NULL);

-- --------------------------------------------------------

--
-- Structure de la table `city_translations`
--

CREATE TABLE `city_translations` (
  `id` int NOT NULL,
  `city_id` int NOT NULL,
  `name` varchar(255) CHARACTER SET utf8mb3 COLLATE utf8mb3_unicode_ci NOT NULL,
  `lang` varchar(10) CHARACTER SET utf8mb3 COLLATE utf8mb3_unicode_ci NOT NULL,
  `created_at` timestamp NOT NULL DEFAULT CURRENT_TIMESTAMP,
  `updated_at` timestamp NOT NULL DEFAULT CURRENT_TIMESTAMP
) ENGINE=InnoDB DEFAULT CHARSET=utf8mb3 COLLATE=utf8mb3_unicode_ci;

--
-- Déchargement des données de la table `city_translations`
--

INSERT INTO `city_translations` (`id`, `city_id`, `name`, `lang`, `created_at`, `updated_at`) VALUES
(1, 40009, 'Ariana', 'fr', '2022-11-20 10:57:17', '2022-11-20 10:57:17'),
(2, 40011, 'Borj El Amri', 'fr', '2022-11-20 10:58:37', '2022-11-20 10:58:37'),
(3, 40013, 'Kalâat el-Andalous', 'fr', '2022-11-20 11:03:40', '2022-11-20 11:03:40'),
(4, 40016, 'Oued Ellil', 'fr', '2022-11-20 11:04:18', '2022-11-20 11:04:18'),
(5, 40017, 'Dandan', 'fr', '2022-11-20 11:04:37', '2022-11-20 11:04:37'),
(6, 40025, 'Goubellat', 'fr', '2022-11-20 11:08:27', '2022-11-20 11:08:27'),
(7, 40024, 'Nefza', 'fr', '2022-11-20 11:08:46', '2022-11-20 11:08:46'),
(8, 40026, 'Téboursouk', 'fr', '2022-11-20 11:09:08', '2022-11-20 11:09:08'),
(9, 40027, 'Testour', 'fr', '2022-11-20 11:09:33', '2022-11-20 11:09:33'),
(10, 40028, 'Thibar', 'fr', '2022-11-20 11:10:10', '2022-11-20 11:10:10'),
(11, 40029, 'Amdoun', 'fr', '2022-11-20 11:10:41', '2022-11-20 11:10:41'),
(12, 40022, 'Béja Nord', 'fr', '2022-11-20 11:11:28', '2022-11-20 11:11:28'),
(13, 40030, 'Aousja', 'fr', '2022-11-20 11:40:18', '2022-11-20 11:40:18'),
(14, 40032, 'Ghar El Melh', 'fr', '2022-11-20 11:40:42', '2022-11-20 11:40:42'),
(15, 40033, 'Menzel Abderrahmane', 'fr', '2022-11-20 11:41:05', '2022-11-20 11:41:05'),
(16, 40034, 'Menzel Bourguiba', 'fr', '2022-11-20 11:41:28', '2022-11-20 11:41:28'),
(17, 40041, 'El Alia', 'fr', '2022-11-20 11:41:57', '2022-11-20 11:41:57'),
(18, 40060, 'Azmour', 'fr', '2022-11-27 11:27:48', '2022-11-27 11:27:48'),
(19, 40061, 'Béni Khiar', 'fr', '2022-11-27 11:28:30', '2022-11-27 11:28:30'),
(20, 40062, 'Beni Khallad', 'fr', '2022-11-27 11:29:07', '2022-11-27 11:29:07'),
(21, 40063, 'Bouargoub', 'fr', '2022-11-27 11:29:31', '2022-11-27 11:29:31'),
(22, 40064, 'DarAllouch', 'fr', '2022-11-27 11:29:54', '2022-11-27 11:29:54'),
(23, 40065, 'Dar Chaaban', 'fr', '2022-11-27 11:30:10', '2022-11-27 11:30:10'),
(24, 40066, 'Hammam El Ghzaz', 'fr', '2022-11-27 11:30:33', '2022-11-27 11:30:33'),
(25, 40070, 'Nabeul', 'fr', '2022-11-27 11:30:59', '2022-11-27 11:30:59'),
(26, 40071, 'Kelibia', 'fr', '2022-11-27 11:31:14', '2022-11-27 11:31:14'),
(27, 40072, 'Korba', 'fr', '2022-11-27 11:31:30', '2022-11-27 11:31:30'),
(28, 40073, 'Korbus', 'fr', '2022-11-27 11:31:46', '2022-11-27 11:31:46'),
(29, 40074, 'Grombalia', 'fr', '2022-11-27 11:32:02', '2022-11-27 11:32:02'),
(30, 40052, 'Bin Guirden', 'fr', '2022-11-27 11:45:39', '2022-11-27 11:45:39'),
(31, 40053, 'Jerba Ajim', 'fr', '2022-11-27 11:45:57', '2022-11-27 11:45:57'),
(32, 40054, 'Jerba Houmet souk', 'fr', '2022-11-27 11:46:18', '2022-11-27 11:46:18'),
(33, 40055, 'Jerba Midoun', 'fr', '2022-11-27 11:47:18', '2022-11-27 11:47:18'),
(34, 40056, 'Jerjiz', 'fr', '2022-11-27 11:47:36', '2022-11-27 11:47:36'),
(35, 40057, 'Medenine', 'fr', '2022-11-27 11:47:58', '2022-11-27 11:47:58'),
(36, 40085, 'Mareth', 'fr', '2022-11-27 11:48:37', '2022-11-27 11:48:37'),
(37, 40079, 'Hammamat', 'fr', '2023-05-01 12:18:45', '2023-05-01 12:18:45'),
(38, 40067, 'Manzil Bu Zalafah', 'fr', '2023-05-01 14:39:20', '2023-05-01 14:39:20'),
(39, 40088, 'Gabès', 'fr', '2023-05-05 07:50:45', '2023-05-05 07:50:45');

-- --------------------------------------------------------

--
-- Structure de la table `club_points`
--

CREATE TABLE `club_points` (
  `id` int NOT NULL,
  `user_id` int NOT NULL,
  `points` double(18,2) NOT NULL,
  `order_id` int NOT NULL,
  `convert_status` int NOT NULL,
  `created_at` timestamp NOT NULL DEFAULT CURRENT_TIMESTAMP,
  `updated_at` timestamp NOT NULL DEFAULT CURRENT_TIMESTAMP
) ENGINE=InnoDB DEFAULT CHARSET=utf8mb3 COLLATE=utf8mb3_unicode_ci;

--
-- Déchargement des données de la table `club_points`
--

INSERT INTO `club_points` (`id`, `user_id`, `points`, `order_id`, `convert_status`, `created_at`, `updated_at`) VALUES
(1, 248, 10.00, 182, 0, '2023-09-21 09:06:44', '2023-09-21 09:06:44'),
(2, 208, 450.00, 184, 0, '2023-10-15 11:44:34', '2023-10-15 11:44:34');

-- --------------------------------------------------------

--
-- Structure de la table `club_point_details`
--

CREATE TABLE `club_point_details` (
  `id` int NOT NULL,
  `club_point_id` int NOT NULL,
  `product_id` int NOT NULL,
  `product_qty` int NOT NULL,
  `point` double(8,2) NOT NULL,
  `created_at` timestamp NOT NULL DEFAULT CURRENT_TIMESTAMP,
  `updated_at` timestamp NOT NULL DEFAULT CURRENT_TIMESTAMP
) ENGINE=InnoDB DEFAULT CHARSET=utf8mb3 COLLATE=utf8mb3_unicode_ci;

--
-- Déchargement des données de la table `club_point_details`
--

INSERT INTO `club_point_details` (`id`, `club_point_id`, `product_id`, `product_qty`, `point`, `created_at`, `updated_at`) VALUES
(1, 1, 372, 0, 10.00, '2023-09-21 09:06:45', '2023-09-21 09:06:45'),
(2, 2, 103, 0, 0.00, '2023-10-15 11:44:34', '2023-10-15 11:44:34'),
(3, 2, 125, 0, 0.00, '2023-10-15 11:44:34', '2023-10-15 11:44:34'),
(4, 2, 129, 0, 150.00, '2023-10-15 11:44:34', '2023-10-15 11:44:34'),
(5, 2, 129, 0, 150.00, '2023-10-15 11:44:34', '2023-10-15 11:44:34'),
(6, 2, 129, 0, 150.00, '2023-10-15 11:44:34', '2023-10-15 11:44:34');

-- --------------------------------------------------------

--
-- Structure de la table `colors`
--

CREATE TABLE `colors` (
  `id` int NOT NULL,
  `name` varchar(30) CHARACTER SET utf8mb3 COLLATE utf8mb3_unicode_ci DEFAULT NULL,
  `code` varchar(10) CHARACTER SET utf8mb3 COLLATE utf8mb3_unicode_ci DEFAULT NULL,
  `created_at` timestamp NOT NULL DEFAULT CURRENT_TIMESTAMP,
  `updated_at` timestamp NOT NULL DEFAULT CURRENT_TIMESTAMP
) ENGINE=InnoDB DEFAULT CHARSET=utf8mb3 COLLATE=utf8mb3_unicode_ci;

--
-- Déchargement des données de la table `colors`
--

INSERT INTO `colors` (`id`, `name`, `code`, `created_at`, `updated_at`) VALUES
(1, 'IndianRed', '#CD5C5C', '2018-11-05 02:12:26', '2018-11-05 02:12:26'),
(2, 'LightCoral', '#F08080', '2018-11-05 02:12:26', '2018-11-05 02:12:26'),
(3, 'Salmon', '#FA8072', '2018-11-05 02:12:26', '2018-11-05 02:12:26'),
(4, 'DarkSalmon', '#E9967A', '2018-11-05 02:12:26', '2018-11-05 02:12:26'),
(5, 'LightSalmon', '#FFA07A', '2018-11-05 02:12:26', '2018-11-05 02:12:26'),
(6, 'Crimson', '#DC143C', '2018-11-05 02:12:26', '2018-11-05 02:12:26'),
(7, 'Red', '#FF0000', '2018-11-05 02:12:26', '2018-11-05 02:12:26'),
(8, 'FireBrick', '#B22222', '2018-11-05 02:12:26', '2018-11-05 02:12:26'),
(9, 'DarkRed', '#8B0000', '2018-11-05 02:12:26', '2018-11-05 02:12:26'),
(10, 'Pink', '#FFC0CB', '2018-11-05 02:12:26', '2018-11-05 02:12:26'),
(11, 'LightPink', '#FFB6C1', '2018-11-05 02:12:26', '2018-11-05 02:12:26'),
(12, 'HotPink', '#FF69B4', '2018-11-05 02:12:26', '2018-11-05 02:12:26'),
(13, 'DeepPink', '#FF1493', '2018-11-05 02:12:26', '2018-11-05 02:12:26'),
(14, 'MediumVioletRed', '#C71585', '2018-11-05 02:12:26', '2018-11-05 02:12:26'),
(15, 'PaleVioletRed', '#DB7093', '2018-11-05 02:12:26', '2018-11-05 02:12:26'),
(16, 'LightSalmon', '#FFA07A', '2018-11-05 02:12:26', '2018-11-05 02:12:26'),
(17, 'Coral', '#FF7F50', '2018-11-05 02:12:26', '2018-11-05 02:12:26'),
(18, 'Tomato', '#FF6347', '2018-11-05 02:12:26', '2018-11-05 02:12:26'),
(19, 'OrangeRed', '#FF4500', '2018-11-05 02:12:26', '2018-11-05 02:12:26'),
(20, 'DarkOrange', '#FF8C00', '2018-11-05 02:12:26', '2018-11-05 02:12:26'),
(21, 'Orange', '#FFA500', '2018-11-05 02:12:26', '2018-11-05 02:12:26'),
(22, 'Gold', '#FFD700', '2018-11-05 02:12:26', '2018-11-05 02:12:26'),
(23, 'Yellow', '#FFFF00', '2018-11-05 02:12:26', '2018-11-05 02:12:26'),
(24, 'LightYellow', '#FFFFE0', '2018-11-05 02:12:26', '2018-11-05 02:12:26'),
(25, 'LemonChiffon', '#FFFACD', '2018-11-05 02:12:26', '2018-11-05 02:12:26'),
(26, 'LightGoldenrodYellow', '#FAFAD2', '2018-11-05 02:12:27', '2018-11-05 02:12:27'),
(27, 'PapayaWhip', '#FFEFD5', '2018-11-05 02:12:27', '2018-11-05 02:12:27'),
(28, 'Moccasin', '#FFE4B5', '2018-11-05 02:12:27', '2018-11-05 02:12:27'),
(29, 'PeachPuff', '#FFDAB9', '2018-11-05 02:12:27', '2018-11-05 02:12:27'),
(30, 'PaleGoldenrod', '#EEE8AA', '2018-11-05 02:12:27', '2018-11-05 02:12:27'),
(31, 'Khaki', '#F0E68C', '2018-11-05 02:12:27', '2018-11-05 02:12:27'),
(32, 'DarkKhaki', '#BDB76B', '2018-11-05 02:12:27', '2018-11-05 02:12:27'),
(33, 'Lavender', '#E6E6FA', '2018-11-05 02:12:27', '2018-11-05 02:12:27'),
(34, 'Thistle', '#D8BFD8', '2018-11-05 02:12:27', '2018-11-05 02:12:27'),
(35, 'Plum', '#DDA0DD', '2018-11-05 02:12:27', '2018-11-05 02:12:27'),
(36, 'Violet', '#EE82EE', '2018-11-05 02:12:27', '2018-11-05 02:12:27'),
(37, 'Orchid', '#DA70D6', '2018-11-05 02:12:27', '2018-11-05 02:12:27'),
(38, 'Fuchsia', '#FF00FF', '2018-11-05 02:12:27', '2018-11-05 02:12:27'),
(39, 'Magenta', '#FF00FF', '2018-11-05 02:12:27', '2018-11-05 02:12:27'),
(40, 'MediumOrchid', '#BA55D3', '2018-11-05 02:12:27', '2018-11-05 02:12:27'),
(41, 'MediumPurple', '#9370DB', '2018-11-05 02:12:27', '2018-11-05 02:12:27'),
(42, 'Amethyst', '#9966CC', '2018-11-05 02:12:27', '2018-11-05 02:12:27'),
(43, 'BlueViolet', '#8A2BE2', '2018-11-05 02:12:27', '2018-11-05 02:12:27'),
(44, 'DarkViolet', '#9400D3', '2018-11-05 02:12:27', '2018-11-05 02:12:27'),
(45, 'DarkOrchid', '#9932CC', '2018-11-05 02:12:27', '2018-11-05 02:12:27'),
(46, 'DarkMagenta', '#8B008B', '2018-11-05 02:12:27', '2018-11-05 02:12:27'),
(47, 'Purple', '#800080', '2018-11-05 02:12:27', '2018-11-05 02:12:27'),
(48, 'Indigo', '#4B0082', '2018-11-05 02:12:27', '2018-11-05 02:12:27'),
(49, 'SlateBlue', '#6A5ACD', '2018-11-05 02:12:27', '2018-11-05 02:12:27'),
(50, 'DarkSlateBlue', '#483D8B', '2018-11-05 02:12:27', '2018-11-05 02:12:27'),
(51, 'MediumSlateBlue', '#7B68EE', '2018-11-05 02:12:27', '2018-11-05 02:12:27'),
(52, 'GreenYellow', '#ADFF2F', '2018-11-05 02:12:27', '2018-11-05 02:12:27'),
(53, 'Chartreuse', '#7FFF00', '2018-11-05 02:12:27', '2018-11-05 02:12:27'),
(54, 'LawnGreen', '#7CFC00', '2018-11-05 02:12:27', '2018-11-05 02:12:27'),
(55, 'Lime', '#00FF00', '2018-11-05 02:12:27', '2018-11-05 02:12:27'),
(56, 'LimeGreen', '#32CD32', '2018-11-05 02:12:27', '2018-11-05 02:12:27'),
(57, 'PaleGreen', '#98FB98', '2018-11-05 02:12:27', '2018-11-05 02:12:27'),
(58, 'LightGreen', '#90EE90', '2018-11-05 02:12:27', '2018-11-05 02:12:27'),
(59, 'MediumSpringGreen', '#00FA9A', '2018-11-05 02:12:27', '2018-11-05 02:12:27'),
(60, 'SpringGreen', '#00FF7F', '2018-11-05 02:12:27', '2018-11-05 02:12:27'),
(61, 'MediumSeaGreen', '#3CB371', '2018-11-05 02:12:27', '2018-11-05 02:12:27'),
(62, 'SeaGreen', '#2E8B57', '2018-11-05 02:12:27', '2018-11-05 02:12:27'),
(63, 'ForestGreen', '#228B22', '2018-11-05 02:12:28', '2018-11-05 02:12:28'),
(64, 'Green', '#008000', '2018-11-05 02:12:28', '2018-11-05 02:12:28'),
(65, 'DarkGreen', '#006400', '2018-11-05 02:12:28', '2018-11-05 02:12:28'),
(66, 'YellowGreen', '#9ACD32', '2018-11-05 02:12:28', '2018-11-05 02:12:28'),
(67, 'OliveDrab', '#6B8E23', '2018-11-05 02:12:28', '2018-11-05 02:12:28'),
(68, 'Olive', '#808000', '2018-11-05 02:12:28', '2018-11-05 02:12:28'),
(69, 'DarkOliveGreen', '#556B2F', '2018-11-05 02:12:28', '2018-11-05 02:12:28'),
(70, 'MediumAquamarine', '#66CDAA', '2018-11-05 02:12:28', '2018-11-05 02:12:28'),
(71, 'DarkSeaGreen', '#8FBC8F', '2018-11-05 02:12:28', '2018-11-05 02:12:28'),
(72, 'LightSeaGreen', '#20B2AA', '2018-11-05 02:12:28', '2018-11-05 02:12:28'),
(73, 'DarkCyan', '#008B8B', '2018-11-05 02:12:28', '2018-11-05 02:12:28'),
(74, 'Teal', '#008080', '2018-11-05 02:12:28', '2018-11-05 02:12:28'),
(75, 'Aqua', '#00FFFF', '2018-11-05 02:12:28', '2018-11-05 02:12:28'),
(76, 'Cyan', '#00FFFF', '2018-11-05 02:12:28', '2018-11-05 02:12:28'),
(77, 'LightCyan', '#E0FFFF', '2018-11-05 02:12:28', '2018-11-05 02:12:28'),
(78, 'PaleTurquoise', '#AFEEEE', '2018-11-05 02:12:28', '2018-11-05 02:12:28'),
(79, 'Aquamarine', '#7FFFD4', '2018-11-05 02:12:28', '2018-11-05 02:12:28'),
(80, 'Turquoise', '#40E0D0', '2018-11-05 02:12:28', '2018-11-05 02:12:28'),
(81, 'MediumTurquoise', '#48D1CC', '2018-11-05 02:12:28', '2018-11-05 02:12:28'),
(82, 'DarkTurquoise', '#00CED1', '2018-11-05 02:12:28', '2018-11-05 02:12:28'),
(83, 'CadetBlue', '#5F9EA0', '2018-11-05 02:12:28', '2018-11-05 02:12:28'),
(84, 'SteelBlue', '#4682B4', '2018-11-05 02:12:28', '2018-11-05 02:12:28'),
(85, 'LightSteelBlue', '#B0C4DE', '2018-11-05 02:12:28', '2018-11-05 02:12:28'),
(86, 'PowderBlue', '#B0E0E6', '2018-11-05 02:12:28', '2018-11-05 02:12:28'),
(87, 'LightBlue', '#ADD8E6', '2018-11-05 02:12:28', '2018-11-05 02:12:28'),
(88, 'SkyBlue', '#87CEEB', '2018-11-05 02:12:28', '2018-11-05 02:12:28'),
(89, 'LightSkyBlue', '#87CEFA', '2018-11-05 02:12:28', '2018-11-05 02:12:28'),
(90, 'DeepSkyBlue', '#00BFFF', '2018-11-05 02:12:28', '2018-11-05 02:12:28'),
(91, 'DodgerBlue', '#1E90FF', '2018-11-05 02:12:28', '2018-11-05 02:12:28'),
(92, 'CornflowerBlue', '#6495ED', '2018-11-05 02:12:28', '2018-11-05 02:12:28'),
(93, 'MediumSlateBlue', '#7B68EE', '2018-11-05 02:12:28', '2018-11-05 02:12:28'),
(94, 'RoyalBlue', '#4169E1', '2018-11-05 02:12:28', '2018-11-05 02:12:28'),
(95, 'Blue', '#0000FF', '2018-11-05 02:12:28', '2018-11-05 02:12:28'),
(96, 'MediumBlue', '#0000CD', '2018-11-05 02:12:28', '2018-11-05 02:12:28'),
(97, 'DarkBlue', '#00008B', '2018-11-05 02:12:28', '2018-11-05 02:12:28'),
(98, 'Navy', '#000080', '2018-11-05 02:12:28', '2018-11-05 02:12:28'),
(99, 'MidnightBlue', '#191970', '2018-11-05 02:12:29', '2018-11-05 02:12:29'),
(100, 'Cornsilk', '#FFF8DC', '2018-11-05 02:12:29', '2018-11-05 02:12:29'),
(101, 'BlanchedAlmond', '#FFEBCD', '2018-11-05 02:12:29', '2018-11-05 02:12:29'),
(102, 'Bisque', '#FFE4C4', '2018-11-05 02:12:29', '2018-11-05 02:12:29'),
(103, 'NavajoWhite', '#FFDEAD', '2018-11-05 02:12:29', '2018-11-05 02:12:29'),
(104, 'Wheat', '#F5DEB3', '2018-11-05 02:12:29', '2018-11-05 02:12:29'),
(105, 'BurlyWood', '#DEB887', '2018-11-05 02:12:29', '2018-11-05 02:12:29'),
(106, 'Tan', '#D2B48C', '2018-11-05 02:12:29', '2018-11-05 02:12:29'),
(107, 'RosyBrown', '#BC8F8F', '2018-11-05 02:12:29', '2018-11-05 02:12:29'),
(108, 'SandyBrown', '#F4A460', '2018-11-05 02:12:29', '2018-11-05 02:12:29'),
(109, 'Goldenrod', '#DAA520', '2018-11-05 02:12:29', '2018-11-05 02:12:29'),
(110, 'DarkGoldenrod', '#B8860B', '2018-11-05 02:12:29', '2018-11-05 02:12:29'),
(111, 'Peru', '#CD853F', '2018-11-05 02:12:29', '2018-11-05 02:12:29'),
(112, 'Chocolate', '#D2691E', '2018-11-05 02:12:29', '2018-11-05 02:12:29'),
(113, 'SaddleBrown', '#8B4513', '2018-11-05 02:12:29', '2018-11-05 02:12:29'),
(114, 'Sienna', '#A0522D', '2018-11-05 02:12:29', '2018-11-05 02:12:29'),
(115, 'Brown', '#A52A2A', '2018-11-05 02:12:29', '2018-11-05 02:12:29'),
(116, 'Maroon', '#800000', '2018-11-05 02:12:29', '2018-11-05 02:12:29'),
(117, 'White', '#FFFFFF', '2018-11-05 02:12:29', '2018-11-05 02:12:29'),
(118, 'Snow', '#FFFAFA', '2018-11-05 02:12:29', '2018-11-05 02:12:29'),
(119, 'Honeydew', '#F0FFF0', '2018-11-05 02:12:29', '2018-11-05 02:12:29'),
(120, 'MintCream', '#F5FFFA', '2018-11-05 02:12:29', '2018-11-05 02:12:29'),
(121, 'Azure', '#F0FFFF', '2018-11-05 02:12:29', '2018-11-05 02:12:29'),
(122, 'AliceBlue', '#F0F8FF', '2018-11-05 02:12:29', '2018-11-05 02:12:29'),
(123, 'GhostWhite', '#F8F8FF', '2018-11-05 02:12:29', '2018-11-05 02:12:29'),
(124, 'WhiteSmoke', '#F5F5F5', '2018-11-05 02:12:29', '2018-11-05 02:12:29'),
(125, 'Seashell', '#FFF5EE', '2018-11-05 02:12:29', '2018-11-05 02:12:29'),
(126, 'Beige', '#F5F5DC', '2018-11-05 02:12:29', '2018-11-05 02:12:29'),
(127, 'OldLace', '#FDF5E6', '2018-11-05 02:12:29', '2018-11-05 02:12:29'),
(128, 'FloralWhite', '#FFFAF0', '2018-11-05 02:12:29', '2018-11-05 02:12:29'),
(129, 'Ivory', '#FFFFF0', '2018-11-05 02:12:30', '2018-11-05 02:12:30'),
(130, 'AntiqueWhite', '#FAEBD7', '2018-11-05 02:12:30', '2018-11-05 02:12:30'),
(131, 'Linen', '#FAF0E6', '2018-11-05 02:12:30', '2018-11-05 02:12:30'),
(132, 'LavenderBlush', '#FFF0F5', '2018-11-05 02:12:30', '2018-11-05 02:12:30'),
(133, 'Rosebrumeuse', '#FFE4E1', '2018-11-05 02:12:30', '2022-10-12 19:19:20'),
(134, 'Gainsboro', '#DCDCDC', '2018-11-05 02:12:30', '2018-11-05 02:12:30'),
(135, 'LightGrey', '#D3D3D3', '2018-11-05 02:12:30', '2018-11-05 02:12:30'),
(136, 'Silver', '#C0C0C0', '2018-11-05 02:12:30', '2018-11-05 02:12:30'),
(137, 'DarkGray', '#A9A9A9', '2018-11-05 02:12:30', '2018-11-05 02:12:30'),
(138, 'Gris', '#808080', '2018-11-05 02:12:30', '2022-10-12 19:19:59'),
(139, 'DimGray', '#696969', '2018-11-05 02:12:30', '2018-11-05 02:12:30'),
(140, 'LightSlateGray', '#778899', '2018-11-05 02:12:30', '2018-11-05 02:12:30'),
(141, 'SlateGray', '#708090', '2018-11-05 02:12:30', '2018-11-05 02:12:30'),
(142, 'DarkSlateGray', '#2F4F4F', '2018-11-05 02:12:30', '2018-11-05 02:12:30'),
(143, 'Noir', '#000000', '2018-11-05 02:12:30', '2022-10-12 19:19:40');

-- --------------------------------------------------------

--
-- Structure de la table `combined_orders`
--

CREATE TABLE `combined_orders` (
  `id` int NOT NULL,
  `user_id` int NOT NULL,
  `shipping_address` text CHARACTER SET utf8mb3 COLLATE utf8mb3_unicode_ci,
  `grand_total` double(20,2) NOT NULL DEFAULT '0.00',
  `created_at` timestamp NOT NULL DEFAULT CURRENT_TIMESTAMP,
  `updated_at` timestamp NOT NULL DEFAULT CURRENT_TIMESTAMP
) ENGINE=InnoDB DEFAULT CHARSET=utf8mb3 COLLATE=utf8mb3_unicode_ci;

--
-- Déchargement des données de la table `combined_orders`
--

INSERT INTO `combined_orders` (`id`, `user_id`, `shipping_address`, `grand_total`, `created_at`, `updated_at`) VALUES
(1, 10, '{\"name\":\"HelloWorld\",\"email\":\"helloworld.commercial@gmail.com\",\"address\":\"rue damass\",\"country\":\"Tunisia\",\"state\":\"Ariana\",\"city\":\"Aryanah\",\"postal_code\":\"08011\",\"phone\":\"+216\"}', 17.52, '2022-09-11 12:47:13', '2022-09-11 12:47:13'),
(2, 10, '{\"name\":\"HelloWorld\",\"email\":\"helloworld.commercial@gmail.com\",\"address\":\"rue damass\",\"country\":\"Tunisia\",\"state\":\"Ariana\",\"city\":\"Aryanah\",\"postal_code\":\"08011\",\"phone\":\"+216\"}', 25.34, '2022-09-11 14:49:36', '2022-09-11 14:49:36'),
(3, 10, '{\"name\":\"HelloWorld\",\"email\":\"helloworld.commercial@gmail.com\",\"address\":\"rue damass\",\"country\":\"Tunisia\",\"state\":\"Ariana\",\"city\":\"Aryanah\",\"postal_code\":\"08011\",\"phone\":\"+216\"}', 32.00, '2022-09-12 19:24:11', '2022-09-12 19:24:11'),
(4, 10, '{\"name\":\"HelloWorld\",\"email\":\"helloworld.commercial@gmail.com\",\"address\":\"rue damass\",\"country\":\"Tunisia\",\"state\":\"Ariana\",\"city\":\"Aryanah\",\"postal_code\":\"08011\",\"phone\":\"+216\"}', 2.00, '2022-09-14 16:45:12', '2022-09-14 16:45:12'),
(5, 10, '{\"name\":\"HelloWorld\",\"email\":\"helloworld.commercial@gmail.com\",\"address\":\"rue damass\",\"country\":\"Tunisia\",\"state\":\"Ariana\",\"city\":\"Aryanah\",\"postal_code\":\"08011\",\"phone\":\"+216\"}', 35.52, '2022-09-16 00:08:26', '2022-09-16 00:08:26'),
(6, 10, '{\"name\":\"HelloWorld\",\"email\":\"helloworld.commercial@gmail.com\",\"address\":\"rue damass\",\"country\":\"Tunisia\",\"state\":\"Ariana\",\"city\":\"Aryanah\",\"postal_code\":\"08011\",\"phone\":\"+216\"}', 67.53, '2022-09-16 00:10:22', '2022-09-16 00:10:22'),
(7, 13, '{\"name\":\"test\",\"email\":\"test@gmail.com\",\"address\":\"rue damass\",\"country\":\"Tunisia\",\"state\":\"Ariana\",\"city\":\"Aryanah\",\"postal_code\":\"08011\",\"phone\":\"90 162 984\"}', 250.10, '2022-09-25 14:37:51', '2022-09-25 14:37:51'),
(8, 10, '{\"name\":\"HelloWorld\",\"email\":\"helloworld.commercial@gmail.com\",\"address\":\"rue damass\",\"country\":\"Tunisia\",\"state\":\"Ariana\",\"city\":\"Aryanah\",\"postal_code\":\"08011\",\"phone\":\"+216\"}', 30.28, '2022-10-03 13:07:23', '2022-10-03 13:07:23'),
(9, 24, '{\"name\":\"Hamid\",\"email\":\"hamid@gmail.com\",\"address\":\"rue hedi chaker\",\"country\":\"Tunisia\",\"state\":\"Beja\",\"city\":\"Majaz-al-Bab\",\"postal_code\":\"9054\",\"phone\":\"20587410\"}', 627.50, '2022-10-25 08:16:33', '2022-10-25 08:16:33'),
(10, 28, '{\"name\":\"Maher jrad\",\"email\":\"jradmaher17@gmail.com\",\"address\":\"Nabeul\",\"country\":\"Tunisia\",\"state\":\"Nabeul\",\"city\":\"Nabul\",\"postal_code\":\"8000\",\"phone\":\"55616609\"}', 188.00, '2022-10-27 19:36:58', '2022-10-27 19:36:58'),
(11, 29, '{\"name\":\"lijimi wael\",\"email\":\"lijimi.waelh@gmail.com\",\"address\":\"route lido enface lyc\\u00e9e dar chaabene\",\"country\":\"Tunisia\",\"state\":\"Nabeul\",\"city\":\"Dar Sha\'ban\",\"postal_code\":\"8011\",\"phone\":\"+21653562456\"}', 105.51, '2022-10-29 10:43:54', '2022-10-29 10:43:54'),
(12, 29, '{\"name\":\"lijimi wael\",\"email\":\"lijimi.waelh@gmail.com\",\"address\":\"route lido enface lyc\\u00e9e dar chaabene\",\"country\":\"Tunisia\",\"state\":\"Nabeul\",\"city\":\"Dar Sha\'ban\",\"postal_code\":\"8011\",\"phone\":\"+21653562456\"}', 132.00, '2022-11-01 15:24:58', '2022-11-01 15:24:58'),
(13, 30, '{\"name\":\"KAIS\",\"email\":\"kaisrahimi@gmail.com\",\"address\":\"av. hedi lekhwas\",\"country\":\"Tunisia\",\"state\":\"Binzart\",\"city\":\"Ghar-al-Milh\",\"postal_code\":\"6051\",\"phone\":\"26847184\"}', 440.00, '2022-11-01 16:15:48', '2022-11-01 16:15:48'),
(14, 31, '{\"name\":\"Rabii smati\",\"email\":\"rabii1980@yahoo.fr\",\"address\":\"Av habibe bourguiba\",\"country\":\"Tunisia\",\"state\":\"Mounastir\",\"city\":\"Monastir\",\"postal_code\":\"7000\",\"phone\":\"54873900\"}', 24.00, '2022-11-02 14:51:42', '2022-11-02 14:51:42'),
(15, 29, '{\"name\":\"lijimi wael\",\"email\":\"lijimi.waelh@gmail.com\",\"address\":\"04.Rue El Manama\\r\\nAvenue Mohamed 5\",\"country\":\"Tunisia\",\"state\":\"Nabeul\",\"city\":\"Dar Sha\'ban\",\"postal_code\":\"8000\",\"phone\":\"+21653562456\"}', 32.00, '2022-11-03 16:49:00', '2022-11-03 16:49:00'),
(16, 31, '{\"name\":\"Rabii smati\",\"email\":\"rabii1980@yahoo.fr\",\"address\":\"Av habibe bourguiba\",\"country\":\"Tunisia\",\"state\":\"Mounastir\",\"city\":\"Monastir\",\"postal_code\":\"7000\",\"phone\":\"54873900\"}', 18.40, '2022-11-05 11:16:02', '2022-11-05 11:16:02'),
(17, 35, '{\"name\":\"Anis fatnasi\",\"email\":\"anisfatnasi@gmail.com\",\"address\":\"Rond point bab saadoun\",\"country\":\"Tunisia\",\"state\":\"Nabeul\",\"city\":\"Nabul\",\"postal_code\":\"1000\",\"phone\":\"27081190\"}', 63.00, '2022-11-10 12:52:10', '2022-11-10 12:52:10'),
(18, 36, '{\"name\":\"karim sahli\",\"email\":\"karimkimok@gmail.com\",\"address\":\"rue diamond\",\"country\":\"Tunisia\",\"state\":\"Tunis\",\"city\":\"Tunis\",\"postal_code\":\"1000\",\"phone\":\"24907736\"}', 35.00, '2022-11-11 21:58:04', '2022-11-11 21:58:04'),
(19, 38, '{\"name\":\"Samir riahi\",\"email\":\"riahisimou@gmail.com\",\"address\":\"Av habib bourguiba\",\"country\":\"Tunisia\",\"state\":\"Gafsa\",\"city\":\"al-Mitlawi\",\"postal_code\":\"4050\",\"phone\":\"42389543\"}', 48.00, '2022-11-13 12:24:50', '2022-11-13 12:24:50'),
(20, 39, '{\"name\":\"Hakim\",\"email\":\"hakimali542@hotmail.com\",\"address\":\"Nabeul\",\"country\":\"Tunisia\",\"state\":\"Nabeul\",\"city\":\"Nabul\",\"postal_code\":\"8000\",\"phone\":\"+21650354753\"}', 84.00, '2022-11-13 18:42:43', '2022-11-13 18:42:43'),
(21, 45, '{\"name\":\"Amin ben ali\",\"email\":\"amin@gmail.com\",\"address\":\"Sfax , rue lmatar , fac de lettres\",\"country\":\"Tunisia\",\"state\":\"Gafsa\",\"city\":\"Umm-al-\'Arais\",\"postal_code\":\"6000\",\"phone\":\"95105174\"}', 63.00, '2022-11-14 16:26:14', '2022-11-14 16:26:14'),
(22, 46, '{\"name\":\"Aymen jlassi\",\"email\":\"aymenjlassi@gmail.com\",\"address\":\"Ma7tet louage\",\"country\":\"Tunisia\",\"state\":\"Gabes\",\"city\":\"Matmatat-al-Jadidah\",\"postal_code\":\"6000\",\"phone\":\"58794677\"}', 63.00, '2022-11-15 11:48:48', '2022-11-15 11:48:48'),
(23, 51, '{\"name\":\"Walid Khelifi\",\"email\":null,\"address\":\"\\u0637\\u0631\\u064a\\u0642 \\u0627\\u0644\\u0645\\u0637\\u0627\\u0631 \\u0643\\u0644\\u0645 9 \\u0627\\u0644\\u062d\\u0627\\u062c\\u0628 \\u0635\\u0641\\u0627\\u0642\\u0633\",\"country\":\"Tunisia\",\"state\":\"Sfax\",\"city\":\"Sfax\",\"postal_code\":\"3078\",\"phone\":\"55600935\"}', 63.00, '2022-11-24 11:39:15', '2022-11-24 11:39:15'),
(24, 52, '{\"name\":\"Chaouch sabrine\",\"email\":null,\"address\":\"Nabeul\",\"country\":\"Tunisia\",\"state\":\"Nabeul\",\"city\":\"Bani Hiyar\",\"postal_code\":\"8060\",\"phone\":\"24907736\"}', 63.00, '2022-11-24 17:30:29', '2022-11-24 17:30:29'),
(25, 53, '{\"name\":\"Banneni amal\",\"email\":null,\"address\":\"Tazarka\",\"country\":\"Tunisia\",\"state\":\"Nabeul\",\"city\":\"Tazirkah\",\"postal_code\":\"8024\",\"phone\":\"29055143\"}', 63.00, '2022-11-25 09:11:20', '2022-11-25 09:11:20'),
(26, 54, '{\"name\":\"Wael khazzar\",\"email\":null,\"address\":\"Atelier Khazzar Auto, Route de degueche tozeur\",\"country\":\"Tunisia\",\"state\":\"Touzer\",\"city\":\"Tawzar\",\"postal_code\":\"2200\",\"phone\":\"52753924\"}', 63.00, '2022-11-25 14:43:01', '2022-11-25 14:43:01'),
(27, 56, '{\"name\":\"Ghayth\",\"email\":null,\"address\":\"jerba midoun\",\"country\":\"Tunisia\",\"state\":\"Medenine\",\"city\":\"Jerba Midoun\",\"postal_code\":\"4116\",\"phone\":\"24761660\"}', 63.00, '2022-12-04 17:14:08', '2022-12-04 17:14:08'),
(28, 46, '{\"name\":\"Aymen jlassi\",\"email\":\"aymenjlassi@gmail.com\",\"address\":\"Ma7tet louage\",\"country\":\"Tunisia\",\"state\":\"Gabes\",\"city\":\"Matmatat-al-Jadidah\",\"postal_code\":\"6000\",\"phone\":\"58794677\"}', 63.00, '2022-12-06 10:51:35', '2022-12-06 10:51:35'),
(29, 60, '{\"name\":\"Tic\",\"email\":\"ticnabeul@gmail.com\",\"address\":\"31 av marbella\",\"country\":\"Tunisia\",\"state\":\"Nabeul\",\"city\":\"Nabeul\",\"postal_code\":\"8000\",\"phone\":\"98226412\"}', 214.50, '2022-12-13 10:28:44', '2022-12-13 10:28:44'),
(30, 60, '{\"name\":\"Tic\",\"email\":\"ticnabeul@gmail.com\",\"address\":\"31 av marbella\",\"country\":\"Tunisia\",\"state\":\"Nabeul\",\"city\":\"Nabeul\",\"postal_code\":\"8000\",\"phone\":\"98226412\"}', 214.50, '2022-12-13 10:36:35', '2022-12-13 10:36:35'),
(31, 60, '{\"name\":\"Tic\",\"email\":\"ticnabeul@gmail.com\",\"address\":\"31 av marbella\",\"country\":\"Tunisia\",\"state\":\"Nabeul\",\"city\":\"Nabeul\",\"postal_code\":\"8000\",\"phone\":\"98226412\"}', 206.50, '2022-12-13 10:43:26', '2022-12-13 10:43:26'),
(32, 64, '{\"name\":\"\\u0635\\u062d\\u0631\\u0627\\u0648\\u064a \\u0627\\u0644\\u0627\\u0644\\u064a\\u0644\\u064a\",\"email\":null,\"address\":\"Zzzz\",\"country\":\"Tunisia\",\"state\":\"Ariana\",\"city\":\"Ariana\",\"postal_code\":\"10000\",\"phone\":\"22007007\"}', 214.50, '2022-12-13 15:53:03', '2022-12-13 15:53:03'),
(33, 71, '{\"name\":\"TEST\",\"email\":null,\"address\":\"efzfz\",\"country\":\"Tunisia\",\"state\":\"Nabeul\",\"city\":\"Nabeul\",\"postal_code\":\"08011\",\"phone\":\"50123456\"}', 214.50, '2022-12-21 15:42:39', '2022-12-21 15:42:39'),
(34, 71, '{\"name\":\"TEST\",\"email\":null,\"address\":\"efzfz\",\"country\":\"Tunisia\",\"state\":\"Nabeul\",\"city\":\"Nabeul\",\"postal_code\":\"08011\",\"phone\":\"50123456\"}', 214.50, '2022-12-21 15:45:47', '2022-12-21 15:45:48'),
(35, 71, '{\"name\":\"TEST\",\"email\":null,\"address\":\"efzfz\",\"country\":\"Tunisia\",\"state\":\"Nabeul\",\"city\":\"Nabeul\",\"postal_code\":\"08011\",\"phone\":\"50123456\"}', 214.50, '2022-12-21 15:46:18', '2022-12-21 15:46:18'),
(36, 71, '{\"name\":\"TEST\",\"email\":null,\"address\":\"efzfz\",\"country\":\"Tunisia\",\"state\":\"Nabeul\",\"city\":\"Nabeul\",\"postal_code\":\"08011\",\"phone\":\"50123456\"}', 214.50, '2022-12-21 15:47:27', '2022-12-21 15:47:27'),
(37, 71, '{\"name\":\"TEST\",\"email\":null,\"address\":\"efzfz\",\"country\":\"Tunisia\",\"state\":\"Nabeul\",\"city\":\"Nabeul\",\"postal_code\":\"08011\",\"phone\":\"50123456\"}', 214.50, '2022-12-21 16:00:23', '2022-12-21 16:00:23'),
(38, 71, '{\"name\":\"TEST\",\"email\":null,\"address\":\"efzfz\",\"country\":\"Tunisia\",\"state\":\"Nabeul\",\"city\":\"Nabeul\",\"postal_code\":\"08011\",\"phone\":\"50123456\"}', 214.50, '2022-12-21 16:25:58', '2022-12-21 16:25:58'),
(39, 71, '{\"name\":\"TEST\",\"email\":null,\"address\":\"efzfz\",\"country\":\"Tunisia\",\"state\":\"Nabeul\",\"city\":\"Nabeul\",\"postal_code\":\"08011\",\"phone\":\"50123456\"}', 214.50, '2022-12-21 16:35:09', '2022-12-21 16:35:09'),
(40, 71, '{\"name\":\"TEST\",\"email\":null,\"address\":\"efzfz\",\"country\":\"Tunisia\",\"state\":\"Nabeul\",\"city\":\"Nabeul\",\"postal_code\":\"08011\",\"phone\":\"50123456\"}', 214.50, '2022-12-21 16:41:16', '2022-12-21 16:41:16'),
(41, 71, '{\"name\":\"TEST\",\"email\":null,\"address\":\"efzfz\",\"country\":\"Tunisia\",\"state\":\"Nabeul\",\"city\":\"Nabeul\",\"postal_code\":\"08011\",\"phone\":\"50123456\"}', 214.50, '2022-12-21 16:43:21', '2022-12-21 16:43:21'),
(42, 71, '{\"name\":\"TEST\",\"email\":null,\"address\":\"efzfz\",\"country\":\"Tunisia\",\"state\":\"Nabeul\",\"city\":\"Nabeul\",\"postal_code\":\"08011\",\"phone\":\"50123456\"}', 214.50, '2022-12-21 16:43:34', '2022-12-21 16:43:34'),
(43, 71, '{\"name\":\"TEST\",\"email\":null,\"address\":\"efzfz\",\"country\":\"Tunisia\",\"state\":\"Nabeul\",\"city\":\"Nabeul\",\"postal_code\":\"08011\",\"phone\":\"50123456\"}', 214.50, '2022-12-21 20:16:03', '2022-12-21 20:16:03'),
(44, 72, '{\"name\":\"TEST2\",\"email\":null,\"address\":\"zdzd\",\"country\":\"Tunisia\",\"state\":\"Ariana\",\"city\":\"Ariana\",\"postal_code\":\"08011\",\"phone\":\"90 162 984\"}', 224.00, '2022-12-23 14:23:36', '2022-12-23 14:23:36'),
(45, 72, '{\"name\":\"TEST2\",\"email\":null,\"address\":\"zdzd\",\"country\":\"Tunisia\",\"state\":\"Ariana\",\"city\":\"Ariana\",\"postal_code\":\"08011\",\"phone\":\"90 162 984\"}', 224.00, '2022-12-23 14:38:13', '2022-12-23 14:38:13'),
(46, 72, '{\"name\":\"TEST2\",\"email\":null,\"address\":\"zdzd\",\"country\":\"Tunisia\",\"state\":\"Ariana\",\"city\":\"Ariana\",\"postal_code\":\"08011\",\"phone\":\"90 162 984\"}', 224.00, '2022-12-23 14:43:24', '2022-12-23 14:43:24'),
(47, 72, '{\"name\":\"TEST2\",\"email\":null,\"address\":\"zdzd\",\"country\":\"Tunisia\",\"state\":\"Ariana\",\"city\":\"Ariana\",\"postal_code\":\"08011\",\"phone\":\"90 162 984\"}', 430.50, '2022-12-24 13:56:19', '2022-12-24 13:56:20'),
(48, 72, '{\"name\":\"TEST2\",\"email\":null,\"address\":\"zdzd\",\"country\":\"Tunisia\",\"state\":\"Ariana\",\"city\":\"Ariana\",\"postal_code\":\"08011\",\"phone\":\"90 162 984\"}', 224.00, '2022-12-24 17:37:33', '2022-12-24 17:37:33'),
(49, 72, '{\"name\":\"TEST2\",\"email\":null,\"address\":\"zdzd\",\"country\":\"Tunisia\",\"state\":\"Ariana\",\"city\":\"Ariana\",\"postal_code\":\"08011\",\"phone\":\"90 162 984\"}', 17.52, '2022-12-24 22:50:53', '2022-12-24 22:50:54'),
(50, 72, '{\"name\":\"TEST2\",\"email\":null,\"address\":\"zdzd\",\"country\":\"Tunisia\",\"state\":\"Ariana\",\"city\":\"Ariana\",\"postal_code\":\"08011\",\"phone\":\"90 162 984\"}', 17.52, '2022-12-24 22:53:04', '2022-12-24 22:53:04'),
(51, 72, '{\"name\":\"TEST2\",\"email\":null,\"address\":\"zdzd\",\"country\":\"Tunisia\",\"state\":\"Ariana\",\"city\":\"Ariana\",\"postal_code\":\"08011\",\"phone\":\"90 162 984\"}', 57.00, '2022-12-26 15:51:26', '2022-12-26 15:51:26'),
(52, 72, '{\"name\":\"TEST2\",\"email\":null,\"address\":\"zdzd\",\"country\":\"Tunisia\",\"state\":\"Ariana\",\"city\":\"Ariana\",\"postal_code\":\"08011\",\"phone\":\"90 162 984\"}', 20.90, '2022-12-26 15:59:54', '2022-12-26 15:59:54'),
(53, 72, '{\"name\":\"TEST2\",\"email\":null,\"address\":\"zdzd\",\"country\":\"Tunisia\",\"state\":\"Ariana\",\"city\":\"Ariana\",\"postal_code\":\"08011\",\"phone\":\"90 162 984\"}', 20.90, '2022-12-26 16:00:26', '2022-12-26 16:00:26'),
(54, 72, '{\"name\":\"TEST2\",\"email\":null,\"address\":\"zdzd\",\"country\":\"Tunisia\",\"state\":\"Ariana\",\"city\":\"Ariana\",\"postal_code\":\"08011\",\"phone\":\"90 162 984\"}', 20.90, '2022-12-26 16:04:10', '2022-12-26 16:04:10'),
(55, 72, '{\"name\":\"TEST2\",\"email\":null,\"address\":\"zdzd\",\"country\":\"Tunisia\",\"state\":\"Ariana\",\"city\":\"Ariana\",\"postal_code\":\"08011\",\"phone\":\"90 162 984\"}', 20.90, '2022-12-26 16:06:20', '2022-12-26 16:06:20'),
(56, 72, '{\"name\":\"TEST2\",\"email\":null,\"address\":\"zdzd\",\"country\":\"Tunisia\",\"state\":\"Ariana\",\"city\":\"Ariana\",\"postal_code\":\"08011\",\"phone\":\"90 162 984\"}', 20.90, '2022-12-26 16:37:23', '2022-12-26 16:37:23'),
(57, 72, '{\"name\":\"TEST2\",\"email\":null,\"address\":\"zdzd\",\"country\":\"Tunisia\",\"state\":\"Ariana\",\"city\":\"Ariana\",\"postal_code\":\"08011\",\"phone\":\"90 162 984\"}', 20.90, '2022-12-26 16:39:46', '2022-12-26 16:39:46'),
(58, 72, '{\"name\":\"TEST2\",\"email\":null,\"address\":\"zdzd\",\"country\":\"Tunisia\",\"state\":\"Ariana\",\"city\":\"Ariana\",\"postal_code\":\"08011\",\"phone\":\"90 162 984\"}', 20.90, '2022-12-26 16:49:15', '2022-12-26 16:49:15'),
(59, 72, '{\"name\":\"TEST2\",\"email\":null,\"address\":\"zdzd\",\"country\":\"Tunisia\",\"state\":\"Ariana\",\"city\":\"Ariana\",\"postal_code\":\"08011\",\"phone\":\"90 162 984\"}', 20.90, '2022-12-27 08:39:49', '2022-12-27 08:39:49'),
(60, 72, '{\"name\":\"TEST2\",\"email\":null,\"address\":\"zdzd\",\"country\":\"Tunisia\",\"state\":\"Ariana\",\"city\":\"Ariana\",\"postal_code\":\"08011\",\"phone\":\"90 162 984\"}', 20.90, '2022-12-27 08:42:48', '2022-12-27 08:42:48'),
(61, 72, '{\"name\":\"TEST2\",\"email\":null,\"address\":\"zdzd\",\"country\":\"Tunisia\",\"state\":\"Ariana\",\"city\":\"Ariana\",\"postal_code\":\"08011\",\"phone\":\"90 162 984\"}', 20.90, '2022-12-27 08:42:53', '2022-12-27 08:42:53'),
(62, 72, '{\"name\":\"TEST2\",\"email\":null,\"address\":\"zdzd\",\"country\":\"Tunisia\",\"state\":\"Ariana\",\"city\":\"Ariana\",\"postal_code\":\"08011\",\"phone\":\"90 162 984\"}', 0.00, '2022-12-27 08:45:25', '2022-12-27 08:45:25'),
(63, 72, '{\"name\":\"TEST2\",\"email\":null,\"address\":\"zdzd\",\"country\":\"Tunisia\",\"state\":\"Ariana\",\"city\":\"Ariana\",\"postal_code\":\"08011\",\"phone\":\"90 162 984\"}', 0.00, '2022-12-27 08:45:45', '2022-12-27 08:45:45'),
(64, 72, '{\"name\":\"TEST2\",\"email\":null,\"address\":\"zdzd\",\"country\":\"Tunisia\",\"state\":\"Ariana\",\"city\":\"Ariana\",\"postal_code\":\"08011\",\"phone\":\"90 162 984\"}', 0.00, '2022-12-27 08:46:47', '2022-12-27 08:46:47'),
(65, 72, '{\"name\":\"TEST2\",\"email\":null,\"address\":\"zdzd\",\"country\":\"Tunisia\",\"state\":\"Ariana\",\"city\":\"Ariana\",\"postal_code\":\"08011\",\"phone\":\"90 162 984\"}', 0.00, '2022-12-27 08:48:01', '2022-12-27 08:48:01'),
(66, 72, '{\"name\":\"TEST2\",\"email\":null,\"address\":\"zdzd\",\"country\":\"Tunisia\",\"state\":\"Ariana\",\"city\":\"Ariana\",\"postal_code\":\"08011\",\"phone\":\"90 162 984\"}', 0.00, '2022-12-27 08:48:25', '2022-12-27 08:48:25'),
(67, 72, '{\"name\":\"TEST2\",\"email\":null,\"address\":\"zdzd\",\"country\":\"Tunisia\",\"state\":\"Ariana\",\"city\":\"Ariana\",\"postal_code\":\"08011\",\"phone\":\"90 162 984\"}', 26.70, '2022-12-27 09:10:34', '2022-12-27 09:10:35'),
(68, 72, '{\"name\":\"TEST2\",\"email\":null,\"address\":\"zdzd\",\"country\":\"Tunisia\",\"state\":\"Ariana\",\"city\":\"Ariana\",\"postal_code\":\"08011\",\"phone\":\"90 162 984\"}', 26.70, '2022-12-29 11:22:47', '2022-12-29 11:22:47'),
(69, 72, '{\"name\":\"TEST2\",\"email\":null,\"address\":\"zdzd\",\"country\":\"Tunisia\",\"state\":\"Ariana\",\"city\":\"Ariana\",\"postal_code\":\"08011\",\"phone\":\"90 162 984\"}', 26.70, '2022-12-29 11:24:25', '2022-12-29 11:24:25'),
(70, 85, '{\"name\":\"Rostom Boujneh\",\"email\":\"boujnehrostom04@gmail.com\",\"address\":\"Rue hbib bourguiba\",\"country\":\"Tunisia\",\"state\":\"Zaghwan\",\"city\":\"Zaghwan\",\"postal_code\":\"9000\",\"phone\":\"27081190\"}', 115.50, '2023-01-17 07:04:54', '2023-01-17 07:04:54'),
(71, 86, '{\"name\":\"Youssef amroussi\",\"email\":null,\"address\":\"Bir bouregba\",\"country\":\"Tunisia\",\"state\":\"Nabeul\",\"city\":\"al-Hammamat\",\"postal_code\":\"8042\",\"phone\":\"24847766\"}', 738.00, '2023-01-21 16:06:26', '2023-01-21 16:06:26'),
(72, 86, '{\"name\":\"Youssef amroussi\",\"email\":null,\"address\":\"Bir bouregba\",\"country\":\"Tunisia\",\"state\":\"Nabeul\",\"city\":\"al-Hammamat\",\"postal_code\":\"8042\",\"phone\":\"24847766\"}', 78.00, '2023-01-27 15:17:02', '2023-01-27 15:17:02'),
(73, 29, '{\"name\":\"lijimi wael\",\"email\":\"lijimi.waelh@gmail.com\",\"address\":\"route lido enface lyc\\u00e9e dar chaabene\",\"country\":\"Tunisia\",\"state\":\"Nabeul\",\"city\":\"Dar Chaaban\",\"postal_code\":\"8011\",\"phone\":\"+21653562456\"}', 52.00, '2023-02-09 12:20:28', '2023-02-09 12:20:28'),
(74, 93, '{\"name\":\"Hamdi\",\"email\":null,\"address\":\"41 rue abdallah\",\"country\":\"Tunisia\",\"state\":\"al-Mahdiyah\",\"city\":\"Karkar\",\"postal_code\":\"7777\",\"phone\":\"+21623841041\"}', 138.00, '2023-02-16 15:02:12', '2023-02-16 15:02:12'),
(75, 95, '{\"name\":\"kefi omar\",\"email\":\"kefiomar741@gmail.com\",\"address\":\"Hdha jama3 el ansar\",\"country\":\"Tunisia\",\"state\":\"Nabeul\",\"city\":\"Dar Chaaban\",\"postal_code\":\"8011\",\"phone\":\"23604371\"}', 25.00, '2023-02-18 12:50:45', '2023-02-18 12:50:45'),
(76, 72, '{\"name\":\"TEST2\",\"email\":null,\"address\":\"zdzd\",\"country\":\"Tunisia\",\"state\":\"Ariana\",\"city\":\"Ariana\",\"postal_code\":\"08011\",\"phone\":\"90 162 984\"}', 26.70, '2023-02-22 14:30:57', '2023-02-22 14:30:57'),
(77, 98, '{\"name\":\"Yasmine Bichiou\",\"email\":null,\"address\":\"Rue erriadh bir challouf\",\"country\":\"Tunisia\",\"state\":\"Nabeul\",\"city\":\"Nabeul\",\"postal_code\":\"8000\",\"phone\":\"54509988\"}', 38.00, '2023-02-27 14:28:37', '2023-02-27 14:28:37'),
(78, 103, '{\"name\":\"Emna Chebbi\",\"email\":null,\"address\":\"Tebourssok ,Beja\",\"country\":\"Tunisia\",\"state\":\"Beja\",\"city\":\"T\\u00e9boursouk\",\"postal_code\":\"9040\",\"phone\":\"95524158\"}', 39.50, '2023-03-04 12:07:54', '2023-03-04 12:07:54'),
(79, 105, '{\"name\":\"meriam briki\",\"email\":null,\"address\":\"adresse 1 impasse n 4 rue azouz rebai manar 2\",\"country\":\"Tunisia\",\"state\":\"Tunis\",\"city\":\"Bardaw\",\"postal_code\":\"1050\",\"phone\":\"58 455 416\"}', 28.00, '2023-03-07 09:06:07', '2023-03-07 09:06:07'),
(80, 106, '{\"name\":\"Soumaya Ghrib\",\"email\":null,\"address\":\"Fahss\",\"country\":\"Tunisia\",\"state\":\"Zaghwan\",\"city\":\"al-Fahs\",\"postal_code\":\"1140\",\"phone\":\"20108663\"}', 34.50, '2023-03-11 18:11:10', '2023-03-11 18:11:10'),
(81, 107, '{\"name\":\"Malek raboudi\",\"email\":null,\"address\":\"Lido pres du caf\\u00e9 grane\",\"country\":\"Tunisia\",\"state\":\"Nabeul\",\"city\":\"Dar Chaaban\",\"postal_code\":\"8011\",\"phone\":\"26319684\"}', 18.00, '2023-03-13 11:28:11', '2023-03-13 11:28:11'),
(82, 107, '{\"name\":\"Malek raboudi\",\"email\":null,\"address\":\"Lido pres du caf\\u00e9 grane\",\"country\":\"Tunisia\",\"state\":\"Nabeul\",\"city\":\"Dar Chaaban\",\"postal_code\":\"8011\",\"phone\":\"26319684\"}', 38.00, '2023-03-19 11:53:36', '2023-03-19 11:53:36'),
(83, 109, '{\"name\":\"Raddaoui Faten\",\"email\":null,\"address\":\"Taksim Tmimi\",\"country\":\"Tunisia\",\"state\":\"Zaghwan\",\"city\":\"Zaghwan\",\"postal_code\":\"1100\",\"phone\":\"28051374\"}', 98.00, '2023-03-21 11:13:23', '2023-03-21 11:13:23'),
(84, 29, '{\"name\":\"lijimi wael\",\"email\":\"lijimi.waelh@gmail.com\",\"address\":\"04.Rue El Manama\\r\\nAvenue Mohamed 5\",\"country\":\"Tunisia\",\"state\":\"Nabeul\",\"city\":\"Dar Chaaban\",\"postal_code\":\"8000\",\"phone\":\"+21653562456\"}', 68.00, '2023-03-31 19:42:48', '2023-03-31 19:42:48'),
(85, 46, '{\"name\":\"Aymen jlassi\",\"email\":\"aymenjlassi@gmail.com\",\"address\":\"Ma7tet louage\",\"country\":\"Tunisia\",\"state\":\"Gabes\",\"city\":\"Matmatat-al-Jadidah\",\"postal_code\":\"6000\",\"phone\":\"58794677\"}', 67.00, '2023-04-01 23:06:13', '2023-04-01 23:06:13'),
(86, 46, '{\"name\":\"Aymen jlassi\",\"email\":\"aymenjlassi@gmail.com\",\"address\":\"Ma7tet louage\",\"country\":\"Tunisia\",\"state\":\"Gabes\",\"city\":\"Matmatat-al-Jadidah\",\"postal_code\":\"6000\",\"phone\":\"58794677\"}', 63.00, '2023-04-02 01:23:57', '2023-04-02 01:23:57'),
(87, 110, '{\"name\":\"Haithem moncer\",\"email\":null,\"address\":\"Avenue Habib Bourguiba Bennane Monastir\",\"country\":\"Tunisia\",\"state\":\"Mounastir\",\"city\":\"Monastir\",\"postal_code\":\"5025\",\"phone\":\"44143338\"}', 161.30, '2023-04-06 05:03:43', '2023-04-06 05:03:43'),
(88, 112, '{\"name\":\"Narjes\",\"email\":null,\"address\":\"Utique zhena cit\\u00e9 zayatin\",\"country\":\"Tunisia\",\"state\":\"Ariana\",\"city\":\"Ariana\",\"postal_code\":\"7060\",\"phone\":\"98747594\"}', 23.00, '2023-04-09 09:30:24', '2023-04-09 09:30:24'),
(89, 95, '{\"name\":\"kefi omar\",\"email\":\"kefiomar741@gmail.com\",\"address\":\"Hdha jama3 el ansar\",\"country\":\"Tunisia\",\"state\":\"Nabeul\",\"city\":\"Dar Chaaban\",\"postal_code\":\"8011\",\"phone\":\"23604371\"}', 98.00, '2023-04-09 23:18:43', '2023-04-09 23:18:43'),
(90, 113, '{\"name\":\"Siala Hanen\",\"email\":null,\"address\":\"Sfax Route mahdeia sakiet eddaier\",\"country\":\"Tunisia\",\"state\":\"Sfax\",\"city\":\"Sfax\",\"postal_code\":\"3011\",\"phone\":\"97679098\"}', 228.00, '2023-04-21 16:45:06', '2023-04-21 16:45:07'),
(91, 114, '{\"name\":\"Fatma jmal\",\"email\":null,\"address\":\"tri9 saltniya klm 8\",\"country\":\"Tunisia\",\"state\":\"Sfax\",\"city\":\"Sfax\",\"postal_code\":\"6000\",\"phone\":\"22771070\"}', 39.50, '2023-04-21 18:00:17', '2023-04-21 18:00:17'),
(92, 117, '{\"name\":\"Aya\",\"email\":null,\"address\":\"Sidi hsin hay mrad\",\"country\":\"Tunisia\",\"state\":\"Manouba\",\"city\":\"Manubah\",\"postal_code\":\"1000\",\"phone\":\"24 468 619\"}', 23.00, '2023-04-29 12:58:36', '2023-04-29 12:58:36'),
(93, 118, '{\"name\":\"Imen Hannachi\",\"email\":null,\"address\":\"MG yasminet  ben a3rous\",\"country\":\"Tunisia\",\"state\":\"Tunis\",\"city\":\"Ben Arous\",\"postal_code\":\"2043\",\"phone\":\"+21652102943\"}', 38.00, '2023-04-29 14:18:31', '2023-04-29 14:18:31'),
(94, 120, '{\"name\":\"Farouk MEZHOUDI\",\"email\":null,\"address\":\"Cabinet dentaire dr farouk mezhoudi beb bhar gabes\",\"country\":\"Tunisia\",\"state\":\"Gabes\",\"city\":\"Qabis\",\"postal_code\":\"6000\",\"phone\":\"58763002\"}', 38.00, '2023-05-04 18:07:27', '2023-05-04 18:07:27'),
(95, 121, '{\"name\":\"Slim werghui\",\"email\":null,\"address\":\"Touiref elkef\",\"country\":\"Tunisia\",\"state\":\"al-Kaf\",\"city\":\"at-Tawiraf\",\"postal_code\":\"7112\",\"phone\":\"46674452\"}', 118.00, '2023-05-07 08:50:12', '2023-05-07 08:50:12'),
(96, 122, '{\"name\":\"Melek boughzella\",\"email\":null,\"address\":\"Melekboe54@gmail.com\",\"country\":\"Tunisia\",\"state\":\"Nabeul\",\"city\":\"Nabeul\",\"postal_code\":\"8000\",\"phone\":\"20 530 658\"}', 15.00, '2023-05-07 11:10:56', '2023-05-07 11:10:56'),
(97, 125, '{\"name\":\"Ayedchaibi\",\"email\":null,\"address\":\"Baraket sahel\",\"country\":\"Tunisia\",\"state\":\"Nabeul\",\"city\":\"Hammamat\",\"postal_code\":\"8050\",\"phone\":\"23168709\"}', 20.00, '2023-05-08 20:48:47', '2023-05-08 20:48:47'),
(98, 126, '{\"name\":\"Louay nassar\",\"email\":null,\"address\":\"College lella leksar\",\"country\":\"Tunisia\",\"state\":\"Gafsa\",\"city\":\"Qafsah\",\"postal_code\":\"4000\",\"phone\":\"23939230\"}', 116.00, '2023-05-09 20:44:08', '2023-05-09 20:44:08'),
(99, 126, '{\"name\":\"Louay nassar\",\"email\":null,\"address\":\"College lella leksar\",\"country\":\"Tunisia\",\"state\":\"Gafsa\",\"city\":\"Qafsah\",\"postal_code\":\"4000\",\"phone\":\"23939230\"}', 108.00, '2023-05-09 21:43:42', '2023-05-09 21:43:42'),
(100, 128, '{\"name\":\"Med amin jellali\",\"email\":null,\"address\":\"Ataya kerkennah\",\"country\":\"Tunisia\",\"state\":\"Sfax\",\"city\":\"Sfax\",\"postal_code\":\"3035\",\"phone\":\"22891373\"}', 388.00, '2023-05-10 16:25:57', '2023-05-10 16:25:57'),
(101, 129, '{\"name\":\"Baha dabdaba\",\"email\":null,\"address\":\"Hessi amor\",\"country\":\"Tunisia\",\"state\":\"Medenine\",\"city\":\"Medenine\",\"postal_code\":\"4131\",\"phone\":\"20562581\"}', 43.00, '2023-05-10 17:08:12', '2023-05-10 17:08:12'),
(102, 130, '{\"name\":\"Oussama Saidani\",\"email\":null,\"address\":\"Tri9a lmatar km 4 9odem ecole commerce\",\"country\":\"Tunisia\",\"state\":\"Sfax\",\"city\":\"Sfax\",\"postal_code\":\"3027\",\"phone\":\"50734501\"}', 258.00, '2023-05-10 19:09:23', '2023-05-10 19:09:23'),
(103, 133, '{\"name\":\"Saibi aymen\",\"email\":null,\"address\":\"Rue hassen ben noemen sidi daoud la marsa\",\"country\":\"Tunisia\",\"state\":\"Tunis\",\"city\":\"al-Marsa\",\"postal_code\":\"4026\",\"phone\":\"50160445\"}', 24.00, '2023-05-12 11:13:35', '2023-05-12 11:13:35'),
(104, 134, '{\"name\":\"Ben abdallah hela\",\"email\":null,\"address\":\"Rue du maroc sidi ameur 5061\",\"country\":\"Tunisia\",\"state\":\"Mounastir\",\"city\":\"Monastir\",\"postal_code\":\"5061\",\"phone\":\"52984605\"}', 103.00, '2023-05-13 14:34:19', '2023-05-13 14:34:19'),
(105, 46, '{\"name\":\"Aymen jlassi\",\"email\":\"aymenjlassi@gmail.com\",\"address\":\"Ma7tet louage\",\"country\":\"Tunisia\",\"state\":\"Gabes\",\"city\":\"Matmatat-al-Jadidah\",\"postal_code\":\"6000\",\"phone\":\"58794677\"}', 63.00, '2023-05-14 21:45:55', '2023-05-14 21:45:55'),
(106, 135, '{\"name\":\"Ons Omrani\",\"email\":null,\"address\":\"El marsa\",\"country\":\"Tunisia\",\"state\":\"Tunis\",\"city\":\"al-Marsa\",\"postal_code\":\"1020\",\"phone\":\"56393893\"}', 50.00, '2023-05-16 11:32:00', '2023-05-16 11:32:00'),
(107, 136, '{\"name\":\"Ghorbel Boulbaba\",\"email\":null,\"address\":\"Rue Bachir chilli ,Bir challouf Nabeul\",\"country\":\"Tunisia\",\"state\":\"Nabeul\",\"city\":\"Nabeul\",\"postal_code\":\"8000\",\"phone\":\"22584413\"}', 0.00, '2023-05-16 18:07:17', '2023-05-16 18:07:17'),
(108, 136, '{\"name\":\"Ghorbel Boulbaba\",\"email\":null,\"address\":\"Rue Bachir chilli ,Bir challouf Nabeul\",\"country\":\"Tunisia\",\"state\":\"Nabeul\",\"city\":\"Nabeul\",\"postal_code\":\"8000\",\"phone\":\"22584413\"}', 0.00, '2023-05-16 18:07:43', '2023-05-16 18:07:43'),
(109, 136, '{\"name\":\"Ghorbel Boulbaba\",\"email\":null,\"address\":\"Rue Bachir chilli ,Bir challouf Nabeul\",\"country\":\"Tunisia\",\"state\":\"Nabeul\",\"city\":\"Nabeul\",\"postal_code\":\"8000\",\"phone\":\"22584413\"}', 0.00, '2023-05-16 18:08:26', '2023-05-16 18:08:26'),
(110, 137, '{\"name\":\"rafet baraket\",\"email\":null,\"address\":\"route beni khalled\",\"country\":\"Tunisia\",\"state\":\"Nabeul\",\"city\":\"Korba\",\"postal_code\":\"2000\",\"phone\":\"21953538\"}', 40.00, '2023-05-16 19:54:27', '2023-05-16 19:54:28'),
(111, 138, '{\"name\":\"Mohamed moalla\",\"email\":null,\"address\":\"Rue mazelt chekr KLM 4.5\",\"country\":\"Tunisia\",\"state\":\"Sfax\",\"city\":\"Sfax\",\"postal_code\":\"3013\",\"phone\":\"96761888\"}', 193.00, '2023-05-16 20:03:28', '2023-05-16 20:03:28'),
(112, 138, '{\"name\":\"Mohamed moalla\",\"email\":null,\"address\":\"Rue mazelt chekr KLM 4.5\",\"country\":\"Tunisia\",\"state\":\"Sfax\",\"city\":\"Sfax\",\"postal_code\":\"3013\",\"phone\":\"96761888\"}', 412.01, '2023-05-17 17:48:47', '2023-05-17 17:48:47'),
(113, 136, '{\"name\":\"Ghorbel Boulbaba\",\"email\":null,\"address\":\"Rue Bachir chilli ,Bir challouf Nabeul\",\"country\":\"Tunisia\",\"state\":\"Nabeul\",\"city\":\"Nabeul\",\"postal_code\":\"8000\",\"phone\":\"22584413\"}', 83.00, '2023-05-17 21:38:03', '2023-05-17 21:38:03'),
(114, 10, '{\"name\":\"HelloWorld\",\"email\":\"helloworld.commercial@gmail.com\",\"address\":\"rue damass\",\"country\":\"Tunisia\",\"state\":\"Ariana\",\"city\":\"Ariana\",\"postal_code\":\"08011\",\"phone\":\"+216\"}', 15.50, '2023-05-18 00:13:13', '2023-05-18 00:13:13'),
(115, 139, '{\"name\":\"Mohamed Marwen HAMZI\",\"email\":null,\"address\":\"Cit\\u00e9 STAR, Immeuble \\\"G\\\", RDC, Cit\\u00e9 El Khadra - 1003 Tunis\",\"country\":\"Tunisia\",\"state\":\"Tunis\",\"city\":\"Tunis\",\"postal_code\":\"1003\",\"phone\":\"23404657\"}', 65.01, '2023-05-18 11:56:37', '2023-05-18 11:56:37'),
(116, 136, '{\"name\":\"Ghorbel Boulbaba\",\"email\":null,\"address\":\"Rue Bachir chilli ,2 maison apr\\u00e8s Boulangerie Slama ,Bir challouf Nabeul\",\"country\":\"Tunisia\",\"state\":\"Nabeul\",\"city\":\"Nabeul\",\"postal_code\":\"8000\",\"phone\":\"22584413\"}', 48.00, '2023-05-18 23:21:43', '2023-05-18 23:21:43'),
(117, 147, '{\"name\":\"Jasser Jandoubi\",\"email\":null,\"address\":\"manzel bourguiba\",\"country\":\"Tunisia\",\"state\":\"Binzart\",\"city\":\"Menzel Bourguiba\",\"postal_code\":\"1111\",\"phone\":\"58669826\"}', 35.00, '2023-05-21 18:29:11', '2023-05-21 18:29:11'),
(118, 148, '{\"name\":\"Hayat Tililli\",\"email\":null,\"address\":\"Mednine Route Tataouine\",\"country\":\"Tunisia\",\"state\":\"Medenine\",\"city\":\"Medenine\",\"postal_code\":\"8000\",\"phone\":\"50854606\"}', 60.00, '2023-05-22 08:58:47', '2023-05-22 08:58:47'),
(119, 149, '{\"name\":\"Amir ben zina\",\"email\":null,\"address\":\"Smilan\",\"country\":\"Tunisia\",\"state\":\"Nabeul\",\"city\":\"Grombalia\",\"postal_code\":\"8000\",\"phone\":\"56680598\"}', 398.00, '2023-05-22 16:48:56', '2023-05-22 16:48:56'),
(120, 152, '{\"name\":\"Najd Fakhet\",\"email\":null,\"address\":\"zaroug gafsa\",\"country\":\"Tunisia\",\"state\":\"Gafsa\",\"city\":\"Qafsah\",\"postal_code\":\"8000\",\"phone\":\"24810691\"}', 107.00, '2023-05-23 21:44:54', '2023-05-23 21:44:55'),
(121, 155, '{\"name\":\"FAKHRI CHARGUI\",\"email\":\"fakhrichargui@gmail.com\",\"address\":\"rades\",\"country\":\"Tunisia\",\"state\":\"Tunis\",\"city\":\"Ben Arous\",\"postal_code\":\"8000\",\"phone\":\"56623798\"}', 107.00, '2023-05-27 12:58:35', '2023-05-27 12:58:35'),
(122, 157, '{\"name\":\"Yassine chouigui\",\"email\":null,\"address\":\"Soussa , zawiyet sousse , 4081 , pres de bureau du poste\",\"country\":\"Tunisia\",\"state\":\"Sousse\",\"city\":\"Zawiyat Susah\",\"postal_code\":\"4081\",\"phone\":\"50219796\"}', 158.00, '2023-05-29 07:33:48', '2023-05-29 07:33:48'),
(123, 160, '{\"name\":\"Ahmed Ben Moallem\",\"email\":null,\"address\":\"sfax route tanwour kl 4\",\"country\":\"Tunisia\",\"state\":\"Sfax\",\"city\":\"Sfax\",\"postal_code\":\"8000\",\"phone\":\"22948961\"}', 158.00, '2023-05-29 07:57:48', '2023-05-29 07:57:48'),
(124, 162, '{\"name\":\"\\u0645\\u062d\\u0645\\u062f \\u062d\\u0641\\u064a\\u0638\",\"email\":null,\"address\":\"\\u0646\\u0647\\u062c \\u062d\\u0633\\u0646 \\u0627\\u0644\\u0646\\u0648\\u0631\\u064a \\u0631\\u0641\\u0627\\u0631\\u0641 \\u0628\\u0646\\u0631\\u062a\",\"country\":\"Tunisia\",\"state\":\"Binzart\",\"city\":\"Rafraf\",\"postal_code\":\"7015\",\"phone\":\"24532207\"}', 158.00, '2023-05-29 15:21:21', '2023-05-29 15:21:22'),
(125, 161, '{\"name\":\"AYOUB BEN MBAREK\",\"email\":null,\"address\":\"Raouad\",\"country\":\"Tunisia\",\"state\":\"Ariana\",\"city\":\"Ariana\",\"postal_code\":\"1000\",\"phone\":\"27081190\"}', 158.00, '2023-05-29 16:42:26', '2023-05-29 16:42:26'),
(126, 163, '{\"name\":\"Walimihamed\",\"email\":null,\"address\":\"R\\u00e9sidence eya nour jaafer ariana soghra\",\"country\":\"Tunisia\",\"state\":\"Ariana\",\"city\":\"Ariana\",\"postal_code\":\"2081\",\"phone\":\"51277616\"}', 54.00, '2023-06-01 12:20:07', '2023-06-01 12:20:07'),
(127, 164, '{\"name\":\"Mejdi bjaoui\",\"email\":null,\"address\":\"Sahloul 3 Rue De Florence\",\"country\":\"Tunisia\",\"state\":\"Sousse\",\"city\":\"Susah\",\"postal_code\":\"4043\",\"phone\":\"96400801\"}', 107.00, '2023-06-03 23:18:30', '2023-06-03 23:18:30'),
(128, 165, '{\"name\":\"Aymen\",\"email\":null,\"address\":\"Xx\",\"country\":\"Tunisia\",\"state\":\"Nabeul\",\"city\":\"Nabeul\",\"postal_code\":\"8000\",\"phone\":\"55952810\"}', 50.00, '2023-06-05 16:50:53', '2023-06-05 16:50:53'),
(129, 166, '{\"name\":\"Zied\",\"email\":null,\"address\":\"Hammem chat\",\"country\":\"Tunisia\",\"state\":\"Ben Arous\",\"city\":\"Hammam Chott\",\"postal_code\":\"1452\",\"phone\":\"22666674\"}', 158.00, '2023-06-06 21:17:13', '2023-06-06 21:17:13'),
(130, 167, '{\"name\":\"Amine sellami\",\"email\":null,\"address\":\"01 rue 6137 omrane sup\\u00e9rieur\",\"country\":\"Tunisia\",\"state\":\"Tunis\",\"city\":\"Tunis\",\"postal_code\":\"1000\",\"phone\":\"22808328\"}', 38.00, '2023-06-08 08:29:25', '2023-06-08 08:29:25'),
(131, 169, '{\"name\":\"Mohamed amine ben ali\",\"email\":null,\"address\":\"\\u062f\\u0627\\u0626\\u0631\\u0629 \\u063a\\u0631\\u0639\\u064a\\u0629 \\u0644\\u0644\\u063a\\u0627\\u0628\\u0627\\u062a \\u0628\\u0633\\u0628\\u064a\\u0637\\u0644\\u0629\",\"country\":\"Tunisia\",\"state\":\"al-Qasrayn\",\"city\":\"Subaytilah\",\"postal_code\":\"3000\",\"phone\":\"99104860\"}', 105.00, '2023-06-09 12:57:09', '2023-06-09 12:57:10'),
(132, 170, '{\"name\":\"Mohamed amine nasser\",\"email\":null,\"address\":\"Cite basatine 193\",\"country\":\"Tunisia\",\"state\":\"Mounastir\",\"city\":\"Monastir\",\"postal_code\":\"5000\",\"phone\":\"28341556\"}', 158.00, '2023-06-13 12:13:31', '2023-06-13 12:13:31'),
(133, 173, '{\"name\":\"Islem hamdi\",\"email\":null,\"address\":\"Carrefour \\u0633\\u0648\\u0642 \\u0627\\u0644\\u0623\\u062d\\u062f\",\"country\":\"Tunisia\",\"state\":\"Sousse\",\"city\":\"Susah\",\"postal_code\":\"4000\",\"phone\":\"25576658\"}', 88.00, '2023-06-13 16:11:13', '2023-06-13 16:11:13'),
(134, 169, '{\"name\":\"Mohamed amine ben ali\",\"email\":null,\"address\":\"\\u062f\\u0627\\u0626\\u0631\\u0629 \\u063a\\u0631\\u0639\\u064a\\u0629 \\u0644\\u0644\\u063a\\u0627\\u0628\\u0627\\u062a \\u0628\\u0633\\u0628\\u064a\\u0637\\u0644\\u0629\",\"country\":\"Tunisia\",\"state\":\"al-Qasrayn\",\"city\":\"Subaytilah\",\"postal_code\":\"3000\",\"phone\":\"99104860\"}', 105.00, '2023-06-13 22:32:44', '2023-06-13 22:32:44'),
(135, 178, '{\"name\":\"Youssef\",\"email\":null,\"address\":\"Route tunis maison fiat\",\"country\":\"Tunisia\",\"state\":\"Nabeul\",\"city\":\"Nabeul\",\"postal_code\":\"8000\",\"phone\":\"54 482 104\"}', 88.00, '2023-06-15 11:16:34', '2023-06-15 11:16:34'),
(136, 179, '{\"name\":\"Mohamed Toumi\",\"email\":null,\"address\":\"Avenue habib  bourguiba La soukra Ariana\",\"country\":\"Tunisia\",\"state\":\"Ariana\",\"city\":\"La Soukra\",\"postal_code\":\"1000\",\"phone\":\"97 341 924\"}', 158.00, '2023-06-18 21:29:51', '2023-06-18 21:29:51'),
(137, 181, '{\"name\":\"Walid tangour\",\"email\":null,\"address\":\"Mannouba\",\"country\":\"Tunisia\",\"state\":\"Manouba\",\"city\":\"Manubah\",\"postal_code\":\"1000\",\"phone\":\"98333141\"}', 297.00, '2023-06-20 17:24:48', '2023-06-20 17:24:48'),
(138, 184, '{\"name\":\"Houda Saadouni\",\"email\":null,\"address\":\"sbiba\",\"country\":\"Tunisia\",\"state\":\"al-Qasrayn\",\"city\":\"Sabibah\",\"postal_code\":\"7000\",\"phone\":\"52973296\"}', 1226.00, '2023-06-22 08:54:21', '2023-06-22 08:54:21'),
(139, 186, '{\"name\":\"Emna Lahmar\",\"email\":null,\"address\":\"Chenini\",\"country\":\"Tunisia\",\"state\":\"Medenine\",\"city\":\"Medenine\",\"postal_code\":\"4000\",\"phone\":\"91971662\"}', 617.00, '2023-06-24 09:40:32', '2023-06-24 09:40:32'),
(140, 188, '{\"name\":\"Sameh Aissa\",\"email\":null,\"address\":\"0.2km route de mednine \\r\\n4170 Zarzis\",\"country\":\"Tunisia\",\"state\":\"Medenine\",\"city\":\"Jerjiz\",\"postal_code\":\"4170\",\"phone\":\"23344822\"}', 327.00, '2023-06-25 09:05:47', '2023-06-25 09:05:47'),
(141, 189, '{\"name\":\"Islem JmAl\",\"email\":null,\"address\":\"sfax _hencha markez mosbeh\",\"country\":\"Tunisia\",\"state\":\"Sfax\",\"city\":\"Sfax\",\"postal_code\":\"3000\",\"phone\":\"92380374\"}', 327.00, '2023-06-25 22:35:31', '2023-06-25 22:35:31'),
(142, 190, '{\"name\":\"mahdi arfaoui\",\"email\":null,\"address\":\"27 Rue Chik Idriss\",\"country\":\"Tunisia\",\"state\":\"Binzart\",\"city\":\"Menzel Bourguiba\",\"postal_code\":\"7050\",\"phone\":\"93184048\"}', 33.01, '2023-07-02 12:58:14', '2023-07-02 12:58:14'),
(143, 114, '{\"name\":\"Fatma jmal\",\"email\":null,\"address\":\"tri9 saltniya klm 8\",\"country\":\"Tunisia\",\"state\":\"Sfax\",\"city\":\"Sfax\",\"postal_code\":\"6000\",\"phone\":\"22771070\"}', 39.50, '2023-07-02 23:55:02', '2023-07-02 23:55:02'),
(144, 191, '{\"name\":\"Hamouda Jouda\",\"email\":null,\"address\":\"elkhadhara borj abebda\",\"country\":\"Tunisia\",\"state\":\"Jandouba\",\"city\":\"Jundubah\",\"postal_code\":\"4000\",\"phone\":\"94068753\"}', 257.00, '2023-07-05 07:07:37', '2023-07-05 07:07:37'),
(145, 192, '{\"name\":\"Mabrouka Jdaida\",\"email\":null,\"address\":\"\\u0633\\u064a\\u062f\\u064a \\u0628\\u0648\\u0632\\u064a\\u062f \\u0627\\u0644\\u0645\\u0632\\u0648\\u0646\\u0629\",\"country\":\"Tunisia\",\"state\":\"Sidi BouZid\",\"city\":\"Mezzouna\",\"postal_code\":\"6100\",\"phone\":\"27923431\"}', 257.00, '2023-07-05 07:18:26', '2023-07-05 07:18:26'),
(146, 193, '{\"name\":\"Elmeni Moussa\",\"email\":null,\"address\":\"Kairouan\",\"country\":\"Tunisia\",\"state\":\"al-Qayrawan\",\"city\":\"al-Qayrawan\",\"postal_code\":\"4000\",\"phone\":\"26090551\"}', 203.00, '2023-07-05 07:22:17', '2023-07-05 07:22:17'),
(147, 194, '{\"name\":\"Rihem\",\"email\":null,\"address\":\"PolyClinique Hammamet\",\"country\":\"Tunisia\",\"state\":\"Nabeul\",\"city\":\"Hammamat\",\"postal_code\":\"8042\",\"phone\":\"98785832\"}', 60.00, '2023-07-10 14:36:48', '2023-07-10 14:36:48'),
(148, 13, '{\"name\":\"test\",\"email\":\"test@gmail.com\",\"address\":\"rue damass\",\"country\":\"Tunisia\",\"state\":\"Ariana\",\"city\":\"Ariana\",\"postal_code\":\"08011\",\"phone\":\"90 162 984\"}', 15.50, '2023-07-14 09:22:03', '2023-07-14 09:22:03'),
(149, 13, '{\"name\":\"test\",\"email\":\"test@gmail.com\",\"address\":\"rue damass\",\"country\":\"Tunisia\",\"state\":\"Ariana\",\"city\":\"Ariana\",\"postal_code\":\"08011\",\"phone\":\"90 162 984\"}', 23.00, '2023-07-14 09:23:18', '2023-07-14 09:23:18'),
(150, 13, '{\"name\":\"test\",\"email\":\"test@gmail.com\",\"address\":\"rue damass\",\"country\":\"Tunisia\",\"state\":\"Ariana\",\"city\":\"Ariana\",\"postal_code\":\"08011\",\"phone\":\"90 162 984\"}', 30.50, '2023-07-14 09:24:11', '2023-07-14 09:24:11'),
(151, 198, '{\"name\":\"Abdrahman ben abdallah\",\"email\":null,\"address\":\"Terminus m\\u00e9tro 5 cite intileka tunis\",\"country\":\"Tunisia\",\"state\":\"Tunis\",\"city\":\"Bardaw\",\"postal_code\":\"1020\",\"phone\":\"58533345\"}', 42.01, '2023-07-15 15:02:17', '2023-07-15 15:02:17'),
(152, 119, '{\"name\":\"TEST\",\"email\":null,\"address\":\"Nabeul\",\"country\":\"Tunisia\",\"state\":\"Nabeul\",\"city\":\"Nabeul\",\"postal_code\":\"8000\",\"phone\":\"48123123\"}', 217.00, '2023-07-24 13:06:00', '2023-07-24 13:06:00'),
(153, 52, '{\"name\":\"Chaouch sabrine\",\"email\":null,\"address\":\"Nabeul\",\"country\":\"Tunisia\",\"state\":\"Nabeul\",\"city\":\"B\\u00e9ni Khiar\",\"postal_code\":\"8060\",\"phone\":\"24 907 736\"}', 19.00, '2023-07-30 11:23:40', '2023-07-30 11:23:40'),
(154, 205, '{\"name\":\"yosri ben taleb\",\"email\":null,\"address\":\"\\u0646\\u0647\\u062c \\u0627\\u0644\\u0646\\u062c\\u0627\\u0634\\u064a \\u0623\\u0635\\u0645\\u0639\\u0629 \\u062d\\u064a \\u0627\\u0627\\u0644\\u063a\\u062f\\u0631\\u0627\\u0646 \\u0633\\u0648\\u0633\\u0629 \\u0627\\u0628\\u0646 \\u062e\\u0644\\u062f\\u0648\\u0646\",\"country\":\"Tunisia\",\"state\":\"Sousse\",\"city\":\"Susah\",\"postal_code\":\"4061\",\"phone\":\"24 591 340\"}', 38.00, '2023-08-04 16:37:43', '2023-08-04 16:37:43'),
(155, 207, '{\"name\":\"walid ghorbel\",\"email\":null,\"address\":\"avenu habibe bourguiba\",\"country\":\"Tunisia\",\"state\":\"Nabeul\",\"city\":\"Manzil Tamim\",\"postal_code\":\"8080\",\"phone\":\"54662781\"}', 78.00, '2023-08-07 09:09:26', '2023-08-07 09:09:26'),
(156, 208, '{\"name\":\"Sammy Ben Abdallah\",\"email\":null,\"address\":\"Souk lahed pr\\u00e8s de station de louage\",\"country\":\"Tunisia\",\"state\":\"Sousse\",\"city\":\"Susah\",\"postal_code\":\"3000\",\"phone\":\"54923933\"}', 808.00, '2023-08-08 18:17:19', '2023-08-08 18:17:19'),
(157, 29, '{\"name\":\"lijimi wael\",\"email\":\"lijimi.waelh@gmail.com\",\"address\":\"04.Rue El Manama\\r\\nAvenue Mohamed 5\",\"country\":\"Tunisia\",\"state\":\"Nabeul\",\"city\":\"Dar Chaaban\",\"postal_code\":\"8000\",\"phone\":\"+21653562456\"}', 105.01, '2023-08-09 09:16:51', '2023-08-09 09:16:51'),
(158, 209, '{\"name\":\"neowalid\",\"email\":null,\"address\":\"caserne oued ellil\",\"country\":\"Tunisia\",\"state\":\"Manouba\",\"city\":\"Manubah\",\"postal_code\":\"2021\",\"phone\":\"28453940\"}', 38.00, '2023-08-10 16:43:40', '2023-08-10 16:43:40'),
(159, 210, '{\"name\":\"ramy bouabdelli\",\"email\":null,\"address\":\"Route de Gabes Km 9 Devant Mosquee Saada\",\"country\":\"Tunisia\",\"state\":\"Sfax\",\"city\":\"Sfax\",\"postal_code\":\"3083\",\"phone\":\"97489223\"}', 26.00, '2023-08-11 11:10:03', '2023-08-11 11:10:03'),
(160, 211, '{\"name\":\"haythem louhichi\",\"email\":null,\"address\":\"zeramdine\",\"country\":\"Tunisia\",\"state\":\"Mounastir\",\"city\":\"Z\\u00e9ramdine\",\"postal_code\":\"5040\",\"phone\":\"56663937\"}', 107.00, '2023-08-11 11:22:46', '2023-08-11 11:22:46'),
(161, 231, '{\"name\":\"Dhafer mb\",\"email\":null,\"address\":\"\\u0645\\u0639\\u062a\\u0645\\u062f\\u064a\\u0629 \\u0633\\u0628\\u064a\\u0628\\u0629 \\u0648\\u0644\\u0627\\u064a\\u0629 \\u0627\\u0644\\u0642\\u0635\\u0631\\u064a\\u0646\",\"country\":\"Tunisia\",\"state\":\"al-Qasrayn\",\"city\":\"Sabibah\",\"postal_code\":\"5000\",\"phone\":\"28463279\"}', 163.00, '2023-08-15 09:39:03', '2023-08-15 09:39:03'),
(162, 233, '{\"name\":\"Saif Souissi\",\"email\":null,\"address\":\"Cit\\u00e9 olympique Cit\\u00e9 khadhra\",\"country\":\"Tunisia\",\"state\":\"Tunis\",\"city\":\"Tunis\",\"postal_code\":\"1003\",\"phone\":\"55855570\"}', 122.00, '2023-08-15 19:10:15', '2023-08-15 19:10:15'),
(163, 234, '{\"name\":\"Saeif bi\",\"email\":null,\"address\":\"Lala gsar\",\"country\":\"Tunisia\",\"state\":\"Gafsa\",\"city\":\"al-Qasr\",\"postal_code\":\"4000\",\"phone\":\"56070161\"}', 173.00, '2023-08-16 02:00:05', '2023-08-16 02:00:05'),
(164, 242, '{\"name\":\"Ourabi Issam\",\"email\":null,\"address\":\"Madina jadida ben arous\",\"country\":\"Tunisia\",\"state\":\"Ben Arous\",\"city\":\"Medina Jedida\",\"postal_code\":\"2063\",\"phone\":\"26417917\"}', 45.00, '2023-08-19 16:29:49', '2023-08-19 16:29:49'),
(165, 247, '{\"name\":\"In\\u00e8s Tbry\",\"email\":null,\"address\":\"Lotissement AFH -r\\u00e9sidence zeineb\",\"country\":\"Tunisia\",\"state\":\"Nabeul\",\"city\":\"Nabeul\",\"postal_code\":\"8056\",\"phone\":\"54112220\"}', 18.98, '2023-08-25 21:11:52', '2023-08-25 21:11:52'),
(166, 208, '{\"name\":\"Sammy Ben Abdallah\",\"email\":null,\"address\":\"Souk lahed pr\\u00e8s de station de louage\",\"country\":\"Tunisia\",\"state\":\"Sousse\",\"city\":\"Susah\",\"postal_code\":\"3000\",\"phone\":\"54923933\"}', 70.50, '2023-08-28 07:04:44', '2023-08-28 07:04:44'),
(167, 248, '{\"name\":\"Wala Tangour\",\"email\":null,\"address\":\"Mida Nabeul\",\"country\":\"Tunisia\",\"state\":\"Nabeul\",\"city\":\"al-Middah\",\"postal_code\":\"8000\",\"phone\":\"54913788\"}', 888.00, '2023-09-06 13:42:33', '2023-09-06 13:42:33'),
(168, 250, '{\"name\":\"amen  bhs\",\"email\":null,\"address\":\"kalaa kebira\",\"country\":\"Tunisia\",\"state\":\"Sousse\",\"city\":\"al-Qal\'at-al-Kabirah\",\"postal_code\":\"4060\",\"phone\":\"28400682\"}', 39.00, '2023-09-20 15:03:42', '2023-09-20 15:03:42'),
(169, 208, '{\"name\":\"Sammy Ben Abdallah\",\"email\":null,\"address\":\"Souk lahed pr\\u00e8s de station de louage\",\"country\":\"Tunisia\",\"state\":\"Sousse\",\"city\":\"Susah\",\"postal_code\":\"3000\",\"phone\":\"54923933\"}', 893.00, '2023-10-11 08:47:53', '2023-10-11 08:47:54'),
(170, 253, '{\"name\":\"sofien wafi\",\"email\":null,\"address\":\"a\",\"country\":\"Tunisia\",\"state\":\"Ariana\",\"city\":\"Ariana\",\"postal_code\":\"9000\",\"phone\":\"2222222\"}', 15.50, '2023-10-11 12:23:27', '2023-10-11 12:23:27'),
(171, 255, '{\"name\":\"Nour hawami\",\"email\":null,\"address\":\"Bouarada seliena\",\"country\":\"Tunisia\",\"state\":\"Siliana\",\"city\":\"Bu \'Aradah\",\"postal_code\":\"6180\",\"phone\":\"98198366\"}', 57.00, '2023-10-19 16:37:50', '2023-10-19 16:37:50'),
(172, 256, '{\"name\":\"nesrine askri\",\"email\":null,\"address\":\"cite Gazelle\",\"country\":\"Tunisia\",\"state\":\"Ariana\",\"city\":\"Ariana\",\"postal_code\":\"08011\",\"phone\":\"23907170 \\/ 96 570 615\"}', 57.00, '2023-10-20 10:36:13', '2023-10-20 10:36:13'),
(173, 257, '{\"name\":\"Chaima gharbi\",\"email\":null,\"address\":\"\\u0633\\u0628\\u0627\\u0644\\u0629 \\u0628\\u0646 \\u0639\\u0645\\u0627\\u0631 \\u0633\\u064a\\u062f\\u064a \\u062b\\u0627\\u0628\\u062a\",\"country\":\"Tunisia\",\"state\":\"Ariana\",\"city\":\"Sidi Thabit\",\"postal_code\":\"8000\",\"phone\":\"29433030\"}', 57.00, '2023-10-20 11:30:24', '2023-10-20 11:30:25'),
(174, 259, '{\"name\":\"Ibtihel Zehi\",\"email\":null,\"address\":\"Selina\",\"country\":\"Tunisia\",\"state\":\"Siliana\",\"city\":\"Silyanah\",\"postal_code\":\"1000\",\"phone\":\"97371799\"}', 57.00, '2023-10-30 11:04:39', '2023-10-30 11:04:39'),
(175, 261, '{\"name\":\"Linda amaimi\",\"email\":null,\"address\":\"Rue de soleil la marsa\",\"country\":\"Tunisia\",\"state\":\"Tunis\",\"city\":\"Tunis\",\"postal_code\":\"2070\",\"phone\":\"28387794\"}', 53.00, '2023-11-02 16:23:24', '2023-11-02 16:23:24'),
(176, 262, '{\"name\":\"Aziz Arfaoui\",\"email\":null,\"address\":\"Bizerte\",\"country\":\"Tunisia\",\"state\":\"Binzart\",\"city\":\"Binzart\",\"postal_code\":\"7000\",\"phone\":\"25157633\"}', 53.00, '2023-11-04 17:36:51', '2023-11-04 17:36:51'),
(177, 262, '{\"name\":\"Aziz Arfaoui\",\"email\":null,\"address\":\"Bizerte\",\"country\":\"Tunisia\",\"state\":\"Binzart\",\"city\":\"Binzart\",\"postal_code\":\"7000\",\"phone\":\"25157633\"}', 53.00, '2023-11-04 17:47:00', '2023-11-04 17:47:00'),
(178, 260, '{\"name\":\"Attia tayssir\",\"email\":null,\"address\":\"Sidi bolbaba gab\\u00e9s\",\"country\":\"Tunisia\",\"state\":\"Gabes\",\"city\":\"Gab\\u00e8s\",\"postal_code\":\"6012\",\"phone\":\"56236885\"}', 53.00, '2023-11-04 21:22:17', '2023-11-04 21:22:17'),
(179, 263, '{\"name\":\"Nabil Yahyaoui\",\"email\":null,\"address\":\"residence Ilyes bloc 12, app 73\",\"country\":\"Tunisia\",\"state\":\"Ariana\",\"city\":\"La Soukra\",\"postal_code\":\"2036\",\"phone\":\"+216 22 046 252\"}', 15.50, '2023-11-06 16:37:14', '2023-11-06 16:37:14'),
(180, 265, '{\"name\":\"Elmoncef gaaloul\",\"email\":null,\"address\":\"cite riadh\",\"country\":\"Tunisia\",\"state\":\"Sousse\",\"city\":\"Susah\",\"postal_code\":\"8000\",\"phone\":\"50823812\"}', 47.00, '2023-11-15 08:22:35', '2023-11-15 08:22:35'),
(181, 270, '{\"name\":\"zakaria\",\"email\":null,\"address\":\"lacazette grais frais TUNIS\",\"country\":\"Tunisia\",\"state\":\"Tunis\",\"city\":\"Tunis\",\"postal_code\":\"1000\",\"phone\":\"55749528\"}', 107.00, '2023-11-25 07:22:52', '2023-11-25 07:22:52'),
(182, 271, '{\"name\":\"Jasser cherif\",\"email\":null,\"address\":\"18,rue pasteur,cit\\u00e9 hidhab\",\"country\":\"Tunisia\",\"state\":\"Ben Arous\",\"city\":\"Fouchana\",\"postal_code\":\"2080\",\"phone\":\"29591577\"}', 53.00, '2023-11-26 23:25:59', '2023-11-26 23:25:59'),
(183, 208, '{\"name\":\"Sammy Ben Abdallah\",\"email\":null,\"address\":\"Souk lahed pr\\u00e8s de station de louage\",\"country\":\"Tunisia\",\"state\":\"Sousse\",\"city\":\"Susah\",\"postal_code\":\"3000\",\"phone\":\"54923933\"}', 573.00, '2023-11-27 19:15:06', '2023-11-27 19:15:06');

-- --------------------------------------------------------

--
-- Structure de la table `commission_histories`
--

CREATE TABLE `commission_histories` (
  `id` int NOT NULL,
  `order_id` int NOT NULL,
  `order_detail_id` int NOT NULL,
  `seller_id` int NOT NULL,
  `admin_commission` double(25,2) NOT NULL,
  `seller_earning` double(25,2) NOT NULL,
  `created_at` timestamp NOT NULL DEFAULT CURRENT_TIMESTAMP,
  `updated_at` timestamp NOT NULL DEFAULT CURRENT_TIMESTAMP
) ENGINE=InnoDB DEFAULT CHARSET=utf8mb3 COLLATE=utf8mb3_unicode_ci;

--
-- Déchargement des données de la table `commission_histories`
--

INSERT INTO `commission_histories` (`id`, `order_id`, `order_detail_id`, `seller_id`, `admin_commission`, `seller_earning`, `created_at`, `updated_at`) VALUES
(1, 3, 4, 12, 0.00, 32.00, '2022-09-12 19:27:52', '2022-09-12 19:27:52'),
(2, 8, 15, 12, 0.00, 4.09, '2022-09-29 21:23:13', '2022-09-29 21:23:13'),
(3, 8, 16, 12, 0.00, 12.89, '2022-09-29 21:23:13', '2022-09-29 21:23:13'),
(4, 6, 7, 12, 0.00, 7.20, '2022-09-29 21:23:28', '2022-09-29 21:23:28'),
(5, 12, 20, 26, 18.00, 162.00, '2022-10-28 12:19:27', '2022-10-28 12:19:27'),
(6, 13, 21, 26, 3.00, 27.00, '2022-10-29 16:44:27', '2022-10-29 16:44:27'),
(7, 13, 22, 26, 3.00, 27.00, '2022-10-29 16:44:27', '2022-10-29 16:44:27'),
(8, 15, 24, 26, 0.00, 16.00, '2022-11-02 16:22:42', '2022-11-02 16:22:42'),
(9, 15, 25, 26, 0.00, 20.00, '2022-11-02 16:22:42', '2022-11-02 16:22:42'),
(10, 15, 26, 26, 0.00, 13.00, '2022-11-02 16:22:42', '2022-11-02 16:22:42'),
(11, 21, 32, 17, 0.00, 55.00, '2022-11-16 09:08:48', '2022-11-16 09:08:48'),
(12, 23, 34, 33, 0.00, 40.00, '2022-11-16 22:10:34', '2022-11-16 22:10:34'),
(13, 22, 33, 33, 0.00, 27.00, '2022-11-16 22:10:45', '2022-11-16 22:10:45'),
(14, 20, 31, 23, 0.00, 10.40, '2022-11-19 22:12:53', '2022-11-19 22:12:53'),
(15, 26, 37, 17, 0.00, 55.00, '2022-11-22 02:49:08', '2022-11-22 02:49:08'),
(16, 29, 40, 17, 0.00, 55.00, '2022-11-24 19:26:30', '2022-11-24 19:26:30'),
(17, 30, 41, 17, 0.00, 55.00, '2022-12-07 11:54:26', '2022-12-07 11:54:26'),
(18, 28, 39, 17, 0.00, 55.00, '2022-12-07 23:21:42', '2022-12-07 23:21:42'),
(19, 27, 38, 17, 0.00, 55.00, '2022-12-07 23:22:02', '2022-12-07 23:22:02'),
(20, 33, 44, 17, 0.00, 55.00, '2022-12-13 15:11:16', '2022-12-13 15:11:16'),
(21, 75, 82, 26, 0.00, 32.50, '2023-01-20 19:15:18', '2023-01-20 19:15:18'),
(22, 77, 84, 26, 0.00, 180.00, '2023-01-23 16:26:32', '2023-01-23 16:26:32'),
(23, 77, 85, 26, 0.00, 360.00, '2023-01-23 16:26:32', '2023-01-23 16:26:32'),
(24, 77, 86, 26, 0.00, 100.00, '2023-01-23 16:26:32', '2023-01-23 16:26:32'),
(25, 77, 87, 26, 0.00, 30.00, '2023-01-23 16:26:32', '2023-01-23 16:26:32'),
(26, 77, 88, 26, 0.00, 60.00, '2023-01-23 16:26:32', '2023-01-23 16:26:32'),
(27, 80, 91, 26, 0.00, 6.50, '2023-02-09 22:08:34', '2023-02-09 22:08:34'),
(28, 84, 96, 16, 0.00, 30.00, '2023-02-27 21:33:09', '2023-02-27 21:33:09'),
(29, 82, 93, 26, 0.00, 15.00, '2023-03-08 20:22:37', '2023-03-08 20:22:37'),
(30, 82, 94, 26, 0.00, 2.00, '2023-03-08 20:22:37', '2023-03-08 20:22:37'),
(31, 85, 97, 102, 0.00, 31.50, '2023-03-20 08:55:15', '2023-03-20 08:55:15'),
(32, 86, 98, 102, 0.00, 20.00, '2023-03-20 08:55:42', '2023-03-20 08:55:42'),
(33, 89, 101, 26, 0.00, 30.00, '2023-03-21 18:17:55', '2023-03-21 18:17:55'),
(34, 96, 108, 26, 0.00, 90.00, '2023-04-09 23:19:14', '2023-04-09 23:19:14'),
(35, 95, 107, 91, 0.00, 15.00, '2023-04-14 13:46:49', '2023-04-14 13:46:49'),
(36, 93, 105, 91, 0.00, 55.00, '2023-04-15 13:28:40', '2023-04-15 13:28:40'),
(37, 100, 112, 102, 0.00, 31.50, '2023-05-01 09:52:16', '2023-05-01 09:52:16'),
(38, 106, 119, 26, 0.00, 20.00, '2023-05-11 07:06:43', '2023-05-11 07:06:43'),
(39, 103, 115, 87, 0.00, 30.00, '2023-05-11 07:07:24', '2023-05-11 07:07:24'),
(40, 19, 30, 26, 0.00, 24.00, '2023-05-11 20:38:52', '2023-05-11 20:38:52'),
(41, 102, 114, 102, 0.00, 30.00, '2023-05-12 07:12:14', '2023-05-12 07:12:14'),
(42, 101, 113, 102, 0.00, 15.00, '2023-05-12 07:12:36', '2023-05-12 07:12:36'),
(43, 117, 133, 102, 0.00, 42.00, '2023-05-16 11:44:32', '2023-05-16 11:44:32'),
(44, 113, 127, 26, 0.00, 160.00, '2023-05-16 16:37:22', '2023-05-16 16:37:22'),
(45, 113, 128, 26, 0.00, 90.00, '2023-05-16 16:37:22', '2023-05-16 16:37:22'),
(46, 110, 123, 87, 0.00, 60.00, '2023-05-16 16:37:42', '2023-05-16 16:37:42'),
(47, 109, 122, 26, 0.00, 40.00, '2023-05-16 16:38:13', '2023-05-16 16:38:13'),
(48, 104, 116, 26, 0.00, 15.00, '2023-05-16 16:38:33', '2023-05-16 16:38:33'),
(49, 104, 117, 26, 0.00, 95.00, '2023-05-16 16:38:33', '2023-05-16 16:38:33'),
(50, 118, 134, 26, 0.00, 32.00, '2023-05-17 13:21:22', '2023-05-17 13:21:22'),
(51, 121, 140, 26, 0.00, 10.00, '2023-05-18 12:12:47', '2023-05-18 12:12:47'),
(52, 121, 141, 26, 0.00, 10.00, '2023-05-18 12:12:47', '2023-05-18 12:12:47'),
(53, 121, 142, 26, 0.00, 16.00, '2023-05-18 12:12:47', '2023-05-18 12:12:47'),
(54, 121, 143, 26, 0.00, 4.00, '2023-05-18 12:12:47', '2023-05-18 12:12:47'),
(55, 121, 144, 26, 0.00, 35.00, '2023-05-18 12:12:47', '2023-05-18 12:12:47'),
(56, 125, 149, 26, 0.00, 35.00, '2023-05-20 23:10:11', '2023-05-20 23:10:11'),
(57, 125, 150, 26, 0.00, 5.00, '2023-05-20 23:10:12', '2023-05-20 23:10:12'),
(58, 123, 146, 87, 0.00, 12.00, '2023-05-20 23:10:41', '2023-05-20 23:10:41'),
(59, 124, 147, 26, 0.00, 10.00, '2023-05-20 23:11:11', '2023-05-20 23:11:11'),
(60, 124, 148, 26, 0.00, 35.00, '2023-05-20 23:11:11', '2023-05-20 23:11:11'),
(61, 116, 132, 17, 0.00, 55.00, '2023-05-20 23:12:05', '2023-05-20 23:12:05'),
(62, 115, 131, 26, 0.00, 95.00, '2023-05-20 23:12:33', '2023-05-20 23:12:33'),
(63, 114, 129, 26, 0.00, 13.00, '2023-05-20 23:12:59', '2023-05-20 23:12:59'),
(64, 114, 130, 26, 0.00, 3.00, '2023-05-20 23:12:59', '2023-05-20 23:12:59'),
(65, 111, 124, 26, 0.00, 190.00, '2023-05-20 23:13:37', '2023-05-20 23:13:37'),
(66, 111, 125, 26, 0.00, 190.00, '2023-05-20 23:13:37', '2023-05-20 23:13:37'),
(67, 129, 154, 26, 0.00, 97.00, '2023-05-27 13:22:00', '2023-05-27 13:22:00'),
(68, 129, 155, 26, 0.00, 99.00, '2023-05-27 13:22:00', '2023-05-27 13:22:00'),
(69, 129, 156, 26, 0.00, 99.00, '2023-05-27 13:22:00', '2023-05-27 13:22:00'),
(70, 129, 157, 26, 0.00, 95.00, '2023-05-27 13:22:00', '2023-05-27 13:22:00'),
(71, 127, 152, 87, 0.00, 12.00, '2023-05-27 13:22:35', '2023-05-27 13:22:35'),
(72, 126, 151, 26, 0.00, 15.00, '2023-05-27 13:22:55', '2023-05-27 13:22:55'),
(73, 120, 137, 26, 0.00, 97.00, '2023-05-27 13:23:11', '2023-05-27 13:23:11'),
(74, 120, 138, 26, 0.00, 97.00, '2023-05-27 13:23:12', '2023-05-27 13:23:12'),
(75, 120, 139, 26, 0.00, 210.00, '2023-05-27 13:23:12', '2023-05-27 13:23:12'),
(76, 119, 135, 26, 0.00, 95.00, '2023-05-27 13:23:29', '2023-05-27 13:23:29'),
(77, 119, 136, 26, 0.00, 90.00, '2023-05-27 13:23:29', '2023-05-27 13:23:29'),
(78, 112, 126, 26, 0.00, 35.00, '2023-05-27 13:23:44', '2023-05-27 13:23:44'),
(79, 130, 158, 26, 9.90, 89.10, '2023-06-02 20:36:38', '2023-06-02 20:36:38'),
(80, 137, 166, 26, 9.90, 89.10, '2023-06-06 12:56:32', '2023-06-06 12:56:32'),
(81, 136, 164, 26, 3.70, 33.30, '2023-06-06 12:56:53', '2023-06-06 12:56:53'),
(82, 136, 165, 26, 0.90, 8.10, '2023-06-06 12:56:53', '2023-06-06 12:56:53'),
(83, 138, 167, 102, 4.20, 37.80, '2023-06-06 19:17:24', '2023-06-06 19:17:24'),
(84, 141, 170, 26, 9.70, 87.30, '2023-06-13 22:21:11', '2023-06-13 22:21:11'),
(85, 140, 169, 102, 3.00, 27.00, '2023-06-13 22:21:28', '2023-06-13 22:21:28'),
(86, 144, 173, 26, 9.70, 87.30, '2023-06-14 17:30:23', '2023-06-14 17:30:23'),
(87, 145, 174, 26, 8.00, 72.00, '2023-06-15 11:17:15', '2023-06-15 11:17:15'),
(88, 143, 172, 26, 8.00, 72.00, '2023-06-20 10:37:21', '2023-06-20 10:37:21'),
(89, 157, 188, 102, 5.20, 46.80, '2023-07-11 10:37:24', '2023-07-11 10:37:24'),
(90, 152, 181, 26, 0.70, 6.30, '2023-07-12 14:39:42', '2023-07-12 14:39:42'),
(91, 152, 182, 26, 0.90, 8.10, '2023-07-12 14:39:42', '2023-07-12 14:39:42'),
(92, 152, 183, 26, 0.90, 8.10, '2023-07-12 14:39:42', '2023-07-12 14:39:42'),
(93, 156, 187, 102, 19.50, 175.50, '2023-07-18 23:20:45', '2023-07-18 23:20:45'),
(94, 161, 192, 26, 1.60, 14.40, '2023-07-24 13:22:04', '2023-07-24 13:22:04'),
(95, 161, 193, 26, 0.30, 2.70, '2023-07-24 13:22:04', '2023-07-24 13:22:04'),
(96, 161, 194, 26, 1.50, 13.50, '2023-07-24 13:22:04', '2023-07-24 13:22:04'),
(97, 155, 186, 180, 24.90, 224.10, '2023-07-24 13:22:17', '2023-07-24 13:22:17'),
(98, 164, 197, 187, 1.05, 9.45, '2023-07-30 14:03:59', '2023-07-30 14:03:59'),
(99, 164, 198, 187, 0.85, 7.65, '2023-07-30 14:03:59', '2023-07-30 14:03:59'),
(100, 168, 202, 16, 7.00, 63.00, '2023-08-10 03:29:15', '2023-08-10 03:29:15'),
(101, 171, 205, 26, 0.70, 6.30, '2023-08-10 14:32:42', '2023-08-10 14:32:42'),
(102, 171, 206, 26, 1.50, 13.50, '2023-08-10 14:32:42', '2023-08-10 14:32:42'),
(103, 169, 203, 26, 80.00, 720.00, '2023-08-11 12:19:11', '2023-08-11 12:19:11'),
(104, 172, 207, 87, 3.00, 27.00, '2023-08-16 17:58:23', '2023-08-16 17:58:23'),
(105, 173, 208, 26, 1.20, 10.80, '2023-08-16 17:58:38', '2023-08-16 17:58:38'),
(106, 173, 209, 26, 0.60, 5.40, '2023-08-16 17:58:38', '2023-08-16 17:58:38'),
(107, 174, 210, 26, 6.00, 54.00, '2023-08-16 17:59:46', '2023-08-16 17:59:46'),
(108, 174, 211, 26, 3.90, 35.10, '2023-08-16 17:59:46', '2023-08-16 17:59:46'),
(109, 165, 199, 87, 3.00, 27.00, '2023-08-16 18:00:18', '2023-08-16 18:00:18'),
(110, 175, 212, 26, 8.00, 72.00, '2023-08-17 12:21:32', '2023-08-17 12:21:32'),
(111, 175, 213, 26, 7.50, 67.50, '2023-08-17 12:21:32', '2023-08-17 12:21:32'),
(112, 177, 215, 26, 9.90, 89.10, '2023-08-18 14:00:46', '2023-08-18 14:00:46'),
(113, 176, 214, 87, 1.50, 13.50, '2023-08-18 14:00:56', '2023-08-18 14:00:56'),
(114, 179, 217, 26, 3.70, 33.30, '2023-08-21 14:37:10', '2023-08-21 14:37:10'),
(115, 180, 218, 187, 1.10, 9.88, '2023-08-26 12:11:38', '2023-08-26 12:11:38'),
(116, 182, 221, 180, 88.00, 792.00, '2023-09-21 09:06:44', '2023-09-21 09:06:44'),
(117, 181, 219, 26, 2.75, 24.75, '2023-09-21 09:07:01', '2023-09-21 09:07:01'),
(118, 181, 220, 26, 4.50, 40.50, '2023-09-21 09:07:01', '2023-09-21 09:07:01'),
(119, 183, 222, 26, 3.00, 27.00, '2023-10-15 11:44:22', '2023-10-15 11:44:22'),
(120, 183, 223, 26, 0.10, 0.90, '2023-10-15 11:44:22', '2023-10-15 11:44:22'),
(121, 184, 224, 26, 14.00, 126.00, '2023-10-15 11:44:34', '2023-10-15 11:44:34'),
(122, 184, 225, 26, 16.00, 144.00, '2023-10-15 11:44:34', '2023-10-15 11:44:34'),
(123, 184, 226, 26, 19.50, 175.50, '2023-10-15 11:44:34', '2023-10-15 11:44:34'),
(124, 184, 227, 26, 19.50, 175.50, '2023-10-15 11:44:34', '2023-10-15 11:44:34'),
(125, 184, 228, 26, 19.50, 175.50, '2023-10-15 11:44:34', '2023-10-15 11:44:34'),
(126, 186, 230, 91, 4.90, 44.10, '2023-10-23 11:50:24', '2023-10-23 11:50:24'),
(127, 188, 232, 91, 4.90, 44.10, '2023-10-23 11:50:38', '2023-10-23 11:50:38'),
(128, 187, 231, 91, 4.90, 44.10, '2023-11-05 07:17:59', '2023-11-05 07:17:59'),
(129, 189, 233, 91, 4.90, 44.10, '2023-11-10 07:41:34', '2023-11-10 07:41:34'),
(130, 190, 234, 91, 4.50, 40.50, '2023-11-10 07:41:47', '2023-11-10 07:41:47'),
(131, 191, 235, 91, 4.50, 40.50, '2023-11-10 07:42:01', '2023-11-10 07:42:01'),
(132, 192, 236, 91, 4.50, 40.50, '2023-11-10 07:42:19', '2023-11-10 07:42:19'),
(133, 195, 239, 102, 3.90, 35.10, '2023-11-18 19:50:45', '2023-11-18 19:50:45');

-- --------------------------------------------------------

--
-- Structure de la table `conversations`
--

CREATE TABLE `conversations` (
  `id` int NOT NULL,
  `sender_id` int NOT NULL,
  `receiver_id` int NOT NULL,
  `title` varchar(1000) CHARACTER SET utf8mb3 COLLATE utf8mb3_unicode_ci DEFAULT NULL,
  `sender_viewed` int NOT NULL DEFAULT '1',
  `receiver_viewed` int NOT NULL DEFAULT '0',
  `created_at` timestamp NOT NULL DEFAULT CURRENT_TIMESTAMP,
  `updated_at` timestamp NOT NULL DEFAULT CURRENT_TIMESTAMP
) ENGINE=InnoDB DEFAULT CHARSET=utf8mb3 COLLATE=utf8mb3_unicode_ci;

--
-- Déchargement des données de la table `conversations`
--

INSERT INTO `conversations` (`id`, `sender_id`, `receiver_id`, `title`, `sender_viewed`, `receiver_viewed`, `created_at`, `updated_at`) VALUES
(1, 9, 9, 'Film Ceramics 100D pour: A80 A90 A905 X27PRO REDMINOTE9PRO', 1, 0, '2022-09-11 13:40:37', '2022-09-11 13:40:37'),
(2, 9, 12, 'Spot LED Panel 3w - 18w', 1, 0, '2022-09-12 19:15:31', '2022-09-12 19:15:31'),
(3, 21, 17, 'Coque rigide Pubg avec ring pour HUAWEI Y6 PRime 2019', 1, 1, '2022-10-13 18:14:32', '2022-10-16 23:47:37');

-- --------------------------------------------------------

--
-- Structure de la table `countries`
--

CREATE TABLE `countries` (
  `id` int NOT NULL,
  `code` varchar(2) CHARACTER SET utf8mb3 COLLATE utf8mb3_unicode_ci NOT NULL DEFAULT '',
  `name` varchar(100) CHARACTER SET utf8mb3 COLLATE utf8mb3_unicode_ci NOT NULL DEFAULT '',
  `zone_id` int NOT NULL DEFAULT '0',
  `status` int NOT NULL DEFAULT '1',
  `created_at` timestamp NULL DEFAULT CURRENT_TIMESTAMP,
  `updated_at` timestamp NULL DEFAULT NULL,
  `deleted_at` timestamp NULL DEFAULT NULL
) ENGINE=MyISAM DEFAULT CHARSET=utf8mb3 COLLATE=utf8mb3_unicode_ci;

--
-- Déchargement des données de la table `countries`
--

INSERT INTO `countries` (`id`, `code`, `name`, `zone_id`, `status`, `created_at`, `updated_at`, `deleted_at`) VALUES
(1, 'AF', 'Afghanistan', 0, 0, '2021-04-06 01:06:30', '2021-10-11 00:34:13', NULL),
(2, 'AL', 'Albania', 0, 0, '2021-04-06 01:06:30', NULL, NULL),
(3, 'DZ', 'Algeria', 0, 0, '2021-04-06 01:06:30', NULL, NULL),
(4, 'AS', 'American Samoa', 0, 0, '2021-04-06 01:06:30', NULL, NULL),
(5, 'AD', 'Andorra', 0, 0, '2021-04-06 01:06:30', NULL, NULL),
(6, 'AO', 'Angola', 0, 0, '2021-04-06 01:06:30', NULL, NULL),
(7, 'AI', 'Anguilla', 0, 0, '2021-04-06 01:06:30', NULL, NULL),
(8, 'AQ', 'Antarctica', 0, 0, '2021-04-06 01:06:30', NULL, NULL),
(9, 'AG', 'Antigua And Barbuda', 0, 0, '2021-04-06 01:06:30', NULL, NULL),
(10, 'AR', 'Argentina', 0, 0, '2021-04-06 01:06:30', NULL, NULL),
(11, 'AM', 'Armenia', 0, 0, '2021-04-06 01:06:30', NULL, NULL),
(12, 'AW', 'Aruba', 0, 0, '2021-04-06 01:06:30', NULL, NULL),
(13, 'AU', 'Australia', 0, 0, '2021-04-06 01:06:30', NULL, NULL),
(14, 'AT', 'Austria', 0, 0, '2021-04-06 01:06:30', NULL, NULL),
(15, 'AZ', 'Azerbaijan', 0, 0, '2021-04-06 01:06:30', NULL, NULL),
(16, 'BS', 'Bahamas The', 0, 0, '2021-04-06 01:06:30', NULL, NULL),
(17, 'BH', 'Bahrain', 0, 0, '2021-04-06 01:06:30', NULL, NULL),
(18, 'BD', 'Bangladesh', 0, 0, '2021-04-06 01:06:30', NULL, NULL),
(19, 'BB', 'Barbados', 0, 0, '2021-04-06 01:06:30', NULL, NULL),
(20, 'BY', 'Belarus', 0, 0, '2021-04-06 01:06:30', NULL, NULL),
(21, 'BE', 'Belgium', 0, 0, '2021-04-06 01:06:30', NULL, NULL),
(22, 'BZ', 'Belize', 0, 0, '2021-04-06 01:06:30', NULL, NULL),
(23, 'BJ', 'Benin', 0, 0, '2021-04-06 01:06:30', NULL, NULL),
(24, 'BM', 'Bermuda', 0, 0, '2021-04-06 01:06:30', NULL, NULL),
(25, 'BT', 'Bhutan', 0, 0, '2021-04-06 01:06:30', NULL, NULL),
(26, 'BO', 'Bolivia', 0, 0, '2021-04-06 01:06:30', NULL, NULL),
(27, 'BA', 'Bosnia and Herzegovina', 0, 0, '2021-04-06 01:06:30', NULL, NULL),
(28, 'BW', 'Botswana', 0, 0, '2021-04-06 01:06:30', NULL, NULL),
(29, 'BV', 'Bouvet Island', 0, 0, '2021-04-06 01:06:30', NULL, NULL),
(30, 'BR', 'Brazil', 0, 0, '2021-04-06 01:06:30', NULL, NULL),
(31, 'IO', 'British Indian Ocean Territory', 0, 0, '2021-04-06 01:06:30', NULL, NULL),
(32, 'BN', 'Brunei', 0, 0, '2021-04-06 01:06:30', NULL, NULL),
(33, 'BG', 'Bulgaria', 0, 0, '2021-04-06 01:06:30', NULL, NULL),
(34, 'BF', 'Burkina Faso', 0, 0, '2021-04-06 01:06:30', NULL, NULL),
(35, 'BI', 'Burundi', 0, 0, '2021-04-06 01:06:30', NULL, NULL),
(36, 'KH', 'Cambodia', 0, 0, '2021-04-06 01:06:30', NULL, NULL),
(37, 'CM', 'Cameroon', 0, 0, '2021-04-06 01:06:30', NULL, NULL),
(38, 'CA', 'Canada', 0, 0, '2021-04-06 01:06:30', NULL, NULL),
(39, 'CV', 'Cape Verde', 0, 0, '2021-04-06 01:06:30', NULL, NULL),
(40, 'KY', 'Cayman Islands', 0, 0, '2021-04-06 01:06:30', NULL, NULL),
(41, 'CF', 'Central African Republic', 0, 0, '2021-04-06 01:06:30', NULL, NULL),
(42, 'TD', 'Chad', 0, 0, '2021-04-06 01:06:30', NULL, NULL),
(43, 'CL', 'Chile', 0, 0, '2021-04-06 01:06:30', NULL, NULL),
(44, 'CN', 'China', 0, 0, '2021-04-06 01:06:30', NULL, NULL),
(45, 'CX', 'Christmas Island', 0, 0, '2021-04-06 01:06:30', NULL, NULL),
(46, 'CC', 'Cocos (Keeling) Islands', 0, 0, '2021-04-06 01:06:30', NULL, NULL),
(47, 'CO', 'Colombia', 0, 0, '2021-04-06 01:06:30', NULL, NULL),
(48, 'KM', 'Comoros', 0, 0, '2021-04-06 01:06:30', NULL, NULL),
(49, 'CG', 'Republic Of The Congo', 0, 0, '2021-04-06 01:06:30', NULL, NULL),
(50, 'CD', 'Democratic Republic Of The Congo', 0, 0, '2021-04-06 01:06:30', NULL, NULL),
(51, 'CK', 'Cook Islands', 0, 0, '2021-04-06 01:06:30', NULL, NULL),
(52, 'CR', 'Costa Rica', 0, 0, '2021-04-06 01:06:30', NULL, NULL),
(53, 'CI', 'Cote D\'Ivoire (Ivory Coast)', 0, 0, '2021-04-06 01:06:30', NULL, NULL),
(54, 'HR', 'Croatia (Hrvatska)', 0, 0, '2021-04-06 01:06:30', NULL, NULL),
(55, 'CU', 'Cuba', 0, 0, '2021-04-06 01:06:30', NULL, NULL),
(56, 'CY', 'Cyprus', 0, 0, '2021-04-06 01:06:30', NULL, NULL),
(57, 'CZ', 'Czech Republic', 0, 0, '2021-04-06 01:06:30', NULL, NULL),
(58, 'DK', 'Denmark', 0, 0, '2021-04-06 01:06:30', NULL, NULL),
(59, 'DJ', 'Djibouti', 0, 0, '2021-04-06 01:06:30', NULL, NULL),
(60, 'DM', 'Dominica', 0, 0, '2021-04-06 01:06:30', NULL, NULL),
(61, 'DO', 'Dominican Republic', 0, 0, '2021-04-06 01:06:30', NULL, NULL),
(62, 'TP', 'East Timor', 0, 0, '2021-04-06 01:06:30', NULL, NULL),
(63, 'EC', 'Ecuador', 0, 0, '2021-04-06 01:06:30', NULL, NULL),
(64, 'EG', 'Egypt', 0, 0, '2021-04-06 01:06:30', NULL, NULL),
(65, 'SV', 'El Salvador', 0, 0, '2021-04-06 01:06:30', NULL, NULL),
(66, 'GQ', 'Equatorial Guinea', 0, 0, '2021-04-06 01:06:30', NULL, NULL),
(67, 'ER', 'Eritrea', 0, 0, '2021-04-06 01:06:30', NULL, NULL),
(68, 'EE', 'Estonia', 0, 0, '2021-04-06 01:06:30', NULL, NULL),
(69, 'ET', 'Ethiopia', 0, 0, '2021-04-06 01:06:30', NULL, NULL),
(70, 'XA', 'External Territories of Australia', 0, 0, '2021-04-06 01:06:30', NULL, NULL),
(71, 'FK', 'Falkland Islands', 0, 0, '2021-04-06 01:06:30', NULL, NULL),
(72, 'FO', 'Faroe Islands', 0, 0, '2021-04-06 01:06:30', NULL, NULL),
(73, 'FJ', 'Fiji Islands', 0, 0, '2021-04-06 01:06:30', NULL, NULL),
(74, 'FI', 'Finland', 0, 0, '2021-04-06 01:06:30', NULL, NULL),
(75, 'FR', 'France', 0, 0, '2021-04-06 01:06:30', NULL, NULL),
(76, 'GF', 'French Guiana', 0, 0, '2021-04-06 01:06:30', NULL, NULL),
(77, 'PF', 'French Polynesia', 0, 0, '2021-04-06 01:06:30', NULL, NULL),
(78, 'TF', 'French Southern Territories', 0, 0, '2021-04-06 01:06:30', NULL, NULL),
(79, 'GA', 'Gabon', 0, 0, '2021-04-06 01:06:30', NULL, NULL),
(80, 'GM', 'Gambia The', 0, 0, '2021-04-06 01:06:30', NULL, NULL),
(81, 'GE', 'Georgia', 0, 0, '2021-04-06 01:06:30', NULL, NULL),
(82, 'DE', 'Germany', 0, 0, '2021-04-06 01:06:30', NULL, NULL),
(83, 'GH', 'Ghana', 0, 0, '2021-04-06 01:06:30', NULL, NULL),
(84, 'GI', 'Gibraltar', 0, 0, '2021-04-06 01:06:30', NULL, NULL),
(85, 'GR', 'Greece', 0, 0, '2021-04-06 01:06:30', NULL, NULL),
(86, 'GL', 'Greenland', 0, 0, '2021-04-06 01:06:30', NULL, NULL),
(87, 'GD', 'Grenada', 0, 0, '2021-04-06 01:06:30', NULL, NULL),
(88, 'GP', 'Guadeloupe', 0, 0, '2021-04-06 01:06:30', NULL, NULL),
(89, 'GU', 'Guam', 0, 0, '2021-04-06 01:06:30', NULL, NULL),
(90, 'GT', 'Guatemala', 0, 0, '2021-04-06 01:06:30', NULL, NULL),
(91, 'XU', 'Guernsey and Alderney', 0, 0, '2021-04-06 01:06:30', NULL, NULL),
(92, 'GN', 'Guinea', 0, 0, '2021-04-06 01:06:30', NULL, NULL),
(93, 'GW', 'Guinea-Bissau', 0, 0, '2021-04-06 01:06:30', NULL, NULL),
(94, 'GY', 'Guyana', 0, 0, '2021-04-06 01:06:30', NULL, NULL),
(95, 'HT', 'Haiti', 0, 0, '2021-04-06 01:06:30', NULL, NULL),
(96, 'HM', 'Heard and McDonald Islands', 0, 0, '2021-04-06 01:06:30', NULL, NULL),
(97, 'HN', 'Honduras', 0, 0, '2021-04-06 01:06:30', NULL, NULL),
(98, 'HK', 'Hong Kong S.A.R.', 0, 0, '2021-04-06 01:06:30', NULL, NULL),
(99, 'HU', 'Hungary', 0, 0, '2021-04-06 01:06:30', NULL, NULL),
(100, 'IS', 'Iceland', 0, 0, '2021-04-06 01:06:30', NULL, NULL),
(101, 'IN', 'India', 0, 0, '2021-04-06 01:06:30', NULL, NULL),
(102, 'ID', 'Indonesia', 0, 0, '2021-04-06 01:06:30', NULL, NULL),
(103, 'IR', 'Iran', 0, 0, '2021-04-06 01:06:30', NULL, NULL),
(104, 'IQ', 'Iraq', 0, 0, '2021-04-06 01:06:30', NULL, NULL),
(105, 'IE', 'Ireland', 0, 0, '2021-04-06 01:06:30', NULL, NULL),
(106, 'IL', 'Israel', 0, 0, '2021-04-06 01:06:30', NULL, NULL),
(107, 'IT', 'Italy', 0, 0, '2021-04-06 01:06:30', NULL, NULL),
(108, 'JM', 'Jamaica', 0, 0, '2021-04-06 01:06:30', NULL, NULL),
(109, 'JP', 'Japan', 0, 0, '2021-04-06 01:06:30', NULL, NULL),
(110, 'XJ', 'Jersey', 0, 0, '2021-04-06 01:06:30', NULL, NULL),
(111, 'JO', 'Jordan', 0, 0, '2021-04-06 01:06:30', NULL, NULL),
(112, 'KZ', 'Kazakhstan', 0, 0, '2021-04-06 01:06:30', NULL, NULL),
(113, 'KE', 'Kenya', 0, 0, '2021-04-06 01:06:30', NULL, NULL),
(114, 'KI', 'Kiribati', 0, 0, '2021-04-06 01:06:30', NULL, NULL),
(115, 'KP', 'Korea North', 0, 0, '2021-04-06 01:06:30', NULL, NULL),
(116, 'KR', 'Korea South', 0, 0, '2021-04-06 01:06:30', NULL, NULL),
(117, 'KW', 'Kuwait', 0, 0, '2021-04-06 01:06:30', NULL, NULL),
(118, 'KG', 'Kyrgyzstan', 0, 0, '2021-04-06 01:06:30', NULL, NULL),
(119, 'LA', 'Laos', 0, 0, '2021-04-06 01:06:30', NULL, NULL),
(120, 'LV', 'Latvia', 0, 0, '2021-04-06 01:06:30', NULL, NULL),
(121, 'LB', 'Lebanon', 0, 0, '2021-04-06 01:06:30', NULL, NULL),
(122, 'LS', 'Lesotho', 0, 0, '2021-04-06 01:06:30', NULL, NULL),
(123, 'LR', 'Liberia', 0, 0, '2021-04-06 01:06:30', NULL, NULL),
(124, 'LY', 'Libya', 0, 0, '2021-04-06 01:06:30', NULL, NULL),
(125, 'LI', 'Liechtenstein', 0, 0, '2021-04-06 01:06:30', NULL, NULL),
(126, 'LT', 'Lithuania', 0, 0, '2021-04-06 01:06:30', NULL, NULL),
(127, 'LU', 'Luxembourg', 0, 0, '2021-04-06 01:06:30', NULL, NULL),
(128, 'MO', 'Macau S.A.R.', 0, 0, '2021-04-06 01:06:30', NULL, NULL),
(129, 'MK', 'Macedonia', 0, 0, '2021-04-06 01:06:30', NULL, NULL),
(130, 'MG', 'Madagascar', 0, 0, '2021-04-06 01:06:30', NULL, NULL),
(131, 'MW', 'Malawi', 0, 0, '2021-04-06 01:06:30', NULL, NULL),
(132, 'MY', 'Malaysia', 0, 0, '2021-04-06 01:06:30', NULL, NULL),
(133, 'MV', 'Maldives', 0, 0, '2021-04-06 01:06:30', NULL, NULL),
(134, 'ML', 'Mali', 0, 0, '2021-04-06 01:06:30', NULL, NULL),
(135, 'MT', 'Malta', 0, 0, '2021-04-06 01:06:30', NULL, NULL),
(136, 'XM', 'Man (Isle of)', 0, 0, '2021-04-06 01:06:30', NULL, NULL),
(137, 'MH', 'Marshall Islands', 0, 0, '2021-04-06 01:06:30', NULL, NULL),
(138, 'MQ', 'Martinique', 0, 0, '2021-04-06 01:06:30', NULL, NULL),
(139, 'MR', 'Mauritania', 0, 0, '2021-04-06 01:06:30', NULL, NULL),
(140, 'MU', 'Mauritius', 0, 0, '2021-04-06 01:06:30', NULL, NULL),
(141, 'YT', 'Mayotte', 0, 0, '2021-04-06 01:06:30', NULL, NULL),
(142, 'MX', 'Mexico', 0, 0, '2021-04-06 01:06:30', NULL, NULL),
(143, 'FM', 'Micronesia', 0, 0, '2021-04-06 01:06:30', NULL, NULL),
(144, 'MD', 'Moldova', 0, 0, '2021-04-06 01:06:30', NULL, NULL),
(145, 'MC', 'Monaco', 0, 0, '2021-04-06 01:06:30', NULL, NULL),
(146, 'MN', 'Mongolia', 0, 0, '2021-04-06 01:06:30', NULL, NULL),
(147, 'MS', 'Montserrat', 0, 0, '2021-04-06 01:06:30', NULL, NULL),
(148, 'MA', 'Morocco', 0, 0, '2021-04-06 01:06:30', NULL, NULL),
(149, 'MZ', 'Mozambique', 0, 0, '2021-04-06 01:06:30', NULL, NULL),
(150, 'MM', 'Myanmar', 0, 0, '2021-04-06 01:06:30', NULL, NULL),
(151, 'NA', 'Namibia', 0, 0, '2021-04-06 01:06:30', NULL, NULL),
(152, 'NR', 'Nauru', 0, 0, '2021-04-06 01:06:30', NULL, NULL),
(153, 'NP', 'Nepal', 0, 0, '2021-04-06 01:06:30', NULL, NULL),
(154, 'AN', 'Netherlands Antilles', 0, 0, '2021-04-06 01:06:30', NULL, NULL),
(155, 'NL', 'Netherlands The', 0, 0, '2021-04-06 01:06:30', NULL, NULL),
(156, 'NC', 'New Caledonia', 0, 0, '2021-04-06 01:06:30', NULL, NULL),
(157, 'NZ', 'New Zealand', 0, 0, '2021-04-06 01:06:30', NULL, NULL),
(158, 'NI', 'Nicaragua', 0, 0, '2021-04-06 01:06:30', NULL, NULL),
(159, 'NE', 'Niger', 0, 0, '2021-04-06 01:06:30', NULL, NULL),
(160, 'NG', 'Nigeria', 0, 0, '2021-04-06 01:06:30', NULL, NULL),
(161, 'NU', 'Niue', 0, 0, '2021-04-06 01:06:30', NULL, NULL),
(162, 'NF', 'Norfolk Island', 0, 0, '2021-04-06 01:06:30', NULL, NULL),
(163, 'MP', 'Northern Mariana Islands', 0, 0, '2021-04-06 01:06:30', NULL, NULL),
(164, 'NO', 'Norway', 0, 0, '2021-04-06 01:06:30', NULL, NULL),
(165, 'OM', 'Oman', 0, 0, '2021-04-06 01:06:30', NULL, NULL),
(166, 'PK', 'Pakistan', 0, 0, '2021-04-06 01:06:30', NULL, NULL),
(167, 'PW', 'Palau', 0, 0, '2021-04-06 01:06:30', NULL, NULL),
(168, 'PS', 'Palestinian Territory Occupied', 0, 0, '2021-04-06 01:06:30', NULL, NULL),
(169, 'PA', 'Panama', 0, 0, '2021-04-06 01:06:30', NULL, NULL),
(170, 'PG', 'Papua new Guinea', 0, 0, '2021-04-06 01:06:30', NULL, NULL),
(171, 'PY', 'Paraguay', 0, 0, '2021-04-06 01:06:30', NULL, NULL),
(172, 'PE', 'Peru', 0, 0, '2021-04-06 01:06:30', NULL, NULL),
(173, 'PH', 'Philippines', 0, 0, '2021-04-06 01:06:30', NULL, NULL),
(174, 'PN', 'Pitcairn Island', 0, 0, '2021-04-06 01:06:30', NULL, NULL),
(175, 'PL', 'Poland', 0, 0, '2021-04-06 01:06:30', NULL, NULL),
(176, 'PT', 'Portugal', 0, 0, '2021-04-06 01:06:30', NULL, NULL),
(177, 'PR', 'Puerto Rico', 0, 0, '2021-04-06 01:06:30', NULL, NULL),
(178, 'QA', 'Qatar', 0, 0, '2021-04-06 01:06:30', NULL, NULL),
(179, 'RE', 'Reunion', 0, 0, '2021-04-06 01:06:30', NULL, NULL),
(180, 'RO', 'Romania', 0, 0, '2021-04-06 01:06:30', NULL, NULL),
(181, 'RU', 'Russia', 0, 0, '2021-04-06 01:06:30', NULL, NULL),
(182, 'RW', 'Rwanda', 0, 0, '2021-04-06 01:06:30', NULL, NULL),
(183, 'SH', 'Saint Helena', 0, 0, '2021-04-06 01:06:30', NULL, NULL),
(184, 'KN', 'Saint Kitts And Nevis', 0, 0, '2021-04-06 01:06:30', NULL, NULL),
(185, 'LC', 'Saint Lucia', 0, 0, '2021-04-06 01:06:30', NULL, NULL),
(186, 'PM', 'Saint Pierre and Miquelon', 0, 0, '2021-04-06 01:06:30', NULL, NULL),
(187, 'VC', 'Saint Vincent And The Grenadines', 0, 0, '2021-04-06 01:06:30', NULL, NULL),
(188, 'WS', 'Samoa', 0, 0, '2021-04-06 01:06:30', NULL, NULL),
(189, 'SM', 'San Marino', 0, 0, '2021-04-06 01:06:30', NULL, NULL),
(190, 'ST', 'Sao Tome and Principe', 0, 0, '2021-04-06 01:06:30', NULL, NULL),
(191, 'SA', 'Saudi Arabia', 0, 0, '2021-04-06 01:06:30', NULL, NULL),
(192, 'SN', 'Senegal', 0, 0, '2021-04-06 01:06:30', NULL, NULL),
(193, 'RS', 'Serbia', 0, 0, '2021-04-06 01:06:30', NULL, NULL),
(194, 'SC', 'Seychelles', 0, 0, '2021-04-06 01:06:30', NULL, NULL),
(195, 'SL', 'Sierra Leone', 0, 0, '2021-04-06 01:06:30', NULL, NULL),
(196, 'SG', 'Singapore', 0, 0, '2021-04-06 01:06:30', NULL, NULL),
(197, 'SK', 'Slovakia', 0, 0, '2021-04-06 01:06:30', NULL, NULL),
(198, 'SI', 'Slovenia', 0, 0, '2021-04-06 01:06:30', NULL, NULL),
(199, 'XG', 'Smaller Territories of the UK', 0, 0, '2021-04-06 01:06:30', NULL, NULL),
(200, 'SB', 'Solomon Islands', 0, 0, '2021-04-06 01:06:30', NULL, NULL),
(201, 'SO', 'Somalia', 0, 0, '2021-04-06 01:06:30', NULL, NULL),
(202, 'ZA', 'South Africa', 0, 0, '2021-04-06 01:06:30', NULL, NULL),
(203, 'GS', 'South Georgia', 0, 0, '2021-04-06 01:06:30', NULL, NULL),
(204, 'SS', 'South Sudan', 0, 0, '2021-04-06 01:06:30', NULL, NULL),
(205, 'ES', 'Spain', 0, 0, '2021-04-06 01:06:30', NULL, NULL),
(206, 'LK', 'Sri Lanka', 0, 0, '2021-04-06 01:06:30', NULL, NULL),
(207, 'SD', 'Sudan', 0, 0, '2021-04-06 01:06:30', NULL, NULL),
(208, 'SR', 'Suriname', 0, 0, '2021-04-06 01:06:30', NULL, NULL),
(209, 'SJ', 'Svalbard And Jan Mayen Islands', 0, 0, '2021-04-06 01:06:30', NULL, NULL),
(210, 'SZ', 'Swaziland', 0, 0, '2021-04-06 01:06:30', NULL, NULL),
(211, 'SE', 'Sweden', 0, 0, '2021-04-06 01:06:30', NULL, NULL),
(212, 'CH', 'Switzerland', 0, 0, '2021-04-06 01:06:30', NULL, NULL),
(213, 'SY', 'Syria', 0, 0, '2021-04-06 01:06:30', NULL, NULL),
(214, 'TW', 'Taiwan', 0, 0, '2021-04-06 01:06:30', NULL, NULL),
(215, 'TJ', 'Tajikistan', 0, 0, '2021-04-06 01:06:30', NULL, NULL),
(216, 'TZ', 'Tanzania', 0, 0, '2021-04-06 01:06:30', NULL, NULL),
(217, 'TH', 'Thailand', 0, 0, '2021-04-06 01:06:30', NULL, NULL),
(218, 'TG', 'Togo', 0, 0, '2021-04-06 01:06:30', NULL, NULL),
(219, 'TK', 'Tokelau', 0, 0, '2021-04-06 01:06:30', NULL, NULL),
(220, 'TO', 'Tonga', 0, 0, '2021-04-06 01:06:30', NULL, NULL),
(221, 'TT', 'Trinidad And Tobago', 0, 0, '2021-04-06 01:06:30', NULL, NULL),
(222, 'TN', 'Tunisia', 1, 1, '2021-04-06 01:06:30', '2022-09-11 12:44:49', NULL),
(223, 'TR', 'Turkey', 0, 0, '2021-04-06 01:06:30', NULL, NULL),
(224, 'TM', 'Turkmenistan', 0, 0, '2021-04-06 01:06:30', NULL, NULL),
(225, 'TC', 'Turks And Caicos Islands', 0, 0, '2021-04-06 01:06:30', NULL, NULL),
(226, 'TV', 'Tuvalu', 0, 0, '2021-04-06 01:06:30', NULL, NULL),
(227, 'UG', 'Uganda', 0, 0, '2021-04-06 01:06:30', NULL, NULL),
(228, 'UA', 'Ukraine', 0, 0, '2021-04-06 01:06:30', NULL, NULL),
(229, 'AE', 'United Arab Emirates', 0, 0, '2021-04-06 01:06:30', NULL, NULL),
(230, 'GB', 'United Kingdom', 0, 0, '2021-04-06 01:06:30', NULL, NULL),
(231, 'US', 'United States', 0, 0, '2021-04-06 01:06:30', NULL, NULL),
(232, 'UM', 'United States Minor Outlying Islands', 0, 0, '2021-04-06 01:06:30', NULL, NULL),
(233, 'UY', 'Uruguay', 0, 0, '2021-04-06 01:06:30', NULL, NULL),
(234, 'UZ', 'Uzbekistan', 0, 0, '2021-04-06 01:06:30', NULL, NULL),
(235, 'VU', 'Vanuatu', 0, 0, '2021-04-06 01:06:30', NULL, NULL),
(236, 'VA', 'Vatican City State (Holy See)', 0, 0, '2021-04-06 01:06:30', NULL, NULL),
(237, 'VE', 'Venezuela', 0, 0, '2021-04-06 01:06:30', NULL, NULL),
(238, 'VN', 'Vietnam', 0, 0, '2021-04-06 01:06:30', NULL, NULL),
(239, 'VG', 'Virgin Islands (British)', 0, 0, '2021-04-06 01:06:30', NULL, NULL),
(240, 'VI', 'Virgin Islands (US)', 0, 0, '2021-04-06 01:06:30', NULL, NULL),
(241, 'WF', 'Wallis And Futuna Islands', 0, 0, '2021-04-06 01:06:30', NULL, NULL),
(242, 'EH', 'Western Sahara', 0, 0, '2021-04-06 01:06:30', NULL, NULL),
(243, 'YE', 'Yemen', 0, 0, '2021-04-06 01:06:30', NULL, NULL),
(244, 'YU', 'Yugoslavia', 0, 0, '2021-04-06 01:06:30', NULL, NULL),
(245, 'ZM', 'Zambia', 0, 0, '2021-04-06 01:06:30', NULL, NULL),
(246, 'ZW', 'Zimbabwe', 0, 0, '2021-04-06 01:06:30', NULL, NULL);

-- --------------------------------------------------------

--
-- Structure de la table `coupons`
--

CREATE TABLE `coupons` (
  `id` int NOT NULL,
  `user_id` int NOT NULL,
  `type` varchar(255) CHARACTER SET utf8mb3 COLLATE utf8mb3_unicode_ci NOT NULL,
  `code` varchar(255) CHARACTER SET utf8mb3 COLLATE utf8mb3_unicode_ci NOT NULL,
  `details` longtext CHARACTER SET utf8mb3 COLLATE utf8mb3_unicode_ci NOT NULL,
  `discount` double(20,2) NOT NULL,
  `discount_type` varchar(100) CHARACTER SET utf8mb3 COLLATE utf8mb3_unicode_ci NOT NULL,
  `start_date` int NOT NULL,
  `end_date` int NOT NULL,
  `created_at` timestamp NOT NULL DEFAULT CURRENT_TIMESTAMP,
  `updated_at` timestamp NOT NULL DEFAULT CURRENT_TIMESTAMP
) ENGINE=InnoDB DEFAULT CHARSET=utf8mb3 COLLATE=utf8mb3_unicode_ci;

--
-- Déchargement des données de la table `coupons`
--

INSERT INTO `coupons` (`id`, `user_id`, `type`, `code`, `details`, `discount`, `discount_type`, `start_date`, `end_date`, `created_at`, `updated_at`) VALUES
(8, 26, 'cart_base', 'OFFRE SPECIAL', '{\"min_buy\":\"50\",\"max_discount\":\"25\"}', 10.00, 'amount', 1693173600, 1693173600, '2023-08-28 06:55:44', '2023-08-28 07:04:26');

-- --------------------------------------------------------

--
-- Structure de la table `coupon_usages`
--

CREATE TABLE `coupon_usages` (
  `id` int NOT NULL,
  `user_id` int NOT NULL,
  `coupon_id` int NOT NULL,
  `created_at` timestamp NOT NULL DEFAULT CURRENT_TIMESTAMP,
  `updated_at` timestamp NOT NULL DEFAULT CURRENT_TIMESTAMP
) ENGINE=InnoDB DEFAULT CHARSET=utf8mb3 COLLATE=utf8mb3_unicode_ci;

--
-- Déchargement des données de la table `coupon_usages`
--

INSERT INTO `coupon_usages` (`id`, `user_id`, `coupon_id`, `created_at`, `updated_at`) VALUES
(1, 60, 3, '2022-12-13 10:43:26', '2022-12-13 10:43:26'),
(2, 208, 8, '2023-08-28 07:04:44', '2023-08-28 07:04:44');

-- --------------------------------------------------------

--
-- Structure de la table `currencies`
--

CREATE TABLE `currencies` (
  `id` int NOT NULL,
  `name` varchar(255) CHARACTER SET utf8mb3 COLLATE utf8mb3_unicode_ci NOT NULL,
  `symbol` varchar(255) CHARACTER SET utf8mb3 COLLATE utf8mb3_unicode_ci NOT NULL,
  `exchange_rate` double(10,5) NOT NULL,
  `status` int NOT NULL DEFAULT '0',
  `code` varchar(20) CHARACTER SET utf8mb3 COLLATE utf8mb3_unicode_ci DEFAULT NULL,
  `created_at` timestamp NOT NULL DEFAULT CURRENT_TIMESTAMP,
  `updated_at` timestamp NOT NULL DEFAULT CURRENT_TIMESTAMP
) ENGINE=InnoDB DEFAULT CHARSET=utf8mb3 COLLATE=utf8mb3_unicode_ci;

--
-- Déchargement des données de la table `currencies`
--

INSERT INTO `currencies` (`id`, `name`, `symbol`, `exchange_rate`, `status`, `code`, `created_at`, `updated_at`) VALUES
(1, 'Dinar Tunisien', 'TND', 1.00000, 1, 'TND', '2018-10-09 11:35:08', '2023-10-15 17:22:51'),
(2, 'Australian Dollar', '$', 1.28000, 1, 'AUD', '2018-10-09 11:35:08', '2019-02-04 05:51:55'),
(5, 'Brazilian Real', 'R$', 3.25000, 1, 'BRL', '2018-10-09 11:35:08', '2018-10-17 05:51:00'),
(6, 'Canadian Dollar', '$', 1.27000, 1, 'CAD', '2018-10-09 11:35:08', '2018-10-09 11:35:08'),
(7, 'Czech Koruna', 'Kč', 20.65000, 1, 'CZK', '2018-10-09 11:35:08', '2018-10-09 11:35:08'),
(8, 'Danish Krone', 'kr', 6.05000, 1, 'DKK', '2018-10-09 11:35:08', '2018-10-09 11:35:08'),
(9, 'Euro', '€', 0.85000, 1, 'EUR', '2018-10-09 11:35:08', '2018-10-09 11:35:08'),
(10, 'Hong Kong Dollar', '$', 7.83000, 1, 'HKD', '2018-10-09 11:35:08', '2018-10-09 11:35:08'),
(11, 'Hungarian Forint', 'Ft', 255.24000, 1, 'HUF', '2018-10-09 11:35:08', '2018-10-09 11:35:08'),
(12, 'Israeli New Sheqel', '₪', 3.48000, 1, 'ILS', '2018-10-09 11:35:08', '2018-10-09 11:35:08'),
(13, 'Japanese Yen', '¥', 107.12000, 1, 'JPY', '2018-10-09 11:35:08', '2018-10-09 11:35:08'),
(14, 'Malaysian Ringgit', 'RM', 3.91000, 1, 'MYR', '2018-10-09 11:35:08', '2018-10-09 11:35:08'),
(15, 'Mexican Peso', '$', 18.72000, 1, 'MXN', '2018-10-09 11:35:08', '2018-10-09 11:35:08'),
(16, 'Norwegian Krone', 'kr', 7.83000, 1, 'NOK', '2018-10-09 11:35:08', '2018-10-09 11:35:08'),
(17, 'New Zealand Dollar', '$', 1.38000, 1, 'NZD', '2018-10-09 11:35:08', '2018-10-09 11:35:08'),
(18, 'Philippine Peso', '₱', 52.26000, 1, 'PHP', '2018-10-09 11:35:08', '2018-10-09 11:35:08'),
(19, 'Polish Zloty', 'zł', 3.39000, 1, 'PLN', '2018-10-09 11:35:08', '2018-10-09 11:35:08'),
(20, 'Pound Sterling', '£', 0.72000, 1, 'GBP', '2018-10-09 11:35:08', '2018-10-09 11:35:08'),
(21, 'Russian Ruble', 'руб', 55.93000, 1, 'RUB', '2018-10-09 11:35:08', '2018-10-09 11:35:08'),
(22, 'Singapore Dollar', '$', 1.32000, 1, 'SGD', '2018-10-09 11:35:08', '2018-10-09 11:35:08'),
(23, 'Swedish Krona', 'kr', 8.19000, 1, 'SEK', '2018-10-09 11:35:08', '2018-10-09 11:35:08'),
(24, 'Swiss Franc', 'CHF', 0.94000, 1, 'CHF', '2018-10-09 11:35:08', '2018-10-09 11:35:08'),
(26, 'Thai Baht', '฿', 31.39000, 1, 'THB', '2018-10-09 11:35:08', '2018-10-09 11:35:08'),
(27, 'Taka', '৳', 84.00000, 1, 'BDT', '2018-10-09 11:35:08', '2018-12-02 05:16:13'),
(28, 'Indian Rupee', 'Rs', 68.45000, 1, 'Rupee', '2019-07-07 10:33:46', '2019-07-07 10:33:46');

-- --------------------------------------------------------

--
-- Structure de la table `customer_packages`
--

CREATE TABLE `customer_packages` (
  `id` int NOT NULL,
  `name` varchar(255) CHARACTER SET utf8mb3 COLLATE utf8mb3_unicode_ci DEFAULT NULL,
  `amount` double(20,2) DEFAULT NULL,
  `product_upload` int DEFAULT NULL,
  `logo` varchar(150) CHARACTER SET utf8mb3 COLLATE utf8mb3_unicode_ci DEFAULT NULL,
  `created_at` timestamp NULL DEFAULT NULL,
  `updated_at` timestamp NULL DEFAULT NULL
) ENGINE=InnoDB DEFAULT CHARSET=utf8mb3 COLLATE=utf8mb3_unicode_ci;

--
-- Déchargement des données de la table `customer_packages`
--

INSERT INTO `customer_packages` (`id`, `name`, `amount`, `product_upload`, `logo`, `created_at`, `updated_at`) VALUES
(1, 'Petite Annonces', 10.00, 100, NULL, '2023-04-13 01:15:06', '2023-04-13 01:15:06'),
(2, 'Gratuit', 0.00, 5, NULL, '2023-04-13 23:01:21', '2023-04-13 23:01:39');

-- --------------------------------------------------------

--
-- Structure de la table `customer_package_payments`
--

CREATE TABLE `customer_package_payments` (
  `id` int NOT NULL,
  `user_id` int NOT NULL,
  `customer_package_id` int NOT NULL,
  `payment_method` varchar(255) CHARACTER SET utf8mb3 COLLATE utf8mb3_unicode_ci NOT NULL,
  `payment_details` longtext CHARACTER SET utf8mb3 COLLATE utf8mb3_unicode_ci NOT NULL,
  `approval` int NOT NULL,
  `offline_payment` int NOT NULL COMMENT '1=offline payment\r\n2=online paymnet',
  `reciept` varchar(150) CHARACTER SET utf8mb3 COLLATE utf8mb3_unicode_ci NOT NULL,
  `created_at` timestamp NOT NULL DEFAULT CURRENT_TIMESTAMP,
  `updated_at` timestamp NOT NULL DEFAULT CURRENT_TIMESTAMP
) ENGINE=InnoDB DEFAULT CHARSET=utf8mb3 COLLATE=utf8mb3_unicode_ci;

--
-- Déchargement des données de la table `customer_package_payments`
--

INSERT INTO `customer_package_payments` (`id`, `user_id`, `customer_package_id`, `payment_method`, `payment_details`, `approval`, `offline_payment`, `reciept`, `created_at`, `updated_at`) VALUES
(1, 96, 1, 'Virement', '1452', 1, 1, '', '2023-04-13 01:15:55', '2023-04-13 01:16:29');

-- --------------------------------------------------------

--
-- Structure de la table `customer_package_translations`
--

CREATE TABLE `customer_package_translations` (
  `id` bigint NOT NULL,
  `customer_package_id` bigint NOT NULL,
  `name` varchar(50) CHARACTER SET utf8mb3 COLLATE utf8mb3_unicode_ci NOT NULL,
  `lang` varchar(100) CHARACTER SET utf8mb3 COLLATE utf8mb3_unicode_ci NOT NULL,
  `created_at` timestamp NOT NULL DEFAULT CURRENT_TIMESTAMP,
  `updated_at` timestamp NOT NULL DEFAULT CURRENT_TIMESTAMP
) ENGINE=InnoDB DEFAULT CHARSET=utf8mb3 COLLATE=utf8mb3_unicode_ci;

--
-- Déchargement des données de la table `customer_package_translations`
--

INSERT INTO `customer_package_translations` (`id`, `customer_package_id`, `name`, `lang`, `created_at`, `updated_at`) VALUES
(1, 1, 'Petite Annonces', 'fr', '2023-04-13 01:15:06', '2023-04-13 01:15:06'),
(2, 2, 'Gratuit', 'fr', '2023-04-13 23:01:21', '2023-04-13 23:01:21');

-- --------------------------------------------------------

--
-- Structure de la table `customer_products`
--

CREATE TABLE `customer_products` (
  `id` int NOT NULL,
  `name` varchar(255) CHARACTER SET utf8mb3 COLLATE utf8mb3_unicode_ci DEFAULT NULL,
  `published` int NOT NULL DEFAULT '0',
  `status` int NOT NULL DEFAULT '0',
  `added_by` varchar(50) CHARACTER SET utf8mb3 COLLATE utf8mb3_unicode_ci DEFAULT NULL,
  `user_id` int DEFAULT NULL,
  `category_id` int DEFAULT NULL,
  `subcategory_id` int DEFAULT NULL,
  `subsubcategory_id` int DEFAULT NULL,
  `brand_id` int DEFAULT NULL,
  `photos` varchar(255) CHARACTER SET utf8mb3 COLLATE utf8mb3_unicode_ci DEFAULT NULL,
  `thumbnail_img` varchar(150) CHARACTER SET utf8mb3 COLLATE utf8mb3_unicode_ci DEFAULT NULL,
  `conditon` varchar(50) CHARACTER SET utf8mb3 COLLATE utf8mb3_unicode_ci DEFAULT NULL,
  `location` text CHARACTER SET utf8mb3 COLLATE utf8mb3_unicode_ci,
  `video_provider` varchar(100) CHARACTER SET utf8mb3 COLLATE utf8mb3_unicode_ci DEFAULT NULL,
  `video_link` varchar(200) CHARACTER SET utf8mb3 COLLATE utf8mb3_unicode_ci DEFAULT NULL,
  `unit` varchar(200) CHARACTER SET utf8mb3 COLLATE utf8mb3_unicode_ci DEFAULT NULL,
  `tags` varchar(255) CHARACTER SET utf8mb3 COLLATE utf8mb3_unicode_ci DEFAULT NULL,
  `description` mediumtext CHARACTER SET utf8mb3 COLLATE utf8mb3_unicode_ci,
  `unit_price` double(20,2) DEFAULT '0.00',
  `meta_title` varchar(200) CHARACTER SET utf8mb3 COLLATE utf8mb3_unicode_ci DEFAULT NULL,
  `meta_description` varchar(500) CHARACTER SET utf8mb3 COLLATE utf8mb3_unicode_ci DEFAULT NULL,
  `meta_img` varchar(150) CHARACTER SET utf8mb3 COLLATE utf8mb3_unicode_ci DEFAULT NULL,
  `pdf` varchar(200) CHARACTER SET utf8mb3 COLLATE utf8mb3_unicode_ci DEFAULT NULL,
  `slug` varchar(200) CHARACTER SET utf8mb3 COLLATE utf8mb3_unicode_ci DEFAULT NULL,
  `created_at` timestamp NOT NULL DEFAULT CURRENT_TIMESTAMP,
  `updated_at` timestamp NOT NULL DEFAULT CURRENT_TIMESTAMP
) ENGINE=InnoDB DEFAULT CHARSET=utf8mb3 COLLATE=utf8mb3_unicode_ci;

-- --------------------------------------------------------

--
-- Structure de la table `customer_product_translations`
--

CREATE TABLE `customer_product_translations` (
  `id` bigint NOT NULL,
  `customer_product_id` bigint NOT NULL,
  `name` varchar(200) CHARACTER SET utf8mb3 COLLATE utf8mb3_unicode_ci DEFAULT NULL,
  `unit` varchar(20) CHARACTER SET utf8mb3 COLLATE utf8mb3_unicode_ci DEFAULT NULL,
  `description` longtext CHARACTER SET utf8mb3 COLLATE utf8mb3_unicode_ci,
  `lang` varchar(100) CHARACTER SET utf8mb3 COLLATE utf8mb3_unicode_ci NOT NULL,
  `created_at` timestamp NOT NULL DEFAULT CURRENT_TIMESTAMP,
  `updated_at` timestamp NOT NULL DEFAULT CURRENT_TIMESTAMP
) ENGINE=InnoDB DEFAULT CHARSET=utf8mb3 COLLATE=utf8mb3_unicode_ci;

--
-- Déchargement des données de la table `customer_product_translations`
--

INSERT INTO `customer_product_translations` (`id`, `customer_product_id`, `name`, `unit`, `description`, `lang`, `created_at`, `updated_at`) VALUES
(1, 1, 'PlayStation 4', 'Pack', '<p>PlayStation 4 Slim + 1 manette presque neuf</p>', 'fr', '2023-04-13 22:57:31', '2023-04-13 22:57:31');

-- --------------------------------------------------------

--
-- Structure de la table `delivery_boys`
--

CREATE TABLE `delivery_boys` (
  `id` int NOT NULL,
  `user_id` int NOT NULL,
  `total_collection` double(25,2) NOT NULL DEFAULT '0.00',
  `earning` double(25,2) NOT NULL DEFAULT '0.00',
  `monthly_salary` double(25,2) DEFAULT NULL,
  `order_commission` double(25,2) DEFAULT NULL,
  `created_at` timestamp NOT NULL DEFAULT CURRENT_TIMESTAMP,
  `updated_at` timestamp NOT NULL DEFAULT CURRENT_TIMESTAMP
) ENGINE=InnoDB DEFAULT CHARSET=utf8mb3;

--
-- Déchargement des données de la table `delivery_boys`
--

INSERT INTO `delivery_boys` (`id`, `user_id`, `total_collection`, `earning`, `monthly_salary`, `order_commission`, `created_at`, `updated_at`) VALUES
(1, 195, 0.00, 0.00, NULL, NULL, '2023-07-10 14:35:31', '2023-07-10 14:35:31'),
(2, 196, 0.00, 0.00, NULL, NULL, '2023-07-10 14:38:08', '2023-07-10 14:38:08');

-- --------------------------------------------------------

--
-- Structure de la table `expense`
--

CREATE TABLE `expense` (
  `id` int NOT NULL,
  `expense_date` date NOT NULL,
  `category_id` int NOT NULL,
  `description` mediumtext CHARACTER SET utf8mb3 COLLATE utf8mb3_unicode_ci NOT NULL,
  `amount` double(20,3) NOT NULL,
  `title` text CHARACTER SET utf8mb3 COLLATE utf8mb3_unicode_ci NOT NULL,
  `files` mediumtext CHARACTER SET utf8mb3 COLLATE utf8mb3_unicode_ci NOT NULL,
  `user_id` int NOT NULL,
  `client_id` int NOT NULL
) ENGINE=InnoDB DEFAULT CHARSET=utf8mb4 COLLATE=utf8mb4_0900_ai_ci;

-- --------------------------------------------------------

--
-- Structure de la table `firebase_notifications`
--

CREATE TABLE `firebase_notifications` (
  `id` int NOT NULL,
  `title` varchar(255) DEFAULT NULL,
  `text` text,
  `item_type` varchar(255) NOT NULL,
  `item_type_id` int NOT NULL,
  `receiver_id` int NOT NULL,
  `is_read` tinyint(1) NOT NULL DEFAULT '0',
  `created_at` timestamp NOT NULL DEFAULT CURRENT_TIMESTAMP,
  `updated_at` timestamp NOT NULL DEFAULT CURRENT_TIMESTAMP
) ENGINE=InnoDB DEFAULT CHARSET=utf8mb3;

-- --------------------------------------------------------

--
-- Structure de la table `flash_deals`
--

CREATE TABLE `flash_deals` (
  `id` int NOT NULL,
  `title` varchar(255) CHARACTER SET utf8mb3 COLLATE utf8mb3_unicode_ci DEFAULT NULL,
  `start_date` int DEFAULT NULL,
  `end_date` int DEFAULT NULL,
  `status` int NOT NULL DEFAULT '0',
  `featured` int NOT NULL DEFAULT '0',
  `background_color` varchar(255) CHARACTER SET utf8mb3 COLLATE utf8mb3_unicode_ci DEFAULT NULL,
  `text_color` varchar(255) CHARACTER SET utf8mb3 COLLATE utf8mb3_unicode_ci DEFAULT NULL,
  `banner` varchar(255) CHARACTER SET utf8mb3 COLLATE utf8mb3_unicode_ci DEFAULT NULL,
  `slug` varchar(255) CHARACTER SET utf8mb3 COLLATE utf8mb3_unicode_ci DEFAULT NULL,
  `created_at` timestamp NULL DEFAULT CURRENT_TIMESTAMP,
  `updated_at` timestamp NOT NULL DEFAULT CURRENT_TIMESTAMP
) ENGINE=InnoDB DEFAULT CHARSET=utf8mb3 COLLATE=utf8mb3_unicode_ci;

--
-- Déchargement des données de la table `flash_deals`
--

INSERT INTO `flash_deals` (`id`, `title`, `start_date`, `end_date`, `status`, `featured`, `background_color`, `text_color`, `banner`, `slug`, `created_at`, `updated_at`) VALUES
(4, 'Vente Flash', 1677279600, 1677452340, 0, 0, '#37356d', 'white', '750', 'vente-flash-iAQ28', '2023-02-23 22:30:50', '2023-02-27 00:11:33'),
(5, 'XIRI', 1681336800, 1681509540, 1, 0, '#e62e04', 'dark', '889', 'xiri-FQXgg', '2023-04-13 13:31:21', '2023-06-12 10:01:48');

-- --------------------------------------------------------

--
-- Structure de la table `flash_deal_products`
--

CREATE TABLE `flash_deal_products` (
  `id` int NOT NULL,
  `flash_deal_id` int NOT NULL,
  `product_id` int NOT NULL,
  `discount` double(20,2) DEFAULT '0.00',
  `discount_type` varchar(20) CHARACTER SET utf8mb3 COLLATE utf8mb3_unicode_ci DEFAULT NULL,
  `created_at` timestamp NOT NULL DEFAULT CURRENT_TIMESTAMP,
  `updated_at` timestamp NOT NULL DEFAULT CURRENT_TIMESTAMP
) ENGINE=InnoDB DEFAULT CHARSET=utf8mb3 COLLATE=utf8mb3_unicode_ci;

--
-- Déchargement des données de la table `flash_deal_products`
--

INSERT INTO `flash_deal_products` (`id`, `flash_deal_id`, `product_id`, `discount`, `discount_type`, `created_at`, `updated_at`) VALUES
(46, 4, 1, 0.00, NULL, '2023-02-23 22:41:35', '2023-02-23 22:41:35'),
(47, 4, 2, 0.00, NULL, '2023-02-23 22:41:35', '2023-02-23 22:41:35'),
(48, 4, 3, 0.00, NULL, '2023-02-23 22:41:35', '2023-02-23 22:41:35'),
(49, 4, 4, 0.00, NULL, '2023-02-23 22:41:35', '2023-02-23 22:41:35'),
(50, 4, 23, 0.00, NULL, '2023-02-23 22:41:35', '2023-02-23 22:41:35'),
(51, 4, 76, 0.00, NULL, '2023-02-23 22:41:35', '2023-02-23 22:41:35'),
(52, 4, 80, 0.00, NULL, '2023-02-23 22:41:35', '2023-02-23 22:41:35'),
(53, 4, 207, 0.00, NULL, '2023-02-24 19:43:36', '2023-02-24 19:43:36'),
(69, 5, 233, 0.00, NULL, '2023-04-13 13:53:45', '2023-04-13 13:53:45'),
(70, 5, 236, 0.00, NULL, '2023-04-13 13:53:45', '2023-04-13 13:53:45'),
(113, 6, 107, 0.00, NULL, '2023-06-17 12:21:02', '2023-06-17 12:21:02');

-- --------------------------------------------------------

--
-- Structure de la table `flash_deal_translations`
--

