INSERT INTO `translations` (`id`, `lang`, `lang_key`, `lang_value`, `created_at`, `updated_at`) VALUES
(26901, 'en', 'proxypay_token', 'PROXYPAY_TOKEN', '2021-09-20 04:19:17', '2021-09-20 07:30:29'),
(26902, 'en', 'proxypay_token', 'PROXYPAY TOKEN', '2021-09-20 04:19:17', '2021-09-20 07:30:29'),
(26903, 'en', 'proxypay_entity', 'PROXYPAY_ENTITY', '2021-09-20 04:19:17', '2021-09-20 07:30:29'),
(26904, 'en', 'proxypay_end_time', 'PROXYPAY_END_TIME', '2021-09-20 04:19:17', '2021-09-20 07:30:29'),
(26905, 'en', 'days', 'Days', '2021-09-20 04:19:17', '2021-09-20 07:30:29'),
(26906, 'en', 'flw_public_key', 'FLW_PUBLIC_KEY', '2021-09-20 05:04:59', '2021-09-20 07:30:29'),
(26907, 'en', 'flw_secret_key', 'FLW_SECRET_KEY', '2021-09-20 05:04:59', '2021-09-20 07:30:29'),
(26908, 'en', 'flw_secret_hash', 'FLW_SECRET_HASH', '2021-09-20 05:04:59', '2021-09-20 07:30:29'),
(26909, 'en', 'categories', 'Categories', '2021-09-20 07:30:29', '2021-09-20 07:30:29'),
(26910, 'en', 'product_conversations', 'Product Conversations', '2022-09-11 09:39:05', '2022-09-11 09:39:05'),
(26911, 'en', 'order_configuration', 'Order Configuration', '2022-09-11 09:39:05', '2022-09-11 09:39:05'),
(26912, 'en', 'shipping_states', 'Shipping States', '2022-09-11 09:39:05', '2022-09-11 09:39:05'),
(26913, 'en', 'shipping_zones', 'Shipping Zones', '2022-09-11 09:39:05', '2022-09-11 09:39:05'),
(26914, 'en', 'shipping_carrier', 'Shipping Carrier', '2022-09-11 09:39:05', '2022-09-11 09:39:05'),
(26915, 'en', 'clear_cache', 'Clear Cache', '2022-09-11 09:39:05', '2022-09-11 09:39:05'),
(26916, 'en', 'import_app_translations', 'Import App Translations', '2022-09-11 09:39:17', '2022-09-11 09:39:17'),
(26917, 'en', 'english_trasnlation_file', 'English Trasnlation File', '2022-09-11 09:39:17', '2022-09-11 09:39:17'),
(26918, 'en', 'choose_app_enarb_file', 'Choose app_en.arb file', '2022-09-11 09:39:17', '2022-09-11 09:39:17'),
(26919, 'en', 'import', 'Import', '2022-09-11 09:39:17', '2022-09-11 09:39:17'),
(26920, 'en', 'flutter_app_lang_code', 'Flutter App Lang Code', '2022-09-11 09:39:17', '2022-09-11 09:39:17'),
(26921, 'en', 'app_translation', 'App Translation', '2022-09-11 09:39:17', '2022-09-11 09:39:17'),
(26922, 'en', 'arb_file_export', 'arb File Export', '2022-09-11 09:39:17', '2022-09-11 09:39:17'),
(26923, 'en', 'links_for_iso_6391_codes', 'Links for ISO 639-1 codes', '2022-09-11 09:39:25', '2022-09-11 09:39:25'),
(26924, 'en', 'put_iso_6391_code_for_your_language', 'Put ISO 639-1 code for your language', '2022-09-11 09:39:25', '2022-09-11 09:39:25'),
(26925, 'en', 'please_login_as_a_customer_to_add_products_to_the_wishlist', 'Please Login as a customer to add products to the WishList.', '2022-09-11 11:41:14', '2022-09-11 11:41:14'),
(26926, 'en', 'please_login_as_a_customer_to_add_products_to_the_cart', 'Please Login as a customer to add products to the Cart.', '2022-09-11 11:41:15', '2022-09-11 11:41:15'),
(26927, 'en', 'help_line_number', 'Help line number', '2022-09-11 11:41:33', '2022-09-11 11:41:33'),
(26928, 'en', 'cache_cleared_successfully', 'Cache cleared successfully', '2022-09-11 11:44:40', '2022-09-11 11:44:40'),
(26929, 'en', 'ordering_number', 'Ordering Number', '2022-09-11 11:46:03', '2022-09-11 11:46:03'),
(26930, 'en', 'higher_number_has_high_priority', 'Higher number has high priority', '2022-09-11 11:46:03', '2022-09-11 11:46:03'),
(26931, 'en', 'filtering_attributes', 'Filtering Attributes', '2022-09-11 11:46:03', '2022-09-11 11:46:03'),
(26932, 'en', 'weight', 'Weight', '2022-09-11 12:12:09', '2022-09-11 12:12:09'),
(26933, 'en', 'in_kg', 'In Kg', '2022-09-11 12:12:09', '2022-09-11 12:12:09'),
(26934, 'en', 'external_link', 'External link', '2022-09-11 12:12:09', '2022-09-11 12:12:09'),
(26935, 'en', 'leave_it_blank_if_you_do_not_use_external_site_link', 'Leave it blank if you do not use external site link', '2022-09-11 12:12:09', '2022-09-11 12:12:09'),
(26936, 'en', 'external_link_button_text', 'External link button text', '2022-09-11 12:12:09', '2022-09-11 12:12:09'),
(26937, 'en', 'new_products', 'New Products', '2022-09-11 12:24:17', '2022-09-11 12:24:17'),
(26938, 'en', 'off', 'OFF', '2022-09-11 12:24:17', '2022-09-11 12:24:17'),
(26939, 'en', 'language_has_been_deleted_successfully', 'Language has been deleted successfully', '2022-09-11 12:33:04', '2022-09-11 12:33:04'),
(26940, 'en', 'system_default_currency', 'System Default Currency', '2022-09-11 12:33:11', '2022-09-11 12:33:11'),
(26941, 'en', 'set_currency_formats', 'Set Currency Formats', '2022-09-11 12:33:11', '2022-09-11 12:33:11'),
(26942, 'en', 'symbol_format', 'Symbol Format', '2022-09-11 12:33:11', '2022-09-11 12:33:11'),
(26943, 'en', 'decimal_separator', 'Decimal Separator', '2022-09-11 12:33:11', '2022-09-11 12:33:11'),
(26944, 'en', 'no_of_decimals', 'No of decimals', '2022-09-11 12:33:11', '2022-09-11 12:33:11'),
(26945, 'en', 'all_currencies', 'All Currencies', '2022-09-11 12:33:11', '2022-09-11 12:33:11'),
(26946, 'en', 'add_new_currency', 'Add New Currency', '2022-09-11 12:33:11', '2022-09-11 12:33:11'),
(26947, 'en', 'currency_name', 'Currency name', '2022-09-11 12:33:11', '2022-09-11 12:33:11'),
(26948, 'en', 'currency_symbol', 'Currency symbol', '2022-09-11 12:33:12', '2022-09-11 12:33:12'),
(26949, 'en', 'currency_code', 'Currency code', '2022-09-11 12:33:12', '2022-09-11 12:33:12'),
(26950, 'en', 'currency_status_updated_successfully', 'Currency Status updated successfully', '2022-09-11 12:33:12', '2022-09-11 12:33:12'),
(26951, 'en', 'update_currency', 'Update Currency', '2022-09-11 12:33:57', '2022-09-11 12:33:57'),
(26952, 'en', 'symbol', 'Symbol', '2022-09-11 12:33:57', '2022-09-11 12:33:57'),
(26953, 'en', 'currency_updated_successfully', 'Currency updated successfully', '2022-09-11 12:34:17', '2022-09-11 12:34:17'),
(26954, 'en', 'frequently_bought_together', 'Frequently Bought Together', '2022-09-11 12:36:05', '2022-09-11 12:36:05'),
(26955, 'en', 'registration_successful', 'Registration successful.', '2022-09-11 12:36:46', '2022-09-11 12:36:46'),
(26956, 'en', 'state', 'State', '2022-09-11 12:36:55', '2022-09-11 12:36:55'),
(26957, 'en', 'please_add_shipping_address', 'Please add shipping address', '2022-09-11 12:37:01', '2022-09-11 12:37:01'),
(26958, 'en', 'tax_information', 'Tax Information', '2022-09-11 12:37:45', '2022-09-11 12:37:45'),
(26959, 'en', 'update_tax_info', 'update Tax Info', '2022-09-11 12:37:45', '2022-09-11 12:37:45'),
(26960, 'en', 'tax_has_been_updated_successfully', 'Tax has been updated successfully', '2022-09-11 12:37:51', '2022-09-11 12:37:51'),
(26961, 'en', 'mercadopago_credential', 'Mercadopago Credential', '2022-09-11 12:38:05', '2022-09-11 12:38:05'),
(26962, 'en', 'mercadopago_key', 'Mercadopago Key', '2022-09-11 12:38:05', '2022-09-11 12:38:05'),
(26963, 'en', 'mercadopago_access', 'Mercadopago Access', '2022-09-11 12:38:05', '2022-09-11 12:38:05'),
(26964, 'en', 'mercadopago_currency', 'MERCADOPAGO CURRENCY', '2022-09-11 12:38:05', '2022-09-11 12:38:05'),
(26965, 'en', 'authorize_net', 'Authorize Net', '2022-09-11 12:38:05', '2022-09-11 12:38:05'),
(26966, 'en', 'merchant_login_id', 'MERCHANT_LOGIN_ID', '2022-09-11 12:38:06', '2022-09-11 12:38:06'),
(26967, 'en', 'merchant_transaction_key', 'MERCHANT_TRANSACTION_KEY', '2022-09-11 12:38:06', '2022-09-11 12:38:06'),
(26968, 'en', 'authorize_net_sandbox_mode', 'Authorize Net Sandbox Mode', '2022-09-11 12:38:06', '2022-09-11 12:38:06'),
(26969, 'en', 'payku', 'Payku', '2022-09-11 12:38:06', '2022-09-11 12:38:06'),
(26970, 'en', 'payku_base_url', 'PAYKU_BASE_URL', '2022-09-11 12:38:06', '2022-09-11 12:38:06'),
(26971, 'en', 'payku_public_token', 'PAYKU_PUBLIC_TOKEN', '2022-09-11 12:38:06', '2022-09-11 12:38:06'),
(26972, 'en', 'payku_private_token', 'PAYKU_PRIVATE_TOKEN', '2022-09-11 12:38:06', '2022-09-11 12:38:06'),
(26973, 'en', 'minimum_order_amount_settings', 'Minimum Order Amount Settings', '2022-09-11 12:38:33', '2022-09-11 12:38:33'),
(26974, 'en', 'minimum_order_amount_check', 'Minimum Order Amount Check', '2022-09-11 12:38:33', '2022-09-11 12:38:33'),
(26975, 'en', 'set_minimum_order_amount', 'Set Minimum Order Amount', '2022-09-11 12:38:33', '2022-09-11 12:38:33'),
(26976, 'en', 'minimum_order_amount', 'Minimum Order Amount', '2022-09-11 12:38:33', '2022-09-11 12:38:33'),
(26977, 'en', 'carrier_wise_shipping_cost', 'Carrier Wise Shipping Cost', '2022-09-11 12:38:47', '2022-09-11 12:38:47'),
(26978, 'en', 'product_wise_shipping_cost_calculation_shipping_cost_is_calculate_by_addition_of_each_product_shipping_cost', 'Product Wise Shipping Cost calculation: Shipping cost is calculate by addition of each product shipping cost', '2022-09-11 12:38:47', '2022-09-11 12:38:47'),
(26979, 'en', 'flat_rate_shipping_cost_calculation_how_many_products_a_customer_purchase_doesnt_matter_shipping_cost_is_fixed', 'Flat Rate Shipping Cost calculation: How many products a customer purchase, doesn\'t matter. Shipping cost is fixed', '2022-09-11 12:38:47', '2022-09-11 12:38:47'),
(26980, 'en', 'seller_wise_flat_shipping_cost_calculation_fixed_rate_for_each_seller_if_customers_purchase_2_product_from_two_seller_shipping_cost_is_calculated_by_addition_of_each_seller_flat_shipping_cost', 'Seller Wise Flat Shipping Cost calculation: Fixed rate for each seller. If customers purchase 2 product from two seller shipping cost is calculated by addition of each seller flat shipping cost', '2022-09-11 12:38:47', '2022-09-11 12:38:47'),
(26981, 'en', 'area_wise_flat_shipping_cost_calculation_fixed_rate_for_each_area_if_customers_purchase_multiple_products_from_one_seller_shipping_cost_is_calculated_by_the_customer_shipping_area_to_configure_area_wise_shipping_cost_go_to_', 'Area Wise Flat Shipping Cost calculation: Fixed rate for each area. If customers purchase multiple products from one seller shipping cost is calculated by the customer shipping area. To configure area wise shipping cost go to ', '2022-09-11 12:38:47', '2022-09-11 12:38:47'),
(26982, 'en', 'carrier_based_shipping_cost_calculation_shipping_cost_calculate_in_addition_with_carrier_in_each_carrier_you_can_set_free_shipping_cost_or_can_set_weight_range_or_price_range_shipping_cost_to_configure_carrier_based_shipping_cost_go_to_', 'Carrier Based Shipping Cost calculation: Shipping cost calculate in addition with carrier. In each carrier you can set free shipping cost or can set weight range or price range shipping cost. To configure carrier based shipping cost go to ', '2022-09-11 12:38:47', '2022-09-11 12:38:47'),
(26983, 'en', 'shipping_carriers', 'Shipping Carriers', '2022-09-11 12:38:47', '2022-09-11 12:38:47'),
(26984, 'en', 'type_country_name', 'Type country name', '2022-09-11 12:39:20', '2022-09-11 12:39:20'),
(26985, 'en', 'all_states', 'All States', '2022-09-11 12:39:41', '2022-09-11 12:39:41'),
(26986, 'en', 'states', 'States', '2022-09-11 12:39:41', '2022-09-11 12:39:41'),
(26987, 'en', 'type_state_name', 'Type state name', '2022-09-11 12:39:42', '2022-09-11 12:39:42'),
(26988, 'en', 'add_new_state', 'Add New State', '2022-09-11 12:39:42', '2022-09-11 12:39:42'),
(26989, 'en', 'state_information', 'State Information', '2022-09-11 12:39:58', '2022-09-11 12:39:58'),
(26990, 'en', 'edit_state', 'Edit State', '2022-09-11 12:39:58', '2022-09-11 12:39:58'),
(26991, 'en', 'state_has_been_updated_successfully', 'State has been updated successfully', '2022-09-11 12:40:05', '2022-09-11 12:40:05'),
(26992, 'en', 'type_city_name__enter', 'Type city name & Enter', '2022-09-11 12:43:21', '2022-09-11 12:43:21'),
(26993, 'en', 'select_state', 'Select State', '2022-09-11 12:43:21', '2022-09-11 12:43:21'),
(26994, 'en', 'area_wise_shipping_cost', 'Area Wise Shipping Cost', '2022-09-11 12:43:21', '2022-09-11 12:43:21'),
(26995, 'en', 'all_zones', 'All Zones', '2022-09-11 12:44:38', '2022-09-11 12:44:38'),
(26996, 'en', 'add_new_zone', 'Add New Zone', '2022-09-11 12:44:38', '2022-09-11 12:44:38'),
(26997, 'en', 'zones', 'Zones', '2022-09-11 12:44:38', '2022-09-11 12:44:38'),
(26998, 'en', 'back', 'Back', '2022-09-11 12:44:40', '2022-09-11 12:44:40'),
(26999, 'en', 'zone_information', 'Zone Information', '2022-09-11 12:44:40', '2022-09-11 12:44:40'),
(27000, 'en', 'zone_name', 'Zone Name', '2022-09-11 12:44:40', '2022-09-11 12:44:40'),
(27001, 'en', 'zone_has_been_created_successfully', 'Zone has been created successfully', '2022-09-11 12:44:49', '2022-09-11 12:44:49'),
(27002, 'en', 'all_carriers', 'All Carriers', '2022-09-11 12:44:54', '2022-09-11 12:44:54'),
(27003, 'en', 'add_new_carrier', 'Add New Carrier', '2022-09-11 12:44:54', '2022-09-11 12:44:54'),
(27004, 'en', 'carriers', 'Carriers', '2022-09-11 12:44:54', '2022-09-11 12:44:54'),
(27005, 'en', 'transit_time', 'Transit Time', '2022-09-11 12:44:55', '2022-09-11 12:44:55'),
(27006, 'en', 'carrier_status_updated_successfully', 'Carrier Status updated successfully', '2022-09-11 12:44:55', '2022-09-11 12:44:55'),
(27007, 'en', 'carrier_status_went_wrong', 'Carrier Status went wrong', '2022-09-11 12:44:55', '2022-09-11 12:44:55'),
(27008, 'en', 'carrier_information', 'Carrier Information', '2022-09-11 12:44:57', '2022-09-11 12:44:57'),
(27009, 'en', 'carrier_name', 'Carrier Name', '2022-09-11 12:44:57', '2022-09-11 12:44:57'),
(27010, 'en', 'billing_type', 'Billing Type', '2022-09-11 12:44:57', '2022-09-11 12:44:57'),
(27011, 'en', 'according_to_weight', 'According to Weight', '2022-09-11 12:44:58', '2022-09-11 12:44:58'),
(27012, 'en', 'according_to_price', 'According to Price', '2022-09-11 12:44:58', '2022-09-11 12:44:58'),
(27013, 'en', 'add_new_range', 'Add new range', '2022-09-11 12:44:58', '2022-09-11 12:44:58'),
(27014, 'en', 'weight_based_carrier_price_range', 'Weight based carrier price range', '2022-09-11 12:44:58', '2022-09-11 12:44:58'),
(27015, 'en', 'price_based_carrier_price_range', 'Price based carrier price range', '2022-09-11 12:44:58', '2022-09-11 12:44:58'),
(27016, 'en', 'will_be_applied_when_the_weight_is', 'Will be applied when the weight is', '2022-09-11 12:44:58', '2022-09-11 12:44:58'),
(27017, 'en', 'will_be_applied_when_the_price_is', 'Will be applied when the price is', '2022-09-11 12:44:58', '2022-09-11 12:44:58'),
(27018, 'en', 'kg', 'kg', '2022-09-11 12:44:58', '2022-09-11 12:44:58'),
(27019, 'en', 'carrier_name_is_required', 'Carrier name is required', '2022-09-11 12:45:36', '2022-09-11 12:45:36'),
(27020, 'en', 'max_255_characters', 'Max 255 characters', '2022-09-11 12:45:36', '2022-09-11 12:45:36'),
(27021, 'en', 'transit_time_is_required', 'Transit time is required', '2022-09-11 12:45:36', '2022-09-11 12:45:36'),
(27022, 'en', 'delimiter1_is_required', 'Delimiter1 is required', '2022-09-11 12:45:36', '2022-09-11 12:45:36'),
(27023, 'en', 'delimiter2_is_required', 'Delimiter2 is required', '2022-09-11 12:45:36', '2022-09-11 12:45:36'),
(27024, 'en', 'carrier_price_is_required', 'Carrier price is required', '2022-09-11 12:45:36', '2022-09-11 12:45:36'),
(27025, 'en', 'zone_is_required_if_zone_is_not_created_then_create_zone_at_first', 'Zone is required. If zone is not created, then create zone at first', '2022-09-11 12:45:36', '2022-09-11 12:45:36'),
(27026, 'en', 'new_carrier_has_been_added_successfully', 'New carrier has been added successfully', '2022-09-11 12:45:53', '2022-09-11 12:45:53'),
(27027, 'en', 'carrier', 'Carrier', '2022-09-11 12:45:53', '2022-09-11 12:45:53'),
(27028, 'en', 'any_additional_info', 'Any additional info?', '2022-09-11 12:46:48', '2022-09-11 12:46:48'),
(27029, 'en', 'type_your_text', 'Type your text', '2022-09-11 12:46:48', '2022-09-11 12:46:48'),
(27030, 'en', 'you_order_amount_is_less_then_the_minimum_order_amount', 'You order amount is less then the minimum order amount', '2022-09-11 12:46:48', '2022-09-11 12:46:48'),
(27031, 'en', 'you_need_to_put_transaction_id', 'You need to put Transaction id', '2022-09-11 12:46:48', '2022-09-11 12:46:48'),
(27032, 'en', 'a_new_order_has_been_placed', 'A new order has been placed', '2022-09-11 12:47:13', '2022-09-11 12:47:13'),
(27033, 'en', 'filter_by_delivery_status', 'Filter by Delivery Status', '2022-09-11 12:48:04', '2022-09-11 12:48:04'),
(27034, 'en', 'seller', 'Seller', '2022-09-11 12:48:04', '2022-09-11 12:48:04'),
(27035, 'en', 'inhouse_order', 'Inhouse Order', '2022-09-11 12:48:04', '2022-09-11 12:48:04'),
(27036, 'en', 'tracking_code_optional', 'Tracking Code (optional)', '2022-09-11 12:48:14', '2022-09-11 12:48:14'),
(27037, 'en', 'additional_info', 'Additional Info', '2022-09-11 12:48:14', '2022-09-11 12:48:14'),
(27038, 'en', 'order_tracking_code_has_been_updated', 'Order tracking code has been updated', '2022-09-11 12:48:15', '2022-09-11 12:48:15'),
(27039, 'en', 'has_been_confirmed', 'has been Confirmed', '2022-09-11 12:48:37', '2022-09-11 12:48:37'),
(27040, 'en', 'has_been_picked_up', 'has been Picked up', '2022-09-11 12:48:54', '2022-09-11 12:48:54'),
(27041, 'en', 'review', 'Review', '2022-09-11 12:49:05', '2022-09-11 12:49:05'),
(27042, 'en', 'not_delivered_yet', 'Not Delivered Yet', '2022-09-11 12:49:05', '2022-09-11 12:49:05'),
(27043, 'en', 'has_been_on_the_way', 'has been On the way', '2022-09-11 12:49:36', '2022-09-11 12:49:36'),
(27044, 'en', 'has_been_paid', 'has been Paid', '2022-09-11 12:50:12', '2022-09-11 12:50:12'),
(27045, 'en', 'has_been_delivered', 'has been Delivered', '2022-09-11 12:50:12', '2022-09-11 12:50:12'),
(27046, 'en', 'you_need_to_configure_smtp_correctly_to_enable_this_feature', 'You need to configure SMTP correctly to enable this feature.', '2022-09-11 12:51:04', '2022-09-11 12:51:04'),
(27047, 'en', 'product_query_activation', 'Product Query Activation', '2022-09-11 12:51:04', '2022-09-11 12:51:04'),
(27048, 'en', 'you_need_to_configure_stripe_correctly_to_enable_this_feature', 'You need to configure Stripe correctly to enable this feature.', '2022-09-11 12:51:04', '2022-09-11 12:51:04'),
(27049, 'en', 'mercadopago_payment_activation', 'Mercadopago Payment Activation', '2022-09-11 12:51:04', '2022-09-11 12:51:04'),
(27050, 'en', 'you_need_to_configure_mercadopago_correctly_to_enable_this_feature', 'You need to configure Mercadopago correctly to enable this feature.', '2022-09-11 12:51:04', '2022-09-11 12:51:04'),
(27051, 'en', 'you_need_to_configure_sslcommerz_correctly_to_enable_this_feature', 'You need to configure SSlCommerz correctly to enable this feature.', '2022-09-11 12:51:04', '2022-09-11 12:51:04'),
(27052, 'en', 'you_need_to_configure_payhere_correctly_to_enable_this_feature', 'You need to configure Payhere correctly to enable this feature', '2022-09-11 12:51:04', '2022-09-11 12:51:04'),
(27053, 'en', 'authorize_net_activation', 'Authorize Net Activation', '2022-09-11 12:51:04', '2022-09-11 12:51:04'),
(27054, 'en', 'you_need_to_configure_authorize_net_correctly_to_enable_this_feature', 'You need to configure authorize net correctly to enable this feature', '2022-09-11 12:51:04', '2022-09-11 12:51:04'),
(27055, 'en', 'payku_activation', 'Payku Activation', '2022-09-11 12:51:04', '2022-09-11 12:51:04'),
(27056, 'en', 'you_need_to_configure_payku_net_correctly_to_enable_this_feature', 'You need to configure payku net correctly to enable this feature', '2022-09-11 12:51:04', '2022-09-11 12:51:04'),
(27057, 'en', 'help_line', 'Help line', '2022-09-11 12:57:22', '2022-09-11 12:57:22'),
(27058, 'en', 'do_you_really_want_to_unban_this_seller', 'Do you really want to unban this seller?', '2022-09-11 13:02:10', '2022-09-11 13:02:10'),
(27059, 'en', 'purchase_code', 'Purchase code', '2022-09-11 13:05:18', '2022-09-11 13:05:18'),
(27060, 'en', 'addon_installed_successfully', 'Addon installed successfully', '2022-09-11 13:05:57', '2022-09-11 13:05:57'),
(27061, 'en', 'attribute_information', 'Attribute Information', '2022-09-11 13:08:46', '2022-09-11 13:08:46'),
(27062, 'en', 'attribute_has_been_updated_successfully', 'Attribute has been updated successfully', '2022-09-11 13:08:55', '2022-09-11 13:08:55'),
(27063, 'en', 'attribute_detail', 'Attribute Detail', '2022-09-11 13:10:30', '2022-09-11 13:10:30'),
(27064, 'en', 'add_new_attribute_value', 'Add New Attribute Value', '2022-09-11 13:10:30', '2022-09-11 13:10:30'),
(27065, 'en', 'attribute_name', 'Attribute Name', '2022-09-11 13:10:30', '2022-09-11 13:10:30'),
(27066, 'en', 'attribute_value', 'Attribute Value', '2022-09-11 13:10:30', '2022-09-11 13:10:30'),
(27067, 'en', 'withdraw_seller_amount', 'Withdraw Seller Amount', '2022-09-11 13:25:50', '2022-09-11 13:25:50'),
(27068, 'en', 'minimum_seller_amount_withdraw', 'Minimum Seller Amount Withdraw', '2022-09-11 13:25:50', '2022-09-11 13:25:50'),
(27069, 'en', 'if_any_product_has_discount_or_exists_in_another_flash_deal_the_discount_will_be_replaced_by_this_discount__time_limit', 'If any product has discount or exists in another flash deal, the discount will be replaced by this discount & time limit.', '2022-09-11 13:29:37', '2022-09-11 13:29:37'),
(27070, 'en', 'see_details', 'See Details', '2022-09-11 13:40:37', '2022-09-11 13:40:37'),
(27071, 'en', 'message_has_been_sent_to_seller', 'Message has been sent to seller', '2022-09-11 13:40:37', '2022-09-11 13:40:37'),
(27072, 'en', 'attribute_value_has_been_inserted_successfully', 'Attribute value has been inserted successfully', '2022-09-11 14:14:07', '2022-09-11 14:14:07'),
(27073, 'en', 'show_all_products', 'Show All Products', '2022-09-11 14:16:45', '2022-09-11 14:16:45'),
(27074, 'en', 'show_in_house_products', 'Show In House Products', '2022-09-11 14:16:45', '2022-09-11 14:16:45'),
(27075, 'en', 'show_seller_products', 'Show Seller Products', '2022-09-11 14:16:45', '2022-09-11 14:16:45'),
(27076, 'en', 'product_edit', 'Product Edit', '2022-09-11 14:16:45', '2022-09-11 14:16:45'),
(27077, 'en', 'product_duplicate', 'Product Duplicate', '2022-09-11 14:16:45', '2022-09-11 14:16:45'),
(27078, 'en', 'product_delete', 'Product Delete', '2022-09-11 14:16:45', '2022-09-11 14:16:45'),
(27079, 'en', 'show_digital_products', 'Show Digital Products', '2022-09-11 14:16:45', '2022-09-11 14:16:45'),
(27080, 'en', 'add_digital_product', 'Add Digital Product', '2022-09-11 14:16:45', '2022-09-11 14:16:45'),
(27081, 'en', 'delete_digital_product', 'Delete Digital Product', '2022-09-11 14:16:45', '2022-09-11 14:16:45'),
(27082, 'en', 'download_digital_product', 'Download Digital Product', '2022-09-11 14:16:45', '2022-09-11 14:16:45'),
(27083, 'en', 'product_bulk_import', 'Product Bulk Import', '2022-09-11 14:16:45', '2022-09-11 14:16:45'),
(27084, 'en', 'product_bulk_export', 'Product Bulk Export', '2022-09-11 14:16:45', '2022-09-11 14:16:45'),
(27085, 'en', 'view_product_categories', 'View Product Categories', '2022-09-11 14:16:46', '2022-09-11 14:16:46'),
(27086, 'en', 'add_product_category', 'Add Product Category', '2022-09-11 14:16:46', '2022-09-11 14:16:46'),
(27087, 'en', 'edit_product_category', 'Edit Product Category', '2022-09-11 14:16:46', '2022-09-11 14:16:46'),
(27088, 'en', 'delete_product_category', 'Delete Product Category', '2022-09-11 14:16:46', '2022-09-11 14:16:46'),
(27089, 'en', 'add_brand', 'Add Brand', '2022-09-11 14:16:46', '2022-09-11 14:16:46'),
(27090, 'en', 'edit_brand', 'Edit Brand', '2022-09-11 14:16:46', '2022-09-11 14:16:46'),
(27091, 'en', 'delete_brand', 'Delete Brand', '2022-09-11 14:16:46', '2022-09-11 14:16:46'),
(27092, 'en', 'product_attribute', 'Product Attribute', '2022-09-11 14:16:46', '2022-09-11 14:16:46'),
(27093, 'en', 'view_product_attributes', 'View Product Attributes', '2022-09-11 14:16:46', '2022-09-11 14:16:46'),
(27094, 'en', 'add_product_attribute', 'Add Product Attribute', '2022-09-11 14:16:46', '2022-09-11 14:16:46'),
(27095, 'en', 'edit_product_attribute', 'Edit Product Attribute', '2022-09-11 14:16:46', '2022-09-11 14:16:46'),
(27096, 'en', 'delete_product_attribute', 'Delete Product Attribute', '2022-09-11 14:16:46', '2022-09-11 14:16:46'),
(27097, 'en', 'view_product_attribute_values', 'View Product Attribute Values', '2022-09-11 14:16:46', '2022-09-11 14:16:46'),
(27098, 'en', 'add_product_attribute_values', 'Add Product Attribute Values', '2022-09-11 14:16:46', '2022-09-11 14:16:46'),
(27099, 'en', 'edit_product_attribute_value', 'Edit Product Attribute Value', '2022-09-11 14:16:46', '2022-09-11 14:16:46'),
(27100, 'en', 'delete_product_attribute_value', 'Delete Product Attribute Value', '2022-09-11 14:16:46', '2022-09-11 14:16:46'),
(27101, 'en', 'view_colors', 'View Colors', '2022-09-11 14:16:46', '2022-09-11 14:16:46'),
(27102, 'en', 'add_color', 'Add Color', '2022-09-11 14:16:46', '2022-09-11 14:16:46'),
(27103, 'en', 'edit_color', 'Edit Color', '2022-09-11 14:16:46', '2022-09-11 14:16:46'),
(27104, 'en', 'delete_color', 'Delete Color', '2022-09-11 14:16:46', '2022-09-11 14:16:46'),
(27105, 'en', 'product_review', 'Product Review', '2022-09-11 14:16:46', '2022-09-11 14:16:46'),
(27106, 'en', 'view_product_reviews', 'View Product Reviews', '2022-09-11 14:16:46', '2022-09-11 14:16:46'),
(27107, 'en', 'publish_product_review', 'Publish Product Review', '2022-09-11 14:16:46', '2022-09-11 14:16:46'),
(27108, 'en', 'view_all_orders', 'View All Orders', '2022-09-11 14:16:46', '2022-09-11 14:16:46'),
(27109, 'en', 'view_inhouse_orders', 'View Inhouse Orders', '2022-09-11 14:16:46', '2022-09-11 14:16:46'),
(27110, 'en', 'view_seller_orders', 'View Seller Orders', '2022-09-11 14:16:46', '2022-09-11 14:16:46'),
(27111, 'en', 'view_pickup_point_orders', 'View Pickup Point Orders', '2022-09-11 14:16:47', '2022-09-11 14:16:47'),
(27112, 'en', 'view_order_details', 'View Order Details', '2022-09-11 14:16:47', '2022-09-11 14:16:47'),
(27113, 'en', 'update_order_payment_status', 'Update Order Payment Status', '2022-09-11 14:16:47', '2022-09-11 14:16:47'),
(27114, 'en', 'update_order_delivery_status', 'Update Order Delivery Status', '2022-09-11 14:16:47', '2022-09-11 14:16:47'),
(27115, 'en', 'delete_order', 'Delete Order', '2022-09-11 14:16:47', '2022-09-11 14:16:47'),
(27116, 'en', 'view_all_customers', 'View All Customers', '2022-09-11 14:16:47', '2022-09-11 14:16:47'),
(27117, 'en', 'login_as_customer', 'Login As Customer', '2022-09-11 14:16:47', '2022-09-11 14:16:47'),
(27118, 'en', 'ban_customer', 'Ban Customer', '2022-09-11 14:16:47', '2022-09-11 14:16:47'),
(27119, 'en', 'delete_customer', 'Delete Customer', '2022-09-11 14:16:47', '2022-09-11 14:16:47'),
(27120, 'en', 'view_classified_products', 'View Classified Products', '2022-09-11 14:16:47', '2022-09-11 14:16:47'),
(27121, 'en', 'publish_classified_product', 'Publish Classified Product', '2022-09-11 14:16:47', '2022-09-11 14:16:47'),
(27122, 'en', 'delete_classified_product', 'Delete Classified Product', '2022-09-11 14:16:47', '2022-09-11 14:16:47'),
(27123, 'en', 'view_classified_packages', 'View Classified Packages', '2022-09-11 14:16:47', '2022-09-11 14:16:47'),
(27124, 'en', 'add_classified_package', 'Add Classified Package', '2022-09-11 14:16:47', '2022-09-11 14:16:47'),
(27125, 'en', 'edit_classified_package', 'Edit Classified Package', '2022-09-11 14:16:47', '2022-09-11 14:16:47'),
(27126, 'en', 'delete_classified_package', 'Delete Classified Package', '2022-09-11 14:16:47', '2022-09-11 14:16:47'),
(27127, 'en', 'view_all_seller', 'View All Seller', '2022-09-11 14:16:47', '2022-09-11 14:16:47'),
(27128, 'en', 'view_seller_profile', 'View Seller Profile', '2022-09-11 14:16:47', '2022-09-11 14:16:47'),
(27129, 'en', 'login_as_seller', 'Login As Seller', '2022-09-11 14:16:47', '2022-09-11 14:16:47'),
(27130, 'en', 'seller_payment_history', 'Seller Payment History', '2022-09-11 14:16:47', '2022-09-11 14:16:47'),
(27131, 'en', 'edit_seller', 'Edit Seller', '2022-09-11 14:16:47', '2022-09-11 14:16:47'),
(27132, 'en', 'delete_seller', 'Delete Seller', '2022-09-11 14:16:47', '2022-09-11 14:16:47'),
(27133, 'en', 'ban_seller', 'Ban Seller', '2022-09-11 14:16:47', '2022-09-11 14:16:47'),
(27134, 'en', 'approve_seller', 'Approve Seller', '2022-09-11 14:16:47', '2022-09-11 14:16:47'),
(27135, 'en', 'view_seller_payout_requests', 'View Seller Payout Requests', '2022-09-11 14:16:48', '2022-09-11 14:16:48'),
(27136, 'en', 'seller_commission_configuration', 'Seller Commission Configuration', '2022-09-11 14:16:48', '2022-09-11 14:16:48'),
(27137, 'en', 'seller_verification_form_configuration', 'Seller Verification Form Configuration', '2022-09-11 14:16:48', '2022-09-11 14:16:48'),
(27138, 'en', 'report', 'Report', '2022-09-11 14:16:48', '2022-09-11 14:16:48'),
(27139, 'en', 'in_house_product_sale_report', 'In House Product Sale Report', '2022-09-11 14:16:48', '2022-09-11 14:16:48'),
(27140, 'en', 'seller_products_sale_report', 'Seller Products Sale Report', '2022-09-11 14:16:48', '2022-09-11 14:16:48'),
(27141, 'en', 'products_stock_report', 'Products Stock Report', '2022-09-11 14:16:48', '2022-09-11 14:16:48'),
(27142, 'en', 'product_wishlist_report', 'Product Wishlist Report', '2022-09-11 14:16:48', '2022-09-11 14:16:48'),
(27143, 'en', 'commission_history_report', 'Commission History Report', '2022-09-11 14:16:48', '2022-09-11 14:16:48'),
(27144, 'en', 'wallet_transaction_report', 'Wallet Transaction Report', '2022-09-11 14:16:48', '2022-09-11 14:16:48'),
(27145, 'en', 'view_blogs', 'View Blogs', '2022-09-11 14:16:48', '2022-09-11 14:16:48'),
(27146, 'en', 'add_blog', 'Add Blog', '2022-09-11 14:16:48', '2022-09-11 14:16:48'),
(27147, 'en', 'edit_blog', 'Edit Blog', '2022-09-11 14:16:48', '2022-09-11 14:16:48'),
(27148, 'en', 'delete_blog', 'Delete Blog', '2022-09-11 14:16:48', '2022-09-11 14:16:48'),
(27149, 'en', 'publish_blog', 'Publish Blog', '2022-09-11 14:16:48', '2022-09-11 14:16:48'),
(27150, 'en', 'view_blog_categories', 'View Blog Categories', '2022-09-11 14:16:48', '2022-09-11 14:16:48'),
(27151, 'en', 'add_blog_category', 'Add Blog Category', '2022-09-11 14:16:48', '2022-09-11 14:16:48'),
(27152, 'en', 'edit_blog_category', 'Edit Blog Category', '2022-09-11 14:16:48', '2022-09-11 14:16:48'),
(27153, 'en', 'delete_blog_category', 'Delete Blog Category', '2022-09-11 14:16:48', '2022-09-11 14:16:48'),
(27154, 'en', 'view_all_flash_deals', 'View All Flash Deals', '2022-09-11 14:16:48', '2022-09-11 14:16:48'),
(27155, 'en', 'add_flash_deal', 'Add Flash Deal', '2022-09-11 14:16:48', '2022-09-11 14:16:48'),
(27156, 'en', 'edit_flash_deal', 'Edit Flash Deal', '2022-09-11 14:16:48', '2022-09-11 14:16:48'),
(27157, 'en', 'delete_flash_deal', 'Delete Flash Deal', '2022-09-11 14:16:48', '2022-09-11 14:16:48'),
(27158, 'en', 'publish_flash_deal', 'Publish Flash Deal', '2022-09-11 14:16:48', '2022-09-11 14:16:48'),
(27159, 'en', 'featured_flash_deal', 'Featured Flash Deal', '2022-09-11 14:16:48', '2022-09-11 14:16:48'),
(27160, 'en', 'view_all_coupons', 'View All Coupons', '2022-09-11 14:16:49', '2022-09-11 14:16:49'),
(27161, 'en', 'add_coupon', 'Add Coupon', '2022-09-11 14:16:49', '2022-09-11 14:16:49'),
(27162, 'en', 'edit_coupon', 'Edit Coupon', '2022-09-11 14:16:49', '2022-09-11 14:16:49'),
(27163, 'en', 'delete_coupon', 'Delete Coupon', '2022-09-11 14:16:49', '2022-09-11 14:16:49'),
(27164, 'en', 'view_all_subscribers', 'View All Subscribers', '2022-09-11 14:16:49', '2022-09-11 14:16:49'),
(27165, 'en', 'delete_subscriber', 'Delete Subscriber', '2022-09-11 14:16:49', '2022-09-11 14:16:49'),
(27166, 'en', 'view_all_support_tickets', 'View All Support Tickets', '2022-09-11 14:16:49', '2022-09-11 14:16:49'),
(27167, 'en', 'reply_to_support_tickets', 'Reply To Support Tickets', '2022-09-11 14:16:49', '2022-09-11 14:16:49'),
(27168, 'en', 'view_all_product_queries', 'View All Product Queries', '2022-09-11 14:16:49', '2022-09-11 14:16:49'),
(27169, 'en', 'reply_to_product_queries', 'Reply To Product Queries', '2022-09-11 14:16:49', '2022-09-11 14:16:49'),
(27170, 'en', 'delete_product_queries', 'Delete Product Queries', '2022-09-11 14:16:49', '2022-09-11 14:16:49'),
(27171, 'en', 'header_setup', 'Header Setup', '2022-09-11 14:16:49', '2022-09-11 14:16:49'),
(27172, 'en', 'footer_setup', 'Footer Setup', '2022-09-11 14:16:49', '2022-09-11 14:16:49'),
(27173, 'en', 'website_appearance', 'Website Appearance', '2022-09-11 14:16:49', '2022-09-11 14:16:49'),
(27174, 'en', 'view_all_website_pages', 'View All Website Pages', '2022-09-11 14:16:49', '2022-09-11 14:16:49'),
(27175, 'en', 'add_website_page', 'Add Website Page', '2022-09-11 14:16:49', '2022-09-11 14:16:49'),
(27176, 'en', 'edit_website_page', 'Edit Website Page', '2022-09-11 14:16:49', '2022-09-11 14:16:49'),
(27177, 'en', 'delete_website_page', 'Delete Website Page', '2022-09-11 14:16:49', '2022-09-11 14:16:49'),
(27178, 'en', 'setup_configurations', 'Setup Configurations', '2022-09-11 14:16:49', '2022-09-11 14:16:49'),
(27179, 'en', 'language_setup', 'Language Setup', '2022-09-11 14:16:49', '2022-09-11 14:16:49'),
(27180, 'en', 'currency_setup', 'Currency Setup', '2022-09-11 14:16:49', '2022-09-11 14:16:49'),
(27181, 'en', 'vat__tax_setup', 'Vat & Tax Setup', '2022-09-11 14:16:49', '2022-09-11 14:16:49'),
(27182, 'en', 'pickup_point_setup', 'Pickup Point Setup', '2022-09-11 14:16:49', '2022-09-11 14:16:49'),
(27183, 'en', 'payment_methods_configurations', 'Payment Methods Configurations', '2022-09-11 14:16:49', '2022-09-11 14:16:49'),
(27184, 'en', 'analytics_tools_configuration', 'Analytics Tools Configuration', '2022-09-11 14:16:49', '2022-09-11 14:16:49'),
(27185, 'en', 'google_recaptcha_configuration', 'Google Recaptcha Configuration', '2022-09-11 14:16:50', '2022-09-11 14:16:50'),
(27186, 'en', 'google_map_setting', 'Google Map Setting', '2022-09-11 14:16:50', '2022-09-11 14:16:50'),
(27187, 'en', 'google_firebase_setting', 'Google Firebase Setting', '2022-09-11 14:16:50', '2022-09-11 14:16:50'),
(27188, 'en', 'shipping_country_setting', 'Shipping Country Setting', '2022-09-11 14:16:50', '2022-09-11 14:16:50'),
(27189, 'en', 'manage_shipping_states', 'Manage Shipping States', '2022-09-11 14:16:50', '2022-09-11 14:16:50'),
(27190, 'en', 'manage_shipping_cities', 'Manage Shipping Cities', '2022-09-11 14:16:50', '2022-09-11 14:16:50'),
(27191, 'en', 'manage_zones', 'Manage Zones', '2022-09-11 14:16:50', '2022-09-11 14:16:50'),
(27192, 'en', 'manage_carriers', 'Manage Carriers', '2022-09-11 14:16:50', '2022-09-11 14:16:50'),
(27193, 'en', 'staff', 'Staff', '2022-09-11 14:16:50', '2022-09-11 14:16:50'),
(27194, 'en', 'view_all_staffs', 'View All Staffs', '2022-09-11 14:16:50', '2022-09-11 14:16:50'),
(27195, 'en', 'add_staff', 'Add Staff', '2022-09-11 14:16:50', '2022-09-11 14:16:50'),
(27196, 'en', 'edit_staff', 'Edit Staff', '2022-09-11 14:16:50', '2022-09-11 14:16:50'),
(27197, 'en', 'delete_staff', 'Delete Staff', '2022-09-11 14:16:50', '2022-09-11 14:16:50'),
(27198, 'en', 'view_staff_roles', 'View Staff Roles', '2022-09-11 14:16:50', '2022-09-11 14:16:50'),
(27199, 'en', 'add_staff_role', 'Add Staff Role', '2022-09-11 14:16:50', '2022-09-11 14:16:50'),
(27200, 'en', 'edit_staff_role', 'Edit Staff Role', '2022-09-11 14:16:50', '2022-09-11 14:16:50'),
(27201, 'en', 'delete_staff_role', 'Delete Staff Role', '2022-09-11 14:16:50', '2022-09-11 14:16:50'),
(27202, 'en', 'manage_addons', 'Manage Addons', '2022-09-11 14:16:50', '2022-09-11 14:16:50'),
(27203, 'en', 'admin_dashboard', 'Admin Dashboard', '2022-09-11 14:16:50', '2022-09-11 14:16:50'),
(27204, 'en', 'new_role_has_been_added_successfully', 'New Role has been added successfully', '2022-09-11 14:19:21', '2022-09-11 14:19:21'),
(27205, 'en', 'facebook_pixel_setting', 'Facebook Pixel Setting', '2022-09-11 16:04:50', '2022-09-11 16:04:50'),
(27206, 'en', 'facebook_pixel', 'Facebook Pixel', '2022-09-11 16:04:50', '2022-09-11 16:04:50'),
(27207, 'en', 'facebook_pixel_id', 'Facebook Pixel ID', '2022-09-11 16:04:50', '2022-09-11 16:04:50'),
(27208, 'en', 'please_be_carefull_when_you_are_configuring_facebook_pixel', 'Please be carefull when you are configuring Facebook pixel.', '2022-09-11 16:04:50', '2022-09-11 16:04:50'),
(27209, 'en', 'log_in_to_facebook_and_go_to_your_ads_manager_account', 'Log in to Facebook and go to your Ads Manager account', '2022-09-11 16:04:50', '2022-09-11 16:04:50'),
(27210, 'en', 'open_the_navigation_bar_and_select_events_manager', 'Open the Navigation Bar and select Events Manager', '2022-09-11 16:04:50', '2022-09-11 16:04:50'),
(27211, 'en', 'copy_your_pixel_id_from_underneath_your_site_name_and_paste_the_number_into_facebook_pixel_id_field', 'Copy your Pixel ID from underneath your Site Name and paste the number into Facebook Pixel ID field', '2022-09-11 16:04:51', '2022-09-11 16:04:51'),
(27212, 'en', 'google_analytics_setting', 'Google Analytics Setting', '2022-09-11 16:04:51', '2022-09-11 16:04:51'),
(27213, 'en', 'google_analytics', 'Google Analytics', '2022-09-11 16:04:51', '2022-09-11 16:04:51'),
(27214, 'en', 'tracking_id', 'Tracking ID', '2022-09-11 16:04:51', '2022-09-11 16:04:51'),
(27215, 'en', 'fcm_server_key', 'FCM SERVER KEY', '2022-09-11 16:05:36', '2022-09-11 16:05:36'),
(27216, 'en', 'all_notifications', 'All Notifications', '2022-09-11 16:06:32', '2022-09-11 16:06:32'),
(27217, 'en', '_has_been_placed', ' has been Placed', '2022-09-11 16:06:32', '2022-09-11 16:06:32'),
(27218, 'en', '_has_been_paid', ' has been Paid', '2022-09-11 16:06:32', '2022-09-11 16:06:32'),
(27219, 'en', '_has_been_delivered', ' has been Delivered', '2022-09-11 16:06:32', '2022-09-11 16:06:32'),
(27220, 'en', '_has_been_on_the_way', ' has been On the way', '2022-09-11 16:06:32', '2022-09-11 16:06:32'),
(27221, 'en', '_has_been_picked_up', ' has been Picked up', '2022-09-11 16:06:32', '2022-09-11 16:06:32'),
(27222, 'en', '_has_been_confirmed', ' has been Confirmed', '2022-09-11 16:06:32', '2022-09-11 16:06:32'),
(27223, 'en', 'admin_or_customer_can_not_be_a_seller', 'Admin or Customer can not be a seller', '2022-09-11 17:02:18', '2022-09-11 17:02:18'),
(27224, 'en', 'emails', 'Emails', '2022-09-11 23:39:36', '2022-09-11 23:39:36'),
(27225, 'en', 'users', 'Users', '2022-09-11 23:39:36', '2022-09-11 23:39:36'),
(27226, 'en', 'newsletter_subject', 'Newsletter subject', '2022-09-11 23:39:36', '2022-09-11 23:39:36'),
(27227, 'en', 'newsletter_content', 'Newsletter content', '2022-09-11 23:39:36', '2022-09-11 23:39:36'),
(27228, 'en', 'tax_has_been_inserted_successfully', 'Tax has been inserted successfully', '2022-09-12 00:03:12', '2022-09-12 00:03:12'),
(27229, 'en', 'total_order', 'Total Order', '2022-09-12 00:25:07', '2022-09-12 00:25:07'),
(27230, 'en', 'total_sales', 'Total Sales', '2022-09-12 00:25:07', '2022-09-12 00:25:07'),
(27231, 'en', 'sales_stat', 'Sales Stat', '2022-09-12 00:25:07', '2022-09-12 00:25:07'),
(27232, 'en', 'last_month', 'Last Month', '2022-09-12 00:25:07', '2022-09-12 00:25:07'),
(27233, 'en', 'category_wise_product_count', 'Category wise product count', '2022-09-12 00:25:07', '2022-09-12 00:25:07'),
(27234, 'en', 'this_month', 'This Month', '2022-09-12 00:25:08', '2022-09-12 00:25:08'),
(27235, 'en', 'new_order', 'New Order', '2022-09-12 00:25:08', '2022-09-12 00:25:08'),
(27236, 'en', 'cancelled', 'Cancelled', '2022-09-12 00:25:08', '2022-09-12 00:25:08'),
(27237, 'en', 'shop_verification', 'Shop Verification', '2022-09-12 00:25:26', '2022-09-12 00:25:26'),
(27238, 'en', 'shop_phone', 'Shop Phone', '2022-09-12 00:25:47', '2022-09-12 00:25:47'),
(27239, 'en', 'instagram', 'Instagram', '2022-09-12 00:25:47', '2022-09-12 00:25:47'),
(27240, 'en', 'you_do_not_have_enough_balance_to_send_withdraw_request', 'You do not have enough balance to send withdraw request', '2022-09-12 00:25:59', '2022-09-12 00:25:59'),
(27241, 'en', 'select_sendmail_for_mail_driver_if_you_face_any_issue_after_configuring_smtp_as_mail_driver', 'Select sendmail for Mail Driver if you face any issue after configuring smtp as Mail Driver', '2022-09-12 07:36:58', '2022-09-12 07:36:58'),
(27242, 'en', 'forgot_password_', 'Forgot password ?', '2022-09-12 11:45:19', '2022-09-12 11:45:19'),
(27243, 'en', 'an_email_has_been_sent', 'An email has been sent.', '2022-09-12 16:20:34', '2022-09-12 16:20:34'),
(27244, 'en', 'your_shop_has_been_created_successfully', 'Your Shop has been created successfully!', '2022-09-12 19:01:57', '2022-09-12 19:01:57'),
(27245, 'en', 'please_upgrade_your_package', 'Please upgrade your package.', '2022-09-12 19:03:01', '2022-09-12 19:03:01'),
(27246, 'en', 'upload_product', 'Upload Product', '2022-09-12 19:03:06', '2022-09-12 19:03:06'),
(27247, 'en', 'your_shop_verification_request_has_been_submitted_successfully', 'Your shop verification request has been submitted successfully!', '2022-09-12 19:08:26', '2022-09-12 19:08:26'),
(27248, 'en', 'sorry_you_have_sent_verification_request_already', 'Sorry! You have sent verification request already.', '2022-09-12 19:08:32', '2022-09-12 19:08:32'),
(27249, 'en', 'name_is_required', 'Name is required', '2022-09-12 19:09:08', '2022-09-12 19:09:08'),
(27250, 'en', 'minimum_6_characters', 'Minimum 6 characters', '2022-09-12 19:09:09', '2022-09-12 19:09:09'),
(27251, 'en', 'shop_info', 'Shop Info', '2022-09-12 19:13:19', '2022-09-12 19:13:19'),
(27252, 'en', 'seller_has_been_approved_successfully', 'Seller has been approved successfully', '2022-09-12 19:13:26', '2022-09-12 19:13:26'),
(27253, 'en', 'seller_payments', 'Seller Payments', '2022-09-12 19:24:51', '2022-09-12 19:24:51'),
(27254, 'en', 'payment_details', 'Payment Details', '2022-09-12 19:24:51', '2022-09-12 19:24:51'),
(27255, 'en', 'seller_withdraw_request', 'Seller Withdraw Request', '2022-09-12 19:28:55', '2022-09-12 19:28:55'),
(27256, 'en', 'total_amount_to_pay', 'Total Amount to Pay', '2022-09-12 19:28:55', '2022-09-12 19:28:55'),
(27257, 'en', 'requested_amount', 'Requested Amount', '2022-09-12 19:28:55', '2022-09-12 19:28:55'),
(27258, 'en', 'basic_affiliate', 'Basic Affiliate', '2022-09-12 19:48:21', '2022-09-12 19:48:21'),
(27259, 'en', 'user_registration__first_purchase', 'User Registration & First Purchase', '2022-09-12 19:48:21', '2022-09-12 19:48:21'),
(27260, 'en', 'product_sharing_affiliate', 'Product Sharing Affiliate', '2022-09-12 19:48:21', '2022-09-12 19:48:21'),
(27261, 'en', 'product_sharing_and_purchasing', 'Product Sharing and Purchasing', '2022-09-12 19:48:21', '2022-09-12 19:48:21'),
(27262, 'en', 'product_sharing_affiliate_category_wise', 'Product Sharing Affiliate (Category Wise)', '2022-09-12 19:48:21', '2022-09-12 19:48:21'),
(27263, 'en', 'nb_you_can_not_enable_single_product_sharing_affiliate_and_category_wise_affiliate_at_a_time', 'N:B: You can not enable Single Product Sharing Affiliate and Category Wise Affiliate at a time.', '2022-09-12 19:48:22', '2022-09-12 19:48:22'),
(27264, 'en', 'affiliate_link_validatin_time_days', 'Affiliate Link Validatin Time (Days)', '2022-09-12 19:48:22', '2022-09-12 19:48:22'),
(27265, 'en', 'validation_time', 'Validation Time', '2022-09-12 19:48:22', '2022-09-12 19:48:22'),
(27266, 'en', 'inhouse_auction_products', 'Inhouse Auction Products', '2022-09-12 19:55:19', '2022-09-12 19:55:19'),
(27267, 'en', 'seller_auction_products', 'Seller Auction Products', '2022-09-12 19:55:19', '2022-09-12 19:55:19'),
(27268, 'en', 'wallet_transaction', 'Wallet Transaction', '2022-09-12 20:26:09', '2022-09-12 20:26:09'),
(27269, 'en', 'choose_user', 'Choose User', '2022-09-12 20:26:09', '2022-09-12 20:26:09'),
(27270, 'en', 'daterange', 'Daterange', '2022-09-12 20:26:09', '2022-09-12 20:26:09'),
(27271, 'en', 'customer_banned_successfully', 'Customer Banned Successfully', '2022-09-12 20:27:42', '2022-09-12 20:27:42'),
(27272, 'en', 'unban_this_customer', 'Unban this Customer', '2022-09-12 20:27:43', '2022-09-12 20:27:43'),
(27273, 'en', 'cache__session_driver', 'Cache & Session Driver', '2022-09-12 20:43:08', '2022-09-12 20:43:08'),
(27274, 'en', 'cache_driver', 'CACHE_DRIVER', '2022-09-12 20:43:08', '2022-09-12 20:43:08'),
(27275, 'en', 'redis', 'redis', '2022-09-12 20:43:08', '2022-09-12 20:43:08'),
(27276, 'en', 'session_driver', 'SESSION_DRIVER', '2022-09-12 20:43:08', '2022-09-12 20:43:08'),
(27277, 'en', 'redis_configuration_if_you_use_redis_as_any_of_the_drivers', 'Redis Configuration (If you use redis as any of the drivers)', '2022-09-12 20:43:08', '2022-09-12 20:43:08'),
(27278, 'en', 'redis_host', 'REDIS_HOST', '2022-09-12 20:43:08', '2022-09-12 20:43:08'),
(27279, 'en', 'redis_password', 'REDIS_PASSWORD', '2022-09-12 20:43:08', '2022-09-12 20:43:08'),
(27280, 'en', 'redis_port', 'REDIS_PORT', '2022-09-12 20:43:08', '2022-09-12 20:43:08'),
(27281, 'en', 'content', 'Content..', '2022-09-13 21:42:49', '2022-09-13 21:42:49'),
(27282, 'en', 'alpha', 'ALPHA', '2022-09-14 17:36:41', '2022-09-14 17:36:41'),
(27283, 'en', '', '', '2022-09-14 17:37:05', '2022-09-14 17:37:05'),
(27284, 'en', 'site_officiel', 'Site Officiel', '2022-09-14 17:37:34', '2022-09-14 17:37:34'),
(27285, 'en', 'map_api_key', 'Map API KEY', '2022-09-14 22:47:52', '2022-09-14 22:47:52'),
(27286, 'en', 'support_desk', 'Support Desk', '2022-09-14 22:58:21', '2022-09-14 22:58:21'),
(27287, 'en', 'type_ticket_code__enter', 'Type ticket code & Enter', '2022-09-14 22:58:21', '2022-09-14 22:58:21'),
(27288, 'en', 'user', 'User', '2022-09-14 22:58:21', '2022-09-14 22:58:21'),
(27289, 'en', 'last_reply', 'Last reply', '2022-09-14 22:58:22', '2022-09-14 22:58:22'),
(27290, 'en', 'access_denined', 'Access Denined!', '2022-09-15 16:13:10', '2022-09-15 16:13:10'),
(27291, 'en', 'you_do_not_have_the_right_permission_to_access', 'You Do not Have The Right Permission To Access.', '2022-09-15 16:13:11', '2022-09-15 16:13:11'),
(27292, 'fr', 'offline_recharge_wallet', NULL, '2022-09-15 23:26:25', '2022-09-15 23:26:25'),
(27293, 'fr', 'offline_package_purchase_', NULL, '2022-09-15 23:26:25', '2022-09-15 23:26:25'),
(27294, 'fr', 'offline_recharge_has_been_done_please_wait_for_response', NULL, '2022-09-15 23:26:25', '2022-09-15 23:26:25'),
(27295, 'fr', 'sed_ea_dolore_offici', NULL, '2022-09-15 23:26:26', '2022-09-15 23:26:26'),
(27296, 'fr', 'offline_customer_package_payment_requests', NULL, '2022-09-15 23:26:26', '2022-09-15 23:26:26'),
(27297, 'fr', 'offline_customer_package_payment_approved_successfully', NULL, '2022-09-15 23:26:26', '2022-09-15 23:26:26'),
(27298, 'fr', 'please_turn_off_maintenance_mode_before_updating', NULL, '2022-09-15 23:26:26', '2022-09-15 23:26:26'),
(27299, 'fr', 'this_commission_only_works_when_category_based_commission_is_turned_off_from_business_settings', NULL, '2022-09-15 23:26:26', '2022-09-15 23:26:26'),
(27300, 'fr', 'off', '-', '2022-09-15 23:26:26', '2022-09-15 23:26:26'),
(27301, 'fr', 'site_officiel', NULL, '2022-09-15 23:26:26', '2022-09-15 23:26:26'),
(27302, 'fr', 'category_and_brand_should_be_in_numerical_id', NULL, '2022-09-15 23:34:22', '2022-09-15 23:34:22'),
(27303, 'fr', 'you_can_download_the_pdf_to_get_category_and_brand_id', NULL, '2022-09-15 23:34:22', '2022-09-15 23:34:22'),
(27304, 'fr', '1_category_and_brand_should_be_in_numerical_id', NULL, '2022-09-15 23:34:22', '2022-09-15 23:34:22'),
(27305, 'fr', '2_you_can_download_the_pdf_to_get_category_and_brand_id', NULL, '2022-09-15 23:34:22', '2022-09-15 23:34:22'),
(27306, 'fr', 'blog_category_information', NULL, '2022-09-15 23:34:22', '2022-09-15 23:34:22'),
(27307, 'fr', 'blog_category_has_been_created_successfully', NULL, '2022-09-15 23:34:22', '2022-09-15 23:34:22'),
(27308, 'fr', 'blog_category_has_been_updated_successfully', NULL, '2022-09-15 23:34:22', '2022-09-15 23:34:22'),
(27309, 'en', 'made_in_tunisia', 'Made IN Tunisia', '2022-09-15 23:57:39', '2022-09-15 23:57:39'),
(27310, 'en', 'new_page_has_been_created_successfully', 'New page has been created successfully', '2022-09-15 23:58:59', '2022-09-15 23:58:59'),
(27311, 'en', 'default_value', 'Default Value', '2022-09-17 12:57:55', '2022-09-17 12:57:55'),
(27312, 'en', 'translated_value', 'Translated Value', '2022-09-17 12:57:55', '2022-09-17 12:57:55'),
(27313, 'fr', 'validation_time', 'Heur Validation', '2022-09-17 13:05:49', '2022-09-17 13:05:49'),
(27314, 'fr', 'inhouse_auction_products', 'Produit interne enchaiere', '2022-09-17 13:05:49', '2022-09-17 13:05:49'),
(27315, 'fr', 'seller_auction_products', 'Produits vendu enchaiere', '2022-09-17 13:05:49', '2022-09-17 13:05:49'),
(27316, 'fr', 'wallet_transaction', 'Transaction de portfeuil', '2022-09-17 13:05:49', '2022-09-17 13:05:49'),
(27317, 'fr', 'choose_user', 'Choix d\'utilisateur', '2022-09-17 13:05:49', '2022-09-17 13:05:49'),
(27318, 'fr', 'daterange', NULL, '2022-09-17 13:05:49', '2022-09-17 13:05:49'),
(27319, 'fr', 'customer_banned_successfully', 'Client banne avec succse', '2022-09-17 13:05:49', '2022-09-17 13:05:49'),
(27320, 'fr', 'unban_this_customer', 'Debanne cette client', '2022-09-17 13:05:49', '2022-09-17 13:05:49'),
(27321, 'fr', 'cache__session_driver', NULL, '2022-09-17 13:05:49', '2022-09-17 13:05:49'),
(27322, 'fr', 'cache_driver', NULL, '2022-09-17 13:05:49', '2022-09-17 13:05:49'),
(27323, 'fr', 'redis', NULL, '2022-09-17 13:05:49', '2022-09-17 13:05:49'),
(27324, 'fr', 'session_driver', NULL, '2022-09-17 13:05:49', '2022-09-17 13:05:49'),
(27325, 'fr', 'redis_configuration_if_you_use_redis_as_any_of_the_drivers', NULL, '2022-09-17 13:05:49', '2022-09-17 13:05:49'),
(27326, 'fr', 'redis_host', NULL, '2022-09-17 13:05:49', '2022-09-17 13:05:49'),
(27327, 'fr', 'redis_password', NULL, '2022-09-17 13:05:49', '2022-09-17 13:05:49'),
(27328, 'fr', 'redis_port', NULL, '2022-09-17 13:05:49', '2022-09-17 13:05:49'),
(27329, 'fr', 'content', NULL, '2022-09-17 13:05:49', '2022-09-17 13:05:49'),
(27330, 'fr', 'alpha', NULL, '2022-09-17 13:05:49', '2022-09-17 13:05:49'),
(27331, 'fr', 'map_api_key', NULL, '2022-09-17 13:05:49', '2022-09-17 13:05:49'),
(27332, 'fr', 'support_desk', NULL, '2022-09-17 13:05:50', '2022-09-17 13:05:50'),
(27333, 'fr', 'type_ticket_code__enter', NULL, '2022-09-17 13:05:50', '2022-09-17 13:05:50'),
(27334, 'fr', 'user', 'Utilisateurs', '2022-09-17 13:05:50', '2022-09-17 13:05:50'),
(27335, 'fr', 'last_reply', 'Dernier reponse', '2022-09-17 13:05:50', '2022-09-17 13:05:50'),
(27336, 'fr', 'access_denined', 'Accès refusé !', '2022-09-17 13:05:50', '2022-09-17 13:05:50'),
(27337, 'fr', 'you_do_not_have_the_right_permission_to_access', 'Vous n\'avez pas les droits nécessaires pour accéder', '2022-09-17 13:05:50', '2022-09-17 13:05:50'),
(27338, 'fr', 'made_in_tunisia', NULL, '2022-09-17 13:05:50', '2022-09-17 13:05:50'),
(27339, 'fr', 'new_page_has_been_created_successfully', NULL, '2022-09-17 13:05:50', '2022-09-17 13:05:50'),
(27340, 'fr', 'default_value', 'Valeur par défaut', '2022-09-17 13:05:50', '2022-09-17 13:05:50'),
(27341, 'fr', 'translated_value', 'Valeur traduction', '2022-09-17 13:05:50', '2022-09-17 13:05:50'),
(27342, 'fr', 'fcm_server_key', NULL, '2022-09-17 13:10:35', '2022-09-17 13:10:35'),
(27343, 'fr', 'all_notifications', 'Tous les notifications', '2022-09-17 13:10:35', '2022-09-17 13:10:35'),
(27344, 'fr', '_has_been_placed', 'Placer', '2022-09-17 13:10:35', '2022-09-17 13:10:35'),
(27345, 'fr', '_has_been_paid', 'Payer', '2022-09-17 13:10:35', '2022-09-17 13:10:35'),
(27346, 'fr', '_has_been_delivered', 'Livré', '2022-09-17 13:10:35', '2022-09-17 13:10:35');
INSERT INTO `translations` (`id`, `lang`, `lang_key`, `lang_value`, `created_at`, `updated_at`) VALUES
(27347, 'fr', '_has_been_on_the_way', NULL, '2022-09-17 13:10:35', '2022-09-17 13:10:35'),
(27348, 'fr', '_has_been_picked_up', NULL, '2022-09-17 13:10:35', '2022-09-17 13:10:35'),
(27349, 'fr', '_has_been_confirmed', 'Confirmer', '2022-09-17 13:10:35', '2022-09-17 13:10:35'),
(27350, 'fr', 'admin_or_customer_can_not_be_a_seller', NULL, '2022-09-17 13:10:35', '2022-09-17 13:10:35'),
(27351, 'fr', 'emails', NULL, '2022-09-17 13:10:35', '2022-09-17 13:10:35'),
(27352, 'fr', 'users', 'Utilisateurs', '2022-09-17 13:10:35', '2022-09-17 13:10:35'),
(27353, 'fr', 'newsletter_subject', NULL, '2022-09-17 13:10:35', '2022-09-17 13:10:35'),
(27354, 'fr', 'newsletter_content', NULL, '2022-09-17 13:10:35', '2022-09-17 13:10:35'),
(27355, 'fr', 'tax_has_been_inserted_successfully', NULL, '2022-09-17 13:10:35', '2022-09-17 13:10:35'),
(27356, 'fr', 'total_order', NULL, '2022-09-17 13:10:35', '2022-09-17 13:10:35'),
(27357, 'fr', 'total_sales', 'Total des ventes', '2022-09-17 13:10:35', '2022-09-17 13:10:35'),
(27358, 'fr', 'sales_stat', 'Etat des ventes', '2022-09-17 13:10:35', '2022-09-17 13:10:35'),
(27359, 'fr', 'last_month', 'Mois dernier', '2022-09-17 13:10:35', '2022-09-17 13:10:35'),
(27360, 'fr', 'category_wise_product_count', NULL, '2022-09-17 13:10:35', '2022-09-17 13:10:35'),
(27361, 'fr', 'this_month', 'Ce mois', '2022-09-17 13:10:35', '2022-09-17 13:10:35'),
(27362, 'fr', 'new_order', 'Nouveau commande', '2022-09-17 13:10:35', '2022-09-17 13:10:35'),
(27363, 'fr', 'cancelled', 'Annuler', '2022-09-17 13:10:35', '2022-09-17 13:10:35'),
(27364, 'fr', 'shop_verification', 'Verification de store', '2022-09-17 13:10:35', '2022-09-17 13:10:35'),
(27365, 'fr', 'shop_phone', 'N° store', '2022-09-17 13:10:36', '2022-09-17 13:10:36'),
(27366, 'fr', 'instagram', NULL, '2022-09-17 13:10:36', '2022-09-17 13:10:36'),
(27367, 'fr', 'you_do_not_have_enough_balance_to_send_withdraw_request', NULL, '2022-09-17 13:10:36', '2022-09-17 13:10:36'),
(27368, 'fr', 'select_sendmail_for_mail_driver_if_you_face_any_issue_after_configuring_smtp_as_mail_driver', NULL, '2022-09-17 13:10:36', '2022-09-17 13:10:36'),
(27369, 'fr', 'forgot_password_', 'Mot de passe oublié', '2022-09-17 13:10:36', '2022-09-17 13:10:36'),
(27370, 'fr', 'an_email_has_been_sent', 'Un email envoyé', '2022-09-17 13:10:36', '2022-09-17 13:10:36'),
(27371, 'fr', 'your_shop_has_been_created_successfully', 'Votre store est creer avec succès', '2022-09-17 13:10:36', '2022-09-17 13:10:36'),
(27372, 'fr', 'please_upgrade_your_package', NULL, '2022-09-17 13:10:36', '2022-09-17 13:10:36'),
(27373, 'fr', 'upload_product', 'Upload produit', '2022-09-17 13:10:36', '2022-09-17 13:10:36'),
(27374, 'fr', 'your_shop_verification_request_has_been_submitted_successfully', NULL, '2022-09-17 13:10:36', '2022-09-17 13:10:36'),
(27375, 'fr', 'sorry_you_have_sent_verification_request_already', NULL, '2022-09-17 13:10:36', '2022-09-17 13:10:36'),
(27376, 'fr', 'name_is_required', NULL, '2022-09-17 13:10:36', '2022-09-17 13:10:36'),
(27377, 'fr', 'minimum_6_characters', NULL, '2022-09-17 13:10:36', '2022-09-17 13:10:36'),
(27378, 'fr', 'shop_info', NULL, '2022-09-17 13:10:36', '2022-09-17 13:10:36'),
(27379, 'fr', 'seller_has_been_approved_successfully', NULL, '2022-09-17 13:10:36', '2022-09-17 13:10:36'),
(27380, 'fr', 'seller_payments', NULL, '2022-09-17 13:10:36', '2022-09-17 13:10:36'),
(27381, 'fr', 'payment_details', NULL, '2022-09-17 13:10:36', '2022-09-17 13:10:36'),
(27382, 'fr', 'seller_withdraw_request', NULL, '2022-09-17 13:10:36', '2022-09-17 13:10:36'),
(27383, 'fr', 'total_amount_to_pay', NULL, '2022-09-17 13:10:36', '2022-09-17 13:10:36'),
(27384, 'fr', 'requested_amount', NULL, '2022-09-17 13:10:36', '2022-09-17 13:10:36'),
(27385, 'fr', 'basic_affiliate', NULL, '2022-09-17 13:10:36', '2022-09-17 13:10:36'),
(27386, 'fr', 'user_registration__first_purchase', NULL, '2022-09-17 13:10:36', '2022-09-17 13:10:36'),
(27387, 'fr', 'product_sharing_affiliate', NULL, '2022-09-17 13:10:36', '2022-09-17 13:10:36'),
(27388, 'fr', 'product_sharing_and_purchasing', NULL, '2022-09-17 13:10:36', '2022-09-17 13:10:36'),
(27389, 'fr', 'product_sharing_affiliate_category_wise', NULL, '2022-09-17 13:10:36', '2022-09-17 13:10:36'),
(27390, 'fr', 'nb_you_can_not_enable_single_product_sharing_affiliate_and_category_wise_affiliate_at_a_time', NULL, '2022-09-17 13:10:36', '2022-09-17 13:10:36'),
(27391, 'fr', 'affiliate_link_validatin_time_days', NULL, '2022-09-17 13:10:36', '2022-09-17 13:10:36'),
(27392, 'en', 'state_has_been_inserted_successfully', 'State has been inserted successfully', '2022-09-17 13:14:41', '2022-09-17 13:14:41'),
(27393, 'en', 'facebook_comment_setting', 'Facebook Comment Setting', '2022-09-21 18:17:23', '2022-09-21 18:17:23'),
(27394, 'en', 'facebook_app_id', 'Facebook App ID', '2022-09-21 18:17:23', '2022-09-21 18:17:23'),
(27395, 'en', 'please_be_carefull_when_you_are_configuring_facebook_comment_for_incorrect_configuration_you_will_not_get_comment_section_on_your_userend_site', 'Please be carefull when you are configuring Facebook Comment. For incorrect configuration you will not get comment section on your user-end site.', '2022-09-21 18:17:23', '2022-09-21 18:17:23'),
(27396, 'en', 'after_then_go_to_this_url_httpsdevelopersfacebookcomapps', 'After then go to this URL https://developers.facebook.com/apps/', '2022-09-21 18:17:23', '2022-09-21 18:17:23'),
(27397, 'en', 'create_your_app', 'Create Your App', '2022-09-21 18:17:23', '2022-09-21 18:17:23'),
(27398, 'en', 'in_dashboard_page_you_will_get_your_app_id', 'In Dashboard page you will get your App ID', '2022-09-21 18:17:23', '2022-09-21 18:17:23'),
(27399, 'en', 'all_colors', 'All Colors', '2022-09-25 14:12:40', '2022-09-25 14:12:40'),
(27400, 'en', 'type_color_name__enter', 'Type color name & Enter', '2022-09-25 14:12:40', '2022-09-25 14:12:40'),
(27401, 'en', 'add_new_color', 'Add New Color', '2022-09-25 14:12:40', '2022-09-25 14:12:40'),
(27402, 'en', 'color_code', 'Color Code', '2022-09-25 14:12:40', '2022-09-25 14:12:40'),
(27403, 'en', 'color_filter_activation', 'Color filter activation', '2022-09-25 14:12:40', '2022-09-25 14:12:40'),
(27404, 'fr', 'help_line_number', NULL, '2022-09-25 20:29:35', '2022-09-25 20:29:35'),
(27405, 'fr', 'help_line', 'Contactez-nous', '2022-09-25 20:29:35', '2022-09-25 20:30:29'),
(27406, 'fr', 'shipping_days', NULL, '2022-09-25 20:31:43', '2022-09-25 20:31:43'),
(27407, 'fr', 'item_alreday_added_to_the_cart', NULL, '2022-09-25 20:31:43', '2022-09-25 20:31:43'),
(27408, 'fr', 'estimate_shipping_time', 'Prêt pour livraison dans', '2022-09-25 20:32:42', '2022-09-25 20:32:42'),
(27409, 'fr', 'add_new_attribute', NULL, '2022-09-25 20:34:54', '2022-09-25 20:34:54'),
(27410, 'fr', 'create_new_package', NULL, '2022-09-25 20:34:54', '2022-09-25 20:34:54'),
(27411, 'fr', 'please_be_carefull_when_you_are_configuring_smtp_for_incorrect_configuration_you_will_get_error_at_the_time_of_order_place_new_registration_sending_newsletter', NULL, '2022-09-25 20:34:54', '2022-09-25 20:34:54'),
(27412, 'fr', 'add_new_post', NULL, '2022-09-25 20:34:54', '2022-09-25 20:34:54'),
(27413, 'fr', 'add_new_city', NULL, '2022-09-25 20:34:54', '2022-09-25 20:34:54'),
(27414, 'fr', 'new_withdraw_request_created_successfully', NULL, '2022-09-25 20:34:54', '2022-09-25 20:34:54'),
(27415, 'fr', 'add_new_tax', NULL, '2022-09-25 20:34:55', '2022-09-25 20:34:55'),
(27416, 'fr', 'add_new_delivery_boy', NULL, '2022-09-25 20:34:55', '2022-09-25 20:34:55'),
(27417, 'fr', 'add_new_auction_product', NULL, '2022-09-25 20:34:55', '2022-09-25 20:34:55'),
(27418, 'fr', 'new_products', 'Nouveau produits', '2022-09-25 20:34:55', '2022-09-25 20:34:55'),
(27419, 'fr', 'add_new_currency', NULL, '2022-09-25 20:34:55', '2022-09-25 20:34:55'),
(27420, 'fr', 'add_new_state', NULL, '2022-09-25 20:34:55', '2022-09-25 20:34:55'),
(27421, 'fr', 'add_new_zone', NULL, '2022-09-25 20:34:55', '2022-09-25 20:34:55'),
(27422, 'fr', 'add_new_carrier', NULL, '2022-09-25 20:34:55', '2022-09-25 20:34:55'),
(27423, 'fr', 'add_new_range', NULL, '2022-09-25 20:34:55', '2022-09-25 20:34:55');

-- --------------------------------------------------------

--
-- Structure de la table `uploads`
--

CREATE TABLE `uploads` (
  `id` int NOT NULL,
  `file_original_name` varchar(255) CHARACTER SET utf8 COLLATE utf8_unicode_ci DEFAULT NULL,
  `file_name` varchar(255) CHARACTER SET utf8 COLLATE utf8_unicode_ci DEFAULT NULL,
  `user_id` int DEFAULT NULL,
  `file_size` int DEFAULT NULL,
  `extension` varchar(10) CHARACTER SET utf8 COLLATE utf8_unicode_ci DEFAULT NULL,
  `type` varchar(15) CHARACTER SET utf8 COLLATE utf8_unicode_ci DEFAULT NULL,
  `external_link` varchar(500) CHARACTER SET utf8 COLLATE utf8_unicode_ci DEFAULT NULL,
  `created_at` timestamp NOT NULL DEFAULT CURRENT_TIMESTAMP,
  `updated_at` timestamp NOT NULL DEFAULT CURRENT_TIMESTAMP,
  `deleted_at` timestamp NULL DEFAULT NULL
) ENGINE=InnoDB DEFAULT CHARSET=utf8mb3 COLLATE=utf8_unicode_ci;

--
-- Déchargement des données de la table `uploads`
--

INSERT INTO `uploads` (`id`, `file_original_name`, `file_name`, `user_id`, `file_size`, `extension`, `type`, `external_link`, `created_at`, `updated_at`, `deleted_at`) VALUES
(1, 'logo', 'uploads/all/ykbmPqiVIukqTzUSyHMo5ZUIa8IzbAs7LoocQUWx.png', 9, 6153, 'png', 'image', NULL, '2022-09-11 09:40:30', '2022-09-11 09:40:30', NULL),
(2, 'logoxiri', 'uploads/all/Tat8cCl9J4ukDcoIPIf9qr9tcE4MBbii4UW5nUfb.png', 9, 6153, 'png', 'image', NULL, '2022-09-11 11:43:53', '2022-09-11 11:43:53', NULL),
(3, 'glass ceramique1', 'uploads/all/TIuBFstHH0TarxQcQyWusFHyGN6BIlzk14QCri03.jpg', 9, 51150, 'jpg', 'image', NULL, '2022-09-11 12:16:51', '2022-09-11 12:16:51', NULL),
(4, 'glass ceramique', 'uploads/all/qs6CtXfjULSleFcBNUTefuMrUFsbcouEVMCP7SXU.jpg', 9, 40032, 'jpg', 'image', NULL, '2022-09-11 12:16:52', '2022-09-11 12:16:52', NULL),
(5, 'glass ceramique2', 'uploads/all/Cq2lABQFLkM09wlZE9sMakgR0IGb1lPkeayFjbJM.jpg', 9, 74486, 'jpg', 'image', NULL, '2022-09-11 12:16:54', '2022-09-11 12:16:54', NULL),
(6, 'samsung-logo-png-samsung-logo-png-2104', 'uploads/all/s4uvDm46ao4k8yxLdn2SrmKsyg8oIxaXD3sti7Uj.png', 9, 74455, 'png', 'image', NULL, '2022-09-11 12:53:15', '2022-09-11 12:53:15', NULL),
(7, '589-5894144_infinix-infinix-mobile-logo-hd-png-download', 'uploads/all/1HpgerSRptiUEWeapM0suSCwjTYQTTMVtEuvrs0Y.png', 9, 11788, 'png', 'image', NULL, '2022-09-11 12:54:17', '2022-09-11 12:54:17', NULL),
(8, 'Lévis-logo', 'uploads/all/mfMki9urGovN4jyg8O3PLKRV1s1qfT1v7qSDW0Gv.png', 9, 20358, 'png', 'image', NULL, '2022-09-11 12:54:17', '2022-09-11 12:54:17', NULL),
(9, 'kisspng-puma-logo-brand-clothing-5aef94c95fefe4.309584591525650633393', 'uploads/all/aSo7macWQyb2SeVbhANKBwzfoUDyeq6hn37FsyPT.jpg', 9, 45409, 'jpg', 'image', NULL, '2022-09-11 12:54:17', '2022-09-11 12:54:17', NULL),
(10, 'legrand-logo-legrand-360X360', 'uploads/all/J8xlIj0dmNQ9C3N3NqVxHOth4yeBEPxXHf9EiWtP.png', 9, 8532, 'png', 'image', NULL, '2022-09-11 12:54:17', '2022-09-11 12:54:17', NULL),
(11, 'legrand-logo-bticino-360X360', 'uploads/all/FVwY0qjSzZA1yxFIEZAHDfVSCO4hhD0Q8G5zMrNA.png', 9, 5347, 'png', 'image', NULL, '2022-09-11 12:54:17', '2022-09-11 12:54:17', NULL),
(12, 'png-clipart-logo-brand-christian-dior-se-design-product-design', 'uploads/all/PisWkLC1Ot3YiEhQIcr5tEftkWGHMqEJlMOFehHX.png', 9, 17065, 'png', 'image', NULL, '2022-09-11 12:54:17', '2022-09-11 12:54:17', NULL),
(13, 'png-clipart-logo-brand-huawei-y-6-2018-dual-sim-4g-16gb-blue-hardware-electronic-huawei-y6ii-tunisie-text-logo', 'uploads/all/tIu8FguGzKG0uq3cEpfRmnCY9sF3SOLRSRQZkCIU.png', 9, 25325, 'png', 'image', NULL, '2022-09-11 12:54:18', '2022-09-11 12:54:18', NULL),
(14, 'png-transparent-apple-electric-car-project-cupertino-apple-iphone-electronics-heart-logo', 'uploads/all/kGKcpoTs1L3jyXSHopHblhKJSHJWVh9uC6rdQgeL.png', 9, 13339, 'png', 'image', NULL, '2022-09-11 12:54:18', '2022-09-11 12:54:18', NULL),
(15, 'Asics-logo', 'uploads/all/CY3DZO5819RZAdp2Rqk3B67cV7pDK61Ncl5sZC5A.png', 9, 34880, 'png', 'image', NULL, '2022-09-11 12:54:19', '2022-09-11 12:54:19', NULL),
(16, 'images', 'uploads/all/YbqqZaUtQwwaeUETDCzGzbXABHXk6BLdhwtfEVIL.png', 9, 3589, 'png', 'image', NULL, '2022-09-11 12:54:19', '2022-09-11 12:54:19', NULL),
(17, 'find-x5-lite-middlebanner-blue-640x480-mobile.jpg.thumb', 'uploads/all/OekuqzbKYgnyF76FNAzDO0fEpPBayrfyWtMNoxQQ.webp', 9, 14166, 'webp', 'image', NULL, '2022-09-11 12:54:19', '2022-09-11 12:54:19', NULL),
(18, 'douille-e27-lisse-blanc-stiel-', 'uploads/all/ncsclvHmlDSn9R7GtEzFYeDAcBURd6VIVMq3soli.jpg', 9, 7075, 'jpg', 'image', NULL, '2022-09-11 12:54:19', '2022-09-11 12:54:19', NULL),
(19, 'logo-chery', 'uploads/all/LHhnpJrpRdlIEmIMKIFi7qsm1uavrD8pk14KUNl3.png', 9, 47068, 'png', 'image', NULL, '2022-09-11 12:54:20', '2022-09-11 12:54:20', NULL),
(20, 'NIKE.svg', 'uploads/all/pk7c48mHxQAyT3pBoQL7GG3ScWhVHy76W7sbjNbN.png', 9, 20926, 'png', 'image', NULL, '2022-09-11 12:54:21', '2022-09-11 12:54:21', NULL),
(21, 'logo-production-brand-subsidiary-tunisian-dinar-png-favpng-qKriCByNuxYBLVsr1PPs9rayB', 'uploads/all/cyHOz8HVTMDQH96rMK6udqpCgUuV3LIjBdcoWjoi.jpg', 9, 53168, 'jpg', 'image', NULL, '2022-09-11 12:54:22', '2022-09-11 12:54:22', NULL),
(22, 'dolog', 'uploads/all/3KXcysPSVDHoMkI24juR2t2T3PZl3v8wW1VayVm1.jpg', 9, 15380, 'jpg', 'image', NULL, '2022-09-11 12:54:23', '2022-09-11 12:54:23', NULL),
(23, '1024px-Bic_Logo.svg', 'uploads/all/1eTnj8IoCL8uTc4K1Stbh79y6M4DyHKajZaUwIE7.png', 9, 51882, 'png', 'image', NULL, '2022-09-11 12:54:24', '2022-09-11 12:54:24', NULL),
(24, 'astral', 'uploads/all/ULrbXGm8WIsTgQI36HKYITVEBm9urtz61PM44py2.png', 9, 59153, 'png', 'image', NULL, '2022-09-11 12:54:24', '2022-09-11 12:54:24', NULL),
(25, 'logo-mg-meninx-ois', 'uploads/all/kjfODEH6DDE5VGNGH4PmrSu7M9dScM6i4ektW63r.png', 9, 74067, 'png', 'image', NULL, '2022-09-11 12:54:25', '2022-09-11 12:54:25', NULL),
(26, 'Logo-Citroen', 'uploads/all/odyQobZ2feI6ez9ro61lZCrNV2k5ZVTrxQL4kGTT.png', 9, 75963, 'png', 'image', NULL, '2022-09-11 12:54:25', '2022-09-11 12:54:25', NULL),
(27, 'oppo-find-n', 'uploads/all/IucoFDilwPI6SNTb5SpNPVuVpMrVAxTUOCAgpvah.jpg', 9, 105461, 'jpg', 'image', NULL, '2022-09-11 12:54:26', '2022-09-11 12:54:26', NULL),
(28, 'a25a29799a072f4e27d475efacfe4466', 'uploads/all/HwR0xLlti2PJ1qT1TQ88snmh86wrdsMLeEuYSKUi.jpg', 9, 39028, 'jpg', 'image', NULL, '2022-09-11 12:54:26', '2022-09-11 12:54:26', NULL),
(29, 'samsung-logo-png-samsung-logo-png-2104', 'uploads/all/vfIX9f4XKB9g8WMWdKf77t8C6EB88YXTti6FmY1M.png', 9, 74455, 'png', 'image', NULL, '2022-09-11 12:54:26', '2022-09-11 12:54:26', NULL),
(30, 'OPPO_LOGO_2019', 'uploads/all/GGa01adGUn5VMHgIEjxsF8iGKlin96ShlIZc05bm.png', 9, 75037, 'png', 'image', NULL, '2022-09-11 12:54:29', '2022-09-11 12:54:29', NULL),
(31, 'Cars-Logo-Brands-PNG-Pic-Clip-Art-Background', 'uploads/all/JXSD29eK0AkasLYbE8uj8mY8FfKkC7UFlsq8rWZh.png', 9, 318015, 'png', 'image', NULL, '2022-09-11 12:54:30', '2022-09-11 12:54:30', NULL),
(32, 'logo_xiri3', 'uploads/all/l4NWav5coiPzUhzn5BWYWLDePJERZbfX5wpyD0CZ.png', 9, 5543, 'png', 'image', NULL, '2022-09-11 12:58:03', '2022-09-11 12:58:03', NULL),
(33, 'cable usb typec', 'uploads/all/bRWv1KKtuZVu5wW9LpjHKAIll32Voh0AVP3ZE56q.jpg', 9, 38259, 'jpg', 'image', NULL, '2022-09-11 14:38:35', '2022-09-11 14:38:35', NULL),
(34, 'cable usb typec1', 'uploads/all/pIgtDQb1FW42slZwxJZwxEOzUfWOUUVpaNXoJpcB.jpg', 9, 32881, 'jpg', 'image', NULL, '2022-09-11 14:38:35', '2022-09-11 14:38:35', NULL),
(35, 'masque-visage-vegebar-framboise', 'uploads/all/Q0Ph7OTV67oMQYebGBp1n1lZzpGdC7HifCZL09Eu.jpg', 9, 10934, 'jpg', 'image', NULL, '2022-09-11 16:49:30', '2022-09-11 16:49:30', NULL),
(36, 'gommage-visage-purifiant-a-la-papaye-eclatante', 'uploads/all/4IUyRLTJ3Z2OVJCuZfhgyzoh007u0WhmnsWlH8dX.jpg', 9, 44768, 'jpg', 'image', NULL, '2022-09-11 23:33:53', '2022-09-11 23:33:53', NULL),
(37, 'soin_visage_serum', 'uploads/all/0HsfJyYGFTi0kvZO4NWb9vRHyLiW1CBSTzK0T8nL.png', 9, 822936, 'png', 'image', NULL, '2022-09-11 23:47:15', '2022-09-11 23:47:15', NULL),
(38, 'les-meilleurs-soins-lisseurs-pour-visage-750x410', 'uploads/all/aDWIAN0qH5G4iibTd8tfGkXUub1VcpfhEvzrqSn5.jpg', 9, 7640, 'jpg', 'image', NULL, '2022-09-11 23:51:02', '2022-09-11 23:51:02', NULL),
(39, 'pro-oils-perfect-curls-serum-pour-cheveux-boucles', 'uploads/all/ubZpf92TkN7WeBAUzI9h2U0K92jy8NGQ29n8GsCm.jpg', 9, 47055, 'jpg', 'image', NULL, '2022-09-12 07:45:37', '2022-09-12 07:45:37', NULL),
(40, 'o.4754', 'uploads/all/187QkAS1oLGtmaKOIHRiyKQ5r4PQLEghez8RRtOu.png', 9, 72949, 'jpg', 'image', NULL, '2022-09-12 07:51:27', '2022-09-12 07:51:27', NULL),
(41, '1', 'uploads/all/E1yC6gWo8h2ZuoqWXUVFmJ8kxz7oVs9jzV3W0ztO.jpg', 9, 15574, 'jpg', 'image', NULL, '2022-09-12 08:02:01', '2022-09-12 08:02:01', NULL),
(42, '2', 'uploads/all/7kgsG9zNEt2T4MaKY5MabGMsAumv4qpiS7hmo2wg.jpg', 9, 25083, 'jpg', 'image', NULL, '2022-09-12 08:02:01', '2022-09-12 08:02:01', NULL),
(43, '080121-LEGRAND-1000', 'uploads/all/oY4fyawty8KeGOeqX5IW96Zn7fAZVMgXF69KQRyK.jpg', 9, 66945, 'jpg', 'image', NULL, '2022-09-12 08:21:15', '2022-09-12 08:21:15', NULL),
(44, 'legrand-specialiste-des-infrastructures-electriques-et-numeriques-du-batiment', 'uploads/all/7V2d7xykk8u76N4G4QbghaYSbyfohBqAMCu6E87U.jpg', 9, 31413, 'jpg', 'image', NULL, '2022-09-12 08:21:15', '2022-09-12 08:21:15', NULL),
(45, 'LG-080021-WEB-R', 'uploads/all/MWsEmffoV0f78rFIHuYFK19YHy2AUkzd6bvV9f1K.jpg', 9, 9201, 'jpg', 'image', NULL, '2022-09-12 08:25:01', '2022-09-12 08:25:01', NULL),
(46, 'interrupteur-simple-allumage-250v', 'uploads/all/iZsP0JYUGhAxyoMWkCADb7h6UpRTSZ2s072UZqWO.jpg', 9, 9351, 'jpg', 'image', NULL, '2022-09-12 16:25:57', '2022-09-12 16:25:57', NULL),
(47, 'interrupteur-simple-allumage-250v (1)', 'uploads/all/3iDuAcyvWi8ntAP5PX32A6x6BzPQYpeySCPIQQ45.jpg', 9, 15769, 'jpg', 'image', NULL, '2022-09-12 16:31:33', '2022-09-12 16:31:33', NULL),
(48, 'prises-standards', 'uploads/all/e9oiAuVdnDlk1B89aGz5b5myWUNZcMFgnebOpaaI.jpg', 9, 9952, 'jpg', 'image', NULL, '2022-09-12 16:39:57', '2022-09-12 16:39:57', NULL),
(49, 'somef-tunisie-logo-1478254967', 'uploads/all/DYuIwuOd4098gvt7W38DKgwflW7Fps4fhprigwzy.jpg', 9, 3967, 'jpg', 'image', NULL, '2022-09-12 16:43:31', '2022-09-12 16:43:31', NULL),
(50, '1', 'uploads/all/dDzl1fiVEoaeUGMx4CNjl9lwyLfccdlnJ4hNCZV6.jpg', 12, 15574, 'jpg', 'image', NULL, '2022-09-12 19:04:34', '2022-09-12 19:04:34', NULL),
(51, '3', 'uploads/all/2FbYLRR0FAJdTEipymxaG6DpQ2Q02bAx9Gw7vuwY.jpg', 12, 18803, 'jpg', 'image', NULL, '2022-09-12 19:04:34', '2022-09-12 19:04:34', NULL),
(52, '2', 'uploads/all/Pvz16HgjGNv6EofT6Hn2i3UvPQAJ21IfqHubo20b.jpg', 12, 25083, 'jpg', 'image', NULL, '2022-09-12 19:04:34', '2022-09-12 19:04:34', NULL),
(53, 'téléchargement', 'uploads/all/4Yl4lfLg8BOvj4tsL29k1SzxU1GfJgmssm8wBNHk.jpg', 9, 9539, 'jpg', 'image', NULL, '2022-09-12 19:59:51', '2022-09-12 19:59:51', NULL),
(54, '3-1', 'uploads/all/WxWdNfO9TiSVq4WUgLJPpkKPH96RcHSDH1ag37Od.jpg', 9, 17825, 'jpg', 'image', NULL, '2022-09-12 20:01:01', '2022-09-12 20:01:01', NULL),
(55, 'Brochure_Somef_Systeme44', 'uploads/all/Jo1rB1NDMvRr3w2t2umGfBMqqQerGEaptovKmejY.pdf', 9, 7828136, 'pdf', 'document', NULL, '2022-09-12 20:08:09', '2022-09-12 20:08:09', NULL),
(56, 'femme-shopping-bag', 'uploads/all/r2y4EVrLTN4z1FSLOTBf43cMaSB0iZknjGI7tJ62.jpg', 9, 60027, 'jpg', 'image', NULL, '2022-09-13 21:23:34', '2022-09-13 21:23:34', NULL),
(57, 'file_main_image_10959_1_mimetisme_jouer_maman_papa_10959_01_1500X1000_cache_1200x630', 'uploads/all/GpM5zstlD3JvJ3gXBCTqJjrPnxG2YOPxKao22eJs.jpg', 9, 77619, 'jpg', 'image', NULL, '2022-09-13 21:48:35', '2022-09-13 21:48:35', NULL),
(58, 'logo-footer', 'uploads/all/3GM7rdgcFecuTqvcPrjKSP9VSPwnidVtw6lJBZVM.png', 9, 3031, 'png', 'image', NULL, '2022-09-14 16:30:52', '2022-09-14 16:30:52', NULL),
(59, '7001L-600x516', 'uploads/all/vWdYQt9Jb1LEcaoK74pqrNGbKXuwADAc0JyZKogV.png', 9, 137516, 'png', 'image', NULL, '2022-09-14 16:30:58', '2022-09-14 16:30:58', NULL),
(60, '7430-600x516', 'uploads/all/d7h979NJkDOgehHoi5PjjwMQtEACeUMjTfhy8ogA.png', 9, 288720, 'png', 'image', NULL, '2022-09-14 16:48:10', '2022-09-14 16:48:10', NULL),
(61, '7022-600x516', 'uploads/all/4Z7ecfTcxr7ZuJVboo44XyCvwi9eW2klfhMOaajJ.png', 9, 137739, 'png', 'image', NULL, '2022-09-14 16:55:24', '2022-09-14 16:55:24', NULL),
(62, 'simple7001', 'uploads/all/y1F8rzncdLVb4wMJKw4GnFRR95jdMAeIOsT8scrH.pdf', 9, 127156, 'pdf', 'document', NULL, '2022-09-14 17:00:08', '2022-09-14 17:00:08', NULL),
(63, 'Plaque-cache-alpha-stiel-technopolymere-3-interrupteurs-modules-rose', 'uploads/all/fZ0ySTiUHgS9A8Qa0gluLhRk73yndPiydQ4OZkVZ.png', 9, 224606, 'png', 'image', NULL, '2022-09-14 17:11:35', '2022-09-14 17:11:35', NULL),
(64, 'Plaque-cache-alpha-stiel-technopolymere-3-interrupteurs-modules-Silver', 'uploads/all/UPOKQTgs6OTOQh3kfDt5Ju70eI5zfNdaK5nngAdP.png', 9, 311077, 'png', 'image', NULL, '2022-09-14 17:11:35', '2022-09-14 17:11:35', NULL),
(65, '7001-600x516', 'uploads/all/JL7zbPY1BkqKWFic71Xm3QbtiH4PSaUgHWDl5p0O.png', 9, 137833, 'png', 'image', NULL, '2022-09-14 17:15:46', '2022-09-14 17:15:46', NULL),
(66, '7095-prise-chargeur-usb-Alpha-stiel-module-gris-1-600x500', 'uploads/all/LCiSEC7fNfzcvLTgyQkYoKmHOwpPYZmoweUlQiWR.png', 9, 174132, 'png', 'image', NULL, '2022-09-14 17:23:44', '2022-09-14 17:23:44', NULL),
(67, '7095 alpha', 'uploads/all/qufYEIJe5CaGgPFVuqVGanrJUgym8iQfQyyQYV75.pdf', 9, 116844, 'pdf', 'document', NULL, '2022-09-14 17:27:23', '2022-09-14 17:27:23', NULL),
(68, 'png-transparent-arrow-tape-banner-dark-blue-line-transparent-background-pointer-direction-navigation-right', 'uploads/all/KuvHYLfCBUmpvdaJS4i0KFftxjtU5emq4RvK0GNS.png', 9, 2999, 'png', 'image', NULL, '2022-09-14 23:10:07', '2022-09-14 23:10:07', NULL),
(69, 'Quelle-console-choisir-en-2020-', 'uploads/all/bYs2qbw4Myxfh102eao6hzl7oAX4L3QLodsq61Qu.png', 9, 123886, 'png', 'image', NULL, '2022-09-15 20:10:48', '2022-09-15 20:10:48', NULL),
(70, 'glyphe-du-robot-menager-melange-reduire-les-aliments-en-puree-appareil-electrique-de-cuisine-symbole-graphique-pour-la-conception-du-site-web-de-cuisine-le-logo-l-application-l-interface-utilisateur-2gy8', 'uploads/all/ZstXjuIZheMrBkupzbCpSOdP0PU2DKirllIIy8p9.jpg', 9, 38159, 'jpg', 'image', NULL, '2022-09-15 20:12:54', '2022-09-15 20:12:54', NULL),
(71, 'kisspng-logo-clip-art-house-building-image-5bfc34e1384ae2.8323081715432552652306', 'uploads/all/udADFCHvw1f5M1BmcD061HmYTGH3n7z3FyEiC3rs.jpg', 9, 79278, 'jpg', 'image', NULL, '2022-09-15 20:14:17', '2022-09-15 20:14:17', NULL),
(72, 'logo-bleu-vert-carré', 'uploads/all/uBnGlNi1Gdc8snQ07vRq2OeVO0p52SUVbWOM1hI0.png', 9, 17069, 'png', 'image', NULL, '2022-09-15 20:17:11', '2022-09-15 20:17:11', NULL),
(73, 'kisspng-smartphone-logo-font-cel-5b3a0b5d845481.929506251530530653542', 'uploads/all/VG0Ee53DIVAcw75txDApU471288JKXFY9pjnUbwR.jpg', 9, 40603, 'jpg', 'image', NULL, '2022-09-15 20:18:35', '2022-09-15 20:18:35', NULL),
(74, 'kisspng-handyman-home-repair-carpenter-tool-futuristic-building-5b41d356cbb337.6169162315310405988344', 'uploads/all/CjIY8ICwLBDn6O37KzKtuepb8l7HqymJOKfpuV8j.jpg', 9, 85678, 'jpg', 'image', NULL, '2022-09-15 20:19:58', '2022-09-15 20:19:58', NULL),
(75, 'kisspng-beauty-organic-earth-beauty-beauty-parlour-logo-sa-logo-bea-cukai-5b3fd2cc677416.7398710615309093884238', 'uploads/all/emX8BeIXSIt0XCZhGR2GzpaDB9br6Si1j63gvEBx.jpg', 9, 58624, 'jpg', 'image', NULL, '2022-09-15 20:21:33', '2022-09-15 20:21:33', NULL),
(76, 'bureau-le-p-tit-genie-spong-bon- (3)', 'uploads/all/nnumDknyg4V0m1CtwpoHzmmqg8wCLchCrvtF5YiK.jpg', 9, 91105, 'jpg', 'image', NULL, '2022-09-16 21:34:12', '2022-09-16 21:34:12', NULL),
(77, 'bureau-le-p-tit-genie-spong-bon- (1)', 'uploads/all/jEmXcsWAoOfiT2RF4xLGty1dZYRdh2MvQwBwzNvO.jpg', 9, 165562, 'jpg', 'image', NULL, '2022-09-16 21:34:13', '2022-09-16 21:34:13', NULL),
(78, 'bureau-le-p-tit-genie-spong-bon- (2)', 'uploads/all/gctXQbAqWYCpZdYkEwXkSJUlxW5ViQJ9hqcsHb3C.jpg', 9, 188567, 'jpg', 'image', NULL, '2022-09-16 21:34:14', '2022-09-16 21:34:14', NULL),
(79, 'bureau-baby-smart-spiderman-rouge (3)', 'uploads/all/S9Z4syquRX73Ny94KXW7GTvatzj375fYD98c01Ll.jpg', 9, 52833, 'jpg', 'image', NULL, '2022-09-16 21:44:12', '2022-09-16 21:44:12', NULL),
(80, 'bureau-baby-smart-spiderman-rouge (2)', 'uploads/all/QpLYjFr8BiVggnWjjKXtnQB83J5px0P1H9koO1Fv.jpg', 9, 112738, 'jpg', 'image', NULL, '2022-09-16 21:44:20', '2022-09-16 21:44:20', NULL),
(81, 'bureau-baby-smart-spiderman-rouge (1)', 'uploads/all/AsZg1MQEEFwCrBJTIjWPWx85eX1v4JWjCV9Y56IB.jpg', 9, 138123, 'jpg', 'image', NULL, '2022-09-16 21:44:20', '2022-09-16 21:44:20', NULL),
(82, 'bureau-baby-smart-spiderman-rouge', 'uploads/all/ZtRHCILRxKHtaqe0JQII2anAf88o6XiIj9cykqGn.jpg', 9, 41804, 'jpg', 'image', NULL, '2022-09-16 21:44:35', '2022-09-16 21:44:35', NULL),
(83, 'manette-gaming-pour-smartphone-w10-noir (1)', 'uploads/all/9GLHO7mIk7OKwWqGUkHqNGgdrqTUmKGyJ9Pf8DyL.jpg', 9, 79416, 'jpg', 'image', NULL, '2022-09-16 22:04:17', '2022-09-16 22:04:17', NULL),
(84, 'manette-gaming-pour-smartphone-w10-noir (2)', 'uploads/all/2jcBHoVNcrlcJPwGPCUSWVrVXsH47opOlkzvV6K3.jpg', 9, 50365, 'jpg', 'image', NULL, '2022-09-16 22:04:18', '2022-09-16 22:04:18', NULL),
(85, 'manette-gaming-pour-smartphone-w10-noir (3)', 'uploads/all/fBr0sdZwUa1AkLiqTw3xuFaQQnTQAJ4daQgCwwJe.jpg', 9, 137745, 'jpg', 'image', NULL, '2022-09-16 22:04:19', '2022-09-16 22:04:19', NULL),
(86, 'manette-gaming-pour-smartphone-w10-noir', 'uploads/all/02JzVRtZ3e8RWN03481YE8o7ILVKNKX6FCortKMF.jpg', 9, 103594, 'jpg', 'image', NULL, '2022-09-16 22:04:19', '2022-09-16 22:04:19', NULL),
(87, '1 (1)', 'uploads/all/U4YydChaXw3oGqCyhGfPhtKBeQNcTzxS6wY1YwnO.jpg', 9, 38205, 'jpg', 'image', NULL, '2022-09-16 22:04:55', '2022-09-16 22:04:55', NULL),
(88, 'zen-logo-1523628603', 'uploads/all/grnL9vOUM2kJ2BmLQv0Opha4uE6853mTo1IrN1wG.png', 9, 3497, 'jpg', 'image', NULL, '2022-09-17 18:24:04', '2022-09-17 18:24:04', NULL),
(89, 'polo (1)', 'uploads/all/qQccuxrlr8DhyftMaj090UfIdD2b9j5XkFY2B1q8.jpg', 9, 34814, 'jpg', 'image', NULL, '2022-09-17 18:24:04', '2022-09-17 18:24:04', NULL),
(90, 'polo', 'uploads/all/AcduLFfDji98Z1r8PpurkJfEOSVvycXASuXAdiiz.jpg', 9, 41739, 'jpg', 'image', NULL, '2022-09-17 18:24:05', '2022-09-17 18:24:05', NULL),
(91, 'polo (2)', 'uploads/all/sIraZg9BhV6Dch0y34vLhTGO5ZZmFWo5WhMFqQYs.jpg', 9, 68895, 'jpg', 'image', NULL, '2022-09-17 18:24:05', '2022-09-17 18:24:05', NULL),
(92, 'blouse (1)', 'uploads/all/Yqy2TopJtxTq8dHENfAFDXPlMFeb3uZMoVNErLfF.jpg', 9, 38739, 'jpg', 'image', NULL, '2022-09-17 18:40:49', '2022-09-17 18:40:49', NULL),
(93, 'blouse (4)', 'uploads/all/SbWsZivz77kBu2UZGrpxcN7tAmiOQ4VUZpxSMlAL.jpg', 9, 64357, 'jpg', 'image', NULL, '2022-09-17 18:40:51', '2022-09-17 18:40:51', NULL),
(94, 'blouse', 'uploads/all/WOCaNZXx8q7vkqBbqXyvdresYTvSvQRmK1TYe78S.jpg', 9, 42995, 'jpg', 'image', NULL, '2022-09-17 18:40:51', '2022-09-17 18:40:51', NULL),
(95, 'blouse (2)', 'uploads/all/fTmQsYzztKhKsAIgeuOeJLJ9IJDgePLUzlWTmz9e.jpg', 9, 113846, 'jpg', 'image', NULL, '2022-09-17 18:40:51', '2022-09-17 18:40:51', NULL),
(96, '7c046016d003cf5b85620a4885ef9f71858784dd_original', 'uploads/all/EBKJqmVjAH4rprDFTRoCPKufRjZNFBF7j1PBiFd5.jpg', 9, 47042, 'jpeg', 'image', NULL, '2022-09-17 18:54:18', '2022-09-17 18:54:18', NULL),
(97, 'silicone-rubbers-v2-for-ps4-dualshock-controller', 'uploads/all/tIglRLOrBLwtmbUTMnG0cSrIRUJczIMlm3zHfVaQ.jpg', 9, 33895, 'jpg', 'image', NULL, '2022-09-17 18:54:20', '2022-09-17 18:54:20', NULL),
(98, 'silicone-rubbers-v2-for-ps4-dualshock-controller (1)', 'uploads/all/HfmBhqt80Tcr1KvM9cTCZpXw18DquyPYek0woRuw.jpg', 9, 40030, 'jpg', 'image', NULL, '2022-09-17 18:54:20', '2022-09-17 18:54:20', NULL),
(99, 'touche', 'uploads/all/QqdtmgpbsMhLiYMF4YY6fzuFXhOvzPeQWnYwKhVI.jpg', 9, 86894, 'jpg', 'image', NULL, '2022-09-17 18:54:20', '2022-09-17 18:54:20', NULL),
(100, 'fav', 'uploads/all/HrnCd4bkWLOO3gn1KLz8n96iKoTIz4uwlWmDUytp.png', 9, 2856, 'png', 'image', NULL, '2022-09-18 11:08:07', '2022-09-18 11:08:07', NULL),
(101, 'femme-shopping-bag', 'uploads/all/mH9PU8Le7qFsxZaUoalltuXfl98HpDMYS6WBdiWc.png', 9, 443050, 'png', 'image', NULL, '2022-09-24 09:36:54', '2022-09-24 09:36:54', NULL),
(102, 'femme-shopping-bag1', 'uploads/all/bjxPaPdNN5YtbW7UB2q7uQhD4spcvhluJlMgjJC1.png', 9, 468556, 'png', 'image', NULL, '2022-09-24 09:49:43', '2022-09-24 09:49:43', NULL),
(103, 'L11-600x600', 'uploads/all/Xeg6JPnhU35QQCpkjosfySkmHu8nTryCAmM1s2Bu.jpg', 9, 57953, 'jpg', 'image', NULL, '2022-09-25 14:01:50', '2022-09-25 14:01:50', NULL),
(104, 'L11-1', 'uploads/all/Q9DLC8QLGDdwO0p6mLtHGyx4wNeHzPZFGq6zhdGw.png', 9, 487889, 'png', 'image', NULL, '2022-09-25 14:01:53', '2022-09-25 14:01:53', NULL),
(105, 'KIESLECTLOGO', 'uploads/all/FwTReNfA8jTqxF2jJ3Qqd45zaNW9OBPL1ia54N57.jpg', 9, 1709, 'jpg', 'image', NULL, '2022-09-25 14:11:35', '2022-09-25 14:11:35', NULL),
(106, 'rs3-s18-03-p-500', 'uploads/all/4Xok65fnWNM4NwBIv4KIgvddAzmAXZWkY5Kx2g1Z.jpg', 9, 22766, 'jpeg', 'image', NULL, '2022-09-25 14:20:57', '2022-09-25 14:20:57', NULL),
(107, 'rs3-s18-02-p-500', 'uploads/all/NvjiITAkcnqcyt1WITummYDb4x7PM1MvuYQEeced.jpg', 9, 25116, 'jpeg', 'image', NULL, '2022-09-25 14:20:57', '2022-09-25 14:20:57', NULL),
(108, 'rs3-s2-03', 'uploads/all/NRcoiLRO1UAZvM7dIegaqvuqSQymzaZ77UbmmfVE.jpg', 9, 57786, 'jpg', 'image', NULL, '2022-09-25 14:20:59', '2022-09-25 14:20:59', NULL),
(109, 'rs3-s5-img-p-1600', 'uploads/all/st2ZQN5xwhvTT1IbAyXgZPQ5kTLDvzaQPamzCBei.jpg', 9, 58360, 'jpeg', 'image', NULL, '2022-09-25 14:20:59', '2022-09-25 14:20:59', NULL),
(110, 'rs3-s18-01-p-500', 'uploads/all/UFEs5Hh5k03ELrr8BEiQJchNQqnhnDRwh2nzmcO5.jpg', 9, 26899, 'jpeg', 'image', NULL, '2022-09-25 14:21:00', '2022-09-25 14:21:00', NULL),
(111, 'rs3-s4-img-p-800', 'uploads/all/R308kqYhazun9yfMfSVM7FnZe2qIQ760rSVYHMcJ.jpg', 9, 64471, 'jpeg', 'image', NULL, '2022-09-25 14:21:00', '2022-09-25 14:21:00', NULL),
(112, 'rs3-s7-img2-p-800', 'uploads/all/eXIfDaSf2ZcFBDwoDG1IDRVrGwrTFEv0UhQgTFp7.jpg', 9, 69888, 'jpeg', 'image', NULL, '2022-09-25 14:21:01', '2022-09-25 14:21:01', NULL),
(113, 'rs3-s2-04', 'uploads/all/sdXJFBLj62MDYUqdsCLoTQlrdP2BbU2PzvHrEerz.jpg', 9, 52551, 'jpg', 'image', NULL, '2022-09-25 14:21:02', '2022-09-25 14:21:02', NULL),
(114, 'rs3-s9-img-p-800', 'uploads/all/hSawIKGy86fJl1SdUtY3gWopqh9SaZTQy54OSh54.jpg', 9, 70607, 'jpeg', 'image', NULL, '2022-09-25 14:21:02', '2022-09-25 14:21:02', NULL),
(115, 'rs3-s13-02-p-800', 'uploads/all/I6XB0ZXZRTYZzXAiMuyGW1BqoAjAFSuhEU04AmpV.jpg', 9, 85441, 'jpeg', 'image', NULL, '2022-09-25 14:21:02', '2022-09-25 14:21:02', NULL),
(116, 'rs3-s16-01', 'uploads/all/8Gz2WGyJG9itscAAHuzfQvPUbkHqywNiaZKTwgDK.jpg', 9, 113864, 'jpg', 'image', NULL, '2022-09-25 14:21:03', '2022-09-25 14:21:03', NULL),
(117, 'g40917', 'uploads/all/G4F2YitJAJJbi2tn0387GPHPpcYYpOnrbnzjKzSY.png', 9, 6349, 'png', 'image', NULL, '2022-09-25 19:34:28', '2022-09-25 19:34:28', NULL),
(118, 'g3801', 'uploads/all/eJAV3psTD6ASv4Ls0yhRjN1S705k3bwmYlSwricI.png', 9, 11779, 'png', 'image', NULL, '2022-09-25 19:34:28', '2022-09-25 19:34:28', NULL),
(119, 'g23354', 'uploads/all/5P9xoUhjLZiK9moe1Yv4z9BGsT2ptlOYaA69dPb9.png', 9, 11809, 'png', 'image', NULL, '2022-09-25 19:34:28', '2022-09-25 19:34:28', NULL),
(120, 'g28830', 'uploads/all/zMj20h0S8j1ljDs8u2DAmbbleo4J6yjBDNBXgwdc.png', 9, 6207, 'png', 'image', NULL, '2022-09-25 19:34:28', '2022-09-25 19:34:28', NULL),
(121, 'g30246', 'uploads/all/eT1CdwxUVEIO9ljQUFTHhMXZRDCmXoMmoIXnNBp1.png', 9, 11744, 'png', 'image', NULL, '2022-09-25 19:34:29', '2022-09-25 19:34:29', NULL),
(122, 'g30258', 'uploads/all/9iKrV0eJBYcIxFiYxjvKL8xaof17EJqy43B7k04X.png', 9, 11676, 'png', 'image', NULL, '2022-09-25 19:34:29', '2022-09-25 19:34:29', NULL),
(123, 'g30270', 'uploads/all/qwxNlOLazewELgRnG6f4R3iYcfc5kcYnytvCVJ60.png', 9, 11675, 'png', 'image', NULL, '2022-09-25 19:34:29', '2022-09-25 19:34:29', NULL),
(124, 'g32456', 'uploads/all/ooS11fn68CnCSB5AKijcrPKVyxxNbO73t5UwIxCe.png', 9, 6352, 'png', 'image', NULL, '2022-09-25 19:34:29', '2022-09-25 19:34:29', NULL),
(125, 'g35155', 'uploads/all/NW2dZWIFgUlkdqYX7LFBqtcGp9OVbEDBoBFGMQIk.png', 9, 6354, 'png', 'image', NULL, '2022-09-25 19:34:29', '2022-09-25 19:34:29', NULL),
(126, 'g38426', 'uploads/all/vSK95887bQP99Ipj1r8T3NdUtCTNgrVJsW1TeShv.png', 9, 6349, 'png', 'image', NULL, '2022-09-25 19:34:29', '2022-09-25 19:34:29', NULL),
(127, 'g28760', 'uploads/all/VrIK14KRPZdVUVmHm8oNGBYJAz2yQ2JBFLGRQkhi.png', 9, 74718, 'png', 'image', NULL, '2022-09-25 19:34:29', '2022-09-25 19:34:29', NULL),
(128, 'logo01', 'uploads/all/c6uUdcQrBS8QgP9hjYehoG0El1xRbdIKjYJ9yJM4.png', 9, 2165, 'png', 'image', NULL, '2022-09-25 22:37:53', '2022-09-25 22:37:53', NULL),
(129, '1639985934327185', 'uploads/all/fOEYFxiec24C2YQfWnHwUBhi573zzHyiNadzY5RV.jpg', 9, 235242, 'jpg', 'image', NULL, '2022-09-25 22:41:05', '2022-09-25 22:41:05', NULL),
(130, '163998593690445', 'uploads/all/YGgy96C3SU7ck9eXkklqLcyCjVzgYLUUtpTBiMlq.jpg', 9, 83361, 'jpg', 'image', NULL, '2022-09-25 22:42:14', '2022-09-25 22:42:14', NULL),
(131, '1639985937827502', 'uploads/all/XrGWv5tYdCozmGXXkLhXVTp1rdxZVDf1B77uxKuw.jpg', 9, 127485, 'jpg', 'image', NULL, '2022-09-25 22:44:12', '2022-09-25 22:44:12', NULL),
(132, '1639985939696849', 'uploads/all/OiKC4BiiL1hiKgodlPBzhjwGgzhcfaI8BePgi4UH.jpg', 9, 163524, 'jpg', 'image', NULL, '2022-09-25 22:45:09', '2022-09-25 22:45:09', NULL),
(133, '1639985941412060', 'uploads/all/mprTfZM9AaxQzDdSLwm1qpCPjWwS59y2mfoVLzgn.jpg', 9, 150944, 'jpg', 'image', NULL, '2022-09-25 22:46:48', '2022-09-25 22:46:48', NULL),
(134, 'L11-1 (1)', 'uploads/all/Hh4PEj2vT9evKA7VsFwpKAh73qaZ8MtFhnmHbYIH.png', 9, 487889, 'png', 'image', NULL, '2022-09-25 22:49:45', '2022-09-25 22:49:45', NULL),
(135, 'L11-10', 'uploads/all/P61DdEcH91XdS7k99bdBR9GEra4Jm3YX16kj2JYf.png', 9, 251295, 'png', 'image', NULL, '2022-09-25 22:51:25', '2022-09-25 22:51:25', NULL),
(136, 'slider pink smartwatch xiri', 'uploads/all/UfMpRpZbUKXIGFpp8QMfUsgDC3xGXZw6Wr4fKO3u.png', 9, 97927, 'png', 'image', NULL, '2022-09-28 12:22:27', '2022-09-28 12:22:27', NULL),
(137, 'slider pink smartwatch xiri', 'uploads/all/4hTgdmsrh6DfZckx3Opx5LctHmnprShNIv0xHDsB.png', 9, 97956, 'png', 'image', NULL, '2022-09-28 12:28:06', '2022-09-28 12:28:06', NULL),
(138, 'section pc xiri', 'uploads/all/114tGCKZUljHTU1hcBYDTLXkyFmFn99qlID6s6nA.png', 9, 31016, 'png', 'image', NULL, '2022-09-28 21:35:04', '2022-09-28 21:35:04', NULL),
(139, 'sectiongaming xiri', 'uploads/all/qb71Xp16rPCIxgUnKkeLIb1eHcC2st4VPpJpLqbI.png', 9, 35479, 'png', 'image', NULL, '2022-09-28 21:39:29', '2022-09-28 21:39:29', NULL),
(140, 'sectiongaming xiri', 'uploads/all/DVKiNTvWgDTqeEmPrbqYiEKgrriTi0poHpvF8ddz.png', 9, 35088, 'png', 'image', NULL, '2022-09-28 21:40:45', '2022-09-28 21:40:45', NULL),
(141, 'sectionsmartphone', 'uploads/all/4CDr5MalgJ2u99RqlMFNdZRxpXj00N58fc84gUXU.png', 9, 39070, 'png', 'image', NULL, '2022-09-28 21:43:32', '2022-09-28 21:43:32', NULL),
(142, 'sectionelectromenager', 'uploads/all/KRaTR9rLlNL9ReByAVDjn1sMMN3aGLibdxtYbHYw.png', 9, 34727, 'png', 'image', NULL, '2022-09-28 21:46:13', '2022-09-28 21:46:13', NULL),
(143, 'sectionhome', 'uploads/all/dUghaufyIUPOgRuj27IBNb63xtDM3raYYi6NOk0R.png', 9, 42097, 'png', 'image', NULL, '2022-09-28 21:48:03', '2022-09-28 21:48:03', NULL),
(144, 'sectionbricolage', 'uploads/all/SkQnUeGnJuu0trLp1u0CkqnXwGPbD10fJAbbnqx3.png', 9, 21802, 'png', 'image', NULL, '2022-09-28 21:51:35', '2022-09-28 21:51:35', NULL),
(145, 'slider blue console', 'uploads/all/OQtsISM5Z8UKQ99j3ZZ1s1CSlVrDzURAJKxzOMz4.png', 9, 91306, 'png', 'image', NULL, '2022-09-28 21:58:39', '2022-09-28 21:58:39', NULL),
(146, 'slider blue console', 'uploads/all/kKhdAtbMzfoZqolCKCxqosKlTv090P0beSTNM72J.png', 9, 91306, 'png', 'image', NULL, '2022-09-28 21:59:54', '2022-09-28 21:59:54', NULL),
(147, 'smartwatch1 xiri', 'uploads/all/ghlslAxuPYo2dpx6y4m8KaWX8Lnj04ogxydRCZ2s.png', 9, 273396, 'png', 'image', NULL, '2022-09-28 22:01:37', '2022-09-28 22:01:37', NULL),
(148, 'afficheceramic', 'uploads/all/Ipv6BwLxMze2vnZb6FN9f0cKTK1NhpxId8bj5Kvg.png', 9, 337029, 'png', 'image', NULL, '2022-09-28 22:21:52', '2022-09-28 22:21:52', NULL);

-- --------------------------------------------------------

--
-- Structure de la table `users`
--

CREATE TABLE `users` (
  `id` int UNSIGNED NOT NULL,
  `referred_by` int DEFAULT NULL,
  `provider_id` varchar(50) CHARACTER SET utf8 COLLATE utf8_unicode_ci DEFAULT NULL,
  `user_type` varchar(20) CHARACTER SET utf8 COLLATE utf8_unicode_ci NOT NULL DEFAULT 'customer',
  `name` varchar(191) CHARACTER SET utf8 COLLATE utf8_unicode_ci NOT NULL,
  `email` varchar(191) CHARACTER SET utf8 COLLATE utf8_unicode_ci DEFAULT NULL,
  `email_verified_at` timestamp NULL DEFAULT NULL,
  `verification_code` text CHARACTER SET utf8 COLLATE utf8_unicode_ci,
  `new_email_verificiation_code` text CHARACTER SET utf8 COLLATE utf8_unicode_ci,
  `password` varchar(191) CHARACTER SET utf8 COLLATE utf8_unicode_ci DEFAULT NULL,
  `remember_token` varchar(100) CHARACTER SET utf8 COLLATE utf8_unicode_ci DEFAULT NULL,
  `device_token` varchar(255) CHARACTER SET utf8 COLLATE utf8_unicode_ci DEFAULT NULL,
  `avatar` varchar(256) CHARACTER SET utf8 COLLATE utf8_unicode_ci DEFAULT NULL,
  `avatar_original` varchar(256) CHARACTER SET utf8 COLLATE utf8_unicode_ci DEFAULT NULL,
  `address` varchar(300) CHARACTER SET utf8 COLLATE utf8_unicode_ci DEFAULT NULL,
  `country` varchar(30) CHARACTER SET utf8 COLLATE utf8_unicode_ci DEFAULT NULL,
  `state` varchar(30) CHARACTER SET utf8 COLLATE utf8_unicode_ci DEFAULT NULL,
  `city` varchar(30) CHARACTER SET utf8 COLLATE utf8_unicode_ci DEFAULT NULL,
  `postal_code` varchar(20) CHARACTER SET utf8 COLLATE utf8_unicode_ci DEFAULT NULL,
  `phone` varchar(20) CHARACTER SET utf8 COLLATE utf8_unicode_ci DEFAULT NULL,
  `balance` double(20,2) NOT NULL DEFAULT '0.00',
  `banned` tinyint NOT NULL DEFAULT '0',
  `referral_code` varchar(255) CHARACTER SET utf8 COLLATE utf8_unicode_ci DEFAULT NULL,
  `customer_package_id` int DEFAULT NULL,
  `remaining_uploads` int DEFAULT '0',
  `created_at` timestamp NULL DEFAULT NULL,
  `updated_at` timestamp NULL DEFAULT NULL
) ENGINE=InnoDB DEFAULT CHARSET=utf8mb3 COLLATE=utf8_unicode_ci;

--
-- Déchargement des données de la table `users`
--

INSERT INTO `users` (`id`, `referred_by`, `provider_id`, `user_type`, `name`, `email`, `email_verified_at`, `verification_code`, `new_email_verificiation_code`, `password`, `remember_token`, `device_token`, `avatar`, `avatar_original`, `address`, `country`, `state`, `city`, `postal_code`, `phone`, `balance`, `banned`, `referral_code`, `customer_package_id`, `remaining_uploads`, `created_at`, `updated_at`) VALUES
(3, NULL, NULL, 'seller', 'Mr. Seller', 'seller@example.com', '2018-12-11 18:00:00', NULL, NULL, '$2y$10$eUKRlkmm2TAug75cfGQ4i.WoUbcJ2uVPqUlVkox.cv4CCyGEIMQEm', 'nk9qRSXAiVWHUIgEjV5mEDc5r4KyLC5ZFyNX3Cc4jtcOLjDuJNBQChYHrEO9', NULL, 'https://lh3.googleusercontent.com/-7OnRtLyua5Q/AAAAAAAAAAI/AAAAAAAADRk/VqWKMl4f8CI/photo.jpg?sz=50', NULL, 'Demo address', 'US', NULL, 'Demo city', '1234', NULL, 0.00, 0, '3dLUoHsR1l', NULL, NULL, '2018-10-07 04:42:57', '2020-03-05 01:33:22'),
(8, NULL, NULL, 'customer', 'Mr. Customer', 'customer@example.tn', '2018-12-11 18:00:00', NULL, NULL, '$2y$10$eUKRlkmm2TAug75cfGQ4i.WoUbcJ2uVPqUlVkox.cv4CCyGEIMQEm', '9ndcz5o7xgnuxctJIbvUQcP41QKmgnWCc7JDSnWdHOvipOP2AijpamCNafEe', NULL, 'https://lh3.googleusercontent.com/-7OnRtLyua5Q/AAAAAAAAAAI/AAAAAAAADRk/VqWKMl4f8CI/photo.jpg?sz=50', NULL, 'Demo address', 'US', NULL, 'Demo city', '1234', NULL, 0.00, 1, '8zJTyXTlTT', NULL, NULL, '2018-10-07 04:42:57', '2022-09-12 20:27:42'),
(9, NULL, '107950680133872606872', 'admin', 'Mohamed', 'tangour.mohamed@gmail.com', '2022-09-11 09:09:00', NULL, NULL, '$2y$10$9Jv7sHygZ7ZyJ8W0yjzn3.6KSy4g8LXQB4zw89tDHghI.n1v.D/V2', 'oPcPsqpzAEOo6sHZXKSxCLdVGEAnZ02vbqMWb9Huaoje3x6alup3zdql0PSg', NULL, NULL, NULL, NULL, NULL, NULL, NULL, NULL, NULL, 0.00, 0, NULL, NULL, 0, '2022-09-11 09:39:00', '2022-09-12 21:10:55'),
(10, NULL, NULL, 'customer', 'HelloWorld', 'helloworld.commercial@gmail.com', '2022-09-11 12:09:46', NULL, NULL, '$2y$10$OFuXGkCSMXHJmlifpi6DRuzQUqLgdhwqXiXxe1FCLVr.A0v0JwtEu', NULL, NULL, NULL, NULL, NULL, NULL, NULL, NULL, NULL, NULL, 0.00, 0, NULL, NULL, 0, '2022-09-11 12:36:46', '2022-09-11 12:36:46'),
(11, NULL, NULL, 'customer', 'Test', 'test@test.com', '2022-09-11 17:09:59', NULL, NULL, '$2y$10$yqfWgotWIYrbIMeBGAaon.Q5UhovguYUMrW2qM/DKF1XySTrVrNNe', NULL, NULL, NULL, NULL, NULL, NULL, NULL, NULL, NULL, NULL, 0.00, 0, NULL, NULL, 0, '2022-09-11 17:29:59', '2022-09-11 17:29:59'),
(12, NULL, NULL, 'seller', 'HelloWorld', 'commercial@smartconso.org', '2022-09-12 19:09:57', NULL, NULL, '$2y$10$hbvjlj6jGL/lPqBtGRrGxemEbXDI/k3MkYPDwgKYfelgsiHskknYa', 'ZxVm8NN90JFaeVc8oH0gIt3vF7xFPZVvv9LTjSNBrxyDYBsiyWBdxF3odiHm', NULL, NULL, NULL, NULL, NULL, NULL, NULL, NULL, NULL, 0.00, 0, NULL, NULL, 0, '2022-09-12 19:01:57', '2022-09-12 19:09:19'),
(13, NULL, NULL, 'customer', 'test', 'test@gmail.com', '2022-09-25 14:09:06', NULL, NULL, '$2y$10$p5c./1Hz82jHAMpQcK8KHuODJjDNDONXxprihCpj.L6Wiq8OUU.Bi', NULL, NULL, NULL, NULL, NULL, NULL, NULL, NULL, NULL, NULL, 0.00, 0, NULL, NULL, 0, '2022-09-25 14:37:06', '2022-09-25 14:37:06');

-- --------------------------------------------------------

--
-- Structure de la table `wallets`
--

CREATE TABLE `wallets` (
  `id` int NOT NULL,
  `user_id` int NOT NULL,
  `amount` double(20,2) NOT NULL,
  `payment_method` varchar(255) CHARACTER SET utf8 COLLATE utf8_unicode_ci DEFAULT NULL,
  `payment_details` longtext CHARACTER SET utf8 COLLATE utf8_unicode_ci,
  `approval` int NOT NULL DEFAULT '0',
  `offline_payment` int NOT NULL DEFAULT '0',
  `reciept` varchar(150) COLLATE utf8_unicode_ci DEFAULT NULL,
  `created_at` timestamp NOT NULL DEFAULT CURRENT_TIMESTAMP,
  `updated_at` timestamp NOT NULL DEFAULT CURRENT_TIMESTAMP
) ENGINE=InnoDB DEFAULT CHARSET=utf8mb3 COLLATE=utf8_unicode_ci;

-- --------------------------------------------------------

--
-- Structure de la table `wishlists`
--

CREATE TABLE `wishlists` (
  `id` int NOT NULL,
  `user_id` int NOT NULL,
  `product_id` int NOT NULL,
  `created_at` timestamp NULL DEFAULT CURRENT_TIMESTAMP,
  `updated_at` timestamp NOT NULL DEFAULT CURRENT_TIMESTAMP
) ENGINE=InnoDB DEFAULT CHARSET=utf8mb3 COLLATE=utf8_unicode_ci;

-- --------------------------------------------------------

--
-- Structure de la table `zones`
--

CREATE TABLE `zones` (
  `id` int NOT NULL,
  `name` varchar(255) NOT NULL,
  `status` tinyint(1) NOT NULL COMMENT '0 = Inactive, 1 = Active',
  `created_at` timestamp NOT NULL DEFAULT CURRENT_TIMESTAMP,
  `updated_at` timestamp NOT NULL DEFAULT CURRENT_TIMESTAMP
) ENGINE=InnoDB DEFAULT CHARSET=utf8mb4 COLLATE=utf8mb4_0900_ai_ci;

--
-- Déchargement des données de la table `zones`
--

INSERT INTO `zones` (`id`, `name`, `status`, `created_at`, `updated_at`) VALUES
(1, 'Tunisie', 1, '2022-09-11 12:44:49', '2022-09-11 12:44:49');

--
-- Index pour les tables déchargées
--

--
-- Index pour la table `addons`
--
ALTER TABLE `addons`
  ADD PRIMARY KEY (`id`);

--
-- Index pour la table `addresses`
--
ALTER TABLE `addresses`
  ADD PRIMARY KEY (`id`);

--
-- Index pour la table `affiliate_configs`
--
ALTER TABLE `affiliate_configs`
  ADD PRIMARY KEY (`id`);

--
-- Index pour la table `affiliate_logs`
--
ALTER TABLE `affiliate_logs`
  ADD PRIMARY KEY (`id`);

--
-- Index pour la table `affiliate_options`
--
ALTER TABLE `affiliate_options`
  ADD PRIMARY KEY (`id`);

--
-- Index pour la table `affiliate_payments`
--
ALTER TABLE `affiliate_payments`
  ADD PRIMARY KEY (`id`);

--
-- Index pour la table `affiliate_stats`
--
ALTER TABLE `affiliate_stats`
  ADD PRIMARY KEY (`id`);

--
-- Index pour la table `affiliate_users`
--
ALTER TABLE `affiliate_users`
  ADD PRIMARY KEY (`id`);

--
-- Index pour la table `affiliate_withdraw_requests`
--
ALTER TABLE `affiliate_withdraw_requests`
  ADD PRIMARY KEY (`id`);

--
-- Index pour la table `app_translations`
--
ALTER TABLE `app_translations`
  ADD PRIMARY KEY (`id`);

--
-- Index pour la table `attributes`
--
ALTER TABLE `attributes`
  ADD PRIMARY KEY (`id`);

--
-- Index pour la table `attribute_category`
--
ALTER TABLE `attribute_category`
  ADD PRIMARY KEY (`id`);

--
-- Index pour la table `attribute_translations`
--
ALTER TABLE `attribute_translations`
  ADD PRIMARY KEY (`id`);

--
-- Index pour la table `attribute_values`
--
ALTER TABLE `attribute_values`
  ADD PRIMARY KEY (`id`);

--
-- Index pour la table `auction_product_bids`
--
ALTER TABLE `auction_product_bids`
  ADD PRIMARY KEY (`id`);

--
-- Index pour la table `blogs`
--
ALTER TABLE `blogs`
  ADD PRIMARY KEY (`id`);

--
-- Index pour la table `blog_categories`
--
ALTER TABLE `blog_categories`
  ADD PRIMARY KEY (`id`);

--
-- Index pour la table `brands`
--
ALTER TABLE `brands`
  ADD PRIMARY KEY (`id`);

--
-- Index pour la table `brand_translations`
--
ALTER TABLE `brand_translations`
  ADD PRIMARY KEY (`id`);

--
-- Index pour la table `business_settings`
--
ALTER TABLE `business_settings`
  ADD PRIMARY KEY (`id`);

--
-- Index pour la table `carriers`
--
ALTER TABLE `carriers`
  ADD PRIMARY KEY (`id`);

--
-- Index pour la table `carrier_ranges`
--
ALTER TABLE `carrier_ranges`
  ADD PRIMARY KEY (`id`);

--
-- Index pour la table `carrier_range_prices`
--
ALTER TABLE `carrier_range_prices`
  ADD PRIMARY KEY (`id`);

--
-- Index pour la table `carts`
--
ALTER TABLE `carts`
  ADD PRIMARY KEY (`id`);

--
-- Index pour la table `categories`
--
ALTER TABLE `categories`
  ADD PRIMARY KEY (`id`),
  ADD KEY `slug` (`slug`);

--
-- Index pour la table `category_translations`
--
ALTER TABLE `category_translations`
  ADD PRIMARY KEY (`id`);

--
-- Index pour la table `cities`
--
ALTER TABLE `cities`
  ADD PRIMARY KEY (`id`);

--
-- Index pour la table `city_translations`
--
ALTER TABLE `city_translations`
  ADD PRIMARY KEY (`id`);

--
-- Index pour la table `club_points`
--
ALTER TABLE `club_points`
  ADD PRIMARY KEY (`id`);

--
-- Index pour la table `club_point_details`
--
ALTER TABLE `club_point_details`
  ADD PRIMARY KEY (`id`);

--
-- Index pour la table `colors`
--
ALTER TABLE `colors`
  ADD PRIMARY KEY (`id`);

--
-- Index pour la table `combined_orders`
--
ALTER TABLE `combined_orders`
  ADD PRIMARY KEY (`id`);

--
-- Index pour la table `commission_histories`
--
ALTER TABLE `commission_histories`
  ADD PRIMARY KEY (`id`);

--
-- Index pour la table `conversations`
--
ALTER TABLE `conversations`
  ADD PRIMARY KEY (`id`);

--
-- Index pour la table `countries`
--
ALTER TABLE `countries`
  ADD PRIMARY KEY (`id`);

--
-- Index pour la table `coupons`
--
ALTER TABLE `coupons`
  ADD PRIMARY KEY (`id`);

--
-- Index pour la table `coupon_usages`
--
ALTER TABLE `coupon_usages`
  ADD PRIMARY KEY (`id`);

--
-- Index pour la table `currencies`
--
ALTER TABLE `currencies`
  ADD PRIMARY KEY (`id`);

--
-- Index pour la table `customer_packages`
--
ALTER TABLE `customer_packages`
  ADD PRIMARY KEY (`id`);

--
-- Index pour la table `customer_package_payments`
--
ALTER TABLE `customer_package_payments`
  ADD PRIMARY KEY (`id`);

--
-- Index pour la table `customer_package_translations`
--
ALTER TABLE `customer_package_translations`
  ADD PRIMARY KEY (`id`);

--
-- Index pour la table `customer_products`
--
ALTER TABLE `customer_products`
  ADD PRIMARY KEY (`id`);

--
-- Index pour la table `customer_product_translations`
--
ALTER TABLE `customer_product_translations`
  ADD PRIMARY KEY (`id`);

--
-- Index pour la table `firebase_notifications`
--
ALTER TABLE `firebase_notifications`
  ADD PRIMARY KEY (`id`);

--
-- Index pour la table `flash_deals`
--
ALTER TABLE `flash_deals`
  ADD PRIMARY KEY (`id`);

--
-- Index pour la table `flash_deal_products`
--
ALTER TABLE `flash_deal_products`
  ADD PRIMARY KEY (`id`);

--
-- Index pour la table `flash_deal_translations`
--
ALTER TABLE `flash_deal_translations`
  ADD PRIMARY KEY (`id`);

--
-- Index pour la table `home_categories`
--
ALTER TABLE `home_categories`
  ADD PRIMARY KEY (`id`);

--
-- Index pour la table `languages`
--
ALTER TABLE `languages`
  ADD PRIMARY KEY (`id`);

--
-- Index pour la table `manual_payment_methods`
--
ALTER TABLE `manual_payment_methods`
  ADD PRIMARY KEY (`id`);

--
-- Index pour la table `messages`
--
ALTER TABLE `messages`
  ADD PRIMARY KEY (`id`);

--
-- Index pour la table `migrations`
--
ALTER TABLE `migrations`
  ADD PRIMARY KEY (`id`);

--
-- Index pour la table `model_has_permissions`
--
ALTER TABLE `model_has_permissions`
  ADD PRIMARY KEY (`permission_id`,`model_id`,`model_type`),
  ADD KEY `model_has_permissions_model_id_model_type_index` (`model_id`,`model_type`);

--
-- Index pour la table `model_has_roles`
--
ALTER TABLE `model_has_roles`
  ADD PRIMARY KEY (`role_id`,`model_id`,`model_type`),
  ADD KEY `model_has_roles_model_id_model_type_index` (`model_id`,`model_type`);

--
-- Index pour la table `notifications`
--
ALTER TABLE `notifications`
  ADD PRIMARY KEY (`id`),
  ADD KEY `notifications_notifiable_type_notifiable_id_index` (`notifiable_type`,`notifiable_id`);

--
-- Index pour la table `orders`
--
ALTER TABLE `orders`
  ADD PRIMARY KEY (`id`);

--
-- Index pour la table `order_details`
--
ALTER TABLE `order_details`
  ADD PRIMARY KEY (`id`);

--
-- Index pour la table `pages`
--
ALTER TABLE `pages`
  ADD PRIMARY KEY (`id`);

--
-- Index pour la table `page_translations`
--
ALTER TABLE `page_translations`
  ADD PRIMARY KEY (`id`);

--
-- Index pour la table `password_resets`
--
ALTER TABLE `password_resets`
  ADD KEY `password_resets_email_index` (`email`);

--
-- Index pour la table `payku_payments`
--
ALTER TABLE `payku_payments`
  ADD UNIQUE KEY `payku_payments_transaction_id_unique` (`transaction_id`);

--
-- Index pour la table `payku_transactions`
--
ALTER TABLE `payku_transactions`
  ADD UNIQUE KEY `payku_transactions_id_unique` (`id`),
  ADD UNIQUE KEY `payku_transactions_order_unique` (`order`);

--
-- Index pour la table `payments`
--
ALTER TABLE `payments`
  ADD PRIMARY KEY (`id`);

--
-- Index pour la table `permissions`
--
ALTER TABLE `permissions`
  ADD PRIMARY KEY (`id`);

--
-- Index pour la table `personal_access_tokens`
--
ALTER TABLE `personal_access_tokens`
  ADD PRIMARY KEY (`id`),
  ADD UNIQUE KEY `personal_access_tokens_token_unique` (`token`),
  ADD KEY `personal_access_tokens_tokenable_type_tokenable_id_index` (`tokenable_type`,`tokenable_id`);

--
-- Index pour la table `pickup_points`
--
ALTER TABLE `pickup_points`
  ADD PRIMARY KEY (`id`);

--
-- Index pour la table `pickup_point_translations`
--
ALTER TABLE `pickup_point_translations`
  ADD PRIMARY KEY (`id`);

--
-- Index pour la table `products`
--
ALTER TABLE `products`
  ADD PRIMARY KEY (`id`),
  ADD KEY `name` (`name`),
  ADD KEY `tags` (`tags`(255)),
  ADD KEY `unit_price` (`unit_price`),
  ADD KEY `created_at` (`created_at`);

--
-- Index pour la table `product_queries`
--
ALTER TABLE `product_queries`
  ADD PRIMARY KEY (`id`);

--
-- Index pour la table `product_stocks`
--
ALTER TABLE `product_stocks`
  ADD PRIMARY KEY (`id`);

--
-- Index pour la table `product_taxes`
--
ALTER TABLE `product_taxes`
  ADD PRIMARY KEY (`id`);

--
-- Index pour la table `product_translations`
--
ALTER TABLE `product_translations`
  ADD PRIMARY KEY (`id`);

--
-- Index pour la table `proxypay_payments`
--
ALTER TABLE `proxypay_payments`
  ADD PRIMARY KEY (`id`);

--
-- Index pour la table `reviews`
--
ALTER TABLE `reviews`
  ADD PRIMARY KEY (`id`);

--
-- Index pour la table `roles`
--
ALTER TABLE `roles`
  ADD PRIMARY KEY (`id`),
  ADD UNIQUE KEY `roles_name_guard_name_unique` (`name`,`guard_name`);

--
-- Index pour la table `role_has_permissions`
--
ALTER TABLE `role_has_permissions`
  ADD PRIMARY KEY (`permission_id`,`role_id`),
  ADD KEY `role_has_permissions_role_id_foreign` (`role_id`);

--
-- Index pour la table `role_translations`
--
ALTER TABLE `role_translations`
  ADD PRIMARY KEY (`id`);

--
-- Index pour la table `searches`
--
ALTER TABLE `searches`
  ADD PRIMARY KEY (`id`);

--
-- Index pour la table `sellers`
--
ALTER TABLE `sellers`
  ADD PRIMARY KEY (`id`),
  ADD UNIQUE KEY `user_id` (`user_id`);

--
-- Index pour la table `seller_packages`
--
ALTER TABLE `seller_packages`
  ADD PRIMARY KEY (`id`);

--
-- Index pour la table `seller_withdraw_requests`
--
ALTER TABLE `seller_withdraw_requests`
  ADD PRIMARY KEY (`id`);

--
-- Index pour la table `shops`
--
ALTER TABLE `shops`
  ADD PRIMARY KEY (`id`);

--
-- Index pour la table `staff`
--
ALTER TABLE `staff`
  ADD PRIMARY KEY (`id`);

--
-- Index pour la table `states`
--
ALTER TABLE `states`
  ADD PRIMARY KEY (`id`);

--
-- Index pour la table `subscribers`
--
ALTER TABLE `subscribers`
  ADD PRIMARY KEY (`id`),
  ADD UNIQUE KEY `email` (`email`);

--
-- Index pour la table `taxes`
--
ALTER TABLE `taxes`
  ADD PRIMARY KEY (`id`);

--
-- Index pour la table `tickets`
--
ALTER TABLE `tickets`
  ADD PRIMARY KEY (`id`);

--
-- Index pour la table `ticket_replies`
--
ALTER TABLE `ticket_replies`
  ADD PRIMARY KEY (`id`);

--
-- Index pour la table `transactions`
--
ALTER TABLE `transactions`
  ADD PRIMARY KEY (`id`);

--
-- Index pour la table `translations`
--
ALTER TABLE `translations`
  ADD PRIMARY KEY (`id`);

--
-- Index pour la table `uploads`
--
ALTER TABLE `uploads`
  ADD PRIMARY KEY (`id`);

--
-- Index pour la table `users`
--
ALTER TABLE `users`
  ADD PRIMARY KEY (`id`),
  ADD UNIQUE KEY `users_email_unique` (`email`);

--
-- Index pour la table `wallets`
--
ALTER TABLE `wallets`
  ADD PRIMARY KEY (`id`);

--
-- Index pour la table `wishlists`
--
ALTER TABLE `wishlists`
  ADD PRIMARY KEY (`id`);

--
-- Index pour la table `zones`
--
ALTER TABLE `zones`
  ADD PRIMARY KEY (`id`);

--
-- AUTO_INCREMENT pour les tables déchargées
--

--
-- AUTO_INCREMENT pour la table `addons`
--
ALTER TABLE `addons`
  MODIFY `id` int NOT NULL AUTO_INCREMENT, AUTO_INCREMENT=7;

--
-- AUTO_INCREMENT pour la table `addresses`
--
ALTER TABLE `addresses`
  MODIFY `id` int NOT NULL AUTO_INCREMENT, AUTO_INCREMENT=3;

--
-- AUTO_INCREMENT pour la table `affiliate_configs`
--
ALTER TABLE `affiliate_configs`
  MODIFY `id` int NOT NULL AUTO_INCREMENT, AUTO_INCREMENT=2;

--
-- AUTO_INCREMENT pour la table `affiliate_logs`
--
ALTER TABLE `affiliate_logs`
  MODIFY `id` int NOT NULL AUTO_INCREMENT;

--
-- AUTO_INCREMENT pour la table `affiliate_options`
--
ALTER TABLE `affiliate_options`
  MODIFY `id` int NOT NULL AUTO_INCREMENT, AUTO_INCREMENT=4;

--
-- AUTO_INCREMENT pour la table `affiliate_payments`
--
ALTER TABLE `affiliate_payments`
  MODIFY `id` int NOT NULL AUTO_INCREMENT, AUTO_INCREMENT=3;

--
-- AUTO_INCREMENT pour la table `affiliate_stats`
--
ALTER TABLE `affiliate_stats`
  MODIFY `id` int NOT NULL AUTO_INCREMENT;

--
-- AUTO_INCREMENT pour la table `affiliate_users`
--
ALTER TABLE `affiliate_users`
  MODIFY `id` int NOT NULL AUTO_INCREMENT, AUTO_INCREMENT=2;

--
-- AUTO_INCREMENT pour la table `affiliate_withdraw_requests`
--
ALTER TABLE `affiliate_withdraw_requests`
  MODIFY `id` int NOT NULL AUTO_INCREMENT;

--
-- AUTO_INCREMENT pour la table `app_translations`
--
ALTER TABLE `app_translations`
  MODIFY `id` int NOT NULL AUTO_INCREMENT;

--
-- AUTO_INCREMENT pour la table `attributes`
--
ALTER TABLE `attributes`
  MODIFY `id` int NOT NULL AUTO_INCREMENT, AUTO_INCREMENT=14;

--
-- AUTO_INCREMENT pour la table `attribute_category`
--
ALTER TABLE `attribute_category`
  MODIFY `id` int NOT NULL AUTO_INCREMENT;

--
-- AUTO_INCREMENT pour la table `attribute_translations`
--
ALTER TABLE `attribute_translations`
  MODIFY `id` bigint NOT NULL AUTO_INCREMENT, AUTO_INCREMENT=14;

--
-- AUTO_INCREMENT pour la table `attribute_values`
--
ALTER TABLE `attribute_values`
  MODIFY `id` int NOT NULL AUTO_INCREMENT, AUTO_INCREMENT=23;

--
-- AUTO_INCREMENT pour la table `auction_product_bids`
--
ALTER TABLE `auction_product_bids`
  MODIFY `id` int NOT NULL AUTO_INCREMENT;

--
-- AUTO_INCREMENT pour la table `blogs`
--
ALTER TABLE `blogs`
  MODIFY `id` bigint UNSIGNED NOT NULL AUTO_INCREMENT;

--
-- AUTO_INCREMENT pour la table `blog_categories`
--
ALTER TABLE `blog_categories`
  MODIFY `id` bigint UNSIGNED NOT NULL AUTO_INCREMENT;

--
-- AUTO_INCREMENT pour la table `brands`
--
ALTER TABLE `brands`
  MODIFY `id` int NOT NULL AUTO_INCREMENT, AUTO_INCREMENT=15;

--
-- AUTO_INCREMENT pour la table `brand_translations`
--
ALTER TABLE `brand_translations`
  MODIFY `id` bigint NOT NULL AUTO_INCREMENT, AUTO_INCREMENT=13;

--
-- AUTO_INCREMENT pour la table `business_settings`
--
ALTER TABLE `business_settings`
  MODIFY `id` int NOT NULL AUTO_INCREMENT, AUTO_INCREMENT=137;

--
-- AUTO_INCREMENT pour la table `carriers`
--
ALTER TABLE `carriers`
  MODIFY `id` int NOT NULL AUTO_INCREMENT, AUTO_INCREMENT=2;

--
-- AUTO_INCREMENT pour la table `carrier_ranges`
--
ALTER TABLE `carrier_ranges`
  MODIFY `id` int NOT NULL AUTO_INCREMENT, AUTO_INCREMENT=2;

--
-- AUTO_INCREMENT pour la table `carrier_range_prices`
--
ALTER TABLE `carrier_range_prices`
  MODIFY `id` int NOT NULL AUTO_INCREMENT, AUTO_INCREMENT=2;

--
-- AUTO_INCREMENT pour la table `carts`
--
ALTER TABLE `carts`
  MODIFY `id` int UNSIGNED NOT NULL AUTO_INCREMENT, AUTO_INCREMENT=25;

--
-- AUTO_INCREMENT pour la table `categories`
--
ALTER TABLE `categories`
  MODIFY `id` int NOT NULL AUTO_INCREMENT, AUTO_INCREMENT=87;

--
-- AUTO_INCREMENT pour la table `category_translations`
--
ALTER TABLE `category_translations`
  MODIFY `id` bigint NOT NULL AUTO_INCREMENT, AUTO_INCREMENT=87;

--
-- AUTO_INCREMENT pour la table `cities`
--
ALTER TABLE `cities`
  MODIFY `id` bigint NOT NULL AUTO_INCREMENT, AUTO_INCREMENT=48357;

--
-- AUTO_INCREMENT pour la table `city_translations`
--
ALTER TABLE `city_translations`
  MODIFY `id` int NOT NULL AUTO_INCREMENT;

--
-- AUTO_INCREMENT pour la table `club_points`
--
ALTER TABLE `club_points`
  MODIFY `id` int NOT NULL AUTO_INCREMENT;

--
-- AUTO_INCREMENT pour la table `club_point_details`
--
ALTER TABLE `club_point_details`
  MODIFY `id` int NOT NULL AUTO_INCREMENT;

--
-- AUTO_INCREMENT pour la table `colors`
--
ALTER TABLE `colors`
  MODIFY `id` int NOT NULL AUTO_INCREMENT, AUTO_INCREMENT=144;

--
-- AUTO_INCREMENT pour la table `combined_orders`
--
ALTER TABLE `combined_orders`
  MODIFY `id` int NOT NULL AUTO_INCREMENT, AUTO_INCREMENT=8;

--
-- AUTO_INCREMENT pour la table `commission_histories`
--
ALTER TABLE `commission_histories`
  MODIFY `id` int NOT NULL AUTO_INCREMENT, AUTO_INCREMENT=2;

--
-- AUTO_INCREMENT pour la table `conversations`
--
ALTER TABLE `conversations`
  MODIFY `id` int NOT NULL AUTO_INCREMENT, AUTO_INCREMENT=3;

--
-- AUTO_INCREMENT pour la table `countries`
--
ALTER TABLE `countries`
  MODIFY `id` int NOT NULL AUTO_INCREMENT, AUTO_INCREMENT=297;

--
-- AUTO_INCREMENT pour la table `coupons`
--
ALTER TABLE `coupons`
  MODIFY `id` int NOT NULL AUTO_INCREMENT;

--
-- AUTO_INCREMENT pour la table `coupon_usages`
--
ALTER TABLE `coupon_usages`
  MODIFY `id` int NOT NULL AUTO_INCREMENT;

--
-- AUTO_INCREMENT pour la table `currencies`
--
ALTER TABLE `currencies`
  MODIFY `id` int NOT NULL AUTO_INCREMENT, AUTO_INCREMENT=29;

--
-- AUTO_INCREMENT pour la table `customer_packages`
--
ALTER TABLE `customer_packages`
  MODIFY `id` int NOT NULL AUTO_INCREMENT;

--
-- AUTO_INCREMENT pour la table `customer_package_payments`
--
ALTER TABLE `customer_package_payments`
  MODIFY `id` int NOT NULL AUTO_INCREMENT;

--
-- AUTO_INCREMENT pour la table `customer_package_translations`
--
ALTER TABLE `customer_package_translations`
  MODIFY `id` bigint NOT NULL AUTO_INCREMENT;

--
-- AUTO_INCREMENT pour la table `customer_products`
--
ALTER TABLE `customer_products`
  MODIFY `id` int NOT NULL AUTO_INCREMENT;

--
-- AUTO_INCREMENT pour la table `customer_product_translations`
--
ALTER TABLE `customer_product_translations`
  MODIFY `id` bigint NOT NULL AUTO_INCREMENT;

--
-- AUTO_INCREMENT pour la table `firebase_notifications`
--
ALTER TABLE `firebase_notifications`
  MODIFY `id` int NOT NULL AUTO_INCREMENT;

--
-- AUTO_INCREMENT pour la table `flash_deals`
--
ALTER TABLE `flash_deals`
  MODIFY `id` int NOT NULL AUTO_INCREMENT, AUTO_INCREMENT=2;

--
-- AUTO_INCREMENT pour la table `flash_deal_products`
--
ALTER TABLE `flash_deal_products`
  MODIFY `id` int NOT NULL AUTO_INCREMENT, AUTO_INCREMENT=24;

--
-- AUTO_INCREMENT pour la table `flash_deal_translations`
--
ALTER TABLE `flash_deal_translations`
  MODIFY `id` bigint NOT NULL AUTO_INCREMENT, AUTO_INCREMENT=2;

--
-- AUTO_INCREMENT pour la table `home_categories`
--
ALTER TABLE `home_categories`
  MODIFY `id` int NOT NULL AUTO_INCREMENT, AUTO_INCREMENT=3;

--
-- AUTO_INCREMENT pour la table `languages`
--
ALTER TABLE `languages`
  MODIFY `id` int NOT NULL AUTO_INCREMENT, AUTO_INCREMENT=6;

--
-- AUTO_INCREMENT pour la table `manual_payment_methods`
--
ALTER TABLE `manual_payment_methods`
  MODIFY `id` int NOT NULL AUTO_INCREMENT;

--
-- AUTO_INCREMENT pour la table `messages`
--
ALTER TABLE `messages`
  MODIFY `id` int NOT NULL AUTO_INCREMENT, AUTO_INCREMENT=3;

--
-- AUTO_INCREMENT pour la table `migrations`
--
ALTER TABLE `migrations`
  MODIFY `id` int UNSIGNED NOT NULL AUTO_INCREMENT, AUTO_INCREMENT=3;

--
-- AUTO_INCREMENT pour la table `orders`
--
ALTER TABLE `orders`
  MODIFY `id` int NOT NULL AUTO_INCREMENT, AUTO_INCREMENT=10;

--
-- AUTO_INCREMENT pour la table `order_details`
--
ALTER TABLE `order_details`
  MODIFY `id` int NOT NULL AUTO_INCREMENT, AUTO_INCREMENT=18;

--
-- AUTO_INCREMENT pour la table `pages`
--
ALTER TABLE `pages`
  MODIFY `id` int NOT NULL AUTO_INCREMENT, AUTO_INCREMENT=8;

--
-- AUTO_INCREMENT pour la table `page_translations`
--
ALTER TABLE `page_translations`
  MODIFY `id` bigint NOT NULL AUTO_INCREMENT, AUTO_INCREMENT=2;

--
-- AUTO_INCREMENT pour la table `payments`
--
ALTER TABLE `payments`
  MODIFY `id` int NOT NULL AUTO_INCREMENT;

--
-- AUTO_INCREMENT pour la table `permissions`
--
ALTER TABLE `permissions`
  MODIFY `id` bigint UNSIGNED NOT NULL AUTO_INCREMENT, AUTO_INCREMENT=212;

--
-- AUTO_INCREMENT pour la table `personal_access_tokens`
--
ALTER TABLE `personal_access_tokens`
  MODIFY `id` bigint UNSIGNED NOT NULL AUTO_INCREMENT;

--
-- AUTO_INCREMENT pour la table `pickup_points`
--
ALTER TABLE `pickup_points`
  MODIFY `id` int NOT NULL AUTO_INCREMENT;

--
-- AUTO_INCREMENT pour la table `pickup_point_translations`
--
ALTER TABLE `pickup_point_translations`
  MODIFY `id` bigint NOT NULL AUTO_INCREMENT;

--
-- AUTO_INCREMENT pour la table `products`
--
ALTER TABLE `products`
  MODIFY `id` int NOT NULL AUTO_INCREMENT, AUTO_INCREMENT=26;

--
-- AUTO_INCREMENT pour la table `product_queries`
--
ALTER TABLE `product_queries`
  MODIFY `id` bigint UNSIGNED NOT NULL AUTO_INCREMENT, AUTO_INCREMENT=4;

--
-- AUTO_INCREMENT pour la table `product_stocks`
--
ALTER TABLE `product_stocks`
  MODIFY `id` int NOT NULL AUTO_INCREMENT, AUTO_INCREMENT=134;

--
-- AUTO_INCREMENT pour la table `product_taxes`
--
ALTER TABLE `product_taxes`
  MODIFY `id` int NOT NULL AUTO_INCREMENT, AUTO_INCREMENT=176;

--
-- AUTO_INCREMENT pour la table `product_translations`
--
ALTER TABLE `product_translations`
  MODIFY `id` bigint NOT NULL AUTO_INCREMENT, AUTO_INCREMENT=26;

--
-- AUTO_INCREMENT pour la table `proxypay_payments`
--
ALTER TABLE `proxypay_payments`
  MODIFY `id` int NOT NULL AUTO_INCREMENT;

--
-- AUTO_INCREMENT pour la table `reviews`
--
ALTER TABLE `reviews`
  MODIFY `id` int NOT NULL AUTO_INCREMENT, AUTO_INCREMENT=2;

--
-- AUTO_INCREMENT pour la table `roles`
--
ALTER TABLE `roles`
  MODIFY `id` bigint UNSIGNED NOT NULL AUTO_INCREMENT, AUTO_INCREMENT=5;

--
-- AUTO_INCREMENT pour la table `role_translations`
--
ALTER TABLE `role_translations`
  MODIFY `id` bigint NOT NULL AUTO_INCREMENT, AUTO_INCREMENT=4;

--
-- AUTO_INCREMENT pour la table `searches`
--
ALTER TABLE `searches`
  MODIFY `id` int NOT NULL AUTO_INCREMENT, AUTO_INCREMENT=6;

--
-- AUTO_INCREMENT pour la table `sellers`
--
ALTER TABLE `sellers`
  MODIFY `id` int NOT NULL AUTO_INCREMENT, AUTO_INCREMENT=2;

--
-- AUTO_INCREMENT pour la table `seller_packages`
--
ALTER TABLE `seller_packages`
  MODIFY `id` int NOT NULL AUTO_INCREMENT, AUTO_INCREMENT=4;

--
-- AUTO_INCREMENT pour la table `seller_withdraw_requests`
--
ALTER TABLE `seller_withdraw_requests`
  MODIFY `id` int NOT NULL AUTO_INCREMENT;

--
-- AUTO_INCREMENT pour la table `shops`
--
ALTER TABLE `shops`
  MODIFY `id` int NOT NULL AUTO_INCREMENT, AUTO_INCREMENT=3;

--
-- AUTO_INCREMENT pour la table `staff`
--
ALTER TABLE `staff`
  MODIFY `id` int NOT NULL AUTO_INCREMENT;

--
-- AUTO_INCREMENT pour la table `states`
--
ALTER TABLE `states`
  MODIFY `id` bigint NOT NULL AUTO_INCREMENT, AUTO_INCREMENT=4123;

--
-- AUTO_INCREMENT pour la table `subscribers`
--
ALTER TABLE `subscribers`
  MODIFY `id` int NOT NULL AUTO_INCREMENT;

--
-- AUTO_INCREMENT pour la table `taxes`
--
ALTER TABLE `taxes`
  MODIFY `id` int NOT NULL AUTO_INCREMENT, AUTO_INCREMENT=5;

--
-- AUTO_INCREMENT pour la table `tickets`
--
ALTER TABLE `tickets`
  MODIFY `id` int NOT NULL AUTO_INCREMENT;

--
-- AUTO_INCREMENT pour la table `ticket_replies`
--
ALTER TABLE `ticket_replies`
  MODIFY `id` int NOT NULL AUTO_INCREMENT;

--
-- AUTO_INCREMENT pour la table `transactions`
--
ALTER TABLE `transactions`
  MODIFY `id` int NOT NULL AUTO_INCREMENT;

--
-- AUTO_INCREMENT pour la table `translations`
--
ALTER TABLE `translations`
  MODIFY `id` int NOT NULL AUTO_INCREMENT, AUTO_INCREMENT=27424;

--
-- AUTO_INCREMENT pour la table `uploads`
--
ALTER TABLE `uploads`
  MODIFY `id` int NOT NULL AUTO_INCREMENT, AUTO_INCREMENT=149;

--
-- AUTO_INCREMENT pour la table `users`
--
ALTER TABLE `users`
  MODIFY `id` int UNSIGNED NOT NULL AUTO_INCREMENT, AUTO_INCREMENT=14;

--
-- AUTO_INCREMENT pour la table `wallets`
--
ALTER TABLE `wallets`
  MODIFY `id` int NOT NULL AUTO_INCREMENT;

--
-- AUTO_INCREMENT pour la table `wishlists`
--
ALTER TABLE `wishlists`
  MODIFY `id` int NOT NULL AUTO_INCREMENT;

--
-- AUTO_INCREMENT pour la table `zones`
--
ALTER TABLE `zones`
  MODIFY `id` int NOT NULL AUTO_INCREMENT, AUTO_INCREMENT=2;

--
-- Contraintes pour les tables déchargées
--

--
-- Contraintes pour la table `model_has_permissions`
--
ALTER TABLE `model_has_permissions`
  ADD CONSTRAINT `model_has_permissions_permission_id_foreign` FOREIGN KEY (`permission_id`) REFERENCES `permissions` (`id`) ON DELETE CASCADE;

--
-- Contraintes pour la table `model_has_roles`
--
ALTER TABLE `model_has_roles`
  ADD CONSTRAINT `model_has_roles_role_id_foreign` FOREIGN KEY (`role_id`) REFERENCES `roles` (`id`) ON DELETE CASCADE;

--
-- Contraintes pour la table `payku_payments`
--
ALTER TABLE `payku_payments`
  ADD CONSTRAINT `payku_payments_transaction_id_foreign` FOREIGN KEY (`transaction_id`) REFERENCES `payku_transactions` (`id`);

--
-- Contraintes pour la table `role_has_permissions`
--
ALTER TABLE `role_has_permissions`
  ADD CONSTRAINT `role_has_permissions_permission_id_foreign` FOREIGN KEY (`permission_id`) REFERENCES `permissions` (`id`) ON DELETE CASCADE,
  ADD CONSTRAINT `role_has_permissions_role_id_foreign` FOREIGN KEY (`role_id`) REFERENCES `roles` (`id`) ON DELETE CASCADE;
COMMIT;

