CREATE TABLE `city_translations` (
  `id` int NOT NULL,
  `city_id` int NOT NULL,
  `name` varchar(255) CHARACTER SET utf8mb3 COLLATE utf8mb3_unicode_ci NOT NULL,
  `lang` varchar(10) CHARACTER SET utf8mb3 COLLATE utf8mb3_unicode_ci NOT NULL,
  `created_at` timestamp NOT NULL DEFAULT CURRENT_TIMESTAMP,
  `updated_at` timestamp NOT NULL DEFAULT CURRENT_TIMESTAMP
) ENGINE=InnoDB DEFAULT CHARSET=utf8mb3 COLLATE=utf8mb3_unicode_ci;

--
-- Déchargement des données de la table `city_translations`
--

INSERT INTO `city_translations` (`id`, `city_id`, `name`, `lang`, `created_at`, `updated_at`) VALUES
(1, 40009, 'Ariana', 'fr', '2022-11-20 10:57:17', '2022-11-20 10:57:17'),
(2, 40011, 'Borj El Amri', 'fr', '2022-11-20 10:58:37', '2022-11-20 10:58:37'),
(3, 40013, 'Kalâat el-Andalous', 'fr', '2022-11-20 11:03:40', '2022-11-20 11:03:40'),
(4, 40016, 'Oued Ellil', 'fr', '2022-11-20 11:04:18', '2022-11-20 11:04:18'),
(5, 40017, 'Dandan', 'fr', '2022-11-20 11:04:37', '2022-11-20 11:04:37'),
(6, 40025, 'Goubellat', 'fr', '2022-11-20 11:08:27', '2022-11-20 11:08:27'),
(7, 40024, 'Nefza', 'fr', '2022-11-20 11:08:46', '2022-11-20 11:08:46'),
(8, 40026, 'Téboursouk', 'fr', '2022-11-20 11:09:08', '2022-11-20 11:09:08'),
(9, 40027, 'Testour', 'fr', '2022-11-20 11:09:33', '2022-11-20 11:09:33'),
(10, 40028, 'Thibar', 'fr', '2022-11-20 11:10:10', '2022-11-20 11:10:10'),
(11, 40029, 'Amdoun', 'fr', '2022-11-20 11:10:41', '2022-11-20 11:10:41'),
(12, 40022, 'Béja Nord', 'fr', '2022-11-20 11:11:28', '2022-11-20 11:11:28'),
(13, 40030, 'Aousja', 'fr', '2022-11-20 11:40:18', '2022-11-20 11:40:18'),
(14, 40032, 'Ghar El Melh', 'fr', '2022-11-20 11:40:42', '2022-11-20 11:40:42'),
(15, 40033, 'Menzel Abderrahmane', 'fr', '2022-11-20 11:41:05', '2022-11-20 11:41:05'),
(16, 40034, 'Menzel Bourguiba', 'fr', '2022-11-20 11:41:28', '2022-11-20 11:41:28'),
(17, 40041, 'El Alia', 'fr', '2022-11-20 11:41:57', '2022-11-20 11:41:57'),
(18, 40060, 'Azmour', 'fr', '2022-11-27 11:27:48', '2022-11-27 11:27:48'),
(19, 40061, 'Béni Khiar', 'fr', '2022-11-27 11:28:30', '2022-11-27 11:28:30'),
(20, 40062, 'Beni Khallad', 'fr', '2022-11-27 11:29:07', '2022-11-27 11:29:07'),
(21, 40063, 'Bouargoub', 'fr', '2022-11-27 11:29:31', '2022-11-27 11:29:31'),
(22, 40064, 'DarAllouch', 'fr', '2022-11-27 11:29:54', '2022-11-27 11:29:54'),
(23, 40065, 'Dar Chaaban', 'fr', '2022-11-27 11:30:10', '2022-11-27 11:30:10'),
(24, 40066, 'Hammam El Ghzaz', 'fr', '2022-11-27 11:30:33', '2022-11-27 11:30:33'),
(25, 40070, 'Nabeul', 'fr', '2022-11-27 11:30:59', '2022-11-27 11:30:59'),
(26, 40071, 'Kelibia', 'fr', '2022-11-27 11:31:14', '2022-11-27 11:31:14'),
(27, 40072, 'Korba', 'fr', '2022-11-27 11:31:30', '2022-11-27 11:31:30'),
(28, 40073, 'Korbus', 'fr', '2022-11-27 11:31:46', '2022-11-27 11:31:46'),
(29, 40074, 'Grombalia', 'fr', '2022-11-27 11:32:02', '2022-11-27 11:32:02'),
(30, 40052, 'Bin Guirden', 'fr', '2022-11-27 11:45:39', '2022-11-27 11:45:39'),
(31, 40053, 'Jerba Ajim', 'fr', '2022-11-27 11:45:57', '2022-11-27 11:45:57'),
(32, 40054, 'Jerba Houmet souk', 'fr', '2022-11-27 11:46:18', '2022-11-27 11:46:18'),
(33, 40055, 'Jerba Midoun', 'fr', '2022-11-27 11:47:18', '2022-11-27 11:47:18'),
(34, 40056, 'Jerjiz', 'fr', '2022-11-27 11:47:36', '2022-11-27 11:47:36'),
(35, 40057, 'Medenine', 'fr', '2022-11-27 11:47:58', '2022-11-27 11:47:58'),
(36, 40085, 'Mareth', 'fr', '2022-11-27 11:48:37', '2022-11-27 11:48:37'),
(37, 40079, 'Hammamat', 'fr', '2023-05-01 12:18:45', '2023-05-01 12:18:45'),
(38, 40067, 'Manzil Bu Zalafah', 'fr', '2023-05-01 14:39:20', '2023-05-01 14:39:20'),
(39, 40088, 'Gabès', 'fr', '2023-05-05 07:50:45', '2023-05-05 07:50:45');

-- --------------------------------------------------------

--
-- Structure de la table `club_points`
--

CREATE TABLE `club_points` (
  `id` int NOT NULL,
  `user_id` int NOT NULL,
  `points` double(18,2) NOT NULL,
  `order_id` int NOT NULL,
  `convert_status` int NOT NULL,
  `created_at` timestamp NOT NULL DEFAULT CURRENT_TIMESTAMP,
  `updated_at` timestamp NOT NULL DEFAULT CURRENT_TIMESTAMP
) ENGINE=InnoDB DEFAULT CHARSET=utf8mb3 COLLATE=utf8mb3_unicode_ci;

-- --------------------------------------------------------

--
-- Structure de la table `club_point_details`
--

CREATE TABLE `club_point_details` (
  `id` int NOT NULL,
  `club_point_id` int NOT NULL,
  `product_id` int NOT NULL,
  `product_qty` int NOT NULL,
  `point` double(8,2) NOT NULL,
  `created_at` timestamp NOT NULL DEFAULT CURRENT_TIMESTAMP,
  `updated_at` timestamp NOT NULL DEFAULT CURRENT_TIMESTAMP
) ENGINE=InnoDB DEFAULT CHARSET=utf8mb3 COLLATE=utf8mb3_unicode_ci;

-- --------------------------------------------------------

--
-- Structure de la table `colors`
--

CREATE TABLE `colors` (
  `id` int NOT NULL,
  `name` varchar(30) CHARACTER SET utf8mb3 COLLATE utf8mb3_unicode_ci DEFAULT NULL,
  `code` varchar(10) CHARACTER SET utf8mb3 COLLATE utf8mb3_unicode_ci DEFAULT NULL,
  `created_at` timestamp NOT NULL DEFAULT CURRENT_TIMESTAMP,
  `updated_at` timestamp NOT NULL DEFAULT CURRENT_TIMESTAMP
) ENGINE=InnoDB DEFAULT CHARSET=utf8mb3 COLLATE=utf8mb3_unicode_ci;

--
-- Déchargement des données de la table `colors`
--

INSERT INTO `colors` (`id`, `name`, `code`, `created_at`, `updated_at`) VALUES
(1, 'IndianRed', '#CD5C5C', '2018-11-05 02:12:26', '2018-11-05 02:12:26'),
(2, 'LightCoral', '#F08080', '2018-11-05 02:12:26', '2018-11-05 02:12:26'),
(3, 'Salmon', '#FA8072', '2018-11-05 02:12:26', '2018-11-05 02:12:26'),
(4, 'DarkSalmon', '#E9967A', '2018-11-05 02:12:26', '2018-11-05 02:12:26'),
(5, 'LightSalmon', '#FFA07A', '2018-11-05 02:12:26', '2018-11-05 02:12:26'),
(6, 'Crimson', '#DC143C', '2018-11-05 02:12:26', '2018-11-05 02:12:26'),
(7, 'Red', '#FF0000', '2018-11-05 02:12:26', '2018-11-05 02:12:26'),
(8, 'FireBrick', '#B22222', '2018-11-05 02:12:26', '2018-11-05 02:12:26'),
(9, 'DarkRed', '#8B0000', '2018-11-05 02:12:26', '2018-11-05 02:12:26'),
(10, 'Pink', '#FFC0CB', '2018-11-05 02:12:26', '2018-11-05 02:12:26'),
(11, 'LightPink', '#FFB6C1', '2018-11-05 02:12:26', '2018-11-05 02:12:26'),
(12, 'HotPink', '#FF69B4', '2018-11-05 02:12:26', '2018-11-05 02:12:26'),
(13, 'DeepPink', '#FF1493', '2018-11-05 02:12:26', '2018-11-05 02:12:26'),
(14, 'MediumVioletRed', '#C71585', '2018-11-05 02:12:26', '2018-11-05 02:12:26'),
(15, 'PaleVioletRed', '#DB7093', '2018-11-05 02:12:26', '2018-11-05 02:12:26'),
(16, 'LightSalmon', '#FFA07A', '2018-11-05 02:12:26', '2018-11-05 02:12:26'),
(17, 'Coral', '#FF7F50', '2018-11-05 02:12:26', '2018-11-05 02:12:26'),
(18, 'Tomato', '#FF6347', '2018-11-05 02:12:26', '2018-11-05 02:12:26'),
(19, 'OrangeRed', '#FF4500', '2018-11-05 02:12:26', '2018-11-05 02:12:26'),
(20, 'DarkOrange', '#FF8C00', '2018-11-05 02:12:26', '2018-11-05 02:12:26'),
(21, 'Orange', '#FFA500', '2018-11-05 02:12:26', '2018-11-05 02:12:26'),
(22, 'Gold', '#FFD700', '2018-11-05 02:12:26', '2018-11-05 02:12:26'),
(23, 'Yellow', '#FFFF00', '2018-11-05 02:12:26', '2018-11-05 02:12:26'),
(24, 'LightYellow', '#FFFFE0', '2018-11-05 02:12:26', '2018-11-05 02:12:26'),
(25, 'LemonChiffon', '#FFFACD', '2018-11-05 02:12:26', '2018-11-05 02:12:26'),
(26, 'LightGoldenrodYellow', '#FAFAD2', '2018-11-05 02:12:27', '2018-11-05 02:12:27'),
(27, 'PapayaWhip', '#FFEFD5', '2018-11-05 02:12:27', '2018-11-05 02:12:27'),
(28, 'Moccasin', '#FFE4B5', '2018-11-05 02:12:27', '2018-11-05 02:12:27'),
(29, 'PeachPuff', '#FFDAB9', '2018-11-05 02:12:27', '2018-11-05 02:12:27'),
(30, 'PaleGoldenrod', '#EEE8AA', '2018-11-05 02:12:27', '2018-11-05 02:12:27'),
(31, 'Khaki', '#F0E68C', '2018-11-05 02:12:27', '2018-11-05 02:12:27'),
(32, 'DarkKhaki', '#BDB76B', '2018-11-05 02:12:27', '2018-11-05 02:12:27'),
(33, 'Lavender', '#E6E6FA', '2018-11-05 02:12:27', '2018-11-05 02:12:27'),
(34, 'Thistle', '#D8BFD8', '2018-11-05 02:12:27', '2018-11-05 02:12:27'),
(35, 'Plum', '#DDA0DD', '2018-11-05 02:12:27', '2018-11-05 02:12:27'),
(36, 'Violet', '#EE82EE', '2018-11-05 02:12:27', '2018-11-05 02:12:27'),
(37, 'Orchid', '#DA70D6', '2018-11-05 02:12:27', '2018-11-05 02:12:27'),
(38, 'Fuchsia', '#FF00FF', '2018-11-05 02:12:27', '2018-11-05 02:12:27'),
(39, 'Magenta', '#FF00FF', '2018-11-05 02:12:27', '2018-11-05 02:12:27'),
(40, 'MediumOrchid', '#BA55D3', '2018-11-05 02:12:27', '2018-11-05 02:12:27'),
(41, 'MediumPurple', '#9370DB', '2018-11-05 02:12:27', '2018-11-05 02:12:27'),
(42, 'Amethyst', '#9966CC', '2018-11-05 02:12:27', '2018-11-05 02:12:27'),
(43, 'BlueViolet', '#8A2BE2', '2018-11-05 02:12:27', '2018-11-05 02:12:27'),
(44, 'DarkViolet', '#9400D3', '2018-11-05 02:12:27', '2018-11-05 02:12:27'),
(45, 'DarkOrchid', '#9932CC', '2018-11-05 02:12:27', '2018-11-05 02:12:27'),
(46, 'DarkMagenta', '#8B008B', '2018-11-05 02:12:27', '2018-11-05 02:12:27'),
(47, 'Purple', '#800080', '2018-11-05 02:12:27', '2018-11-05 02:12:27'),
(48, 'Indigo', '#4B0082', '2018-11-05 02:12:27', '2018-11-05 02:12:27'),
(49, 'SlateBlue', '#6A5ACD', '2018-11-05 02:12:27', '2018-11-05 02:12:27'),
(50, 'DarkSlateBlue', '#483D8B', '2018-11-05 02:12:27', '2018-11-05 02:12:27'),
(51, 'MediumSlateBlue', '#7B68EE', '2018-11-05 02:12:27', '2018-11-05 02:12:27'),
(52, 'GreenYellow', '#ADFF2F', '2018-11-05 02:12:27', '2018-11-05 02:12:27'),
(53, 'Chartreuse', '#7FFF00', '2018-11-05 02:12:27', '2018-11-05 02:12:27'),
(54, 'LawnGreen', '#7CFC00', '2018-11-05 02:12:27', '2018-11-05 02:12:27'),
(55, 'Lime', '#00FF00', '2018-11-05 02:12:27', '2018-11-05 02:12:27'),
(56, 'LimeGreen', '#32CD32', '2018-11-05 02:12:27', '2018-11-05 02:12:27'),
(57, 'PaleGreen', '#98FB98', '2018-11-05 02:12:27', '2018-11-05 02:12:27'),
(58, 'LightGreen', '#90EE90', '2018-11-05 02:12:27', '2018-11-05 02:12:27'),
(59, 'MediumSpringGreen', '#00FA9A', '2018-11-05 02:12:27', '2018-11-05 02:12:27'),
(60, 'SpringGreen', '#00FF7F', '2018-11-05 02:12:27', '2018-11-05 02:12:27'),
(61, 'MediumSeaGreen', '#3CB371', '2018-11-05 02:12:27', '2018-11-05 02:12:27'),
(62, 'SeaGreen', '#2E8B57', '2018-11-05 02:12:27', '2018-11-05 02:12:27'),
(63, 'ForestGreen', '#228B22', '2018-11-05 02:12:28', '2018-11-05 02:12:28'),
(64, 'Green', '#008000', '2018-11-05 02:12:28', '2018-11-05 02:12:28'),
(65, 'DarkGreen', '#006400', '2018-11-05 02:12:28', '2018-11-05 02:12:28'),
(66, 'YellowGreen', '#9ACD32', '2018-11-05 02:12:28', '2018-11-05 02:12:28'),
(67, 'OliveDrab', '#6B8E23', '2018-11-05 02:12:28', '2018-11-05 02:12:28'),
(68, 'Olive', '#808000', '2018-11-05 02:12:28', '2018-11-05 02:12:28'),
(69, 'DarkOliveGreen', '#556B2F', '2018-11-05 02:12:28', '2018-11-05 02:12:28'),
(70, 'MediumAquamarine', '#66CDAA', '2018-11-05 02:12:28', '2018-11-05 02:12:28'),
(71, 'DarkSeaGreen', '#8FBC8F', '2018-11-05 02:12:28', '2018-11-05 02:12:28'),
(72, 'LightSeaGreen', '#20B2AA', '2018-11-05 02:12:28', '2018-11-05 02:12:28'),
(73, 'DarkCyan', '#008B8B', '2018-11-05 02:12:28', '2018-11-05 02:12:28'),
(74, 'Teal', '#008080', '2018-11-05 02:12:28', '2018-11-05 02:12:28'),
(75, 'Aqua', '#00FFFF', '2018-11-05 02:12:28', '2018-11-05 02:12:28'),
(76, 'Cyan', '#00FFFF', '2018-11-05 02:12:28', '2018-11-05 02:12:28'),
(77, 'LightCyan', '#E0FFFF', '2018-11-05 02:12:28', '2018-11-05 02:12:28'),
(78, 'PaleTurquoise', '#AFEEEE', '2018-11-05 02:12:28', '2018-11-05 02:12:28'),
(79, 'Aquamarine', '#7FFFD4', '2018-11-05 02:12:28', '2018-11-05 02:12:28'),
(80, 'Turquoise', '#40E0D0', '2018-11-05 02:12:28', '2018-11-05 02:12:28'),
(81, 'MediumTurquoise', '#48D1CC', '2018-11-05 02:12:28', '2018-11-05 02:12:28'),
(82, 'DarkTurquoise', '#00CED1', '2018-11-05 02:12:28', '2018-11-05 02:12:28'),
(83, 'CadetBlue', '#5F9EA0', '2018-11-05 02:12:28', '2018-11-05 02:12:28'),
(84, 'SteelBlue', '#4682B4', '2018-11-05 02:12:28', '2018-11-05 02:12:28'),
(85, 'LightSteelBlue', '#B0C4DE', '2018-11-05 02:12:28', '2018-11-05 02:12:28'),
(86, 'PowderBlue', '#B0E0E6', '2018-11-05 02:12:28', '2018-11-05 02:12:28'),
(87, 'LightBlue', '#ADD8E6', '2018-11-05 02:12:28', '2018-11-05 02:12:28'),
(88, 'SkyBlue', '#87CEEB', '2018-11-05 02:12:28', '2018-11-05 02:12:28'),
(89, 'LightSkyBlue', '#87CEFA', '2018-11-05 02:12:28', '2018-11-05 02:12:28'),
(90, 'DeepSkyBlue', '#00BFFF', '2018-11-05 02:12:28', '2018-11-05 02:12:28'),
(91, 'DodgerBlue', '#1E90FF', '2018-11-05 02:12:28', '2018-11-05 02:12:28'),
(92, 'CornflowerBlue', '#6495ED', '2018-11-05 02:12:28', '2018-11-05 02:12:28'),
(93, 'MediumSlateBlue', '#7B68EE', '2018-11-05 02:12:28', '2018-11-05 02:12:28'),
(94, 'RoyalBlue', '#4169E1', '2018-11-05 02:12:28', '2018-11-05 02:12:28'),
(95, 'Blue', '#0000FF', '2018-11-05 02:12:28', '2018-11-05 02:12:28'),
(96, 'MediumBlue', '#0000CD', '2018-11-05 02:12:28', '2018-11-05 02:12:28'),
(97, 'DarkBlue', '#00008B', '2018-11-05 02:12:28', '2018-11-05 02:12:28'),
(98, 'Navy', '#000080', '2018-11-05 02:12:28', '2018-11-05 02:12:28'),
(99, 'MidnightBlue', '#191970', '2018-11-05 02:12:29', '2018-11-05 02:12:29'),
(100, 'Cornsilk', '#FFF8DC', '2018-11-05 02:12:29', '2018-11-05 02:12:29'),
(101, 'BlanchedAlmond', '#FFEBCD', '2018-11-05 02:12:29', '2018-11-05 02:12:29'),
(102, 'Bisque', '#FFE4C4', '2018-11-05 02:12:29', '2018-11-05 02:12:29'),
(103, 'NavajoWhite', '#FFDEAD', '2018-11-05 02:12:29', '2018-11-05 02:12:29'),
(104, 'Wheat', '#F5DEB3', '2018-11-05 02:12:29', '2018-11-05 02:12:29'),
(105, 'BurlyWood', '#DEB887', '2018-11-05 02:12:29', '2018-11-05 02:12:29'),
(106, 'Tan', '#D2B48C', '2018-11-05 02:12:29', '2018-11-05 02:12:29'),
(107, 'RosyBrown', '#BC8F8F', '2018-11-05 02:12:29', '2018-11-05 02:12:29'),
(108, 'SandyBrown', '#F4A460', '2018-11-05 02:12:29', '2018-11-05 02:12:29'),
(109, 'Goldenrod', '#DAA520', '2018-11-05 02:12:29', '2018-11-05 02:12:29'),
(110, 'DarkGoldenrod', '#B8860B', '2018-11-05 02:12:29', '2018-11-05 02:12:29'),
(111, 'Peru', '#CD853F', '2018-11-05 02:12:29', '2018-11-05 02:12:29'),
(112, 'Chocolate', '#D2691E', '2018-11-05 02:12:29', '2018-11-05 02:12:29'),
(113, 'SaddleBrown', '#8B4513', '2018-11-05 02:12:29', '2018-11-05 02:12:29'),
(114, 'Sienna', '#A0522D', '2018-11-05 02:12:29', '2018-11-05 02:12:29'),
(115, 'Brown', '#A52A2A', '2018-11-05 02:12:29', '2018-11-05 02:12:29'),
(116, 'Maroon', '#800000', '2018-11-05 02:12:29', '2018-11-05 02:12:29'),
(117, 'White', '#FFFFFF', '2018-11-05 02:12:29', '2018-11-05 02:12:29'),
(118, 'Snow', '#FFFAFA', '2018-11-05 02:12:29', '2018-11-05 02:12:29'),
(119, 'Honeydew', '#F0FFF0', '2018-11-05 02:12:29', '2018-11-05 02:12:29'),
(120, 'MintCream', '#F5FFFA', '2018-11-05 02:12:29', '2018-11-05 02:12:29'),
(121, 'Azure', '#F0FFFF', '2018-11-05 02:12:29', '2018-11-05 02:12:29'),
(122, 'AliceBlue', '#F0F8FF', '2018-11-05 02:12:29', '2018-11-05 02:12:29'),
(123, 'GhostWhite', '#F8F8FF', '2018-11-05 02:12:29', '2018-11-05 02:12:29'),
(124, 'WhiteSmoke', '#F5F5F5', '2018-11-05 02:12:29', '2018-11-05 02:12:29'),
(125, 'Seashell', '#FFF5EE', '2018-11-05 02:12:29', '2018-11-05 02:12:29'),
(126, 'Beige', '#F5F5DC', '2018-11-05 02:12:29', '2018-11-05 02:12:29'),
(127, 'OldLace', '#FDF5E6', '2018-11-05 02:12:29', '2018-11-05 02:12:29'),
(128, 'FloralWhite', '#FFFAF0', '2018-11-05 02:12:29', '2018-11-05 02:12:29'),
(129, 'Ivory', '#FFFFF0', '2018-11-05 02:12:30', '2018-11-05 02:12:30'),
(130, 'AntiqueWhite', '#FAEBD7', '2018-11-05 02:12:30', '2018-11-05 02:12:30'),
(131, 'Linen', '#FAF0E6', '2018-11-05 02:12:30', '2018-11-05 02:12:30'),
(132, 'LavenderBlush', '#FFF0F5', '2018-11-05 02:12:30', '2018-11-05 02:12:30'),
(133, 'Rosebrumeuse', '#FFE4E1', '2018-11-05 02:12:30', '2022-10-12 19:19:20'),
(134, 'Gainsboro', '#DCDCDC', '2018-11-05 02:12:30', '2018-11-05 02:12:30'),
(135, 'LightGrey', '#D3D3D3', '2018-11-05 02:12:30', '2018-11-05 02:12:30'),
(136, 'Silver', '#C0C0C0', '2018-11-05 02:12:30', '2018-11-05 02:12:30'),
(137, 'DarkGray', '#A9A9A9', '2018-11-05 02:12:30', '2018-11-05 02:12:30'),
(138, 'Gris', '#808080', '2018-11-05 02:12:30', '2022-10-12 19:19:59'),
(139, 'DimGray', '#696969', '2018-11-05 02:12:30', '2018-11-05 02:12:30'),
(140, 'LightSlateGray', '#778899', '2018-11-05 02:12:30', '2018-11-05 02:12:30'),
(141, 'SlateGray', '#708090', '2018-11-05 02:12:30', '2018-11-05 02:12:30'),
(142, 'DarkSlateGray', '#2F4F4F', '2018-11-05 02:12:30', '2018-11-05 02:12:30'),
(143, 'Noir', '#000000', '2018-11-05 02:12:30', '2022-10-12 19:19:40');

-- --------------------------------------------------------

--
-- Structure de la table `combined_orders`
--

CREATE TABLE `combined_orders` (
  `id` int NOT NULL,
  `user_id` int NOT NULL,
  `shipping_address` text CHARACTER SET utf8mb3 COLLATE utf8mb3_unicode_ci,
  `grand_total` double(20,2) NOT NULL DEFAULT '0.00',
  `created_at` timestamp NOT NULL DEFAULT CURRENT_TIMESTAMP,
  `updated_at` timestamp NOT NULL DEFAULT CURRENT_TIMESTAMP
) ENGINE=InnoDB DEFAULT CHARSET=utf8mb3 COLLATE=utf8mb3_unicode_ci;

--
-- Déchargement des données de la table `combined_orders`
--

INSERT INTO `combined_orders` (`id`, `user_id`, `shipping_address`, `grand_total`, `created_at`, `updated_at`) VALUES
(1, 10, '{\"name\":\"HelloWorld\",\"email\":\"helloworld.commercial@gmail.com\",\"address\":\"rue damass\",\"country\":\"Tunisia\",\"state\":\"Ariana\",\"city\":\"Aryanah\",\"postal_code\":\"08011\",\"phone\":\"+216\"}', 17.52, '2022-09-11 12:47:13', '2022-09-11 12:47:13'),
(2, 10, '{\"name\":\"HelloWorld\",\"email\":\"helloworld.commercial@gmail.com\",\"address\":\"rue damass\",\"country\":\"Tunisia\",\"state\":\"Ariana\",\"city\":\"Aryanah\",\"postal_code\":\"08011\",\"phone\":\"+216\"}', 25.34, '2022-09-11 14:49:36', '2022-09-11 14:49:36'),
(3, 10, '{\"name\":\"HelloWorld\",\"email\":\"helloworld.commercial@gmail.com\",\"address\":\"rue damass\",\"country\":\"Tunisia\",\"state\":\"Ariana\",\"city\":\"Aryanah\",\"postal_code\":\"08011\",\"phone\":\"+216\"}', 32.00, '2022-09-12 19:24:11', '2022-09-12 19:24:11'),
(4, 10, '{\"name\":\"HelloWorld\",\"email\":\"helloworld.commercial@gmail.com\",\"address\":\"rue damass\",\"country\":\"Tunisia\",\"state\":\"Ariana\",\"city\":\"Aryanah\",\"postal_code\":\"08011\",\"phone\":\"+216\"}', 2.00, '2022-09-14 16:45:12', '2022-09-14 16:45:12'),
(5, 10, '{\"name\":\"HelloWorld\",\"email\":\"helloworld.commercial@gmail.com\",\"address\":\"rue damass\",\"country\":\"Tunisia\",\"state\":\"Ariana\",\"city\":\"Aryanah\",\"postal_code\":\"08011\",\"phone\":\"+216\"}', 35.52, '2022-09-16 00:08:26', '2022-09-16 00:08:26'),
(6, 10, '{\"name\":\"HelloWorld\",\"email\":\"helloworld.commercial@gmail.com\",\"address\":\"rue damass\",\"country\":\"Tunisia\",\"state\":\"Ariana\",\"city\":\"Aryanah\",\"postal_code\":\"08011\",\"phone\":\"+216\"}', 67.53, '2022-09-16 00:10:22', '2022-09-16 00:10:22'),
(7, 13, '{\"name\":\"test\",\"email\":\"test@gmail.com\",\"address\":\"rue damass\",\"country\":\"Tunisia\",\"state\":\"Ariana\",\"city\":\"Aryanah\",\"postal_code\":\"08011\",\"phone\":\"90 162 984\"}', 250.10, '2022-09-25 14:37:51', '2022-09-25 14:37:51'),
(8, 10, '{\"name\":\"HelloWorld\",\"email\":\"helloworld.commercial@gmail.com\",\"address\":\"rue damass\",\"country\":\"Tunisia\",\"state\":\"Ariana\",\"city\":\"Aryanah\",\"postal_code\":\"08011\",\"phone\":\"+216\"}', 30.28, '2022-10-03 13:07:23', '2022-10-03 13:07:23'),
(9, 24, '{\"name\":\"Hamid\",\"email\":\"hamid@gmail.com\",\"address\":\"rue hedi chaker\",\"country\":\"Tunisia\",\"state\":\"Beja\",\"city\":\"Majaz-al-Bab\",\"postal_code\":\"9054\",\"phone\":\"20587410\"}', 627.50, '2022-10-25 08:16:33', '2022-10-25 08:16:33'),
(10, 28, '{\"name\":\"Maher jrad\",\"email\":\"jradmaher17@gmail.com\",\"address\":\"Nabeul\",\"country\":\"Tunisia\",\"state\":\"Nabeul\",\"city\":\"Nabul\",\"postal_code\":\"8000\",\"phone\":\"55616609\"}', 188.00, '2022-10-27 19:36:58', '2022-10-27 19:36:58'),
(11, 29, '{\"name\":\"lijimi wael\",\"email\":\"lijimi.waelh@gmail.com\",\"address\":\"route lido enface lyc\\u00e9e dar chaabene\",\"country\":\"Tunisia\",\"state\":\"Nabeul\",\"city\":\"Dar Sha\'ban\",\"postal_code\":\"8011\",\"phone\":\"+21653562456\"}', 105.51, '2022-10-29 10:43:54', '2022-10-29 10:43:54'),
(12, 29, '{\"name\":\"lijimi wael\",\"email\":\"lijimi.waelh@gmail.com\",\"address\":\"route lido enface lyc\\u00e9e dar chaabene\",\"country\":\"Tunisia\",\"state\":\"Nabeul\",\"city\":\"Dar Sha\'ban\",\"postal_code\":\"8011\",\"phone\":\"+21653562456\"}', 132.00, '2022-11-01 15:24:58', '2022-11-01 15:24:58'),
(13, 30, '{\"name\":\"KAIS\",\"email\":\"kaisrahimi@gmail.com\",\"address\":\"av. hedi lekhwas\",\"country\":\"Tunisia\",\"state\":\"Binzart\",\"city\":\"Ghar-al-Milh\",\"postal_code\":\"6051\",\"phone\":\"26847184\"}', 440.00, '2022-11-01 16:15:48', '2022-11-01 16:15:48'),
(14, 31, '{\"name\":\"Rabii smati\",\"email\":\"rabii1980@yahoo.fr\",\"address\":\"Av habibe bourguiba\",\"country\":\"Tunisia\",\"state\":\"Mounastir\",\"city\":\"Monastir\",\"postal_code\":\"7000\",\"phone\":\"54873900\"}', 24.00, '2022-11-02 14:51:42', '2022-11-02 14:51:42'),
(15, 29, '{\"name\":\"lijimi wael\",\"email\":\"lijimi.waelh@gmail.com\",\"address\":\"04.Rue El Manama\\r\\nAvenue Mohamed 5\",\"country\":\"Tunisia\",\"state\":\"Nabeul\",\"city\":\"Dar Sha\'ban\",\"postal_code\":\"8000\",\"phone\":\"+21653562456\"}', 32.00, '2022-11-03 16:49:00', '2022-11-03 16:49:00'),
(16, 31, '{\"name\":\"Rabii smati\",\"email\":\"rabii1980@yahoo.fr\",\"address\":\"Av habibe bourguiba\",\"country\":\"Tunisia\",\"state\":\"Mounastir\",\"city\":\"Monastir\",\"postal_code\":\"7000\",\"phone\":\"54873900\"}', 18.40, '2022-11-05 11:16:02', '2022-11-05 11:16:02'),
(17, 35, '{\"name\":\"Anis fatnasi\",\"email\":\"anisfatnasi@gmail.com\",\"address\":\"Rond point bab saadoun\",\"country\":\"Tunisia\",\"state\":\"Nabeul\",\"city\":\"Nabul\",\"postal_code\":\"1000\",\"phone\":\"27081190\"}', 63.00, '2022-11-10 12:52:10', '2022-11-10 12:52:10'),
(18, 36, '{\"name\":\"karim sahli\",\"email\":\"karimkimok@gmail.com\",\"address\":\"rue diamond\",\"country\":\"Tunisia\",\"state\":\"Tunis\",\"city\":\"Tunis\",\"postal_code\":\"1000\",\"phone\":\"24907736\"}', 35.00, '2022-11-11 21:58:04', '2022-11-11 21:58:04'),
(19, 38, '{\"name\":\"Samir riahi\",\"email\":\"riahisimou@gmail.com\",\"address\":\"Av habib bourguiba\",\"country\":\"Tunisia\",\"state\":\"Gafsa\",\"city\":\"al-Mitlawi\",\"postal_code\":\"4050\",\"phone\":\"42389543\"}', 48.00, '2022-11-13 12:24:50', '2022-11-13 12:24:50'),
(20, 39, '{\"name\":\"Hakim\",\"email\":\"hakimali542@hotmail.com\",\"address\":\"Nabeul\",\"country\":\"Tunisia\",\"state\":\"Nabeul\",\"city\":\"Nabul\",\"postal_code\":\"8000\",\"phone\":\"+21650354753\"}', 84.00, '2022-11-13 18:42:43', '2022-11-13 18:42:43'),
(21, 45, '{\"name\":\"Amin ben ali\",\"email\":\"amin@gmail.com\",\"address\":\"Sfax , rue lmatar , fac de lettres\",\"country\":\"Tunisia\",\"state\":\"Gafsa\",\"city\":\"Umm-al-\'Arais\",\"postal_code\":\"6000\",\"phone\":\"95105174\"}', 63.00, '2022-11-14 16:26:14', '2022-11-14 16:26:14'),
(22, 46, '{\"name\":\"Aymen jlassi\",\"email\":\"aymenjlassi@gmail.com\",\"address\":\"Ma7tet louage\",\"country\":\"Tunisia\",\"state\":\"Gabes\",\"city\":\"Matmatat-al-Jadidah\",\"postal_code\":\"6000\",\"phone\":\"58794677\"}', 63.00, '2022-11-15 11:48:48', '2022-11-15 11:48:48'),
(23, 51, '{\"name\":\"Walid Khelifi\",\"email\":null,\"address\":\"\\u0637\\u0631\\u064a\\u0642 \\u0627\\u0644\\u0645\\u0637\\u0627\\u0631 \\u0643\\u0644\\u0645 9 \\u0627\\u0644\\u062d\\u0627\\u062c\\u0628 \\u0635\\u0641\\u0627\\u0642\\u0633\",\"country\":\"Tunisia\",\"state\":\"Sfax\",\"city\":\"Sfax\",\"postal_code\":\"3078\",\"phone\":\"55600935\"}', 63.00, '2022-11-24 11:39:15', '2022-11-24 11:39:15'),
(24, 52, '{\"name\":\"Chaouch sabrine\",\"email\":null,\"address\":\"Nabeul\",\"country\":\"Tunisia\",\"state\":\"Nabeul\",\"city\":\"Bani Hiyar\",\"postal_code\":\"8060\",\"phone\":\"24907736\"}', 63.00, '2022-11-24 17:30:29', '2022-11-24 17:30:29'),
(25, 53, '{\"name\":\"Banneni amal\",\"email\":null,\"address\":\"Tazarka\",\"country\":\"Tunisia\",\"state\":\"Nabeul\",\"city\":\"Tazirkah\",\"postal_code\":\"8024\",\"phone\":\"29055143\"}', 63.00, '2022-11-25 09:11:20', '2022-11-25 09:11:20'),
(26, 54, '{\"name\":\"Wael khazzar\",\"email\":null,\"address\":\"Atelier Khazzar Auto, Route de degueche tozeur\",\"country\":\"Tunisia\",\"state\":\"Touzer\",\"city\":\"Tawzar\",\"postal_code\":\"2200\",\"phone\":\"52753924\"}', 63.00, '2022-11-25 14:43:01', '2022-11-25 14:43:01'),
(27, 56, '{\"name\":\"Ghayth\",\"email\":null,\"address\":\"jerba midoun\",\"country\":\"Tunisia\",\"state\":\"Medenine\",\"city\":\"Jerba Midoun\",\"postal_code\":\"4116\",\"phone\":\"24761660\"}', 63.00, '2022-12-04 17:14:08', '2022-12-04 17:14:08'),
(28, 46, '{\"name\":\"Aymen jlassi\",\"email\":\"aymenjlassi@gmail.com\",\"address\":\"Ma7tet louage\",\"country\":\"Tunisia\",\"state\":\"Gabes\",\"city\":\"Matmatat-al-Jadidah\",\"postal_code\":\"6000\",\"phone\":\"58794677\"}', 63.00, '2022-12-06 10:51:35', '2022-12-06 10:51:35'),
(29, 60, '{\"name\":\"Tic\",\"email\":\"ticnabeul@gmail.com\",\"address\":\"31 av marbella\",\"country\":\"Tunisia\",\"state\":\"Nabeul\",\"city\":\"Nabeul\",\"postal_code\":\"8000\",\"phone\":\"98226412\"}', 214.50, '2022-12-13 10:28:44', '2022-12-13 10:28:44'),
(30, 60, '{\"name\":\"Tic\",\"email\":\"ticnabeul@gmail.com\",\"address\":\"31 av marbella\",\"country\":\"Tunisia\",\"state\":\"Nabeul\",\"city\":\"Nabeul\",\"postal_code\":\"8000\",\"phone\":\"98226412\"}', 214.50, '2022-12-13 10:36:35', '2022-12-13 10:36:35'),
(31, 60, '{\"name\":\"Tic\",\"email\":\"ticnabeul@gmail.com\",\"address\":\"31 av marbella\",\"country\":\"Tunisia\",\"state\":\"Nabeul\",\"city\":\"Nabeul\",\"postal_code\":\"8000\",\"phone\":\"98226412\"}', 206.50, '2022-12-13 10:43:26', '2022-12-13 10:43:26'),
(32, 64, '{\"name\":\"\\u0635\\u062d\\u0631\\u0627\\u0648\\u064a \\u0627\\u0644\\u0627\\u0644\\u064a\\u0644\\u064a\",\"email\":null,\"address\":\"Zzzz\",\"country\":\"Tunisia\",\"state\":\"Ariana\",\"city\":\"Ariana\",\"postal_code\":\"10000\",\"phone\":\"22007007\"}', 214.50, '2022-12-13 15:53:03', '2022-12-13 15:53:03'),
(33, 71, '{\"name\":\"TEST\",\"email\":null,\"address\":\"efzfz\",\"country\":\"Tunisia\",\"state\":\"Nabeul\",\"city\":\"Nabeul\",\"postal_code\":\"08011\",\"phone\":\"50123456\"}', 214.50, '2022-12-21 15:42:39', '2022-12-21 15:42:39'),
(34, 71, '{\"name\":\"TEST\",\"email\":null,\"address\":\"efzfz\",\"country\":\"Tunisia\",\"state\":\"Nabeul\",\"city\":\"Nabeul\",\"postal_code\":\"08011\",\"phone\":\"50123456\"}', 214.50, '2022-12-21 15:45:47', '2022-12-21 15:45:48'),
(35, 71, '{\"name\":\"TEST\",\"email\":null,\"address\":\"efzfz\",\"country\":\"Tunisia\",\"state\":\"Nabeul\",\"city\":\"Nabeul\",\"postal_code\":\"08011\",\"phone\":\"50123456\"}', 214.50, '2022-12-21 15:46:18', '2022-12-21 15:46:18'),
(36, 71, '{\"name\":\"TEST\",\"email\":null,\"address\":\"efzfz\",\"country\":\"Tunisia\",\"state\":\"Nabeul\",\"city\":\"Nabeul\",\"postal_code\":\"08011\",\"phone\":\"50123456\"}', 214.50, '2022-12-21 15:47:27', '2022-12-21 15:47:27'),
(37, 71, '{\"name\":\"TEST\",\"email\":null,\"address\":\"efzfz\",\"country\":\"Tunisia\",\"state\":\"Nabeul\",\"city\":\"Nabeul\",\"postal_code\":\"08011\",\"phone\":\"50123456\"}', 214.50, '2022-12-21 16:00:23', '2022-12-21 16:00:23'),
(38, 71, '{\"name\":\"TEST\",\"email\":null,\"address\":\"efzfz\",\"country\":\"Tunisia\",\"state\":\"Nabeul\",\"city\":\"Nabeul\",\"postal_code\":\"08011\",\"phone\":\"50123456\"}', 214.50, '2022-12-21 16:25:58', '2022-12-21 16:25:58'),
(39, 71, '{\"name\":\"TEST\",\"email\":null,\"address\":\"efzfz\",\"country\":\"Tunisia\",\"state\":\"Nabeul\",\"city\":\"Nabeul\",\"postal_code\":\"08011\",\"phone\":\"50123456\"}', 214.50, '2022-12-21 16:35:09', '2022-12-21 16:35:09'),
(40, 71, '{\"name\":\"TEST\",\"email\":null,\"address\":\"efzfz\",\"country\":\"Tunisia\",\"state\":\"Nabeul\",\"city\":\"Nabeul\",\"postal_code\":\"08011\",\"phone\":\"50123456\"}', 214.50, '2022-12-21 16:41:16', '2022-12-21 16:41:16'),
(41, 71, '{\"name\":\"TEST\",\"email\":null,\"address\":\"efzfz\",\"country\":\"Tunisia\",\"state\":\"Nabeul\",\"city\":\"Nabeul\",\"postal_code\":\"08011\",\"phone\":\"50123456\"}', 214.50, '2022-12-21 16:43:21', '2022-12-21 16:43:21'),
(42, 71, '{\"name\":\"TEST\",\"email\":null,\"address\":\"efzfz\",\"country\":\"Tunisia\",\"state\":\"Nabeul\",\"city\":\"Nabeul\",\"postal_code\":\"08011\",\"phone\":\"50123456\"}', 214.50, '2022-12-21 16:43:34', '2022-12-21 16:43:34'),
(43, 71, '{\"name\":\"TEST\",\"email\":null,\"address\":\"efzfz\",\"country\":\"Tunisia\",\"state\":\"Nabeul\",\"city\":\"Nabeul\",\"postal_code\":\"08011\",\"phone\":\"50123456\"}', 214.50, '2022-12-21 20:16:03', '2022-12-21 20:16:03'),
(44, 72, '{\"name\":\"TEST2\",\"email\":null,\"address\":\"zdzd\",\"country\":\"Tunisia\",\"state\":\"Ariana\",\"city\":\"Ariana\",\"postal_code\":\"08011\",\"phone\":\"90 162 984\"}', 224.00, '2022-12-23 14:23:36', '2022-12-23 14:23:36'),
(45, 72, '{\"name\":\"TEST2\",\"email\":null,\"address\":\"zdzd\",\"country\":\"Tunisia\",\"state\":\"Ariana\",\"city\":\"Ariana\",\"postal_code\":\"08011\",\"phone\":\"90 162 984\"}', 224.00, '2022-12-23 14:38:13', '2022-12-23 14:38:13'),
(46, 72, '{\"name\":\"TEST2\",\"email\":null,\"address\":\"zdzd\",\"country\":\"Tunisia\",\"state\":\"Ariana\",\"city\":\"Ariana\",\"postal_code\":\"08011\",\"phone\":\"90 162 984\"}', 224.00, '2022-12-23 14:43:24', '2022-12-23 14:43:24'),
(47, 72, '{\"name\":\"TEST2\",\"email\":null,\"address\":\"zdzd\",\"country\":\"Tunisia\",\"state\":\"Ariana\",\"city\":\"Ariana\",\"postal_code\":\"08011\",\"phone\":\"90 162 984\"}', 430.50, '2022-12-24 13:56:19', '2022-12-24 13:56:20'),
(48, 72, '{\"name\":\"TEST2\",\"email\":null,\"address\":\"zdzd\",\"country\":\"Tunisia\",\"state\":\"Ariana\",\"city\":\"Ariana\",\"postal_code\":\"08011\",\"phone\":\"90 162 984\"}', 224.00, '2022-12-24 17:37:33', '2022-12-24 17:37:33'),
(49, 72, '{\"name\":\"TEST2\",\"email\":null,\"address\":\"zdzd\",\"country\":\"Tunisia\",\"state\":\"Ariana\",\"city\":\"Ariana\",\"postal_code\":\"08011\",\"phone\":\"90 162 984\"}', 17.52, '2022-12-24 22:50:53', '2022-12-24 22:50:54'),
(50, 72, '{\"name\":\"TEST2\",\"email\":null,\"address\":\"zdzd\",\"country\":\"Tunisia\",\"state\":\"Ariana\",\"city\":\"Ariana\",\"postal_code\":\"08011\",\"phone\":\"90 162 984\"}', 17.52, '2022-12-24 22:53:04', '2022-12-24 22:53:04'),
(51, 72, '{\"name\":\"TEST2\",\"email\":null,\"address\":\"zdzd\",\"country\":\"Tunisia\",\"state\":\"Ariana\",\"city\":\"Ariana\",\"postal_code\":\"08011\",\"phone\":\"90 162 984\"}', 57.00, '2022-12-26 15:51:26', '2022-12-26 15:51:26'),
(52, 72, '{\"name\":\"TEST2\",\"email\":null,\"address\":\"zdzd\",\"country\":\"Tunisia\",\"state\":\"Ariana\",\"city\":\"Ariana\",\"postal_code\":\"08011\",\"phone\":\"90 162 984\"}', 20.90, '2022-12-26 15:59:54', '2022-12-26 15:59:54'),
(53, 72, '{\"name\":\"TEST2\",\"email\":null,\"address\":\"zdzd\",\"country\":\"Tunisia\",\"state\":\"Ariana\",\"city\":\"Ariana\",\"postal_code\":\"08011\",\"phone\":\"90 162 984\"}', 20.90, '2022-12-26 16:00:26', '2022-12-26 16:00:26'),
(54, 72, '{\"name\":\"TEST2\",\"email\":null,\"address\":\"zdzd\",\"country\":\"Tunisia\",\"state\":\"Ariana\",\"city\":\"Ariana\",\"postal_code\":\"08011\",\"phone\":\"90 162 984\"}', 20.90, '2022-12-26 16:04:10', '2022-12-26 16:04:10'),
(55, 72, '{\"name\":\"TEST2\",\"email\":null,\"address\":\"zdzd\",\"country\":\"Tunisia\",\"state\":\"Ariana\",\"city\":\"Ariana\",\"postal_code\":\"08011\",\"phone\":\"90 162 984\"}', 20.90, '2022-12-26 16:06:20', '2022-12-26 16:06:20'),
(56, 72, '{\"name\":\"TEST2\",\"email\":null,\"address\":\"zdzd\",\"country\":\"Tunisia\",\"state\":\"Ariana\",\"city\":\"Ariana\",\"postal_code\":\"08011\",\"phone\":\"90 162 984\"}', 20.90, '2022-12-26 16:37:23', '2022-12-26 16:37:23'),
(57, 72, '{\"name\":\"TEST2\",\"email\":null,\"address\":\"zdzd\",\"country\":\"Tunisia\",\"state\":\"Ariana\",\"city\":\"Ariana\",\"postal_code\":\"08011\",\"phone\":\"90 162 984\"}', 20.90, '2022-12-26 16:39:46', '2022-12-26 16:39:46'),
(58, 72, '{\"name\":\"TEST2\",\"email\":null,\"address\":\"zdzd\",\"country\":\"Tunisia\",\"state\":\"Ariana\",\"city\":\"Ariana\",\"postal_code\":\"08011\",\"phone\":\"90 162 984\"}', 20.90, '2022-12-26 16:49:15', '2022-12-26 16:49:15'),
(59, 72, '{\"name\":\"TEST2\",\"email\":null,\"address\":\"zdzd\",\"country\":\"Tunisia\",\"state\":\"Ariana\",\"city\":\"Ariana\",\"postal_code\":\"08011\",\"phone\":\"90 162 984\"}', 20.90, '2022-12-27 08:39:49', '2022-12-27 08:39:49'),
(60, 72, '{\"name\":\"TEST2\",\"email\":null,\"address\":\"zdzd\",\"country\":\"Tunisia\",\"state\":\"Ariana\",\"city\":\"Ariana\",\"postal_code\":\"08011\",\"phone\":\"90 162 984\"}', 20.90, '2022-12-27 08:42:48', '2022-12-27 08:42:48'),
(61, 72, '{\"name\":\"TEST2\",\"email\":null,\"address\":\"zdzd\",\"country\":\"Tunisia\",\"state\":\"Ariana\",\"city\":\"Ariana\",\"postal_code\":\"08011\",\"phone\":\"90 162 984\"}', 20.90, '2022-12-27 08:42:53', '2022-12-27 08:42:53'),
(62, 72, '{\"name\":\"TEST2\",\"email\":null,\"address\":\"zdzd\",\"country\":\"Tunisia\",\"state\":\"Ariana\",\"city\":\"Ariana\",\"postal_code\":\"08011\",\"phone\":\"90 162 984\"}', 0.00, '2022-12-27 08:45:25', '2022-12-27 08:45:25'),
(63, 72, '{\"name\":\"TEST2\",\"email\":null,\"address\":\"zdzd\",\"country\":\"Tunisia\",\"state\":\"Ariana\",\"city\":\"Ariana\",\"postal_code\":\"08011\",\"phone\":\"90 162 984\"}', 0.00, '2022-12-27 08:45:45', '2022-12-27 08:45:45'),
(64, 72, '{\"name\":\"TEST2\",\"email\":null,\"address\":\"zdzd\",\"country\":\"Tunisia\",\"state\":\"Ariana\",\"city\":\"Ariana\",\"postal_code\":\"08011\",\"phone\":\"90 162 984\"}', 0.00, '2022-12-27 08:46:47', '2022-12-27 08:46:47'),
(65, 72, '{\"name\":\"TEST2\",\"email\":null,\"address\":\"zdzd\",\"country\":\"Tunisia\",\"state\":\"Ariana\",\"city\":\"Ariana\",\"postal_code\":\"08011\",\"phone\":\"90 162 984\"}', 0.00, '2022-12-27 08:48:01', '2022-12-27 08:48:01'),
(66, 72, '{\"name\":\"TEST2\",\"email\":null,\"address\":\"zdzd\",\"country\":\"Tunisia\",\"state\":\"Ariana\",\"city\":\"Ariana\",\"postal_code\":\"08011\",\"phone\":\"90 162 984\"}', 0.00, '2022-12-27 08:48:25', '2022-12-27 08:48:25'),
(67, 72, '{\"name\":\"TEST2\",\"email\":null,\"address\":\"zdzd\",\"country\":\"Tunisia\",\"state\":\"Ariana\",\"city\":\"Ariana\",\"postal_code\":\"08011\",\"phone\":\"90 162 984\"}', 26.70, '2022-12-27 09:10:34', '2022-12-27 09:10:35'),
(68, 72, '{\"name\":\"TEST2\",\"email\":null,\"address\":\"zdzd\",\"country\":\"Tunisia\",\"state\":\"Ariana\",\"city\":\"Ariana\",\"postal_code\":\"08011\",\"phone\":\"90 162 984\"}', 26.70, '2022-12-29 11:22:47', '2022-12-29 11:22:47'),
(69, 72, '{\"name\":\"TEST2\",\"email\":null,\"address\":\"zdzd\",\"country\":\"Tunisia\",\"state\":\"Ariana\",\"city\":\"Ariana\",\"postal_code\":\"08011\",\"phone\":\"90 162 984\"}', 26.70, '2022-12-29 11:24:25', '2022-12-29 11:24:25'),
(70, 85, '{\"name\":\"Rostom Boujneh\",\"email\":\"boujnehrostom04@gmail.com\",\"address\":\"Rue hbib bourguiba\",\"country\":\"Tunisia\",\"state\":\"Zaghwan\",\"city\":\"Zaghwan\",\"postal_code\":\"9000\",\"phone\":\"27081190\"}', 115.50, '2023-01-17 07:04:54', '2023-01-17 07:04:54'),
(71, 86, '{\"name\":\"Youssef amroussi\",\"email\":null,\"address\":\"Bir bouregba\",\"country\":\"Tunisia\",\"state\":\"Nabeul\",\"city\":\"al-Hammamat\",\"postal_code\":\"8042\",\"phone\":\"24847766\"}', 738.00, '2023-01-21 16:06:26', '2023-01-21 16:06:26'),
(72, 86, '{\"name\":\"Youssef amroussi\",\"email\":null,\"address\":\"Bir bouregba\",\"country\":\"Tunisia\",\"state\":\"Nabeul\",\"city\":\"al-Hammamat\",\"postal_code\":\"8042\",\"phone\":\"24847766\"}', 78.00, '2023-01-27 15:17:02', '2023-01-27 15:17:02'),
(73, 29, '{\"name\":\"lijimi wael\",\"email\":\"lijimi.waelh@gmail.com\",\"address\":\"route lido enface lyc\\u00e9e dar chaabene\",\"country\":\"Tunisia\",\"state\":\"Nabeul\",\"city\":\"Dar Chaaban\",\"postal_code\":\"8011\",\"phone\":\"+21653562456\"}', 52.00, '2023-02-09 12:20:28', '2023-02-09 12:20:28'),
(74, 93, '{\"name\":\"Hamdi\",\"email\":null,\"address\":\"41 rue abdallah\",\"country\":\"Tunisia\",\"state\":\"al-Mahdiyah\",\"city\":\"Karkar\",\"postal_code\":\"7777\",\"phone\":\"+21623841041\"}', 138.00, '2023-02-16 15:02:12', '2023-02-16 15:02:12'),
(75, 95, '{\"name\":\"kefi omar\",\"email\":\"kefiomar741@gmail.com\",\"address\":\"Hdha jama3 el ansar\",\"country\":\"Tunisia\",\"state\":\"Nabeul\",\"city\":\"Dar Chaaban\",\"postal_code\":\"8011\",\"phone\":\"23604371\"}', 25.00, '2023-02-18 12:50:45', '2023-02-18 12:50:45'),
(76, 72, '{\"name\":\"TEST2\",\"email\":null,\"address\":\"zdzd\",\"country\":\"Tunisia\",\"state\":\"Ariana\",\"city\":\"Ariana\",\"postal_code\":\"08011\",\"phone\":\"90 162 984\"}', 26.70, '2023-02-22 14:30:57', '2023-02-22 14:30:57'),
(77, 98, '{\"name\":\"Yasmine Bichiou\",\"email\":null,\"address\":\"Rue erriadh bir challouf\",\"country\":\"Tunisia\",\"state\":\"Nabeul\",\"city\":\"Nabeul\",\"postal_code\":\"8000\",\"phone\":\"54509988\"}', 38.00, '2023-02-27 14:28:37', '2023-02-27 14:28:37'),
(78, 103, '{\"name\":\"Emna Chebbi\",\"email\":null,\"address\":\"Tebourssok ,Beja\",\"country\":\"Tunisia\",\"state\":\"Beja\",\"city\":\"T\\u00e9boursouk\",\"postal_code\":\"9040\",\"phone\":\"95524158\"}', 39.50, '2023-03-04 12:07:54', '2023-03-04 12:07:54'),
(79, 105, '{\"name\":\"meriam briki\",\"email\":null,\"address\":\"adresse 1 impasse n 4 rue azouz rebai manar 2\",\"country\":\"Tunisia\",\"state\":\"Tunis\",\"city\":\"Bardaw\",\"postal_code\":\"1050\",\"phone\":\"58 455 416\"}', 28.00, '2023-03-07 09:06:07', '2023-03-07 09:06:07'),
(80, 106, '{\"name\":\"Soumaya Ghrib\",\"email\":null,\"address\":\"Fahss\",\"country\":\"Tunisia\",\"state\":\"Zaghwan\",\"city\":\"al-Fahs\",\"postal_code\":\"1140\",\"phone\":\"20108663\"}', 34.50, '2023-03-11 18:11:10', '2023-03-11 18:11:10'),
(81, 107, '{\"name\":\"Malek raboudi\",\"email\":null,\"address\":\"Lido pres du caf\\u00e9 grane\",\"country\":\"Tunisia\",\"state\":\"Nabeul\",\"city\":\"Dar Chaaban\",\"postal_code\":\"8011\",\"phone\":\"26319684\"}', 18.00, '2023-03-13 11:28:11', '2023-03-13 11:28:11'),
(82, 107, '{\"name\":\"Malek raboudi\",\"email\":null,\"address\":\"Lido pres du caf\\u00e9 grane\",\"country\":\"Tunisia\",\"state\":\"Nabeul\",\"city\":\"Dar Chaaban\",\"postal_code\":\"8011\",\"phone\":\"26319684\"}', 38.00, '2023-03-19 11:53:36', '2023-03-19 11:53:36'),
(83, 109, '{\"name\":\"Raddaoui Faten\",\"email\":null,\"address\":\"Taksim Tmimi\",\"country\":\"Tunisia\",\"state\":\"Zaghwan\",\"city\":\"Zaghwan\",\"postal_code\":\"1100\",\"phone\":\"28051374\"}', 98.00, '2023-03-21 11:13:23', '2023-03-21 11:13:23'),
(84, 29, '{\"name\":\"lijimi wael\",\"email\":\"lijimi.waelh@gmail.com\",\"address\":\"04.Rue El Manama\\r\\nAvenue Mohamed 5\",\"country\":\"Tunisia\",\"state\":\"Nabeul\",\"city\":\"Dar Chaaban\",\"postal_code\":\"8000\",\"phone\":\"+21653562456\"}', 68.00, '2023-03-31 19:42:48', '2023-03-31 19:42:48'),
(85, 46, '{\"name\":\"Aymen jlassi\",\"email\":\"aymenjlassi@gmail.com\",\"address\":\"Ma7tet louage\",\"country\":\"Tunisia\",\"state\":\"Gabes\",\"city\":\"Matmatat-al-Jadidah\",\"postal_code\":\"6000\",\"phone\":\"58794677\"}', 67.00, '2023-04-01 23:06:13', '2023-04-01 23:06:13'),
(86, 46, '{\"name\":\"Aymen jlassi\",\"email\":\"aymenjlassi@gmail.com\",\"address\":\"Ma7tet louage\",\"country\":\"Tunisia\",\"state\":\"Gabes\",\"city\":\"Matmatat-al-Jadidah\",\"postal_code\":\"6000\",\"phone\":\"58794677\"}', 63.00, '2023-04-02 01:23:57', '2023-04-02 01:23:57'),
(87, 110, '{\"name\":\"Haithem moncer\",\"email\":null,\"address\":\"Avenue Habib Bourguiba Bennane Monastir\",\"country\":\"Tunisia\",\"state\":\"Mounastir\",\"city\":\"Monastir\",\"postal_code\":\"5025\",\"phone\":\"44143338\"}', 161.30, '2023-04-06 05:03:43', '2023-04-06 05:03:43'),
(88, 112, '{\"name\":\"Narjes\",\"email\":null,\"address\":\"Utique zhena cit\\u00e9 zayatin\",\"country\":\"Tunisia\",\"state\":\"Ariana\",\"city\":\"Ariana\",\"postal_code\":\"7060\",\"phone\":\"98747594\"}', 23.00, '2023-04-09 09:30:24', '2023-04-09 09:30:24'),
(89, 95, '{\"name\":\"kefi omar\",\"email\":\"kefiomar741@gmail.com\",\"address\":\"Hdha jama3 el ansar\",\"country\":\"Tunisia\",\"state\":\"Nabeul\",\"city\":\"Dar Chaaban\",\"postal_code\":\"8011\",\"phone\":\"23604371\"}', 98.00, '2023-04-09 23:18:43', '2023-04-09 23:18:43'),
(90, 113, '{\"name\":\"Siala Hanen\",\"email\":null,\"address\":\"Sfax Route mahdeia sakiet eddaier\",\"country\":\"Tunisia\",\"state\":\"Sfax\",\"city\":\"Sfax\",\"postal_code\":\"3011\",\"phone\":\"97679098\"}', 228.00, '2023-04-21 16:45:06', '2023-04-21 16:45:07'),
(91, 114, '{\"name\":\"Fatma jmal\",\"email\":null,\"address\":\"tri9 saltniya klm 8\",\"country\":\"Tunisia\",\"state\":\"Sfax\",\"city\":\"Sfax\",\"postal_code\":\"6000\",\"phone\":\"22771070\"}', 39.50, '2023-04-21 18:00:17', '2023-04-21 18:00:17'),
(92, 117, '{\"name\":\"Aya\",\"email\":null,\"address\":\"Sidi hsin hay mrad\",\"country\":\"Tunisia\",\"state\":\"Manouba\",\"city\":\"Manubah\",\"postal_code\":\"1000\",\"phone\":\"24 468 619\"}', 23.00, '2023-04-29 12:58:36', '2023-04-29 12:58:36'),
(93, 118, '{\"name\":\"Imen Hannachi\",\"email\":null,\"address\":\"MG yasminet  ben a3rous\",\"country\":\"Tunisia\",\"state\":\"Tunis\",\"city\":\"Ben Arous\",\"postal_code\":\"2043\",\"phone\":\"+21652102943\"}', 38.00, '2023-04-29 14:18:31', '2023-04-29 14:18:31'),
(94, 120, '{\"name\":\"Farouk MEZHOUDI\",\"email\":null,\"address\":\"Cabinet dentaire dr farouk mezhoudi beb bhar gabes\",\"country\":\"Tunisia\",\"state\":\"Gabes\",\"city\":\"Qabis\",\"postal_code\":\"6000\",\"phone\":\"58763002\"}', 38.00, '2023-05-04 18:07:27', '2023-05-04 18:07:27'),
(95, 121, '{\"name\":\"Slim werghui\",\"email\":null,\"address\":\"Touiref elkef\",\"country\":\"Tunisia\",\"state\":\"al-Kaf\",\"city\":\"at-Tawiraf\",\"postal_code\":\"7112\",\"phone\":\"46674452\"}', 118.00, '2023-05-07 08:50:12', '2023-05-07 08:50:12'),
(96, 122, '{\"name\":\"Melek boughzella\",\"email\":null,\"address\":\"Melekboe54@gmail.com\",\"country\":\"Tunisia\",\"state\":\"Nabeul\",\"city\":\"Nabeul\",\"postal_code\":\"8000\",\"phone\":\"20 530 658\"}', 15.00, '2023-05-07 11:10:56', '2023-05-07 11:10:56');

-- --------------------------------------------------------

--
-- Structure de la table `commission_histories`
--

CREATE TABLE `commission_histories` (
  `id` int NOT NULL,
  `order_id` int NOT NULL,
  `order_detail_id` int NOT NULL,
  `seller_id` int NOT NULL,
  `admin_commission` double(25,2) NOT NULL,
  `seller_earning` double(25,2) NOT NULL,
  `created_at` timestamp NOT NULL DEFAULT CURRENT_TIMESTAMP,
  `updated_at` timestamp NOT NULL DEFAULT CURRENT_TIMESTAMP
) ENGINE=InnoDB DEFAULT CHARSET=utf8mb3 COLLATE=utf8mb3_unicode_ci;

--
-- Déchargement des données de la table `commission_histories`
--

INSERT INTO `commission_histories` (`id`, `order_id`, `order_detail_id`, `seller_id`, `admin_commission`, `seller_earning`, `created_at`, `updated_at`) VALUES
(1, 3, 4, 12, 0.00, 32.00, '2022-09-12 19:27:52', '2022-09-12 19:27:52'),
(2, 8, 15, 12, 0.00, 4.09, '2022-09-29 21:23:13', '2022-09-29 21:23:13'),
(3, 8, 16, 12, 0.00, 12.89, '2022-09-29 21:23:13', '2022-09-29 21:23:13'),
(4, 6, 7, 12, 0.00, 7.20, '2022-09-29 21:23:28', '2022-09-29 21:23:28'),
(5, 12, 20, 26, 18.00, 162.00, '2022-10-28 12:19:27', '2022-10-28 12:19:27'),
(6, 13, 21, 26, 3.00, 27.00, '2022-10-29 16:44:27', '2022-10-29 16:44:27'),
(7, 13, 22, 26, 3.00, 27.00, '2022-10-29 16:44:27', '2022-10-29 16:44:27'),
(8, 15, 24, 26, 0.00, 16.00, '2022-11-02 16:22:42', '2022-11-02 16:22:42'),
(9, 15, 25, 26, 0.00, 20.00, '2022-11-02 16:22:42', '2022-11-02 16:22:42'),
(10, 15, 26, 26, 0.00, 13.00, '2022-11-02 16:22:42', '2022-11-02 16:22:42'),
(11, 21, 32, 17, 0.00, 55.00, '2022-11-16 09:08:48', '2022-11-16 09:08:48'),
(12, 23, 34, 33, 0.00, 40.00, '2022-11-16 22:10:34', '2022-11-16 22:10:34'),
(13, 22, 33, 33, 0.00, 27.00, '2022-11-16 22:10:45', '2022-11-16 22:10:45'),
(14, 20, 31, 23, 0.00, 10.40, '2022-11-19 22:12:53', '2022-11-19 22:12:53'),
(15, 26, 37, 17, 0.00, 55.00, '2022-11-22 02:49:08', '2022-11-22 02:49:08'),
(16, 29, 40, 17, 0.00, 55.00, '2022-11-24 19:26:30', '2022-11-24 19:26:30'),
(17, 30, 41, 17, 0.00, 55.00, '2022-12-07 11:54:26', '2022-12-07 11:54:26'),
(18, 28, 39, 17, 0.00, 55.00, '2022-12-07 23:21:42', '2022-12-07 23:21:42'),
(19, 27, 38, 17, 0.00, 55.00, '2022-12-07 23:22:02', '2022-12-07 23:22:02'),
(20, 33, 44, 17, 0.00, 55.00, '2022-12-13 15:11:16', '2022-12-13 15:11:16'),
(21, 75, 82, 26, 0.00, 32.50, '2023-01-20 19:15:18', '2023-01-20 19:15:18'),
(22, 77, 84, 26, 0.00, 180.00, '2023-01-23 16:26:32', '2023-01-23 16:26:32'),
(23, 77, 85, 26, 0.00, 360.00, '2023-01-23 16:26:32', '2023-01-23 16:26:32'),
(24, 77, 86, 26, 0.00, 100.00, '2023-01-23 16:26:32', '2023-01-23 16:26:32'),
(25, 77, 87, 26, 0.00, 30.00, '2023-01-23 16:26:32', '2023-01-23 16:26:32'),
(26, 77, 88, 26, 0.00, 60.00, '2023-01-23 16:26:32', '2023-01-23 16:26:32'),
(27, 80, 91, 26, 0.00, 6.50, '2023-02-09 22:08:34', '2023-02-09 22:08:34'),
(28, 84, 96, 16, 0.00, 30.00, '2023-02-27 21:33:09', '2023-02-27 21:33:09'),
(29, 82, 93, 26, 0.00, 15.00, '2023-03-08 20:22:37', '2023-03-08 20:22:37'),
(30, 82, 94, 26, 0.00, 2.00, '2023-03-08 20:22:37', '2023-03-08 20:22:37'),
(31, 85, 97, 102, 0.00, 31.50, '2023-03-20 08:55:15', '2023-03-20 08:55:15'),
(32, 86, 98, 102, 0.00, 20.00, '2023-03-20 08:55:42', '2023-03-20 08:55:42'),
(33, 89, 101, 26, 0.00, 30.00, '2023-03-21 18:17:55', '2023-03-21 18:17:55'),
(34, 96, 108, 26, 0.00, 90.00, '2023-04-09 23:19:14', '2023-04-09 23:19:14'),
(35, 95, 107, 91, 0.00, 15.00, '2023-04-14 13:46:49', '2023-04-14 13:46:49'),
(36, 93, 105, 91, 0.00, 55.00, '2023-04-15 13:28:40', '2023-04-15 13:28:40'),
(37, 100, 112, 102, 0.00, 31.50, '2023-05-01 09:52:16', '2023-05-01 09:52:16');

-- --------------------------------------------------------

--
-- Structure de la table `conversations`
--

CREATE TABLE `conversations` (
  `id` int NOT NULL,
  `sender_id` int NOT NULL,
  `receiver_id` int NOT NULL,
  `title` varchar(1000) CHARACTER SET utf8mb3 COLLATE utf8mb3_unicode_ci DEFAULT NULL,
  `sender_viewed` int NOT NULL DEFAULT '1',
  `receiver_viewed` int NOT NULL DEFAULT '0',
  `created_at` timestamp NOT NULL DEFAULT CURRENT_TIMESTAMP,
  `updated_at` timestamp NOT NULL DEFAULT CURRENT_TIMESTAMP
) ENGINE=InnoDB DEFAULT CHARSET=utf8mb3 COLLATE=utf8mb3_unicode_ci;

--
-- Déchargement des données de la table `conversations`
--

INSERT INTO `conversations` (`id`, `sender_id`, `receiver_id`, `title`, `sender_viewed`, `receiver_viewed`, `created_at`, `updated_at`) VALUES
(1, 9, 9, 'Film Ceramics 100D pour: A80 A90 A905 X27PRO REDMINOTE9PRO', 1, 0, '2022-09-11 13:40:37', '2022-09-11 13:40:37'),
(2, 9, 12, 'Spot LED Panel 3w - 18w', 1, 0, '2022-09-12 19:15:31', '2022-09-12 19:15:31'),
(3, 21, 17, 'Coque rigide Pubg avec ring pour HUAWEI Y6 PRime 2019', 1, 1, '2022-10-13 18:14:32', '2022-10-16 23:47:37');

-- --------------------------------------------------------

--
-- Structure de la table `countries`
--

CREATE TABLE `countries` (
  `id` int NOT NULL,
  `code` varchar(2) CHARACTER SET utf8mb3 COLLATE utf8mb3_unicode_ci NOT NULL DEFAULT '',
  `name` varchar(100) CHARACTER SET utf8mb3 COLLATE utf8mb3_unicode_ci NOT NULL DEFAULT '',
  `zone_id` int NOT NULL DEFAULT '0',
  `status` int NOT NULL DEFAULT '1',
  `created_at` timestamp NULL DEFAULT CURRENT_TIMESTAMP,
  `updated_at` timestamp NULL DEFAULT NULL,
  `deleted_at` timestamp NULL DEFAULT NULL
) ENGINE=MyISAM DEFAULT CHARSET=utf8mb3 COLLATE=utf8mb3_unicode_ci;

--
-- Déchargement des données de la table `countries`
--

INSERT INTO `countries` (`id`, `code`, `name`, `zone_id`, `status`, `created_at`, `updated_at`, `deleted_at`) VALUES
(1, 'AF', 'Afghanistan', 0, 0, '2021-04-06 01:06:30', '2021-10-11 00:34:13', NULL),
(2, 'AL', 'Albania', 0, 0, '2021-04-06 01:06:30', NULL, NULL),
(3, 'DZ', 'Algeria', 0, 0, '2021-04-06 01:06:30', NULL, NULL),
(4, 'AS', 'American Samoa', 0, 0, '2021-04-06 01:06:30', NULL, NULL),
(5, 'AD', 'Andorra', 0, 0, '2021-04-06 01:06:30', NULL, NULL),
(6, 'AO', 'Angola', 0, 0, '2021-04-06 01:06:30', NULL, NULL),
(7, 'AI', 'Anguilla', 0, 0, '2021-04-06 01:06:30', NULL, NULL),
(8, 'AQ', 'Antarctica', 0, 0, '2021-04-06 01:06:30', NULL, NULL),
(9, 'AG', 'Antigua And Barbuda', 0, 0, '2021-04-06 01:06:30', NULL, NULL),
(10, 'AR', 'Argentina', 0, 0, '2021-04-06 01:06:30', NULL, NULL),
(11, 'AM', 'Armenia', 0, 0, '2021-04-06 01:06:30', NULL, NULL),
(12, 'AW', 'Aruba', 0, 0, '2021-04-06 01:06:30', NULL, NULL),
(13, 'AU', 'Australia', 0, 0, '2021-04-06 01:06:30', NULL, NULL),
(14, 'AT', 'Austria', 0, 0, '2021-04-06 01:06:30', NULL, NULL),
(15, 'AZ', 'Azerbaijan', 0, 0, '2021-04-06 01:06:30', NULL, NULL),
(16, 'BS', 'Bahamas The', 0, 0, '2021-04-06 01:06:30', NULL, NULL),
(17, 'BH', 'Bahrain', 0, 0, '2021-04-06 01:06:30', NULL, NULL),
(18, 'BD', 'Bangladesh', 0, 0, '2021-04-06 01:06:30', NULL, NULL),
(19, 'BB', 'Barbados', 0, 0, '2021-04-06 01:06:30', NULL, NULL),
(20, 'BY', 'Belarus', 0, 0, '2021-04-06 01:06:30', NULL, NULL),
(21, 'BE', 'Belgium', 0, 0, '2021-04-06 01:06:30', NULL, NULL),
(22, 'BZ', 'Belize', 0, 0, '2021-04-06 01:06:30', NULL, NULL),
(23, 'BJ', 'Benin', 0, 0, '2021-04-06 01:06:30', NULL, NULL),
(24, 'BM', 'Bermuda', 0, 0, '2021-04-06 01:06:30', NULL, NULL),
(25, 'BT', 'Bhutan', 0, 0, '2021-04-06 01:06:30', NULL, NULL),
(26, 'BO', 'Bolivia', 0, 0, '2021-04-06 01:06:30', NULL, NULL),
(27, 'BA', 'Bosnia and Herzegovina', 0, 0, '2021-04-06 01:06:30', NULL, NULL),
(28, 'BW', 'Botswana', 0, 0, '2021-04-06 01:06:30', NULL, NULL),
(29, 'BV', 'Bouvet Island', 0, 0, '2021-04-06 01:06:30', NULL, NULL),
(30, 'BR', 'Brazil', 0, 0, '2021-04-06 01:06:30', NULL, NULL),
(31, 'IO', 'British Indian Ocean Territory', 0, 0, '2021-04-06 01:06:30', NULL, NULL),
(32, 'BN', 'Brunei', 0, 0, '2021-04-06 01:06:30', NULL, NULL),
(33, 'BG', 'Bulgaria', 0, 0, '2021-04-06 01:06:30', NULL, NULL),
(34, 'BF', 'Burkina Faso', 0, 0, '2021-04-06 01:06:30', NULL, NULL),
(35, 'BI', 'Burundi', 0, 0, '2021-04-06 01:06:30', NULL, NULL),
(36, 'KH', 'Cambodia', 0, 0, '2021-04-06 01:06:30', NULL, NULL),
(37, 'CM', 'Cameroon', 0, 0, '2021-04-06 01:06:30', NULL, NULL),
(38, 'CA', 'Canada', 0, 0, '2021-04-06 01:06:30', NULL, NULL),
(39, 'CV', 'Cape Verde', 0, 0, '2021-04-06 01:06:30', NULL, NULL),
(40, 'KY', 'Cayman Islands', 0, 0, '2021-04-06 01:06:30', NULL, NULL),
(41, 'CF', 'Central African Republic', 0, 0, '2021-04-06 01:06:30', NULL, NULL),
(42, 'TD', 'Chad', 0, 0, '2021-04-06 01:06:30', NULL, NULL),
(43, 'CL', 'Chile', 0, 0, '2021-04-06 01:06:30', NULL, NULL),
(44, 'CN', 'China', 0, 0, '2021-04-06 01:06:30', NULL, NULL),
(45, 'CX', 'Christmas Island', 0, 0, '2021-04-06 01:06:30', NULL, NULL),
(46, 'CC', 'Cocos (Keeling) Islands', 0, 0, '2021-04-06 01:06:30', NULL, NULL),
(47, 'CO', 'Colombia', 0, 0, '2021-04-06 01:06:30', NULL, NULL),
(48, 'KM', 'Comoros', 0, 0, '2021-04-06 01:06:30', NULL, NULL),
(49, 'CG', 'Republic Of The Congo', 0, 0, '2021-04-06 01:06:30', NULL, NULL),
(50, 'CD', 'Democratic Republic Of The Congo', 0, 0, '2021-04-06 01:06:30', NULL, NULL),
(51, 'CK', 'Cook Islands', 0, 0, '2021-04-06 01:06:30', NULL, NULL),
(52, 'CR', 'Costa Rica', 0, 0, '2021-04-06 01:06:30', NULL, NULL),
(53, 'CI', 'Cote D\'Ivoire (Ivory Coast)', 0, 0, '2021-04-06 01:06:30', NULL, NULL),
(54, 'HR', 'Croatia (Hrvatska)', 0, 0, '2021-04-06 01:06:30', NULL, NULL),
(55, 'CU', 'Cuba', 0, 0, '2021-04-06 01:06:30', NULL, NULL),
(56, 'CY', 'Cyprus', 0, 0, '2021-04-06 01:06:30', NULL, NULL),
(57, 'CZ', 'Czech Republic', 0, 0, '2021-04-06 01:06:30', NULL, NULL),
(58, 'DK', 'Denmark', 0, 0, '2021-04-06 01:06:30', NULL, NULL),
(59, 'DJ', 'Djibouti', 0, 0, '2021-04-06 01:06:30', NULL, NULL),
(60, 'DM', 'Dominica', 0, 0, '2021-04-06 01:06:30', NULL, NULL),
(61, 'DO', 'Dominican Republic', 0, 0, '2021-04-06 01:06:30', NULL, NULL),
(62, 'TP', 'East Timor', 0, 0, '2021-04-06 01:06:30', NULL, NULL),
(63, 'EC', 'Ecuador', 0, 0, '2021-04-06 01:06:30', NULL, NULL),
(64, 'EG', 'Egypt', 0, 0, '2021-04-06 01:06:30', NULL, NULL),
(65, 'SV', 'El Salvador', 0, 0, '2021-04-06 01:06:30', NULL, NULL),
(66, 'GQ', 'Equatorial Guinea', 0, 0, '2021-04-06 01:06:30', NULL, NULL),
(67, 'ER', 'Eritrea', 0, 0, '2021-04-06 01:06:30', NULL, NULL),
(68, 'EE', 'Estonia', 0, 0, '2021-04-06 01:06:30', NULL, NULL),
(69, 'ET', 'Ethiopia', 0, 0, '2021-04-06 01:06:30', NULL, NULL),
(70, 'XA', 'External Territories of Australia', 0, 0, '2021-04-06 01:06:30', NULL, NULL),
(71, 'FK', 'Falkland Islands', 0, 0, '2021-04-06 01:06:30', NULL, NULL),
(72, 'FO', 'Faroe Islands', 0, 0, '2021-04-06 01:06:30', NULL, NULL),
(73, 'FJ', 'Fiji Islands', 0, 0, '2021-04-06 01:06:30', NULL, NULL),
(74, 'FI', 'Finland', 0, 0, '2021-04-06 01:06:30', NULL, NULL),
(75, 'FR', 'France', 0, 0, '2021-04-06 01:06:30', NULL, NULL),
(76, 'GF', 'French Guiana', 0, 0, '2021-04-06 01:06:30', NULL, NULL),
(77, 'PF', 'French Polynesia', 0, 0, '2021-04-06 01:06:30', NULL, NULL),
(78, 'TF', 'French Southern Territories', 0, 0, '2021-04-06 01:06:30', NULL, NULL),
(79, 'GA', 'Gabon', 0, 0, '2021-04-06 01:06:30', NULL, NULL),
(80, 'GM', 'Gambia The', 0, 0, '2021-04-06 01:06:30', NULL, NULL),
(81, 'GE', 'Georgia', 0, 0, '2021-04-06 01:06:30', NULL, NULL),
(82, 'DE', 'Germany', 0, 0, '2021-04-06 01:06:30', NULL, NULL),
(83, 'GH', 'Ghana', 0, 0, '2021-04-06 01:06:30', NULL, NULL),
(84, 'GI', 'Gibraltar', 0, 0, '2021-04-06 01:06:30', NULL, NULL),
(85, 'GR', 'Greece', 0, 0, '2021-04-06 01:06:30', NULL, NULL),
(86, 'GL', 'Greenland', 0, 0, '2021-04-06 01:06:30', NULL, NULL),
(87, 'GD', 'Grenada', 0, 0, '2021-04-06 01:06:30', NULL, NULL),
(88, 'GP', 'Guadeloupe', 0, 0, '2021-04-06 01:06:30', NULL, NULL),
(89, 'GU', 'Guam', 0, 0, '2021-04-06 01:06:30', NULL, NULL),
(90, 'GT', 'Guatemala', 0, 0, '2021-04-06 01:06:30', NULL, NULL),
(91, 'XU', 'Guernsey and Alderney', 0, 0, '2021-04-06 01:06:30', NULL, NULL),
(92, 'GN', 'Guinea', 0, 0, '2021-04-06 01:06:30', NULL, NULL),
(93, 'GW', 'Guinea-Bissau', 0, 0, '2021-04-06 01:06:30', NULL, NULL),
(94, 'GY', 'Guyana', 0, 0, '2021-04-06 01:06:30', NULL, NULL),
(95, 'HT', 'Haiti', 0, 0, '2021-04-06 01:06:30', NULL, NULL),
(96, 'HM', 'Heard and McDonald Islands', 0, 0, '2021-04-06 01:06:30', NULL, NULL),
(97, 'HN', 'Honduras', 0, 0, '2021-04-06 01:06:30', NULL, NULL),
(98, 'HK', 'Hong Kong S.A.R.', 0, 0, '2021-04-06 01:06:30', NULL, NULL),
(99, 'HU', 'Hungary', 0, 0, '2021-04-06 01:06:30', NULL, NULL),
(100, 'IS', 'Iceland', 0, 0, '2021-04-06 01:06:30', NULL, NULL),
(101, 'IN', 'India', 0, 0, '2021-04-06 01:06:30', NULL, NULL),
(102, 'ID', 'Indonesia', 0, 0, '2021-04-06 01:06:30', NULL, NULL),
(103, 'IR', 'Iran', 0, 0, '2021-04-06 01:06:30', NULL, NULL),
(104, 'IQ', 'Iraq', 0, 0, '2021-04-06 01:06:30', NULL, NULL),
(105, 'IE', 'Ireland', 0, 0, '2021-04-06 01:06:30', NULL, NULL),
(106, 'IL', 'Israel', 0, 0, '2021-04-06 01:06:30', NULL, NULL),
(107, 'IT', 'Italy', 0, 0, '2021-04-06 01:06:30', NULL, NULL),
(108, 'JM', 'Jamaica', 0, 0, '2021-04-06 01:06:30', NULL, NULL),
(109, 'JP', 'Japan', 0, 0, '2021-04-06 01:06:30', NULL, NULL),
(110, 'XJ', 'Jersey', 0, 0, '2021-04-06 01:06:30', NULL, NULL),
(111, 'JO', 'Jordan', 0, 0, '2021-04-06 01:06:30', NULL, NULL),
(112, 'KZ', 'Kazakhstan', 0, 0, '2021-04-06 01:06:30', NULL, NULL),
(113, 'KE', 'Kenya', 0, 0, '2021-04-06 01:06:30', NULL, NULL),
(114, 'KI', 'Kiribati', 0, 0, '2021-04-06 01:06:30', NULL, NULL),
(115, 'KP', 'Korea North', 0, 0, '2021-04-06 01:06:30', NULL, NULL),
(116, 'KR', 'Korea South', 0, 0, '2021-04-06 01:06:30', NULL, NULL),
(117, 'KW', 'Kuwait', 0, 0, '2021-04-06 01:06:30', NULL, NULL),
(118, 'KG', 'Kyrgyzstan', 0, 0, '2021-04-06 01:06:30', NULL, NULL),
(119, 'LA', 'Laos', 0, 0, '2021-04-06 01:06:30', NULL, NULL),
(120, 'LV', 'Latvia', 0, 0, '2021-04-06 01:06:30', NULL, NULL),
(121, 'LB', 'Lebanon', 0, 0, '2021-04-06 01:06:30', NULL, NULL),
(122, 'LS', 'Lesotho', 0, 0, '2021-04-06 01:06:30', NULL, NULL),
(123, 'LR', 'Liberia', 0, 0, '2021-04-06 01:06:30', NULL, NULL),
(124, 'LY', 'Libya', 0, 0, '2021-04-06 01:06:30', NULL, NULL),
(125, 'LI', 'Liechtenstein', 0, 0, '2021-04-06 01:06:30', NULL, NULL),
(126, 'LT', 'Lithuania', 0, 0, '2021-04-06 01:06:30', NULL, NULL),
(127, 'LU', 'Luxembourg', 0, 0, '2021-04-06 01:06:30', NULL, NULL),
(128, 'MO', 'Macau S.A.R.', 0, 0, '2021-04-06 01:06:30', NULL, NULL),
(129, 'MK', 'Macedonia', 0, 0, '2021-04-06 01:06:30', NULL, NULL),
(130, 'MG', 'Madagascar', 0, 0, '2021-04-06 01:06:30', NULL, NULL),
(131, 'MW', 'Malawi', 0, 0, '2021-04-06 01:06:30', NULL, NULL),
(132, 'MY', 'Malaysia', 0, 0, '2021-04-06 01:06:30', NULL, NULL),
(133, 'MV', 'Maldives', 0, 0, '2021-04-06 01:06:30', NULL, NULL),
(134, 'ML', 'Mali', 0, 0, '2021-04-06 01:06:30', NULL, NULL),
(135, 'MT', 'Malta', 0, 0, '2021-04-06 01:06:30', NULL, NULL),
(136, 'XM', 'Man (Isle of)', 0, 0, '2021-04-06 01:06:30', NULL, NULL),
(137, 'MH', 'Marshall Islands', 0, 0, '2021-04-06 01:06:30', NULL, NULL),
(138, 'MQ', 'Martinique', 0, 0, '2021-04-06 01:06:30', NULL, NULL),
(139, 'MR', 'Mauritania', 0, 0, '2021-04-06 01:06:30', NULL, NULL),
(140, 'MU', 'Mauritius', 0, 0, '2021-04-06 01:06:30', NULL, NULL),
(141, 'YT', 'Mayotte', 0, 0, '2021-04-06 01:06:30', NULL, NULL),
(142, 'MX', 'Mexico', 0, 0, '2021-04-06 01:06:30', NULL, NULL),
(143, 'FM', 'Micronesia', 0, 0, '2021-04-06 01:06:30', NULL, NULL),
(144, 'MD', 'Moldova', 0, 0, '2021-04-06 01:06:30', NULL, NULL),
(145, 'MC', 'Monaco', 0, 0, '2021-04-06 01:06:30', NULL, NULL),
(146, 'MN', 'Mongolia', 0, 0, '2021-04-06 01:06:30', NULL, NULL),
(147, 'MS', 'Montserrat', 0, 0, '2021-04-06 01:06:30', NULL, NULL),
(148, 'MA', 'Morocco', 0, 0, '2021-04-06 01:06:30', NULL, NULL),
(149, 'MZ', 'Mozambique', 0, 0, '2021-04-06 01:06:30', NULL, NULL),
(150, 'MM', 'Myanmar', 0, 0, '2021-04-06 01:06:30', NULL, NULL),
(151, 'NA', 'Namibia', 0, 0, '2021-04-06 01:06:30', NULL, NULL),
(152, 'NR', 'Nauru', 0, 0, '2021-04-06 01:06:30', NULL, NULL),
(153, 'NP', 'Nepal', 0, 0, '2021-04-06 01:06:30', NULL, NULL),
(154, 'AN', 'Netherlands Antilles', 0, 0, '2021-04-06 01:06:30', NULL, NULL),
(155, 'NL', 'Netherlands The', 0, 0, '2021-04-06 01:06:30', NULL, NULL),
(156, 'NC', 'New Caledonia', 0, 0, '2021-04-06 01:06:30', NULL, NULL),
(157, 'NZ', 'New Zealand', 0, 0, '2021-04-06 01:06:30', NULL, NULL),
(158, 'NI', 'Nicaragua', 0, 0, '2021-04-06 01:06:30', NULL, NULL),
(159, 'NE', 'Niger', 0, 0, '2021-04-06 01:06:30', NULL, NULL),
(160, 'NG', 'Nigeria', 0, 0, '2021-04-06 01:06:30', NULL, NULL),
(161, 'NU', 'Niue', 0, 0, '2021-04-06 01:06:30', NULL, NULL),
(162, 'NF', 'Norfolk Island', 0, 0, '2021-04-06 01:06:30', NULL, NULL),
(163, 'MP', 'Northern Mariana Islands', 0, 0, '2021-04-06 01:06:30', NULL, NULL),
(164, 'NO', 'Norway', 0, 0, '2021-04-06 01:06:30', NULL, NULL),
(165, 'OM', 'Oman', 0, 0, '2021-04-06 01:06:30', NULL, NULL),
(166, 'PK', 'Pakistan', 0, 0, '2021-04-06 01:06:30', NULL, NULL),
(167, 'PW', 'Palau', 0, 0, '2021-04-06 01:06:30', NULL, NULL),
(168, 'PS', 'Palestinian Territory Occupied', 0, 0, '2021-04-06 01:06:30', NULL, NULL),
(169, 'PA', 'Panama', 0, 0, '2021-04-06 01:06:30', NULL, NULL),
(170, 'PG', 'Papua new Guinea', 0, 0, '2021-04-06 01:06:30', NULL, NULL),
(171, 'PY', 'Paraguay', 0, 0, '2021-04-06 01:06:30', NULL, NULL),
(172, 'PE', 'Peru', 0, 0, '2021-04-06 01:06:30', NULL, NULL),
(173, 'PH', 'Philippines', 0, 0, '2021-04-06 01:06:30', NULL, NULL),
(174, 'PN', 'Pitcairn Island', 0, 0, '2021-04-06 01:06:30', NULL, NULL),
(175, 'PL', 'Poland', 0, 0, '2021-04-06 01:06:30', NULL, NULL),
(176, 'PT', 'Portugal', 0, 0, '2021-04-06 01:06:30', NULL, NULL),
(177, 'PR', 'Puerto Rico', 0, 0, '2021-04-06 01:06:30', NULL, NULL),
(178, 'QA', 'Qatar', 0, 0, '2021-04-06 01:06:30', NULL, NULL),
(179, 'RE', 'Reunion', 0, 0, '2021-04-06 01:06:30', NULL, NULL),
(180, 'RO', 'Romania', 0, 0, '2021-04-06 01:06:30', NULL, NULL),
(181, 'RU', 'Russia', 0, 0, '2021-04-06 01:06:30', NULL, NULL),
(182, 'RW', 'Rwanda', 0, 0, '2021-04-06 01:06:30', NULL, NULL),
(183, 'SH', 'Saint Helena', 0, 0, '2021-04-06 01:06:30', NULL, NULL),
(184, 'KN', 'Saint Kitts And Nevis', 0, 0, '2021-04-06 01:06:30', NULL, NULL),
(185, 'LC', 'Saint Lucia', 0, 0, '2021-04-06 01:06:30', NULL, NULL),
(186, 'PM', 'Saint Pierre and Miquelon', 0, 0, '2021-04-06 01:06:30', NULL, NULL),
(187, 'VC', 'Saint Vincent And The Grenadines', 0, 0, '2021-04-06 01:06:30', NULL, NULL),
(188, 'WS', 'Samoa', 0, 0, '2021-04-06 01:06:30', NULL, NULL),
(189, 'SM', 'San Marino', 0, 0, '2021-04-06 01:06:30', NULL, NULL),
(190, 'ST', 'Sao Tome and Principe', 0, 0, '2021-04-06 01:06:30', NULL, NULL),
(191, 'SA', 'Saudi Arabia', 0, 0, '2021-04-06 01:06:30', NULL, NULL),
(192, 'SN', 'Senegal', 0, 0, '2021-04-06 01:06:30', NULL, NULL),
(193, 'RS', 'Serbia', 0, 0, '2021-04-06 01:06:30', NULL, NULL),
(194, 'SC', 'Seychelles', 0, 0, '2021-04-06 01:06:30', NULL, NULL),
(195, 'SL', 'Sierra Leone', 0, 0, '2021-04-06 01:06:30', NULL, NULL),
(196, 'SG', 'Singapore', 0, 0, '2021-04-06 01:06:30', NULL, NULL),
(197, 'SK', 'Slovakia', 0, 0, '2021-04-06 01:06:30', NULL, NULL),
(198, 'SI', 'Slovenia', 0, 0, '2021-04-06 01:06:30', NULL, NULL),
(199, 'XG', 'Smaller Territories of the UK', 0, 0, '2021-04-06 01:06:30', NULL, NULL),
(200, 'SB', 'Solomon Islands', 0, 0, '2021-04-06 01:06:30', NULL, NULL),
(201, 'SO', 'Somalia', 0, 0, '2021-04-06 01:06:30', NULL, NULL),
(202, 'ZA', 'South Africa', 0, 0, '2021-04-06 01:06:30', NULL, NULL),
(203, 'GS', 'South Georgia', 0, 0, '2021-04-06 01:06:30', NULL, NULL),
(204, 'SS', 'South Sudan', 0, 0, '2021-04-06 01:06:30', NULL, NULL),
(205, 'ES', 'Spain', 0, 0, '2021-04-06 01:06:30', NULL, NULL),
(206, 'LK', 'Sri Lanka', 0, 0, '2021-04-06 01:06:30', NULL, NULL),
(207, 'SD', 'Sudan', 0, 0, '2021-04-06 01:06:30', NULL, NULL),
(208, 'SR', 'Suriname', 0, 0, '2021-04-06 01:06:30', NULL, NULL),
(209, 'SJ', 'Svalbard And Jan Mayen Islands', 0, 0, '2021-04-06 01:06:30', NULL, NULL),
(210, 'SZ', 'Swaziland', 0, 0, '2021-04-06 01:06:30', NULL, NULL),
(211, 'SE', 'Sweden', 0, 0, '2021-04-06 01:06:30', NULL, NULL),
(212, 'CH', 'Switzerland', 0, 0, '2021-04-06 01:06:30', NULL, NULL),
(213, 'SY', 'Syria', 0, 0, '2021-04-06 01:06:30', NULL, NULL),
(214, 'TW', 'Taiwan', 0, 0, '2021-04-06 01:06:30', NULL, NULL),
(215, 'TJ', 'Tajikistan', 0, 0, '2021-04-06 01:06:30', NULL, NULL),
(216, 'TZ', 'Tanzania', 0, 0, '2021-04-06 01:06:30', NULL, NULL),
(217, 'TH', 'Thailand', 0, 0, '2021-04-06 01:06:30', NULL, NULL),
(218, 'TG', 'Togo', 0, 0, '2021-04-06 01:06:30', NULL, NULL),
(219, 'TK', 'Tokelau', 0, 0, '2021-04-06 01:06:30', NULL, NULL),
(220, 'TO', 'Tonga', 0, 0, '2021-04-06 01:06:30', NULL, NULL),
(221, 'TT', 'Trinidad And Tobago', 0, 0, '2021-04-06 01:06:30', NULL, NULL),
(222, 'TN', 'Tunisia', 1, 1, '2021-04-06 01:06:30', '2022-09-11 12:44:49', NULL),
(223, 'TR', 'Turkey', 0, 0, '2021-04-06 01:06:30', NULL, NULL),
(224, 'TM', 'Turkmenistan', 0, 0, '2021-04-06 01:06:30', NULL, NULL),
(225, 'TC', 'Turks And Caicos Islands', 0, 0, '2021-04-06 01:06:30', NULL, NULL),
(226, 'TV', 'Tuvalu', 0, 0, '2021-04-06 01:06:30', NULL, NULL),
(227, 'UG', 'Uganda', 0, 0, '2021-04-06 01:06:30', NULL, NULL),
(228, 'UA', 'Ukraine', 0, 0, '2021-04-06 01:06:30', NULL, NULL),
(229, 'AE', 'United Arab Emirates', 0, 0, '2021-04-06 01:06:30', NULL, NULL),
(230, 'GB', 'United Kingdom', 0, 0, '2021-04-06 01:06:30', NULL, NULL),
(231, 'US', 'United States', 0, 0, '2021-04-06 01:06:30', NULL, NULL),
(232, 'UM', 'United States Minor Outlying Islands', 0, 0, '2021-04-06 01:06:30', NULL, NULL),
(233, 'UY', 'Uruguay', 0, 0, '2021-04-06 01:06:30', NULL, NULL),
(234, 'UZ', 'Uzbekistan', 0, 0, '2021-04-06 01:06:30', NULL, NULL),
(235, 'VU', 'Vanuatu', 0, 0, '2021-04-06 01:06:30', NULL, NULL),
(236, 'VA', 'Vatican City State (Holy See)', 0, 0, '2021-04-06 01:06:30', NULL, NULL),
(237, 'VE', 'Venezuela', 0, 0, '2021-04-06 01:06:30', NULL, NULL),
(238, 'VN', 'Vietnam', 0, 0, '2021-04-06 01:06:30', NULL, NULL),
(239, 'VG', 'Virgin Islands (British)', 0, 0, '2021-04-06 01:06:30', NULL, NULL),
(240, 'VI', 'Virgin Islands (US)', 0, 0, '2021-04-06 01:06:30', NULL, NULL),
(241, 'WF', 'Wallis And Futuna Islands', 0, 0, '2021-04-06 01:06:30', NULL, NULL),
(242, 'EH', 'Western Sahara', 0, 0, '2021-04-06 01:06:30', NULL, NULL),
(243, 'YE', 'Yemen', 0, 0, '2021-04-06 01:06:30', NULL, NULL),
(244, 'YU', 'Yugoslavia', 0, 0, '2021-04-06 01:06:30', NULL, NULL),
(245, 'ZM', 'Zambia', 0, 0, '2021-04-06 01:06:30', NULL, NULL),
(246, 'ZW', 'Zimbabwe', 0, 0, '2021-04-06 01:06:30', NULL, NULL);

-- --------------------------------------------------------

--
-- Structure de la table `coupons`
--

CREATE TABLE `coupons` (
  `id` int NOT NULL,
  `user_id` int NOT NULL,
  `type` varchar(255) CHARACTER SET utf8mb3 COLLATE utf8mb3_unicode_ci NOT NULL,
  `code` varchar(255) CHARACTER SET utf8mb3 COLLATE utf8mb3_unicode_ci NOT NULL,
  `details` longtext CHARACTER SET utf8mb3 COLLATE utf8mb3_unicode_ci NOT NULL,
  `discount` double(20,2) NOT NULL,
  `discount_type` varchar(100) CHARACTER SET utf8mb3 COLLATE utf8mb3_unicode_ci NOT NULL,
  `start_date` int NOT NULL,
  `end_date` int NOT NULL,
  `created_at` timestamp NOT NULL DEFAULT CURRENT_TIMESTAMP,
  `updated_at` timestamp NOT NULL DEFAULT CURRENT_TIMESTAMP
) ENGINE=InnoDB DEFAULT CHARSET=utf8mb3 COLLATE=utf8mb3_unicode_ci;

--
-- Déchargement des données de la table `coupons`
--

INSERT INTO `coupons` (`id`, `user_id`, `type`, `code`, `details`, `discount`, `discount_type`, `start_date`, `end_date`, `created_at`, `updated_at`) VALUES
(1, 9, 'cart_base', 'xiri100', '{\"min_buy\":\"100\",\"max_discount\":\"100\"}', 10.00, 'percent', 1664575200, 1667170800, '2022-10-01 13:58:47', '2022-10-01 13:58:47'),
(2, 9, 'cart_base', 'Livraison', '{\"min_buy\":\"50\",\"max_discount\":\"10\"}', 6.00, 'amount', 1667516400, 1667689200, '2022-11-04 20:49:26', '2022-11-04 20:49:26'),
(3, 9, 'cart_base', 'Gratuit', '{\"min_buy\":\"100\",\"max_discount\":\"8\"}', 8.00, 'amount', 1670886000, 1672441200, '2022-12-13 10:40:20', '2022-12-13 10:40:20'),
(4, 9, 'cart_base', '100dt', '{\"min_buy\":\"100\",\"max_discount\":\"8\"}', 8.00, 'amount', 1681250400, 1682805600, '2023-04-12 14:22:31', '2023-04-12 14:22:31'),
(5, 9, 'product_base', 'Aid', '[{\"product_id\":\"1\"},{\"product_id\":\"2\"},{\"product_id\":\"3\"},{\"product_id\":\"4\"},{\"product_id\":\"80\"}]', 20.00, 'percent', 1681250400, 1682805600, '2023-04-12 14:24:54', '2023-04-12 14:24:54');

-- --------------------------------------------------------

--
-- Structure de la table `coupon_usages`
--

CREATE TABLE `coupon_usages` (
  `id` int NOT NULL,
  `user_id` int NOT NULL,
  `coupon_id` int NOT NULL,
  `created_at` timestamp NOT NULL DEFAULT CURRENT_TIMESTAMP,
  `updated_at` timestamp NOT NULL DEFAULT CURRENT_TIMESTAMP
) ENGINE=InnoDB DEFAULT CHARSET=utf8mb3 COLLATE=utf8mb3_unicode_ci;

--
-- Déchargement des données de la table `coupon_usages`
--

INSERT INTO `coupon_usages` (`id`, `user_id`, `coupon_id`, `created_at`, `updated_at`) VALUES
(1, 60, 3, '2022-12-13 10:43:26', '2022-12-13 10:43:26');

-- --------------------------------------------------------

--
-- Structure de la table `currencies`
--

CREATE TABLE `currencies` (
  `id` int NOT NULL,
  `name` varchar(255) CHARACTER SET utf8mb3 COLLATE utf8mb3_unicode_ci NOT NULL,
  `symbol` varchar(255) CHARACTER SET utf8mb3 COLLATE utf8mb3_unicode_ci NOT NULL,
  `exchange_rate` double(10,5) NOT NULL,
  `status` int NOT NULL DEFAULT '0',
  `code` varchar(20) CHARACTER SET utf8mb3 COLLATE utf8mb3_unicode_ci DEFAULT NULL,
  `created_at` timestamp NOT NULL DEFAULT CURRENT_TIMESTAMP,
  `updated_at` timestamp NOT NULL DEFAULT CURRENT_TIMESTAMP
) ENGINE=InnoDB DEFAULT CHARSET=utf8mb3 COLLATE=utf8mb3_unicode_ci;

--
-- Déchargement des données de la table `currencies`
--

INSERT INTO `currencies` (`id`, `name`, `symbol`, `exchange_rate`, `status`, `code`, `created_at`, `updated_at`) VALUES
(1, 'Dinar Tunisien', '', 1.00000, 1, 'TND', '2018-10-09 11:35:08', '2022-11-06 20:57:16'),
(2, 'Australian Dollar', '$', 1.28000, 1, 'AUD', '2018-10-09 11:35:08', '2019-02-04 05:51:55'),
(5, 'Brazilian Real', 'R$', 3.25000, 1, 'BRL', '2018-10-09 11:35:08', '2018-10-17 05:51:00'),
(6, 'Canadian Dollar', '$', 1.27000, 1, 'CAD', '2018-10-09 11:35:08', '2018-10-09 11:35:08'),
(7, 'Czech Koruna', 'Kč', 20.65000, 1, 'CZK', '2018-10-09 11:35:08', '2018-10-09 11:35:08'),
(8, 'Danish Krone', 'kr', 6.05000, 1, 'DKK', '2018-10-09 11:35:08', '2018-10-09 11:35:08'),
(9, 'Euro', '€', 0.85000, 1, 'EUR', '2018-10-09 11:35:08', '2018-10-09 11:35:08'),
(10, 'Hong Kong Dollar', '$', 7.83000, 1, 'HKD', '2018-10-09 11:35:08', '2018-10-09 11:35:08'),
(11, 'Hungarian Forint', 'Ft', 255.24000, 1, 'HUF', '2018-10-09 11:35:08', '2018-10-09 11:35:08'),
(12, 'Israeli New Sheqel', '₪', 3.48000, 1, 'ILS', '2018-10-09 11:35:08', '2018-10-09 11:35:08'),
(13, 'Japanese Yen', '¥', 107.12000, 1, 'JPY', '2018-10-09 11:35:08', '2018-10-09 11:35:08'),
(14, 'Malaysian Ringgit', 'RM', 3.91000, 1, 'MYR', '2018-10-09 11:35:08', '2018-10-09 11:35:08'),
(15, 'Mexican Peso', '$', 18.72000, 1, 'MXN', '2018-10-09 11:35:08', '2018-10-09 11:35:08'),
(16, 'Norwegian Krone', 'kr', 7.83000, 1, 'NOK', '2018-10-09 11:35:08', '2018-10-09 11:35:08'),
(17, 'New Zealand Dollar', '$', 1.38000, 1, 'NZD', '2018-10-09 11:35:08', '2018-10-09 11:35:08'),
(18, 'Philippine Peso', '₱', 52.26000, 1, 'PHP', '2018-10-09 11:35:08', '2018-10-09 11:35:08'),
(19, 'Polish Zloty', 'zł', 3.39000, 1, 'PLN', '2018-10-09 11:35:08', '2018-10-09 11:35:08'),
(20, 'Pound Sterling', '£', 0.72000, 1, 'GBP', '2018-10-09 11:35:08', '2018-10-09 11:35:08'),
(21, 'Russian Ruble', 'руб', 55.93000, 1, 'RUB', '2018-10-09 11:35:08', '2018-10-09 11:35:08'),
(22, 'Singapore Dollar', '$', 1.32000, 1, 'SGD', '2018-10-09 11:35:08', '2018-10-09 11:35:08'),
(23, 'Swedish Krona', 'kr', 8.19000, 1, 'SEK', '2018-10-09 11:35:08', '2018-10-09 11:35:08'),
(24, 'Swiss Franc', 'CHF', 0.94000, 1, 'CHF', '2018-10-09 11:35:08', '2018-10-09 11:35:08'),
(26, 'Thai Baht', '฿', 31.39000, 1, 'THB', '2018-10-09 11:35:08', '2018-10-09 11:35:08'),
(27, 'Taka', '৳', 84.00000, 1, 'BDT', '2018-10-09 11:35:08', '2018-12-02 05:16:13'),
(28, 'Indian Rupee', 'Rs', 68.45000, 1, 'Rupee', '2019-07-07 10:33:46', '2019-07-07 10:33:46');

-- --------------------------------------------------------

--
-- Structure de la table `customer_packages`
--

CREATE TABLE `customer_packages` (
  `id` int NOT NULL,
  `name` varchar(255) CHARACTER SET utf8mb3 COLLATE utf8mb3_unicode_ci DEFAULT NULL,
  `amount` double(20,2) DEFAULT NULL,
  `product_upload` int DEFAULT NULL,
  `logo` varchar(150) CHARACTER SET utf8mb3 COLLATE utf8mb3_unicode_ci DEFAULT NULL,
  `created_at` timestamp NULL DEFAULT NULL,
  `updated_at` timestamp NULL DEFAULT NULL
) ENGINE=InnoDB DEFAULT CHARSET=utf8mb3 COLLATE=utf8mb3_unicode_ci;

--
-- Déchargement des données de la table `customer_packages`
--

INSERT INTO `customer_packages` (`id`, `name`, `amount`, `product_upload`, `logo`, `created_at`, `updated_at`) VALUES
(1, 'Petite Annonces', 10.00, 100, NULL, '2023-04-13 01:15:06', '2023-04-13 01:15:06'),
(2, 'Gratuit', 0.00, 5, NULL, '2023-04-13 23:01:21', '2023-04-13 23:01:39');

-- --------------------------------------------------------

--
-- Structure de la table `customer_package_payments`
--

CREATE TABLE `customer_package_payments` (
  `id` int NOT NULL,
  `user_id` int NOT NULL,
  `customer_package_id` int NOT NULL,
  `payment_method` varchar(255) CHARACTER SET utf8mb3 COLLATE utf8mb3_unicode_ci NOT NULL,
  `payment_details` longtext CHARACTER SET utf8mb3 COLLATE utf8mb3_unicode_ci NOT NULL,
  `approval` int NOT NULL,
  `offline_payment` int NOT NULL COMMENT '1=offline payment\r\n2=online paymnet',
  `reciept` varchar(150) CHARACTER SET utf8mb3 COLLATE utf8mb3_unicode_ci NOT NULL,
  `created_at` timestamp NOT NULL DEFAULT CURRENT_TIMESTAMP,
  `updated_at` timestamp NOT NULL DEFAULT CURRENT_TIMESTAMP
) ENGINE=InnoDB DEFAULT CHARSET=utf8mb3 COLLATE=utf8mb3_unicode_ci;

--
-- Déchargement des données de la table `customer_package_payments`
--

INSERT INTO `customer_package_payments` (`id`, `user_id`, `customer_package_id`, `payment_method`, `payment_details`, `approval`, `offline_payment`, `reciept`, `created_at`, `updated_at`) VALUES
(1, 96, 1, 'Virement', '1452', 1, 1, '', '2023-04-13 01:15:55', '2023-04-13 01:16:29');

-- --------------------------------------------------------

--
-- Structure de la table `customer_package_translations`
--

CREATE TABLE `customer_package_translations` (
  `id` bigint NOT NULL,
  `customer_package_id` bigint NOT NULL,
  `name` varchar(50) CHARACTER SET utf8mb3 COLLATE utf8mb3_unicode_ci NOT NULL,
  `lang` varchar(100) CHARACTER SET utf8mb3 COLLATE utf8mb3_unicode_ci NOT NULL,
  `created_at` timestamp NOT NULL DEFAULT CURRENT_TIMESTAMP,
  `updated_at` timestamp NOT NULL DEFAULT CURRENT_TIMESTAMP
) ENGINE=InnoDB DEFAULT CHARSET=utf8mb3 COLLATE=utf8mb3_unicode_ci;

--
-- Déchargement des données de la table `customer_package_translations`
--

INSERT INTO `customer_package_translations` (`id`, `customer_package_id`, `name`, `lang`, `created_at`, `updated_at`) VALUES
(1, 1, 'Petite Annonces', 'fr', '2023-04-13 01:15:06', '2023-04-13 01:15:06'),
(2, 2, 'Gratuit', 'fr', '2023-04-13 23:01:21', '2023-04-13 23:01:21');

-- --------------------------------------------------------

--
-- Structure de la table `customer_products`
--

CREATE TABLE `customer_products` (
  `id` int NOT NULL,
  `name` varchar(255) CHARACTER SET utf8mb3 COLLATE utf8mb3_unicode_ci DEFAULT NULL,
  `published` int NOT NULL DEFAULT '0',
  `status` int NOT NULL DEFAULT '0',
  `added_by` varchar(50) CHARACTER SET utf8mb3 COLLATE utf8mb3_unicode_ci DEFAULT NULL,
  `user_id` int DEFAULT NULL,
  `category_id` int DEFAULT NULL,
  `subcategory_id` int DEFAULT NULL,
  `subsubcategory_id` int DEFAULT NULL,
  `brand_id` int DEFAULT NULL,
  `photos` varchar(255) CHARACTER SET utf8mb3 COLLATE utf8mb3_unicode_ci DEFAULT NULL,
  `thumbnail_img` varchar(150) CHARACTER SET utf8mb3 COLLATE utf8mb3_unicode_ci DEFAULT NULL,
  `conditon` varchar(50) CHARACTER SET utf8mb3 COLLATE utf8mb3_unicode_ci DEFAULT NULL,
  `location` text CHARACTER SET utf8mb3 COLLATE utf8mb3_unicode_ci,
  `video_provider` varchar(100) CHARACTER SET utf8mb3 COLLATE utf8mb3_unicode_ci DEFAULT NULL,
  `video_link` varchar(200) CHARACTER SET utf8mb3 COLLATE utf8mb3_unicode_ci DEFAULT NULL,
  `unit` varchar(200) CHARACTER SET utf8mb3 COLLATE utf8mb3_unicode_ci DEFAULT NULL,
  `tags` varchar(255) CHARACTER SET utf8mb3 COLLATE utf8mb3_unicode_ci DEFAULT NULL,
  `description` mediumtext CHARACTER SET utf8mb3 COLLATE utf8mb3_unicode_ci,
  `unit_price` double(20,2) DEFAULT '0.00',
  `meta_title` varchar(200) CHARACTER SET utf8mb3 COLLATE utf8mb3_unicode_ci DEFAULT NULL,
  `meta_description` varchar(500) CHARACTER SET utf8mb3 COLLATE utf8mb3_unicode_ci DEFAULT NULL,
  `meta_img` varchar(150) CHARACTER SET utf8mb3 COLLATE utf8mb3_unicode_ci DEFAULT NULL,
  `pdf` varchar(200) CHARACTER SET utf8mb3 COLLATE utf8mb3_unicode_ci DEFAULT NULL,
  `slug` varchar(200) CHARACTER SET utf8mb3 COLLATE utf8mb3_unicode_ci DEFAULT NULL,
  `created_at` timestamp NOT NULL DEFAULT CURRENT_TIMESTAMP,
  `updated_at` timestamp NOT NULL DEFAULT CURRENT_TIMESTAMP
) ENGINE=InnoDB DEFAULT CHARSET=utf8mb3 COLLATE=utf8mb3_unicode_ci;

--
-- Déchargement des données de la table `customer_products`
--

INSERT INTO `customer_products` (`id`, `name`, `published`, `status`, `added_by`, `user_id`, `category_id`, `subcategory_id`, `subsubcategory_id`, `brand_id`, `photos`, `thumbnail_img`, `conditon`, `location`, `video_provider`, `video_link`, `unit`, `tags`, `description`, `unit_price`, `meta_title`, `meta_description`, `meta_img`, `pdf`, `slug`, `created_at`, `updated_at`) VALUES
(1, 'PlayStation 4', 1, 1, 'customer', 96, 1, NULL, NULL, 17, '890', '890', 'used', 'Nabeul', 'youtube', NULL, 'Pack', 'ps4,playstation,slim,noir', '<p>PlayStation 4 Slim + 1 manette presque neuf</p>', 350.00, 'PlayStation 4', 'PlayStation 4 Slim + 1 manette presque neuf', NULL, NULL, 'playstation-4-tjfxh', '2023-04-13 22:57:31', '2023-04-13 23:03:40');

-- --------------------------------------------------------

--
-- Structure de la table `customer_product_translations`
--

CREATE TABLE `customer_product_translations` (
  `id` bigint NOT NULL,
  `customer_product_id` bigint NOT NULL,
  `name` varchar(200) CHARACTER SET utf8mb3 COLLATE utf8mb3_unicode_ci DEFAULT NULL,
  `unit` varchar(20) CHARACTER SET utf8mb3 COLLATE utf8mb3_unicode_ci DEFAULT NULL,
  `description` longtext CHARACTER SET utf8mb3 COLLATE utf8mb3_unicode_ci,
  `lang` varchar(100) CHARACTER SET utf8mb3 COLLATE utf8mb3_unicode_ci NOT NULL,
  `created_at` timestamp NOT NULL DEFAULT CURRENT_TIMESTAMP,
  `updated_at` timestamp NOT NULL DEFAULT CURRENT_TIMESTAMP
) ENGINE=InnoDB DEFAULT CHARSET=utf8mb3 COLLATE=utf8mb3_unicode_ci;

--
-- Déchargement des données de la table `customer_product_translations`
--

INSERT INTO `customer_product_translations` (`id`, `customer_product_id`, `name`, `unit`, `description`, `lang`, `created_at`, `updated_at`) VALUES
(1, 1, 'PlayStation 4', 'Pack', '<p>PlayStation 4 Slim + 1 manette presque neuf</p>', 'fr', '2023-04-13 22:57:31', '2023-04-13 22:57:31');

-- --------------------------------------------------------

--
-- Structure de la table `firebase_notifications`
--

CREATE TABLE `firebase_notifications` (
  `id` int NOT NULL,
  `title` varchar(255) DEFAULT NULL,
  `text` text,
  `item_type` varchar(255) NOT NULL,
  `item_type_id` int NOT NULL,
  `receiver_id` int NOT NULL,
  `is_read` tinyint(1) NOT NULL DEFAULT '0',
  `created_at` timestamp NOT NULL DEFAULT CURRENT_TIMESTAMP,
  `updated_at` timestamp NOT NULL DEFAULT CURRENT_TIMESTAMP
) ENGINE=InnoDB DEFAULT CHARSET=utf8mb3;

-- --------------------------------------------------------

--
-- Structure de la table `flash_deals`
--

CREATE TABLE `flash_deals` (
  `id` int NOT NULL,
  `title` varchar(255) CHARACTER SET utf8mb3 COLLATE utf8mb3_unicode_ci DEFAULT NULL,
  `start_date` int DEFAULT NULL,
  `end_date` int DEFAULT NULL,
  `status` int NOT NULL DEFAULT '0',
  `featured` int NOT NULL DEFAULT '0',
  `background_color` varchar(255) CHARACTER SET utf8mb3 COLLATE utf8mb3_unicode_ci DEFAULT NULL,
  `text_color` varchar(255) CHARACTER SET utf8mb3 COLLATE utf8mb3_unicode_ci DEFAULT NULL,
  `banner` varchar(255) CHARACTER SET utf8mb3 COLLATE utf8mb3_unicode_ci DEFAULT NULL,
  `slug` varchar(255) CHARACTER SET utf8mb3 COLLATE utf8mb3_unicode_ci DEFAULT NULL,
  `created_at` timestamp NULL DEFAULT CURRENT_TIMESTAMP,
  `updated_at` timestamp NOT NULL DEFAULT CURRENT_TIMESTAMP
) ENGINE=InnoDB DEFAULT CHARSET=utf8mb3 COLLATE=utf8mb3_unicode_ci;

--
-- Déchargement des données de la table `flash_deals`
--

INSERT INTO `flash_deals` (`id`, `title`, `start_date`, `end_date`, `status`, `featured`, `background_color`, `text_color`, `banner`, `slug`, `created_at`, `updated_at`) VALUES
(4, 'Vente Flash', 1677279600, 1677452340, 0, 0, '#37356d', 'white', '750', 'vente-flash-iAQ28', '2023-02-23 22:30:50', '2023-02-27 00:11:33'),
(5, 'XIRI', 1681336800, 1681509540, 1, 1, '#e62e04', 'dark', '889', 'xiri-FQXgg', '2023-04-13 13:31:21', '2023-04-13 13:48:57');

-- --------------------------------------------------------

--
-- Structure de la table `flash_deal_products`
--

CREATE TABLE `flash_deal_products` (
  `id` int NOT NULL,
  `flash_deal_id` int NOT NULL,
  `product_id` int NOT NULL,
  `discount` double(20,2) DEFAULT '0.00',
  `discount_type` varchar(20) CHARACTER SET utf8mb3 COLLATE utf8mb3_unicode_ci DEFAULT NULL,
  `created_at` timestamp NOT NULL DEFAULT CURRENT_TIMESTAMP,
  `updated_at` timestamp NOT NULL DEFAULT CURRENT_TIMESTAMP
) ENGINE=InnoDB DEFAULT CHARSET=utf8mb3 COLLATE=utf8mb3_unicode_ci;

--
-- Déchargement des données de la table `flash_deal_products`
--

INSERT INTO `flash_deal_products` (`id`, `flash_deal_id`, `product_id`, `discount`, `discount_type`, `created_at`, `updated_at`) VALUES
(46, 4, 1, 0.00, NULL, '2023-02-23 22:41:35', '2023-02-23 22:41:35'),
(47, 4, 2, 0.00, NULL, '2023-02-23 22:41:35', '2023-02-23 22:41:35'),
(48, 4, 3, 0.00, NULL, '2023-02-23 22:41:35', '2023-02-23 22:41:35'),
(49, 4, 4, 0.00, NULL, '2023-02-23 22:41:35', '2023-02-23 22:41:35'),
(50, 4, 23, 0.00, NULL, '2023-02-23 22:41:35', '2023-02-23 22:41:35'),
(51, 4, 76, 0.00, NULL, '2023-02-23 22:41:35', '2023-02-23 22:41:35'),
(52, 4, 80, 0.00, NULL, '2023-02-23 22:41:35', '2023-02-23 22:41:35'),
(53, 4, 207, 0.00, NULL, '2023-02-24 19:43:36', '2023-02-24 19:43:36'),
(69, 5, 233, 0.00, NULL, '2023-04-13 13:53:45', '2023-04-13 13:53:45'),
(70, 5, 236, 0.00, NULL, '2023-04-13 13:53:45', '2023-04-13 13:53:45');

-- --------------------------------------------------------

--
-- Structure de la table `flash_deal_translations`
--

CREATE TABLE `flash_deal_translations` (
  `id` bigint NOT NULL,
  `flash_deal_id` bigint NOT NULL,
  `title` varchar(50) CHARACTER SET utf8mb3 COLLATE utf8mb3_unicode_ci NOT NULL,
  `lang` varchar(100) CHARACTER SET utf8mb3 COLLATE utf8mb3_unicode_ci NOT NULL,
  `created_at` timestamp NOT NULL DEFAULT CURRENT_TIMESTAMP,
  `updated_at` timestamp NOT NULL DEFAULT CURRENT_TIMESTAMP
) ENGINE=InnoDB DEFAULT CHARSET=utf8mb3 COLLATE=utf8mb3_unicode_ci;

--
-- Déchargement des données de la table `flash_deal_translations`
--

INSERT INTO `flash_deal_translations` (`id`, `flash_deal_id`, `title`, `lang`, `created_at`, `updated_at`) VALUES
(4, 4, 'Vente Flash', 'fr', '2023-02-23 22:30:50', '2023-02-23 22:30:50'),
(5, 5, 'XIRI', 'fr', '2023-04-13 13:31:21', '2023-04-13 13:31:21');

-- --------------------------------------------------------

--
-- Structure de la table `follow_sellers`
--

CREATE TABLE `follow_sellers` (
  `user_id` bigint NOT NULL,
  `shop_id` bigint NOT NULL
) ENGINE=InnoDB DEFAULT CHARSET=utf8mb3 COLLATE=utf8mb3_unicode_ci;

-- --------------------------------------------------------

--
-- Structure de la table `home_categories`
--

CREATE TABLE `home_categories` (
  `id` int NOT NULL,
  `category_id` int NOT NULL,
  `subsubcategories` varchar(1000) CHARACTER SET utf8mb3 COLLATE utf8mb3_unicode_ci DEFAULT NULL,
  `status` int NOT NULL DEFAULT '1',
  `created_at` timestamp NOT NULL DEFAULT CURRENT_TIMESTAMP,
  `updated_at` timestamp NOT NULL DEFAULT CURRENT_TIMESTAMP
) ENGINE=InnoDB DEFAULT CHARSET=utf8mb3 COLLATE=utf8mb3_unicode_ci;

--
-- Déchargement des données de la table `home_categories`
--

INSERT INTO `home_categories` (`id`, `category_id`, `subsubcategories`, `status`, `created_at`, `updated_at`) VALUES
(1, 1, '[\"1\"]', 1, '2019-03-12 06:38:23', '2019-03-12 06:38:23'),
(2, 2, '[\"10\"]', 1, '2019-03-12 06:44:54', '2019-03-12 06:44:54');

-- --------------------------------------------------------

--
-- Structure de la table `languages`
--

CREATE TABLE `languages` (
  `id` int NOT NULL,
  `name` varchar(100) CHARACTER SET utf8mb3 COLLATE utf8mb3_unicode_ci NOT NULL,
  `code` varchar(100) CHARACTER SET utf8mb3 COLLATE utf8mb3_unicode_ci NOT NULL,
  `app_lang_code` varchar(255) CHARACTER SET utf8mb3 COLLATE utf8mb3_unicode_ci DEFAULT 'en',
  `rtl` int NOT NULL DEFAULT '0',
  `status` tinyint(1) NOT NULL DEFAULT '1',
  `created_at` timestamp NOT NULL DEFAULT CURRENT_TIMESTAMP,
  `updated_at` timestamp NOT NULL DEFAULT CURRENT_TIMESTAMP
) ENGINE=InnoDB DEFAULT CHARSET=utf8mb3 COLLATE=utf8mb3_unicode_ci;

--
-- Déchargement des données de la table `languages`
--

INSERT INTO `languages` (`id`, `name`, `code`, `app_lang_code`, `rtl`, `status`, `created_at`, `updated_at`) VALUES
(1, 'English', 'en', 'en', 0, 1, '2019-01-20 12:13:20', '2019-01-20 12:13:20'),
(4, 'Arabic', 'sa', 'ar', 1, 0, '2019-04-28 18:34:12', '2022-09-11 09:39:43'),
(5, 'Francais', 'fr', 'fr', 0, 1, '2022-09-11 09:39:38', '2022-09-11 09:39:38');

-- --------------------------------------------------------

--
-- Structure de la table `manual_payment_methods`
--

CREATE TABLE `manual_payment_methods` (
  `id` int NOT NULL,
  `type` varchar(255) CHARACTER SET utf8mb3 COLLATE utf8mb3_unicode_ci DEFAULT NULL,
  `heading` varchar(255) CHARACTER SET utf8mb3 COLLATE utf8mb3_unicode_ci DEFAULT NULL,
  `description` text CHARACTER SET utf8mb3 COLLATE utf8mb3_unicode_ci,
  `bank_info` text CHARACTER SET utf8mb3 COLLATE utf8mb3_unicode_ci,
  `photo` varchar(255) CHARACTER SET utf8mb3 COLLATE utf8mb3_unicode_ci DEFAULT NULL,
  `created_at` timestamp NOT NULL DEFAULT CURRENT_TIMESTAMP,
  `updated_at` timestamp NOT NULL DEFAULT CURRENT_TIMESTAMP
) ENGINE=InnoDB DEFAULT CHARSET=utf8mb3 COLLATE=utf8mb3_unicode_ci;

--
-- Déchargement des données de la table `manual_payment_methods`
--

INSERT INTO `manual_payment_methods` (`id`, `type`, `heading`, `description`, `bank_info`, `photo`, `created_at`, `updated_at`) VALUES
(1, 'bank_payment', 'Virement', '<p>C\'est quoi le paiement par virement bancaire ?</p><p>Le virement bancaire permet de transférer des sommes directement de compte à compte, sans passer par un moyen de paiement (carte bancaire, chèque, etc.).</p>', '[{\"bank_name\":\"Biat\",\"account_name\":\"XIRI.TN\",\"account_number\":\"00000000000000000000\",\"routing_number\":null}]', NULL, '2022-10-01 13:50:36', '2022-10-01 13:50:36'),
(2, 'check_payment', 'Cheque', NULL, NULL, NULL, '2022-10-01 13:51:01', '2022-10-01 13:51:01');

-- --------------------------------------------------------

--
-- Structure de la table `messages`
--

CREATE TABLE `messages` (
  `id` int NOT NULL,
  `conversation_id` int NOT NULL,
  `user_id` int NOT NULL,
  `message` text CHARACTER SET utf8mb3 COLLATE utf8mb3_unicode_ci,
  `created_at` timestamp NOT NULL DEFAULT CURRENT_TIMESTAMP,
  `updated_at` timestamp NOT NULL DEFAULT CURRENT_TIMESTAMP
) ENGINE=InnoDB DEFAULT CHARSET=utf8mb3 COLLATE=utf8mb3_unicode_ci;

--
-- Déchargement des données de la table `messages`
--

INSERT INTO `messages` (`id`, `conversation_id`, `user_id`, `message`, `created_at`, `updated_at`) VALUES
(1, 1, 9, 'https://smartconso.org/index.php/product/film-ceramics-100d-pour-a80-a90-a905-x27pro-redminote9pro', '2022-09-11 13:40:37', '2022-09-11 13:40:37'),
(2, 2, 9, 'https://smartconso.org/index.php/product/spot-led-panel-3w-18w', '2022-09-12 19:15:31', '2022-09-12 19:15:31'),
(3, 3, 21, 'https://xiri.tn/product/coque-rigide-pubg-avec-ring-pour-huawei-y6-prime-2019\r\ntest', '2022-10-13 18:14:32', '2022-10-13 18:14:32');

-- --------------------------------------------------------

--
-- Structure de la table `migrations`
--

CREATE TABLE `migrations` (
  `id` int UNSIGNED NOT NULL,
  `migration` varchar(191) CHARACTER SET utf8mb3 COLLATE utf8mb3_unicode_ci NOT NULL,
  `batch` int NOT NULL
) ENGINE=InnoDB DEFAULT CHARSET=utf8mb3 COLLATE=utf8mb3_unicode_ci;

--
-- Déchargement des données de la table `migrations`
--

INSERT INTO `migrations` (`id`, `migration`, `batch`) VALUES
(1, '2014_10_12_000000_create_users_table', 1),
(2, '2014_10_12_100000_create_password_resets_table', 1);

-- --------------------------------------------------------

--
-- Structure de la table `model_has_permissions`
--

CREATE TABLE `model_has_permissions` (
  `permission_id` bigint UNSIGNED NOT NULL,
  `model_type` varchar(191) CHARACTER SET utf8mb4 COLLATE utf8mb4_unicode_ci NOT NULL,
  `model_id` bigint UNSIGNED NOT NULL
) ENGINE=InnoDB DEFAULT CHARSET=utf8mb4 COLLATE=utf8mb4_unicode_ci;

-- --------------------------------------------------------

--
-- Structure de la table `model_has_roles`
--

CREATE TABLE `model_has_roles` (
  `role_id` bigint UNSIGNED NOT NULL,
  `model_type` varchar(191) CHARACTER SET utf8mb4 COLLATE utf8mb4_unicode_ci NOT NULL,
  `model_id` bigint UNSIGNED NOT NULL
) ENGINE=InnoDB DEFAULT CHARSET=utf8mb4 COLLATE=utf8mb4_unicode_ci;

--
-- Déchargement des données de la table `model_has_roles`
--

INSERT INTO `model_has_roles` (`role_id`, `model_type`, `model_id`) VALUES
(1, 'App\\Models\\User', 9),
(4, 'App\\Models\\User', 18),
(4, 'App\\Models\\User', 19);

-- --------------------------------------------------------

--
-- Structure de la table `notifications`
--

CREATE TABLE `notifications` (
  `id` char(36) CHARACTER SET utf8mb3 COLLATE utf8mb3_unicode_ci NOT NULL,
  `type` varchar(191) CHARACTER SET utf8mb3 COLLATE utf8mb3_unicode_ci NOT NULL,
  `notifiable_type` varchar(191) CHARACTER SET utf8mb3 COLLATE utf8mb3_unicode_ci NOT NULL,
  `notifiable_id` bigint UNSIGNED NOT NULL,
  `data` text CHARACTER SET utf8mb3 COLLATE utf8mb3_unicode_ci NOT NULL,
  `read_at` timestamp NULL DEFAULT NULL,
  `created_at` timestamp NULL DEFAULT NULL,
  `updated_at` timestamp NULL DEFAULT NULL
) ENGINE=InnoDB DEFAULT CHARSET=utf8mb3 COLLATE=utf8mb3_unicode_ci;

--
-- Déchargement des données de la table `notifications`
--

INSERT INTO `notifications` (`id`, `type`, `notifiable_type`, `notifiable_id`, `data`, `read_at`, `created_at`, `updated_at`) VALUES
('00098279-372f-45b9-b142-1d0481042356', 'App\\Notifications\\OrderNotification', 'App\\Models\\User', 33, '{\"order_id\":22,\"order_code\":\"20221111-22580447\",\"user_id\":36,\"seller_id\":33,\"status\":\"confirmed\"}', '2022-11-12 15:08:36', '2022-11-12 07:21:32', '2022-11-12 15:08:36'),
('007e927f-b3ed-4f19-a5e7-79feaec57d10', 'App\\Notifications\\OrderNotification', 'App\\Models\\User', 31, '{\"order_id\":20,\"order_code\":\"20221105-12160263\",\"user_id\":31,\"seller_id\":23,\"status\":\"on_the_way\"}', NULL, '2022-11-07 23:00:56', '2022-11-07 23:00:56'),
('008e99b4-76ae-45e0-925d-85d5f24bc165', 'App\\Notifications\\OrderNotification', 'App\\Models\\User', 36, '{\"order_id\":22,\"order_code\":\"20221111-22580447\",\"user_id\":36,\"seller_id\":33,\"status\":\"placed\"}', NULL, '2022-11-11 21:58:04', '2022-11-11 21:58:04'),
('01145eb4-9599-424b-9da5-a325f9b03612', 'App\\Notifications\\OrderNotification', 'App\\Models\\User', 9, '{\"order_id\":9,\"order_code\":\"20220925-16375114\",\"user_id\":13,\"seller_id\":9,\"status\":\"placed\"}', '2022-10-11 21:20:34', '2022-09-25 14:37:52', '2022-10-11 21:20:34'),
('018730d4-6982-4169-be90-420868284401', 'App\\Notifications\\OrderNotification', 'App\\Models\\User', 107, '{\"order_id\":88,\"order_code\":\"20230313-12281159\",\"user_id\":107,\"seller_id\":26,\"status\":\"confirmed\"}', '2023-03-19 11:52:13', '2023-03-13 11:31:11', '2023-03-19 11:52:13'),
('018b8bda-6cd4-4b84-8667-d48695cb0c9c', 'App\\Notifications\\OrderNotification', 'App\\Models\\User', 113, '{\"order_id\":99,\"order_code\":\"20230421-18450626\",\"user_id\":113,\"seller_id\":16,\"status\":\"placed\"}', NULL, '2023-04-21 16:45:07', '2023-04-21 16:45:07'),
('01d8c0ef-7b50-4572-8d78-f86d8bf37d9b', 'App\\Notifications\\OrderNotification', 'App\\Models\\User', 102, '{\"order_id\":102,\"order_code\":\"20230429-16183134\",\"user_id\":118,\"seller_id\":102,\"status\":\"on_the_way\"}', NULL, '2023-05-01 09:52:52', '2023-05-01 09:52:52'),
('02e2a6fc-d9c8-4c3f-b284-7b1acfa5ee1d', 'App\\Notifications\\OrderNotification', 'App\\Models\\User', 26, '{\"order_id\":15,\"order_code\":\"20221101-16245861\",\"user_id\":29,\"seller_id\":26,\"status\":\"picked_up\"}', '2022-11-10 13:50:12', '2022-11-02 12:05:23', '2022-11-10 13:50:12'),
('036130f9-ad27-40e1-b005-fb2739f609c9', 'App\\Notifications\\OrderNotification', 'App\\Models\\User', 17, '{\"order_id\":21,\"order_code\":\"20221110-13521015\",\"user_id\":35,\"seller_id\":17,\"status\":\"placed\"}', '2022-11-11 11:50:40', '2022-11-10 12:52:11', '2022-11-11 11:50:40'),
('0385dd8b-2f76-4af6-bc45-1513df7bdda8', 'App\\Notifications\\OrderNotification', 'App\\Models\\User', 105, '{\"order_id\":86,\"order_code\":\"20230307-10060744\",\"user_id\":105,\"seller_id\":102,\"status\":\"paid\"}', NULL, '2023-03-20 08:55:42', '2023-03-20 08:55:42'),
('03e27845-e6b4-45a5-9d3a-50673017ad96', 'App\\Notifications\\OrderNotification', 'App\\Models\\User', 9, '{\"order_id\":29,\"order_code\":\"20221124-18302943\",\"user_id\":52,\"seller_id\":17,\"status\":\"picked_up\"}', '2022-11-24 19:26:09', '2022-11-24 18:06:37', '2022-11-24 19:26:09'),
('03e83444-db7d-488a-8aab-56e75cc811d7', 'App\\Notifications\\OrderNotification', 'App\\Models\\User', 9, '{\"order_id\":23,\"order_code\":\"20221113-13245097\",\"user_id\":38,\"seller_id\":33,\"status\":\"confirmed\"}', '2022-11-13 21:07:48', '2022-11-13 21:07:20', '2022-11-13 21:07:48'),
('0409ade6-f09d-4418-b8dd-03bc9c383d06', 'App\\Notifications\\OrderNotification', 'App\\Models\\User', 13, '{\"order_id\":9,\"order_code\":\"20220925-16375114\",\"user_id\":13,\"seller_id\":9,\"status\":\"confirmed\"}', NULL, '2022-09-25 14:39:09', '2022-09-25 14:39:09'),
('040d9231-8e70-41a5-a55f-1f6f7b7bf367', 'App\\Notifications\\OrderNotification', 'App\\Models\\User', 121, '{\"order_id\":104,\"order_code\":\"20230507-10501272\",\"user_id\":121,\"seller_id\":26,\"status\":\"placed\"}', '2023-05-07 09:42:40', '2023-05-07 08:50:13', '2023-05-07 09:42:40'),
('04797594-6a43-4507-996a-5d3031abe58f', 'App\\Notifications\\OrderNotification', 'App\\Models\\User', 9, '{\"order_id\":86,\"order_code\":\"20230307-10060744\",\"user_id\":105,\"seller_id\":102,\"status\":\"delivered\"}', '2023-03-21 18:17:23', '2023-03-20 08:55:41', '2023-03-21 18:17:23'),
('04b1c8de-a4fa-4ff0-b2f9-a4571a0154ba', 'App\\Notifications\\OrderNotification', 'App\\Models\\User', 9, '{\"order_id\":14,\"order_code\":\"20221029-12435444\",\"user_id\":29,\"seller_id\":9,\"status\":\"paid\"}', '2022-11-02 17:54:15', '2022-10-29 16:44:51', '2022-11-02 17:54:15'),
('04fa1f4f-e06d-462a-8937-5dde91d67ce3', 'App\\Notifications\\OrderNotification', 'App\\Models\\User', 96, '{\"order_id\":97,\"order_code\":\"20230413-00542926\",\"user_id\":96,\"seller_id\":9,\"status\":\"delivered\"}', NULL, '2023-04-12 23:03:01', '2023-04-12 23:03:01'),
('050b122f-974f-4de4-b626-94d474f81da1', 'App\\Notifications\\OrderNotification', 'App\\Models\\User', 9, '{\"order_id\":84,\"order_code\":\"20230227-15283787\",\"user_id\":98,\"seller_id\":16,\"status\":\"confirmed\"}', '2023-02-27 21:32:56', '2023-02-27 16:10:50', '2023-02-27 21:32:56'),
('05630f5b-3702-477d-9b0f-f3adc077dd55', 'App\\Notifications\\OrderNotification', 'App\\Models\\User', 10, '{\"order_id\":3,\"order_code\":\"20220912-21241144\",\"user_id\":10,\"seller_id\":12,\"status\":\"paid\"}', NULL, '2022-09-12 19:27:52', '2022-09-12 19:27:52'),
('0570fb82-db5a-44f9-b532-6c727147facc', 'App\\Notifications\\OrderNotification', 'App\\Models\\User', 91, '{\"order_id\":92,\"order_code\":\"20230402-01061315\",\"user_id\":46,\"seller_id\":91,\"status\":\"cancelled\"}', '2023-04-05 14:36:42', '2023-04-02 01:22:51', '2023-04-05 14:36:42'),
('05aa895d-edfa-4fd8-a36a-c73d9439f0d0', 'App\\Notifications\\OrderNotification', 'App\\Models\\User', 12, '{\"order_id\":3,\"order_code\":\"20220912-21241144\",\"user_id\":10,\"seller_id\":12,\"status\":\"on_the_way\"}', NULL, '2022-09-12 19:27:29', '2022-09-12 19:27:29'),
('05e95038-7dc9-4622-9405-73d4ad0a13ea', 'App\\Notifications\\OrderNotification', 'App\\Models\\User', 53, '{\"order_id\":30,\"order_code\":\"20221125-10112092\",\"user_id\":53,\"seller_id\":17,\"status\":\"picked_up\"}', NULL, '2022-11-26 22:17:16', '2022-11-26 22:17:16'),
('0626d948-fa8d-4b41-a226-b79c4ebe1169', 'App\\Notifications\\OrderNotification', 'App\\Models\\User', 9, '{\"order_id\":1,\"order_code\":\"20220911-14471390\",\"user_id\":10,\"seller_id\":9,\"status\":\"placed\"}', '2022-09-11 16:06:32', '2022-09-11 12:47:14', '2022-09-11 16:06:32'),
('06329cdc-d838-4e73-8c99-005dfce9cd16', 'App\\Notifications\\OrderNotification', 'App\\Models\\User', 26, '{\"order_id\":77,\"order_code\":\"20230121-17062671\",\"user_id\":86,\"seller_id\":26,\"status\":\"delivered\"}', '2023-01-31 16:36:28', '2023-01-23 16:26:28', '2023-01-31 16:36:28'),
('0634865f-912a-4443-bc91-f9318e8f4c1d', 'App\\Notifications\\OrderNotification', 'App\\Models\\User', 93, '{\"order_id\":81,\"order_code\":\"20230216-16021220\",\"user_id\":93,\"seller_id\":91,\"status\":\"placed\"}', NULL, '2023-02-16 15:02:13', '2023-02-16 15:02:13'),
('06c3cb40-9b87-42e4-8f36-6f03f1b4477f', 'App\\Notifications\\OrderNotification', 'App\\Models\\User', 10, '{\"order_id\":7,\"order_code\":\"20220916-02102233\",\"user_id\":10,\"seller_id\":9,\"status\":\"paid\"}', NULL, '2022-09-25 14:40:02', '2022-09-25 14:40:02'),
('078aafef-df45-4ad7-8c98-09e84be1fcc6', 'App\\Notifications\\OrderNotification', 'App\\Models\\User', 17, '{\"order_id\":29,\"order_code\":\"20221124-18302943\",\"user_id\":52,\"seller_id\":17,\"status\":\"picked_up\"}', '2022-11-25 10:46:25', '2022-11-24 18:06:37', '2022-11-25 10:46:25'),
('078cedcd-d74e-453b-9a73-8aef05c3212f', 'App\\Notifications\\OrderNotification', 'App\\Models\\User', 9, '{\"order_id\":96,\"order_code\":\"20230410-01184314\",\"user_id\":95,\"seller_id\":26,\"status\":\"paid\"}', '2023-04-10 11:56:56', '2023-04-09 23:19:14', '2023-04-10 11:56:56'),
('079e1b2f-4eaf-45c0-80d6-0a8d97c32871', 'App\\Notifications\\OrderNotification', 'App\\Models\\User', 17, '{\"order_id\":21,\"order_code\":\"20221110-13521015\",\"user_id\":35,\"seller_id\":17,\"status\":\"delivered\"}', '2022-11-11 11:50:40', '2022-11-11 11:45:46', '2022-11-11 11:50:40'),
('07aa792d-3a94-4679-ad6d-c1b190436d11', 'App\\Notifications\\OrderNotification', 'App\\Models\\User', 86, '{\"order_id\":77,\"order_code\":\"20230121-17062671\",\"user_id\":86,\"seller_id\":26,\"status\":\"delivered\"}', NULL, '2023-01-23 16:26:28', '2023-01-23 16:26:28'),
('07ff6466-ccf5-4238-b35d-cb75ccfcd3f0', 'App\\Notifications\\OrderNotification', 'App\\Models\\User', 114, '{\"order_id\":100,\"order_code\":\"20230421-20001760\",\"user_id\":114,\"seller_id\":102,\"status\":\"picked_up\"}', NULL, '2023-04-24 15:43:59', '2023-04-24 15:43:59'),
('0803fa9d-2409-4007-9cd5-ebfd698278c9', 'App\\Notifications\\OrderNotification', 'App\\Models\\User', 46, '{\"order_id\":33,\"order_code\":\"20221206-11513581\",\"user_id\":46,\"seller_id\":17,\"status\":\"confirmed\"}', '2023-04-01 23:06:52', '2022-12-06 10:56:39', '2023-04-01 23:06:52'),
('08138f01-7234-491b-bcee-a558f1937ed1', 'App\\Notifications\\OrderNotification', 'App\\Models\\User', 26, '{\"order_id\":77,\"order_code\":\"20230121-17062671\",\"user_id\":86,\"seller_id\":26,\"status\":\"confirmed\"}', '2023-01-31 16:36:28', '2023-01-21 16:10:29', '2023-01-31 16:36:28'),
('08799062-e2dd-4669-bd96-d1312d9991f0', 'App\\Notifications\\OrderNotification', 'App\\Models\\User', 26, '{\"order_id\":78,\"order_code\":\"20230127-16170231\",\"user_id\":86,\"seller_id\":26,\"status\":\"on_the_way\"}', '2023-01-31 16:36:28', '2023-01-28 21:26:48', '2023-01-31 16:36:28'),
('0912bf07-8d92-4f0a-ba91-2da06d7cdada', 'App\\Notifications\\OrderNotification', 'App\\Models\\User', 102, '{\"order_id\":86,\"order_code\":\"20230307-10060744\",\"user_id\":105,\"seller_id\":102,\"status\":\"confirmed\"}', '2023-03-08 10:57:35', '2023-03-07 09:06:36', '2023-03-08 10:57:35'),
('0986d678-df61-4ae2-9202-6e52298001f4', 'App\\Notifications\\OrderNotification', 'App\\Models\\User', 31, '{\"order_id\":20,\"order_code\":\"20221105-12160263\",\"user_id\":31,\"seller_id\":23,\"status\":\"picked_up\"}', NULL, '2022-11-07 23:00:54', '2022-11-07 23:00:54'),
('09938e2b-dd3c-42a5-9e80-d0d75032c423', 'App\\Notifications\\OrderNotification', 'App\\Models\\User', 9, '{\"order_id\":37,\"order_code\":\"20221213-16530391\",\"user_id\":64,\"seller_id\":9,\"status\":\"placed\"}', '2022-12-13 15:53:40', '2022-12-13 15:53:04', '2022-12-13 15:53:40'),
('09a7ec67-5565-498a-aa75-dab79288a968', 'App\\Notifications\\OrderNotification', 'App\\Models\\User', 35, '{\"order_id\":21,\"order_code\":\"20221110-13521015\",\"user_id\":35,\"seller_id\":17,\"status\":\"confirmed\"}', NULL, '2022-11-10 14:58:44', '2022-11-10 14:58:44'),
('09b11993-9b81-41bb-a3f7-ca68c2a31a51', 'App\\Notifications\\OrderNotification', 'App\\Models\\User', 54, '{\"order_id\":31,\"order_code\":\"20221125-15430154\",\"user_id\":54,\"seller_id\":17,\"status\":\"placed\"}', NULL, '2022-11-25 14:43:02', '2022-11-25 14:43:02'),
('0a7512bc-ffeb-408d-ac81-15145eba3b25', 'App\\Notifications\\OrderNotification', 'App\\Models\\User', 9, '{\"order_id\":79,\"order_code\":\"20230209-13202875\",\"user_id\":29,\"seller_id\":9,\"status\":\"delivered\"}', '2023-02-09 22:09:24', '2023-02-09 22:08:42', '2023-02-09 22:09:24'),
('0b1036d6-c74e-4ecf-9353-4923c6a283b5', 'App\\Notifications\\OrderNotification', 'App\\Models\\User', 9, '{\"order_id\":100,\"order_code\":\"20230421-20001760\",\"user_id\":114,\"seller_id\":102,\"status\":\"picked_up\"}', '2023-04-25 18:46:14', '2023-04-24 15:43:59', '2023-04-25 18:46:14'),
('0b8009fa-d020-42d0-a065-08469a69fffb', 'App\\Notifications\\OrderNotification', 'App\\Models\\User', 9, '{\"order_id\":31,\"order_code\":\"20221125-15430154\",\"user_id\":54,\"seller_id\":17,\"status\":\"placed\"}', '2022-11-26 08:45:38', '2022-11-25 14:43:02', '2022-11-26 08:45:38'),
('0bb3ea61-e229-49dd-a5ec-2ab46293a160', 'App\\Notifications\\OrderNotification', 'App\\Models\\User', 122, '{\"order_id\":105,\"order_code\":\"20230507-13105638\",\"user_id\":122,\"seller_id\":26,\"status\":\"placed\"}', '2023-05-07 11:21:11', '2023-05-07 11:10:57', '2023-05-07 11:21:11'),
('0bbc8481-23b7-4523-a657-f374b635593b', 'App\\Notifications\\OrderNotification', 'App\\Models\\User', 26, '{\"order_id\":15,\"order_code\":\"20221101-16245861\",\"user_id\":29,\"seller_id\":26,\"status\":\"paid\"}', '2022-11-10 13:50:12', '2022-11-02 16:22:42', '2022-11-10 13:50:12'),
('0c6cd9c7-f4a4-4425-9f0f-d4f3e087be37', 'App\\Notifications\\OrderNotification', 'App\\Models\\User', 109, '{\"order_id\":90,\"order_code\":\"20230321-12132324\",\"user_id\":109,\"seller_id\":16,\"status\":\"confirmed\"}', NULL, '2023-03-21 18:17:30', '2023-03-21 18:17:30'),
('0ccea91a-f45b-48fc-b689-d79904a1ed41', 'App\\Notifications\\OrderNotification', 'App\\Models\\User', 91, '{\"order_id\":81,\"order_code\":\"20230216-16021220\",\"user_id\":93,\"seller_id\":91,\"status\":\"placed\"}', '2023-02-16 16:40:14', '2023-02-16 15:03:00', '2023-02-16 16:40:14'),
('0ce63765-5a95-4b85-994c-87bd73fc7885', 'App\\Notifications\\OrderNotification', 'App\\Models\\User', 52, '{\"order_id\":29,\"order_code\":\"20221124-18302943\",\"user_id\":52,\"seller_id\":17,\"status\":\"confirmed\"}', NULL, '2022-11-24 18:06:30', '2022-11-24 18:06:30'),
('0d3e7a84-2e62-4a3f-a12e-43cdb84674c9', 'App\\Notifications\\OrderNotification', 'App\\Models\\User', 9, '{\"order_id\":100,\"order_code\":\"20230421-20001760\",\"user_id\":114,\"seller_id\":102,\"status\":\"placed\"}', '2023-04-22 09:24:44', '2023-04-21 18:00:18', '2023-04-22 09:24:44'),
('0db15428-2862-4c1b-901f-4b40d6077ac1', 'App\\Notifications\\OrderNotification', 'App\\Models\\User', 9, '{\"order_id\":85,\"order_code\":\"20230304-13075490\",\"user_id\":103,\"seller_id\":102,\"status\":\"picked_up\"}', '2023-03-04 15:19:26', '2023-03-04 15:19:05', '2023-03-04 15:19:26'),
('0e25199b-67e2-4578-aa15-dc1f0047e154', 'App\\Notifications\\OrderNotification', 'App\\Models\\User', 9, '{\"order_id\":81,\"order_code\":\"20230216-16021220\",\"user_id\":93,\"seller_id\":91,\"status\":\"placed\"}', '2023-02-16 16:38:05', '2023-02-16 15:02:47', '2023-02-16 16:38:05'),
('0e40c5d5-8406-46ae-80d9-2a19705f218f', 'App\\Notifications\\OrderNotification', 'App\\Models\\User', 118, '{\"order_id\":102,\"order_code\":\"20230429-16183134\",\"user_id\":118,\"seller_id\":102,\"status\":\"confirmed\"}', NULL, '2023-04-29 15:35:25', '2023-04-29 15:35:25'),
('0e47099c-8228-41f4-b661-82d636d1b304', 'App\\Notifications\\OrderNotification', 'App\\Models\\User', 26, '{\"order_id\":18,\"order_code\":\"20221102-15514247\",\"user_id\":31,\"seller_id\":26,\"status\":\"cancelled\"}', '2022-11-10 13:50:12', '2022-11-07 23:01:12', '2022-11-10 13:50:12'),
('0e9ca84c-2dfb-4329-89fa-90ba2d6ecc9c', 'App\\Notifications\\OrderNotification', 'App\\Models\\User', 9, '{\"order_id\":84,\"order_code\":\"20230227-15283787\",\"user_id\":98,\"seller_id\":16,\"status\":\"on_the_way\"}', '2023-02-27 21:32:56', '2023-02-27 16:10:57', '2023-02-27 21:32:56'),
('0eb52054-d0a3-4079-9759-4a0e3affe19d', 'App\\Notifications\\OrderNotification', 'App\\Models\\User', 10, '{\"order_id\":2,\"order_code\":\"20220911-16493630\",\"user_id\":10,\"seller_id\":9,\"status\":\"paid\"}', NULL, '2022-09-12 19:25:16', '2022-09-12 19:25:16'),
('0f7c8de3-d705-474d-b82a-025a1e06dc61', 'App\\Notifications\\OrderNotification', 'App\\Models\\User', 95, '{\"order_id\":82,\"order_code\":\"20230218-13504562\",\"user_id\":95,\"seller_id\":26,\"status\":\"placed\"}', NULL, '2023-02-18 12:50:46', '2023-02-18 12:50:46'),
('0f9843a7-6744-45f3-bdf4-e9366d95f60b', 'App\\Notifications\\OrderNotification', 'App\\Models\\User', 9, '{\"order_id\":80,\"order_code\":\"20230209-13202867\",\"user_id\":29,\"seller_id\":26,\"status\":\"placed\"}', '2023-02-09 22:08:24', '2023-02-09 12:20:29', '2023-02-09 22:08:24'),
('0fb4d067-6ba8-4492-9548-3129d328925f', 'App\\Notifications\\OrderNotification', 'App\\Models\\User', 17, '{\"order_id\":32,\"order_code\":\"20221204-18140885\",\"user_id\":56,\"seller_id\":17,\"status\":\"placed\"}', '2022-12-13 15:56:10', '2022-12-04 17:14:09', '2022-12-13 15:56:10'),
('104e4e58-c1d2-4009-a01d-97f8c874e417', 'App\\Notifications\\OrderNotification', 'App\\Models\\User', 17, '{\"order_id\":30,\"order_code\":\"20221125-10112092\",\"user_id\":53,\"seller_id\":17,\"status\":\"placed\"}', '2022-11-25 10:46:25', '2022-11-25 09:11:21', '2022-11-25 10:46:25'),
('10c9c9ac-f593-47d8-9193-1ca9b96dcbc0', 'App\\Notifications\\OrderNotification', 'App\\Models\\User', 31, '{\"order_id\":20,\"order_code\":\"20221105-12160263\",\"user_id\":31,\"seller_id\":23,\"status\":\"placed\"}', NULL, '2022-11-05 11:16:03', '2022-11-05 11:16:03'),
('1159fa93-5612-4e01-b642-3aac1ca37ec7', 'App\\Notifications\\OrderNotification', 'App\\Models\\User', 93, '{\"order_id\":81,\"order_code\":\"20230216-16021220\",\"user_id\":93,\"seller_id\":91,\"status\":\"placed\"}', NULL, '2023-02-16 15:03:00', '2023-02-16 15:03:00'),
('11a29a15-75da-48f5-944f-3c8a02bbe072', 'App\\Notifications\\OrderNotification', 'App\\Models\\User', 16, '{\"order_id\":84,\"order_code\":\"20230227-15283787\",\"user_id\":98,\"seller_id\":16,\"status\":\"delivered\"}', NULL, '2023-02-27 21:33:04', '2023-02-27 21:33:04'),
('11d2c213-6308-4e12-9d86-694ffda805a3', 'App\\Notifications\\OrderNotification', 'App\\Models\\User', 9, '{\"order_id\":89,\"order_code\":\"20230319-12533669\",\"user_id\":107,\"seller_id\":26,\"status\":\"confirmed\"}', '2023-03-21 18:17:23', '2023-03-20 08:53:32', '2023-03-21 18:17:23'),
('121530a5-1a5c-40c8-aa15-6888139a3626', 'App\\Notifications\\OrderNotification', 'App\\Models\\User', 54, '{\"order_id\":31,\"order_code\":\"20221125-15430154\",\"user_id\":54,\"seller_id\":17,\"status\":\"confirmed\"}', NULL, '2022-11-26 08:47:22', '2022-11-26 08:47:22'),
('124c2535-0323-4b0a-928b-1023b2968e31', 'App\\Notifications\\OrderNotification', 'App\\Models\\User', 9, '{\"order_id\":95,\"order_code\":\"20230409-11302476\",\"user_id\":112,\"seller_id\":91,\"status\":\"delivered\"}', '2023-04-14 13:47:11', '2023-04-14 13:46:45', '2023-04-14 13:47:11'),
('12a90715-6b2e-4c45-90fb-093f9eba25d4', 'App\\Notifications\\OrderNotification', 'App\\Models\\User', 29, '{\"order_id\":14,\"order_code\":\"20221029-12435444\",\"user_id\":29,\"seller_id\":9,\"status\":\"placed\"}', '2022-10-29 17:08:31', '2022-10-29 10:43:55', '2022-10-29 17:08:31'),
('13220f3c-dc64-4614-8a06-a932b5c54998', 'App\\Notifications\\OrderNotification', 'App\\Models\\User', 102, '{\"order_id\":86,\"order_code\":\"20230307-10060744\",\"user_id\":105,\"seller_id\":102,\"status\":\"picked_up\"}', '2023-03-08 10:57:35', '2023-03-07 13:19:21', '2023-03-08 10:57:35'),
('1334451c-78d8-419e-9468-6f8ac0dd4346', 'App\\Notifications\\OrderNotification', 'App\\Models\\User', 9, '{\"order_id\":10,\"order_code\":\"20221003-15072370\",\"user_id\":10,\"seller_id\":9,\"status\":\"paid\"}', '2022-11-02 17:54:15', '2022-10-25 08:17:57', '2022-11-02 17:54:15'),
('137e6309-a968-4936-8226-c81467ba63bb', 'App\\Notifications\\OrderNotification', 'App\\Models\\User', 9, '{\"order_id\":102,\"order_code\":\"20230429-16183134\",\"user_id\":118,\"seller_id\":102,\"status\":\"placed\"}', '2023-04-29 15:35:02', '2023-04-29 14:18:31', '2023-04-29 15:35:02'),
('13b080d4-c83f-4508-900f-9fa58fee670b', 'App\\Notifications\\OrderNotification', 'App\\Models\\User', 9, '{\"order_id\":90,\"order_code\":\"20230321-12132324\",\"user_id\":109,\"seller_id\":16,\"status\":\"on_the_way\"}', '2023-03-27 09:42:58', '2023-03-22 20:41:26', '2023-03-27 09:42:58'),
('15c90891-ad16-4ae7-a340-b46823d21650', 'App\\Notifications\\OrderNotification', 'App\\Models\\User', 12, '{\"order_id\":6,\"order_code\":\"20220916-02082649\",\"user_id\":10,\"seller_id\":12,\"status\":\"placed\"}', NULL, '2022-09-16 00:08:26', '2022-09-16 00:08:26'),
('15ed5d1d-d5d7-4cb5-ac2a-d0cbb89cefb0', 'App\\Notifications\\OrderNotification', 'App\\Models\\User', 17, '{\"order_id\":29,\"order_code\":\"20221124-18302943\",\"user_id\":52,\"seller_id\":17,\"status\":\"placed\"}', '2022-11-25 10:46:25', '2022-11-24 17:30:30', '2022-11-25 10:46:25'),
('161feb7d-1e05-41cc-a4cd-c8f93ebdb77a', 'App\\Notifications\\OrderNotification', 'App\\Models\\User', 9, '{\"order_id\":14,\"order_code\":\"20221029-12435444\",\"user_id\":29,\"seller_id\":9,\"status\":\"confirmed\"}', '2022-11-02 17:54:15', '2022-10-29 10:57:17', '2022-11-02 17:54:15'),
('165b15d5-a0f1-4bd7-9e5b-f98c76880cd1', 'App\\Notifications\\OrderNotification', 'App\\Models\\User', 29, '{\"order_id\":16,\"order_code\":\"20221101-16245824\",\"user_id\":29,\"seller_id\":9,\"status\":\"placed\"}', NULL, '2022-11-01 15:24:59', '2022-11-01 15:24:59'),
('17584f41-0df6-4f7e-96f7-9c51123c3785', 'App\\Notifications\\OrderNotification', 'App\\Models\\User', 9, '{\"order_id\":30,\"order_code\":\"20221125-10112092\",\"user_id\":53,\"seller_id\":17,\"status\":\"placed\"}', '2022-11-25 10:38:13', '2022-11-25 09:11:21', '2022-11-25 10:38:13'),
('17b57b18-e099-4971-973d-9fe929c24ce4', 'App\\Notifications\\OrderNotification', 'App\\Models\\User', 9, '{\"order_id\":85,\"order_code\":\"20230304-13075490\",\"user_id\":103,\"seller_id\":102,\"status\":\"confirmed\"}', '2023-03-04 15:19:26', '2023-03-04 15:19:01', '2023-03-04 15:19:26'),
('17c90e84-f36a-44f7-8e34-a77aab2b1cf4', 'App\\Notifications\\OrderNotification', 'App\\Models\\User', 30, '{\"order_id\":17,\"order_code\":\"20221101-17154863\",\"user_id\":30,\"seller_id\":9,\"status\":\"placed\"}', NULL, '2022-11-01 16:15:49', '2022-11-01 16:15:49'),
('182c3247-5cd1-442d-bde7-6d2c9bfdeeda', 'App\\Notifications\\OrderNotification', 'App\\Models\\User', 26, '{\"order_id\":78,\"order_code\":\"20230127-16170231\",\"user_id\":86,\"seller_id\":26,\"status\":\"picked_up\"}', '2023-01-31 16:36:28', '2023-01-27 20:07:22', '2023-01-31 16:36:28'),
('19133e5a-8d04-431f-b8dd-33f8e491032a', 'App\\Notifications\\OrderNotification', 'App\\Models\\User', 17, '{\"order_id\":32,\"order_code\":\"20221204-18140885\",\"user_id\":56,\"seller_id\":17,\"status\":\"cancelled\"}', NULL, '2022-12-13 15:56:13', '2022-12-13 15:56:13'),
('1968805d-c128-4398-b1ad-cd525ccf3be3', 'App\\Notifications\\OrderNotification', 'App\\Models\\User', 26, '{\"order_id\":13,\"order_code\":\"20221029-12435473\",\"user_id\":29,\"seller_id\":26,\"status\":\"placed\"}', '2022-10-31 07:22:24', '2022-10-29 10:43:54', '2022-10-31 07:22:24'),
('19e13837-20b6-41c5-a352-1da2f972e9c5', 'App\\Notifications\\OrderNotification', 'App\\Models\\User', 109, '{\"order_id\":90,\"order_code\":\"20230321-12132324\",\"user_id\":109,\"seller_id\":16,\"status\":\"picked_up\"}', NULL, '2023-03-21 18:18:23', '2023-03-21 18:18:23'),
('1a0af098-df8f-46c0-92cb-e8ee30d2ff78', 'App\\Notifications\\OrderNotification', 'App\\Models\\User', 106, '{\"order_id\":87,\"order_code\":\"20230311-19111098\",\"user_id\":106,\"seller_id\":102,\"status\":\"picked_up\"}', NULL, '2023-03-12 12:51:14', '2023-03-12 12:51:14'),
('1a2cccac-2c52-4fda-bfad-017c9ec8107e', 'App\\Notifications\\OrderNotification', 'App\\Models\\User', 102, '{\"order_id\":100,\"order_code\":\"20230421-20001760\",\"user_id\":114,\"seller_id\":102,\"status\":\"on_the_way\"}', NULL, '2023-04-24 15:44:01', '2023-04-24 15:44:01'),
('1aaf3770-cd92-4ed3-b106-53c94482deb2', 'App\\Notifications\\OrderNotification', 'App\\Models\\User', 9, '{\"order_id\":79,\"order_code\":\"20230209-13202875\",\"user_id\":29,\"seller_id\":9,\"status\":\"placed\"}', '2023-02-09 22:08:24', '2023-02-09 12:20:29', '2023-02-09 22:08:24'),
('1b506f67-c3ec-4e8a-9120-74b10a605dba', 'App\\Notifications\\OrderNotification', 'App\\Models\\User', 9, '{\"order_id\":23,\"order_code\":\"20221113-13245097\",\"user_id\":38,\"seller_id\":33,\"status\":\"delivered\"}', '2022-11-15 12:05:50', '2022-11-15 11:04:50', '2022-11-15 12:05:50'),
('1b96e47c-7a01-43b1-9673-e767f46c023e', 'App\\Notifications\\OrderNotification', 'App\\Models\\User', 102, '{\"order_id\":87,\"order_code\":\"20230311-19111098\",\"user_id\":106,\"seller_id\":102,\"status\":\"confirmed\"}', NULL, '2023-03-11 18:38:55', '2023-03-11 18:38:55'),
('1cb50fa9-b4a8-45a0-a67a-b859062f4f8c', 'App\\Notifications\\OrderNotification', 'App\\Models\\User', 102, '{\"order_id\":85,\"order_code\":\"20230304-13075490\",\"user_id\":103,\"seller_id\":102,\"status\":\"picked_up\"}', '2023-03-08 10:57:35', '2023-03-04 15:19:05', '2023-03-08 10:57:35'),
('1ce228b2-c601-4728-b2d4-304108e76c77', 'App\\Notifications\\OrderNotification', 'App\\Models\\User', 26, '{\"order_id\":15,\"order_code\":\"20221101-16245861\",\"user_id\":29,\"seller_id\":26,\"status\":\"placed\"}', '2022-11-10 13:50:12', '2022-11-01 15:24:59', '2022-11-10 13:50:12'),
('1d3c1b80-9e91-45eb-bcd4-86726f822c55', 'App\\Notifications\\OrderNotification', 'App\\Models\\User', 86, '{\"order_id\":77,\"order_code\":\"20230121-17062671\",\"user_id\":86,\"seller_id\":26,\"status\":\"picked_up\"}', '2023-01-23 15:19:00', '2023-01-22 16:50:06', '2023-01-23 15:19:00'),
('1e02febe-8df9-4edd-8042-3ae4400c83c7', 'App\\Notifications\\OrderNotification', 'App\\Models\\User', 36, '{\"order_id\":22,\"order_code\":\"20221111-22580447\",\"user_id\":36,\"seller_id\":33,\"status\":\"picked_up\"}', NULL, '2022-11-12 22:54:48', '2022-11-12 22:54:48'),
('1e2b02cc-7f01-431b-a846-6415957f4d75', 'App\\Notifications\\OrderNotification', 'App\\Models\\User', 16, '{\"order_id\":84,\"order_code\":\"20230227-15283787\",\"user_id\":98,\"seller_id\":16,\"status\":\"placed\"}', NULL, '2023-02-27 14:28:38', '2023-02-27 14:28:38'),
('1e3e31ba-9155-46ab-93d2-95f22e13e6f1', 'App\\Notifications\\OrderNotification', 'App\\Models\\User', 29, '{\"order_id\":91,\"order_code\":\"20230331-21424824\",\"user_id\":29,\"seller_id\":9,\"status\":\"picked_up\"}', NULL, '2023-04-01 10:29:41', '2023-04-01 10:29:41'),
('1e5a3680-692b-4c99-a5d9-3f5c35277b7a', 'App\\Notifications\\OrderNotification', 'App\\Models\\User', 9, '{\"order_id\":6,\"order_code\":\"20220916-02082649\",\"user_id\":10,\"seller_id\":12,\"status\":\"delivered\"}', '2022-10-11 21:20:34', '2022-09-29 21:23:26', '2022-10-11 21:20:34'),
('1e5dbcd5-082d-4f96-b095-42980d60dfed', 'App\\Notifications\\OrderNotification', 'App\\Models\\User', 105, '{\"order_id\":86,\"order_code\":\"20230307-10060744\",\"user_id\":105,\"seller_id\":102,\"status\":\"delivered\"}', NULL, '2023-03-20 08:55:41', '2023-03-20 08:55:41'),
('1e6a7e55-f98b-4d6c-af87-74018841c710', 'App\\Notifications\\OrderNotification', 'App\\Models\\User', 9, '{\"order_id\":28,\"order_code\":\"20221124-12391583\",\"user_id\":51,\"seller_id\":17,\"status\":\"picked_up\"}', '2022-11-24 18:06:20', '2022-11-24 16:54:35', '2022-11-24 18:06:20'),
('1ed060ef-9e19-4332-9314-84d61aef762e', 'App\\Notifications\\OrderNotification', 'App\\Models\\User', 95, '{\"order_id\":96,\"order_code\":\"20230410-01184314\",\"user_id\":95,\"seller_id\":26,\"status\":\"placed\"}', NULL, '2023-04-09 23:18:44', '2023-04-09 23:18:44'),
('1f050ecb-873f-441c-bdba-10ec801c9c41', 'App\\Notifications\\OrderNotification', 'App\\Models\\User', 9, '{\"order_id\":16,\"order_code\":\"20221101-16245824\",\"user_id\":29,\"seller_id\":9,\"status\":\"on_the_way\"}', '2022-11-02 17:54:15', '2022-11-02 12:05:54', '2022-11-02 17:54:15'),
('1f057f93-ac79-4e4a-ba77-37085ce83814', 'App\\Notifications\\OrderNotification', 'App\\Models\\User', 45, '{\"order_id\":26,\"order_code\":\"20221114-17261473\",\"user_id\":45,\"seller_id\":17,\"status\":\"confirmed\"}', NULL, '2022-11-14 17:12:16', '2022-11-14 17:12:16'),
('1f33c666-13cd-404f-9e62-63e9f5a7e73e', 'App\\Notifications\\OrderNotification', 'App\\Models\\User', 17, '{\"order_id\":33,\"order_code\":\"20221206-11513581\",\"user_id\":46,\"seller_id\":17,\"status\":\"confirmed\"}', '2022-12-13 15:56:10', '2022-12-06 10:56:39', '2022-12-13 15:56:10'),
('1f4d8b0c-7d63-4b2a-9c35-63be49d519f0', 'App\\Notifications\\OrderNotification', 'App\\Models\\User', 16, '{\"order_id\":90,\"order_code\":\"20230321-12132324\",\"user_id\":109,\"seller_id\":16,\"status\":\"cancelled\"}', NULL, '2023-03-22 20:41:34', '2023-03-22 20:41:34'),
('1f63471b-cbe2-4bfd-82e7-d53f3c6fca81', 'App\\Notifications\\OrderNotification', 'App\\Models\\User', 91, '{\"order_id\":93,\"order_code\":\"20230402-03235763\",\"user_id\":46,\"seller_id\":91,\"status\":\"on_the_way\"}', '2023-04-05 14:36:42', '2023-04-04 11:24:47', '2023-04-05 14:36:42'),
('201689c6-4c11-42e4-8ceb-f47d788483f4', 'App\\Notifications\\OrderNotification', 'App\\Models\\User', 26, '{\"order_id\":18,\"order_code\":\"20221102-15514247\",\"user_id\":31,\"seller_id\":26,\"status\":\"confirmed\"}', '2022-11-10 13:50:12', '2022-11-02 14:52:39', '2022-11-10 13:50:12'),
('211c685d-f049-432b-ab7f-2665174f0f55', 'App\\Notifications\\OrderNotification', 'App\\Models\\User', 9, '{\"order_id\":95,\"order_code\":\"20230409-11302476\",\"user_id\":112,\"seller_id\":91,\"status\":\"confirmed\"}', '2023-04-09 11:36:08', '2023-04-09 09:31:24', '2023-04-09 11:36:08'),
('21da5faf-a13c-47c2-987c-05961529a121', 'App\\Notifications\\OrderNotification', 'App\\Models\\User', 17, '{\"order_id\":24,\"order_code\":\"20221113-19424330\",\"user_id\":39,\"seller_id\":17,\"status\":\"cancelled\"}', '2022-11-14 08:05:55', '2022-11-13 21:06:47', '2022-11-14 08:05:55'),
('21f15165-b03f-46f6-90b0-c659b7602948', 'App\\Notifications\\OrderNotification', 'App\\Models\\User', 16, '{\"order_id\":90,\"order_code\":\"20230321-12132324\",\"user_id\":109,\"seller_id\":16,\"status\":\"picked_up\"}', NULL, '2023-03-21 18:18:23', '2023-03-21 18:18:23'),
('22f89301-7352-439e-a583-e145d19da1e6', 'App\\Notifications\\OrderNotification', 'App\\Models\\User', 91, '{\"order_id\":92,\"order_code\":\"20230402-01061315\",\"user_id\":46,\"seller_id\":91,\"status\":\"confirmed\"}', '2023-04-05 14:36:42', '2023-04-02 01:22:13', '2023-04-05 14:36:42'),
('23344973-f3c1-44e0-b369-72a1860b78fd', 'App\\Notifications\\OrderNotification', 'App\\Models\\User', 12, '{\"order_id\":3,\"order_code\":\"20220912-21241144\",\"user_id\":10,\"seller_id\":12,\"status\":\"picked_up\"}', NULL, '2022-09-12 19:27:20', '2022-09-12 19:27:20'),
('2352d314-91b8-486a-98f1-13d6412847cf', 'App\\Notifications\\OrderNotification', 'App\\Models\\User', 35, '{\"order_id\":21,\"order_code\":\"20221110-13521015\",\"user_id\":35,\"seller_id\":17,\"status\":\"placed\"}', '2022-11-10 12:52:21', '2022-11-10 12:52:11', '2022-11-10 12:52:21'),
('238ff5ec-1fb7-4a1d-97ae-fdb8508b63d1', 'App\\Notifications\\OrderNotification', 'App\\Models\\User', 33, '{\"order_id\":23,\"order_code\":\"20221113-13245097\",\"user_id\":38,\"seller_id\":33,\"status\":\"picked_up\"}', '2022-11-18 21:15:27', '2022-11-13 21:07:23', '2022-11-18 21:15:27'),
('23fad602-d8c8-4480-bfd4-0077201c7614', 'App\\Notifications\\OrderNotification', 'App\\Models\\User', 9, '{\"order_id\":13,\"order_code\":\"20221029-12435473\",\"user_id\":29,\"seller_id\":26,\"status\":\"picked_up\"}', '2022-11-02 17:54:15', '2022-10-29 12:22:49', '2022-11-02 17:54:15'),
('2408abc0-b2da-41e1-8971-0f98db55a182', 'App\\Notifications\\OrderNotification', 'App\\Models\\User', 9, '{\"order_id\":100,\"order_code\":\"20230421-20001760\",\"user_id\":114,\"seller_id\":102,\"status\":\"paid\"}', '2023-05-01 12:07:48', '2023-05-01 09:52:16', '2023-05-01 12:07:48'),
('2472ff72-5ebf-4f76-a6bc-d061843a5ef6', 'App\\Notifications\\OrderNotification', 'App\\Models\\User', 9, '{\"order_id\":12,\"order_code\":\"20221027-21365817\",\"user_id\":28,\"seller_id\":26,\"status\":\"delivered\"}', '2022-11-02 17:54:15', '2022-10-28 12:19:37', '2022-11-02 17:54:15'),
('24823ebd-47e2-488f-aab0-66532c0083d0', 'App\\Notifications\\OrderNotification', 'App\\Models\\User', 117, '{\"order_id\":101,\"order_code\":\"20230429-14583640\",\"user_id\":117,\"seller_id\":102,\"status\":\"delivered\"}', NULL, '2023-05-01 09:52:31', '2023-05-01 09:52:31'),
('250c0f8c-edd7-45cc-9fc5-b6228b6605a8', 'App\\Notifications\\OrderNotification', 'App\\Models\\User', 102, '{\"order_id\":102,\"order_code\":\"20230429-16183134\",\"user_id\":118,\"seller_id\":102,\"status\":\"delivered\"}', NULL, '2023-05-03 16:55:59', '2023-05-03 16:55:59'),
('25a77794-07ce-4a50-8fe0-aca94dfb20eb', 'App\\Notifications\\OrderNotification', 'App\\Models\\User', 26, '{\"order_id\":82,\"order_code\":\"20230218-13504562\",\"user_id\":95,\"seller_id\":26,\"status\":\"picked_up\"}', NULL, '2023-03-08 19:06:15', '2023-03-08 19:06:15'),
('25b68667-e7fa-4764-8ccd-07d2ed17915a', 'App\\Notifications\\OrderNotification', 'App\\Models\\User', 53, '{\"order_id\":30,\"order_code\":\"20221125-10112092\",\"user_id\":53,\"seller_id\":17,\"status\":\"placed\"}', '2022-11-25 09:11:49', '2022-11-25 09:11:21', '2022-11-25 09:11:49'),
('26020917-09f4-4005-938a-e6bc219802ca', 'App\\Notifications\\OrderNotification', 'App\\Models\\User', 17, '{\"order_id\":29,\"order_code\":\"20221124-18302943\",\"user_id\":52,\"seller_id\":17,\"status\":\"on_the_way\"}', '2022-11-25 10:46:25', '2022-11-24 18:06:42', '2022-11-25 10:46:25'),
('261c243f-9726-446a-b642-a57dbfc6510c', 'App\\Notifications\\OrderNotification', 'App\\Models\\User', 9, '{\"order_id\":22,\"order_code\":\"20221111-22580447\",\"user_id\":36,\"seller_id\":33,\"status\":\"picked_up\"}', '2022-11-13 21:06:35', '2022-11-12 22:54:48', '2022-11-13 21:06:35'),
('26bf16ac-7c54-49c7-b15d-9caf1afbb76d', 'App\\Notifications\\OrderNotification', 'App\\Models\\User', 17, '{\"order_id\":26,\"order_code\":\"20221114-17261473\",\"user_id\":45,\"seller_id\":17,\"status\":\"placed\"}', '2022-11-15 15:34:57', '2022-11-14 16:26:14', '2022-11-15 15:34:57'),
('26d10354-2327-44cc-a1f3-5482c3ee9839', 'App\\Notifications\\OrderNotification', 'App\\Models\\User', 117, '{\"order_id\":101,\"order_code\":\"20230429-14583640\",\"user_id\":117,\"seller_id\":102,\"status\":\"confirmed\"}', NULL, '2023-04-29 15:34:25', '2023-04-29 15:34:25'),
('26f8f7e1-4a12-4a36-8b55-a1018cb699b5', 'App\\Notifications\\OrderNotification', 'App\\Models\\User', 29, '{\"order_id\":14,\"order_code\":\"20221029-12435444\",\"user_id\":29,\"seller_id\":9,\"status\":\"picked_up\"}', '2022-10-29 17:08:31', '2022-10-29 12:23:02', '2022-10-29 17:08:31'),
('2704f75d-cf0c-4692-a547-1e68364222c4', 'App\\Notifications\\OrderNotification', 'App\\Models\\User', 9, '{\"order_id\":36,\"order_code\":\"20221213-11432677\",\"user_id\":60,\"seller_id\":9,\"status\":\"delivered\"}', '2022-12-13 15:11:30', '2022-12-13 15:10:55', '2022-12-13 15:11:30'),
('27b15ab6-8f89-4beb-b7c3-30976fa8a7da', 'App\\Notifications\\OrderNotification', 'App\\Models\\User', 46, '{\"order_id\":93,\"order_code\":\"20230402-03235763\",\"user_id\":46,\"seller_id\":91,\"status\":\"delivered\"}', NULL, '2023-04-04 11:24:49', '2023-04-04 11:24:49'),
('27fe20dd-d976-4398-8369-134aa52b6705', 'App\\Notifications\\OrderNotification', 'App\\Models\\User', 60, '{\"order_id\":35,\"order_code\":\"20221213-11363525\",\"user_id\":60,\"seller_id\":9,\"status\":\"placed\"}', NULL, '2022-12-13 10:36:35', '2022-12-13 10:36:35'),
('287701db-479b-4101-9b92-71598d8b32fd', 'App\\Notifications\\OrderNotification', 'App\\Models\\User', 30, '{\"order_id\":17,\"order_code\":\"20221101-17154863\",\"user_id\":30,\"seller_id\":9,\"status\":\"confirmed\"}', NULL, '2022-11-01 16:17:51', '2022-11-01 16:17:51'),
('2936d132-262b-4783-af65-cd3c1fb3281f', 'App\\Notifications\\OrderNotification', 'App\\Models\\User', 86, '{\"order_id\":78,\"order_code\":\"20230127-16170231\",\"user_id\":86,\"seller_id\":26,\"status\":\"cancelled\"}', NULL, '2023-02-09 22:09:06', '2023-02-09 22:09:06'),
('295b811c-dd07-4699-8b22-21426d69afdb', 'App\\Notifications\\OrderNotification', 'App\\Models\\User', 102, '{\"order_id\":87,\"order_code\":\"20230311-19111098\",\"user_id\":106,\"seller_id\":102,\"status\":\"placed\"}', NULL, '2023-03-11 18:11:10', '2023-03-11 18:11:10'),
('29790938-7aba-47ed-bafd-be5ca74e5066', 'App\\Notifications\\OrderNotification', 'App\\Models\\User', 9, '{\"order_id\":94,\"order_code\":\"20230406-07034361\",\"user_id\":110,\"seller_id\":9,\"status\":\"placed\"}', '2023-04-06 20:32:39', '2023-04-06 05:03:44', '2023-04-06 20:32:39'),
('29f16fde-4a57-470e-9afd-236056a1d6a6', 'App\\Notifications\\OrderNotification', 'App\\Models\\User', 46, '{\"order_id\":92,\"order_code\":\"20230402-01061315\",\"user_id\":46,\"seller_id\":91,\"status\":\"cancelled\"}', NULL, '2023-04-02 01:22:51', '2023-04-02 01:22:51'),
('29f98a2c-e3e6-42d2-9742-0c3b268b1025', 'App\\Notifications\\OrderNotification', 'App\\Models\\User', 46, '{\"order_id\":93,\"order_code\":\"20230402-03235763\",\"user_id\":46,\"seller_id\":91,\"status\":\"placed\"}', NULL, '2023-04-02 01:23:58', '2023-04-02 01:23:58'),
('2a852c56-38da-44ed-b73a-c0ba46d658fc', 'App\\Notifications\\OrderNotification', 'App\\Models\\User', 26, '{\"order_id\":12,\"order_code\":\"20221027-21365817\",\"user_id\":28,\"seller_id\":26,\"status\":\"confirmed\"}', '2022-10-31 07:22:24', '2022-10-27 22:17:40', '2022-10-31 07:22:24'),
('2b65ed84-fbde-4c35-9eb3-2e1cabb44b0a', 'App\\Notifications\\OrderNotification', 'App\\Models\\User', 9, '{\"order_id\":77,\"order_code\":\"20230121-17062671\",\"user_id\":86,\"seller_id\":26,\"status\":\"on_the_way\"}', '2023-01-22 21:33:15', '2023-01-22 21:33:04', '2023-01-22 21:33:15'),
('2b7171ff-6ae5-42c3-acd7-1baee86b6b72', 'App\\Notifications\\OrderNotification', 'App\\Models\\User', 102, '{\"order_id\":102,\"order_code\":\"20230429-16183134\",\"user_id\":118,\"seller_id\":102,\"status\":\"confirmed\"}', NULL, '2023-04-29 15:35:25', '2023-04-29 15:35:25'),
('2b8d0779-19aa-4491-bd89-5377a024565b', 'App\\Notifications\\OrderNotification', 'App\\Models\\User', 102, '{\"order_id\":102,\"order_code\":\"20230429-16183134\",\"user_id\":118,\"seller_id\":102,\"status\":\"picked_up\"}', NULL, '2023-04-29 19:46:53', '2023-04-29 19:46:53'),
('2b9f0889-880b-434c-ab56-47d03a0b41e3', 'App\\Notifications\\OrderNotification', 'App\\Models\\User', 9, '{\"order_id\":30,\"order_code\":\"20221125-10112092\",\"user_id\":53,\"seller_id\":17,\"status\":\"paid\"}', '2022-12-07 11:55:34', '2022-12-07 11:54:26', '2022-12-07 11:55:34'),
('2bdc9663-64af-4542-a55b-e93475be0b66', 'App\\Notifications\\OrderNotification', 'App\\Models\\User', 105, '{\"order_id\":86,\"order_code\":\"20230307-10060744\",\"user_id\":105,\"seller_id\":102,\"status\":\"picked_up\"}', NULL, '2023-03-07 13:19:21', '2023-03-07 13:19:21'),
('2d837d27-c771-4922-b3f5-146654b5980f', 'App\\Notifications\\OrderNotification', 'App\\Models\\User', 16, '{\"order_id\":84,\"order_code\":\"20230227-15283787\",\"user_id\":98,\"seller_id\":16,\"status\":\"picked_up\"}', NULL, '2023-02-27 16:10:54', '2023-02-27 16:10:54'),
('2db5effd-59b5-45ff-9450-3d648d0b70ca', 'App\\Notifications\\OrderNotification', 'App\\Models\\User', 9, '{\"order_id\":84,\"order_code\":\"20230227-15283787\",\"user_id\":98,\"seller_id\":16,\"status\":\"delivered\"}', '2023-02-27 21:33:16', '2023-02-27 21:33:04', '2023-02-27 21:33:16'),
('2dce358b-4046-47f7-89a2-45dd51df81d1', 'App\\Notifications\\OrderNotification', 'App\\Models\\User', 9, '{\"order_id\":85,\"order_code\":\"20230304-13075490\",\"user_id\":103,\"seller_id\":102,\"status\":\"placed\"}', '2023-03-04 13:54:16', '2023-03-04 12:07:55', '2023-03-04 13:54:16'),
('2de8c2d3-18ce-4995-b0b0-919321fe6d36', 'App\\Notifications\\OrderNotification', 'App\\Models\\User', 17, '{\"order_id\":27,\"order_code\":\"20221115-12484832\",\"user_id\":46,\"seller_id\":17,\"status\":\"picked_up\"}', '2022-11-16 16:57:55', '2022-11-15 19:57:29', '2022-11-16 16:57:55'),
('2dee2da1-1e5b-4aaa-bcb8-bca0543a9e8d', 'App\\Notifications\\OrderNotification', 'App\\Models\\User', 9, '{\"order_id\":27,\"order_code\":\"20221115-12484832\",\"user_id\":46,\"seller_id\":17,\"status\":\"on_the_way\"}', '2022-11-16 09:06:06', '2022-11-15 19:57:40', '2022-11-16 09:06:06'),
('2e0f1efc-89be-4c99-a1d4-7c807143767a', 'App\\Notifications\\OrderNotification', 'App\\Models\\User', 9, '{\"order_id\":2,\"order_code\":\"20220911-16493630\",\"user_id\":10,\"seller_id\":9,\"status\":\"delivered\"}', '2022-10-11 21:20:34', '2022-09-12 19:25:14', '2022-10-11 21:20:34'),
('2e3c5c05-c795-444d-b613-27715571f787', 'App\\Notifications\\OrderNotification', 'App\\Models\\User', 9, '{\"order_id\":3,\"order_code\":\"20220912-21241144\",\"user_id\":10,\"seller_id\":12,\"status\":\"confirmed\"}', '2022-10-11 21:20:34', '2022-09-12 19:27:11', '2022-10-11 21:20:34'),
('2e4145a8-0e32-4f4b-8190-483efe7733f9', 'App\\Notifications\\OrderNotification', 'App\\Models\\User', 9, '{\"order_id\":3,\"order_code\":\"20220912-21241144\",\"user_id\":10,\"seller_id\":12,\"status\":\"placed\"}', '2022-10-11 21:20:34', '2022-09-12 19:24:11', '2022-10-11 21:20:34'),
('2e6f1ce9-5066-474f-8300-3a43c06d51c6', 'App\\Notifications\\OrderNotification', 'App\\Models\\User', 26, '{\"order_id\":96,\"order_code\":\"20230410-01184314\",\"user_id\":95,\"seller_id\":26,\"status\":\"placed\"}', NULL, '2023-04-09 23:18:44', '2023-04-09 23:18:44'),
('2faa3df3-dff5-44b1-9179-103102910809', 'App\\Notifications\\OrderNotification', 'App\\Models\\User', 17, '{\"order_id\":26,\"order_code\":\"20221114-17261473\",\"user_id\":45,\"seller_id\":17,\"status\":\"confirmed\"}', '2022-11-15 15:34:57', '2022-11-14 17:12:16', '2022-11-15 15:34:57'),
('2fed66c3-671a-4d79-8fa8-ac43b4a481f5', 'App\\Notifications\\OrderNotification', 'App\\Models\\User', 52, '{\"order_id\":29,\"order_code\":\"20221124-18302943\",\"user_id\":52,\"seller_id\":17,\"status\":\"delivered\"}', NULL, '2022-11-24 19:26:31', '2022-11-24 19:26:31'),
('3020845d-6b2c-4fb8-b1fb-76e4960ca58b', 'App\\Notifications\\OrderNotification', 'App\\Models\\User', 17, '{\"order_id\":28,\"order_code\":\"20221124-12391583\",\"user_id\":51,\"seller_id\":17,\"status\":\"paid\"}', '2022-12-13 15:56:10', '2022-12-07 23:21:42', '2022-12-13 15:56:10'),
('30334ea1-2fd2-4d0e-a25f-dcaeb2cff7d5', 'App\\Notifications\\OrderNotification', 'App\\Models\\User', 9, '{\"order_id\":81,\"order_code\":\"20230216-16021220\",\"user_id\":93,\"seller_id\":91,\"status\":\"placed\"}', '2023-02-16 16:38:05', '2023-02-16 15:03:00', '2023-02-16 16:38:05'),
('3077c96e-f7b9-4375-b7e8-3113892eee8a', 'App\\Notifications\\OrderNotification', 'App\\Models\\User', 12, '{\"order_id\":3,\"order_code\":\"20220912-21241144\",\"user_id\":10,\"seller_id\":12,\"status\":\"paid\"}', NULL, '2022-09-12 19:27:52', '2022-09-12 19:27:52'),
('3087fd73-d75d-4761-99ef-b8322f847544', 'App\\Notifications\\OrderNotification', 'App\\Models\\User', 17, '{\"order_id\":26,\"order_code\":\"20221114-17261473\",\"user_id\":45,\"seller_id\":17,\"status\":\"paid\"}', '2022-11-25 10:46:25', '2022-11-22 02:49:08', '2022-11-25 10:46:25'),
('315952ef-680a-4ed5-9eac-548ddd0f148e', 'App\\Notifications\\OrderNotification', 'App\\Models\\User', 29, '{\"order_id\":16,\"order_code\":\"20221101-16245824\",\"user_id\":29,\"seller_id\":9,\"status\":\"on_the_way\"}', NULL, '2022-11-02 12:05:54', '2022-11-02 12:05:54'),
('317be88f-0d73-4729-98ea-80aa80be46a9', 'App\\Notifications\\OrderNotification', 'App\\Models\\User', 9, '{\"order_id\":26,\"order_code\":\"20221114-17261473\",\"user_id\":45,\"seller_id\":17,\"status\":\"picked_up\"}', '2022-11-14 17:12:28', '2022-11-14 17:12:20', '2022-11-14 17:12:28'),
('3188f556-596a-42e0-9ce2-e00e034f49fb', 'App\\Notifications\\OrderNotification', 'App\\Models\\User', 17, '{\"order_id\":29,\"order_code\":\"20221124-18302943\",\"user_id\":52,\"seller_id\":17,\"status\":\"confirmed\"}', '2022-11-25 10:46:25', '2022-11-24 18:06:30', '2022-11-25 10:46:25'),
('31cc51cb-f0ea-414f-a1ee-620466bf4d14', 'App\\Notifications\\OrderNotification', 'App\\Models\\User', 26, '{\"order_id\":13,\"order_code\":\"20221029-12435473\",\"user_id\":29,\"seller_id\":26,\"status\":\"paid\"}', '2022-10-31 07:22:24', '2022-10-29 16:44:27', '2022-10-31 07:22:24'),
('31f6ec53-fba7-43d9-a622-3732ea38c3fb', 'App\\Notifications\\OrderNotification', 'App\\Models\\User', 9, '{\"order_id\":5,\"order_code\":\"20220916-02082614\",\"user_id\":10,\"seller_id\":9,\"status\":\"placed\"}', '2022-10-11 21:20:34', '2022-09-16 00:08:26', '2022-10-11 21:20:34'),
('323f168f-654d-40b1-98ea-c9c6c47ac620', 'App\\Notifications\\OrderNotification', 'App\\Models\\User', 26, '{\"order_id\":75,\"order_code\":\"20230117-08045487\",\"user_id\":85,\"seller_id\":26,\"status\":\"delivered\"}', '2023-01-31 16:36:28', '2023-01-20 19:15:15', '2023-01-31 16:36:28'),
('3264140d-4475-4d25-b8a7-e4779bacf43b', 'App\\Notifications\\OrderNotification', 'App\\Models\\User', 23, '{\"order_id\":20,\"order_code\":\"20221105-12160263\",\"user_id\":31,\"seller_id\":23,\"status\":\"placed\"}', '2022-11-05 14:02:10', '2022-11-05 11:16:03', '2022-11-05 14:02:10'),
('32d9e323-f5ce-4738-a923-188a5793ad1c', 'App\\Notifications\\OrderNotification', 'App\\Models\\User', 12, '{\"order_id\":8,\"order_code\":\"20220916-02102256\",\"user_id\":10,\"seller_id\":12,\"status\":\"delivered\"}', NULL, '2022-09-29 21:23:11', '2022-09-29 21:23:11'),
('33360c0a-d4b0-4309-92e6-5cfbc7a7e337', 'App\\Notifications\\OrderNotification', 'App\\Models\\User', 98, '{\"order_id\":84,\"order_code\":\"20230227-15283787\",\"user_id\":98,\"seller_id\":16,\"status\":\"paid\"}', NULL, '2023-02-27 21:33:09', '2023-02-27 21:33:09'),
('334dad03-bb47-4f4d-b003-6b2f04b42a7c', 'App\\Notifications\\OrderNotification', 'App\\Models\\User', 26, '{\"order_id\":77,\"order_code\":\"20230121-17062671\",\"user_id\":86,\"seller_id\":26,\"status\":\"picked_up\"}', '2023-01-31 16:36:28', '2023-01-22 16:50:06', '2023-01-31 16:36:28'),
('336ae7bd-3937-47e5-ab24-2ab9027bfca4', 'App\\Notifications\\OrderNotification', 'App\\Models\\User', 45, '{\"order_id\":26,\"order_code\":\"20221114-17261473\",\"user_id\":45,\"seller_id\":17,\"status\":\"placed\"}', NULL, '2022-11-14 16:26:14', '2022-11-14 16:26:14'),
('337ab975-5788-4c08-a61e-7fa68467d862', 'App\\Notifications\\OrderNotification', 'App\\Models\\User', 9, '{\"order_id\":77,\"order_code\":\"20230121-17062671\",\"user_id\":86,\"seller_id\":26,\"status\":\"delivered\"}', '2023-01-23 17:09:56', '2023-01-23 16:26:28', '2023-01-23 17:09:56'),
('337ce00c-e0ef-4af0-8d79-8a2fc97eaaee', 'App\\Notifications\\OrderNotification', 'App\\Models\\User', 9, '{\"order_id\":75,\"order_code\":\"20230117-08045487\",\"user_id\":85,\"seller_id\":26,\"status\":\"placed\"}', '2023-01-21 14:19:25', '2023-01-17 07:04:55', '2023-01-21 14:19:25'),
('33a91759-7c12-43c3-b3e4-45293b9d05a6', 'App\\Notifications\\OrderNotification', 'App\\Models\\User', 26, '{\"order_id\":18,\"order_code\":\"20221102-15514247\",\"user_id\":31,\"seller_id\":26,\"status\":\"placed\"}', '2022-11-10 13:50:12', '2022-11-02 14:51:42', '2022-11-10 13:50:12'),
('33e10588-b597-41e8-b003-f1268ad11180', 'App\\Notifications\\OrderNotification', 'App\\Models\\User', 9, '{\"order_id\":10,\"order_code\":\"20221003-15072370\",\"user_id\":10,\"seller_id\":9,\"status\":\"placed\"}', '2022-10-11 21:20:34', '2022-10-03 13:07:24', '2022-10-11 21:20:34'),
('342cb717-1dc8-4490-a392-fcfc5e70a474', 'App\\Notifications\\OrderNotification', 'App\\Models\\User', 9, '{\"order_id\":78,\"order_code\":\"20230127-16170231\",\"user_id\":86,\"seller_id\":26,\"status\":\"placed\"}', '2023-01-27 20:07:15', '2023-01-27 15:17:03', '2023-01-27 20:07:15'),
('34310315-b44f-4705-b14a-a6018e64f4aa', 'App\\Notifications\\OrderNotification', 'App\\Models\\User', 46, '{\"order_id\":27,\"order_code\":\"20221115-12484832\",\"user_id\":46,\"seller_id\":17,\"status\":\"paid\"}', '2023-04-01 23:06:52', '2022-12-07 23:22:02', '2023-04-01 23:06:52'),
('34f1d13d-1c63-4e7d-8a79-9b5dcf36986b', 'App\\Notifications\\OrderNotification', 'App\\Models\\User', 9, '{\"order_id\":21,\"order_code\":\"20221110-13521015\",\"user_id\":35,\"seller_id\":17,\"status\":\"on_the_way\"}', '2022-11-11 11:45:38', '2022-11-11 07:52:14', '2022-11-11 11:45:38'),
('352281b0-de24-46ed-88af-cbf2ede8e3cf', 'App\\Notifications\\OrderNotification', 'App\\Models\\User', 93, '{\"order_id\":81,\"order_code\":\"20230216-16021220\",\"user_id\":93,\"seller_id\":91,\"status\":\"placed\"}', NULL, '2023-02-16 15:02:36', '2023-02-16 15:02:36'),
('35b7e26a-6a0d-46c3-b502-5a71b297afea', 'App\\Notifications\\OrderNotification', 'App\\Models\\User', 33, '{\"order_id\":23,\"order_code\":\"20221113-13245097\",\"user_id\":38,\"seller_id\":33,\"status\":\"confirmed\"}', '2022-11-18 21:15:27', '2022-11-13 21:07:20', '2022-11-18 21:15:27'),
('35bcc461-6de0-4e6a-b224-fb7e51ec899a', 'App\\Notifications\\OrderNotification', 'App\\Models\\User', 86, '{\"order_id\":77,\"order_code\":\"20230121-17062671\",\"user_id\":86,\"seller_id\":26,\"status\":\"paid\"}', NULL, '2023-01-23 16:26:32', '2023-01-23 16:26:32'),
('366b0530-8caa-4f93-adbe-045569b2153a', 'App\\Notifications\\OrderNotification', 'App\\Models\\User', 86, '{\"order_id\":78,\"order_code\":\"20230127-16170231\",\"user_id\":86,\"seller_id\":26,\"status\":\"placed\"}', NULL, '2023-01-27 15:17:03', '2023-01-27 15:17:03'),
('36ef4b38-de9a-4137-90fd-b2d59f5cc578', 'App\\Notifications\\OrderNotification', 'App\\Models\\User', 26, '{\"order_id\":15,\"order_code\":\"20221101-16245861\",\"user_id\":29,\"seller_id\":26,\"status\":\"delivered\"}', '2022-11-10 13:50:12', '2022-11-02 16:22:40', '2022-11-10 13:50:12'),
('3705ae4b-45e5-470f-996a-1f8006840345', 'App\\Notifications\\OrderNotification', 'App\\Models\\User', 26, '{\"order_id\":82,\"order_code\":\"20230218-13504562\",\"user_id\":95,\"seller_id\":26,\"status\":\"delivered\"}', NULL, '2023-03-08 20:22:34', '2023-03-08 20:22:34'),
('370e35fc-5a1c-45d9-9569-1aa1d87cf3e5', 'App\\Notifications\\OrderNotification', 'App\\Models\\User', 102, '{\"order_id\":86,\"order_code\":\"20230307-10060744\",\"user_id\":105,\"seller_id\":102,\"status\":\"on_the_way\"}', '2023-03-08 10:57:35', '2023-03-07 21:35:28', '2023-03-08 10:57:35'),
('37136142-f77c-4ce5-8576-74329d5c8503', 'App\\Notifications\\OrderNotification', 'App\\Models\\User', 16, '{\"order_id\":90,\"order_code\":\"20230321-12132324\",\"user_id\":109,\"seller_id\":16,\"status\":\"delivered\"}', NULL, '2023-03-22 20:41:29', '2023-03-22 20:41:29');
INSERT INTO `notifications` (`id`, `type`, `notifiable_type`, `notifiable_id`, `data`, `read_at`, `created_at`, `updated_at`) VALUES
('37262724-2eed-45de-9abb-ab4d0e67337e', 'App\\Notifications\\OrderNotification', 'App\\Models\\User', 9, '{\"order_id\":16,\"order_code\":\"20221101-16245824\",\"user_id\":29,\"seller_id\":9,\"status\":\"picked_up\"}', '2022-11-02 17:54:15', '2022-11-01 19:46:58', '2022-11-02 17:54:15'),
('38951a45-9dbc-4b3d-8742-37a6028210d7', 'App\\Notifications\\OrderNotification', 'App\\Models\\User', 91, '{\"order_id\":95,\"order_code\":\"20230409-11302476\",\"user_id\":112,\"seller_id\":91,\"status\":\"confirmed\"}', NULL, '2023-04-09 09:31:24', '2023-04-09 09:31:24'),
('38c1ee57-d2ad-43bb-b956-d724176dee79', 'App\\Notifications\\OrderNotification', 'App\\Models\\User', 36, '{\"order_id\":22,\"order_code\":\"20221111-22580447\",\"user_id\":36,\"seller_id\":33,\"status\":\"delivered\"}', NULL, '2022-11-15 11:05:01', '2022-11-15 11:05:01'),
('39692ef6-9959-46ee-9580-1b0ccf2a8732', 'App\\Notifications\\OrderNotification', 'App\\Models\\User', 9, '{\"order_id\":94,\"order_code\":\"20230406-07034361\",\"user_id\":110,\"seller_id\":9,\"status\":\"on_the_way\"}', '2023-04-10 23:19:34', '2023-04-10 22:31:44', '2023-04-10 23:19:34'),
('39704233-487d-4907-8019-734460d46f9c', 'App\\Notifications\\OrderNotification', 'App\\Models\\User', 9, '{\"order_id\":105,\"order_code\":\"20230507-13105638\",\"user_id\":122,\"seller_id\":26,\"status\":\"placed\"}', '2023-05-07 14:23:19', '2023-05-07 11:10:57', '2023-05-07 14:23:19'),
('397f292d-a0b7-48f6-af22-93acc98862e8', 'App\\Notifications\\OrderNotification', 'App\\Models\\User', 35, '{\"order_id\":21,\"order_code\":\"20221110-13521015\",\"user_id\":35,\"seller_id\":17,\"status\":\"picked_up\"}', NULL, '2022-11-10 22:21:18', '2022-11-10 22:21:18'),
('3a22c16e-57cf-463f-80a7-ae2963b58372', 'App\\Notifications\\OrderNotification', 'App\\Models\\User', 29, '{\"order_id\":13,\"order_code\":\"20221029-12435473\",\"user_id\":29,\"seller_id\":26,\"status\":\"confirmed\"}', '2022-10-29 17:08:31', '2022-10-29 11:08:55', '2022-10-29 17:08:31'),
('3a26875b-4337-4cb8-992b-803d4261c7e8', 'App\\Notifications\\OrderNotification', 'App\\Models\\User', 29, '{\"order_id\":79,\"order_code\":\"20230209-13202875\",\"user_id\":29,\"seller_id\":9,\"status\":\"delivered\"}', NULL, '2023-02-09 22:08:42', '2023-02-09 22:08:42'),
('3a328acf-7586-48bf-b649-44590f657a05', 'App\\Notifications\\OrderNotification', 'App\\Models\\User', 56, '{\"order_id\":32,\"order_code\":\"20221204-18140885\",\"user_id\":56,\"seller_id\":17,\"status\":\"cancelled\"}', NULL, '2022-12-13 15:56:13', '2022-12-13 15:56:13'),
('3acb7d4f-8502-43ad-b7ac-746876387786', 'App\\Notifications\\OrderNotification', 'App\\Models\\User', 9, '{\"order_id\":77,\"order_code\":\"20230121-17062671\",\"user_id\":86,\"seller_id\":26,\"status\":\"picked_up\"}', '2023-01-22 21:32:40', '2023-01-22 16:50:06', '2023-01-22 21:32:40'),
('3b33dad4-1fa1-48e0-a012-5ab73c3df0a9', 'App\\Notifications\\OrderNotification', 'App\\Models\\User', 17, '{\"order_id\":27,\"order_code\":\"20221115-12484832\",\"user_id\":46,\"seller_id\":17,\"status\":\"paid\"}', '2022-12-13 15:56:10', '2022-12-07 23:22:02', '2022-12-13 15:56:10'),
('3b5f888d-3acc-4999-b509-ec13f5d7be91', 'App\\Notifications\\OrderNotification', 'App\\Models\\User', 26, '{\"order_id\":82,\"order_code\":\"20230218-13504562\",\"user_id\":95,\"seller_id\":26,\"status\":\"on_the_way\"}', NULL, '2023-03-08 19:06:32', '2023-03-08 19:06:32'),
('3bd14340-0651-422c-9528-613b391460c3', 'App\\Notifications\\OrderNotification', 'App\\Models\\User', 9, '{\"order_id\":21,\"order_code\":\"20221110-13521015\",\"user_id\":35,\"seller_id\":17,\"status\":\"placed\"}', '2022-11-10 14:58:38', '2022-11-10 12:52:11', '2022-11-10 14:58:38'),
('3cf0d086-fece-451d-a423-6c236f755c86', 'App\\Notifications\\OrderNotification', 'App\\Models\\User', 13, '{\"order_id\":9,\"order_code\":\"20220925-16375114\",\"user_id\":13,\"seller_id\":9,\"status\":\"picked_up\"}', NULL, '2022-09-25 14:39:17', '2022-09-25 14:39:17'),
('3d287e80-b81b-45ae-8a6f-40b3fb9356bc', 'App\\Notifications\\OrderNotification', 'App\\Models\\User', 9, '{\"order_id\":20,\"order_code\":\"20221105-12160263\",\"user_id\":31,\"seller_id\":23,\"status\":\"confirmed\"}', '2022-11-05 19:23:18', '2022-11-05 16:23:52', '2022-11-05 19:23:18'),
('3d3e5a90-1137-4314-8328-adc1555f3cd0', 'App\\Notifications\\OrderNotification', 'App\\Models\\User', 9, '{\"order_id\":33,\"order_code\":\"20221206-11513581\",\"user_id\":46,\"seller_id\":17,\"status\":\"paid\"}', '2022-12-13 15:11:30', '2022-12-13 15:11:16', '2022-12-13 15:11:30'),
('3dfda6cd-cb44-4a58-87a0-0b10d527b1e9', 'App\\Notifications\\OrderNotification', 'App\\Models\\User', 9, '{\"order_id\":16,\"order_code\":\"20221101-16245824\",\"user_id\":29,\"seller_id\":9,\"status\":\"placed\"}', '2022-11-02 17:54:15', '2022-11-01 15:24:59', '2022-11-02 17:54:15'),
('3e4d50b3-6f1e-491c-a11d-778aad1a7f19', 'App\\Notifications\\OrderNotification', 'App\\Models\\User', 60, '{\"order_id\":36,\"order_code\":\"20221213-11432677\",\"user_id\":60,\"seller_id\":9,\"status\":\"paid\"}', NULL, '2022-12-13 15:10:57', '2022-12-13 15:10:57'),
('3e5887e5-2a37-44ef-a455-a15ba6600807', 'App\\Notifications\\OrderNotification', 'App\\Models\\User', 17, '{\"order_id\":21,\"order_code\":\"20221110-13521015\",\"user_id\":35,\"seller_id\":17,\"status\":\"picked_up\"}', '2022-11-11 11:50:40', '2022-11-10 22:21:18', '2022-11-11 11:50:40'),
('3ecd6e4e-58b6-4d75-b7f7-80707a6e213d', 'App\\Notifications\\OrderNotification', 'App\\Models\\User', 91, '{\"order_id\":93,\"order_code\":\"20230402-03235763\",\"user_id\":46,\"seller_id\":91,\"status\":\"placed\"}', '2023-04-05 14:36:42', '2023-04-02 01:23:58', '2023-04-05 14:36:42'),
('3edec5bb-22ec-44c3-867f-1b6a6179620a', 'App\\Notifications\\OrderNotification', 'App\\Models\\User', 26, '{\"order_id\":80,\"order_code\":\"20230209-13202867\",\"user_id\":29,\"seller_id\":26,\"status\":\"paid\"}', '2023-02-28 14:44:13', '2023-02-09 22:08:34', '2023-02-28 14:44:13'),
('3ee82763-144a-47e7-b288-7d94a30de5c0', 'App\\Notifications\\OrderNotification', 'App\\Models\\User', 10, '{\"order_id\":1,\"order_code\":\"20220911-14471390\",\"user_id\":10,\"seller_id\":9,\"status\":\"delivered\"}', NULL, '2022-09-11 12:50:05', '2022-09-11 12:50:05'),
('3f2255c2-e491-4d1c-9246-1f727a8e8882', 'App\\Notifications\\OrderNotification', 'App\\Models\\User', 9, '{\"order_id\":27,\"order_code\":\"20221115-12484832\",\"user_id\":46,\"seller_id\":17,\"status\":\"confirmed\"}', '2022-11-16 09:06:06', '2022-11-15 12:05:55', '2022-11-16 09:06:06'),
('3f261f4a-e5ab-4c87-ad1a-99f3c816398e', 'App\\Notifications\\OrderNotification', 'App\\Models\\User', 9, '{\"order_id\":26,\"order_code\":\"20221114-17261473\",\"user_id\":45,\"seller_id\":17,\"status\":\"placed\"}', '2022-11-14 17:12:05', '2022-11-14 16:26:14', '2022-11-14 17:12:05'),
('3f365ec9-f123-4a79-85b2-bd7a7e8288ad', 'App\\Notifications\\OrderNotification', 'App\\Models\\User', 10, '{\"order_id\":3,\"order_code\":\"20220912-21241144\",\"user_id\":10,\"seller_id\":12,\"status\":\"picked_up\"}', NULL, '2022-09-12 19:27:20', '2022-09-12 19:27:20'),
('3f58cb24-b278-4f91-a69e-8d7499919318', 'App\\Notifications\\OrderNotification', 'App\\Models\\User', 85, '{\"order_id\":76,\"order_code\":\"20230117-08045445\",\"user_id\":85,\"seller_id\":9,\"status\":\"cancelled\"}', NULL, '2023-03-20 08:54:37', '2023-03-20 08:54:37'),
('4099f3b1-6e6e-41bb-af0b-b07680c4527f', 'App\\Notifications\\OrderNotification', 'App\\Models\\User', 29, '{\"order_id\":15,\"order_code\":\"20221101-16245861\",\"user_id\":29,\"seller_id\":26,\"status\":\"paid\"}', NULL, '2022-11-02 16:22:42', '2022-11-02 16:22:42'),
('411480c6-e359-47d8-a0cf-43115f46b2bc', 'App\\Notifications\\OrderNotification', 'App\\Models\\User', 28, '{\"order_id\":12,\"order_code\":\"20221027-21365817\",\"user_id\":28,\"seller_id\":26,\"status\":\"placed\"}', NULL, '2022-10-27 19:36:59', '2022-10-27 19:36:59'),
('4155c297-62cb-4bfd-b0bb-4c64e18ac1da', 'App\\Notifications\\OrderNotification', 'App\\Models\\User', 114, '{\"order_id\":100,\"order_code\":\"20230421-20001760\",\"user_id\":114,\"seller_id\":102,\"status\":\"on_the_way\"}', NULL, '2023-04-24 15:44:01', '2023-04-24 15:44:01'),
('417ee0d4-1905-4425-84cb-aaf75e5b1493', 'App\\Notifications\\OrderNotification', 'App\\Models\\User', 26, '{\"order_id\":78,\"order_code\":\"20230127-16170231\",\"user_id\":86,\"seller_id\":26,\"status\":\"placed\"}', '2023-01-31 16:36:28', '2023-01-27 15:17:03', '2023-01-31 16:36:28'),
('41a258f1-f437-4921-a405-3849ef4cf45d', 'App\\Notifications\\OrderNotification', 'App\\Models\\User', 30, '{\"order_id\":17,\"order_code\":\"20221101-17154863\",\"user_id\":30,\"seller_id\":9,\"status\":\"delivered\"}', NULL, '2022-11-02 12:06:16', '2022-11-02 12:06:16'),
('41f0e25b-9b98-4ac5-9820-89625c1f8249', 'App\\Notifications\\OrderNotification', 'App\\Models\\User', 10, '{\"order_id\":7,\"order_code\":\"20220916-02102233\",\"user_id\":10,\"seller_id\":9,\"status\":\"placed\"}', NULL, '2022-09-16 00:10:23', '2022-09-16 00:10:23'),
('43a7c08c-6f0f-4154-9773-0ffdc5bf6db5', 'App\\Notifications\\OrderNotification', 'App\\Models\\User', 29, '{\"order_id\":14,\"order_code\":\"20221029-12435444\",\"user_id\":29,\"seller_id\":9,\"status\":\"paid\"}', '2022-10-29 17:08:30', '2022-10-29 16:44:51', '2022-10-29 17:08:30'),
('43b2d63a-e672-4e17-84d6-73e8fd65bdec', 'App\\Notifications\\OrderNotification', 'App\\Models\\User', 9, '{\"order_id\":26,\"order_code\":\"20221114-17261473\",\"user_id\":45,\"seller_id\":17,\"status\":\"confirmed\"}', '2022-11-14 17:12:28', '2022-11-14 17:12:16', '2022-11-14 17:12:28'),
('444746eb-1f7b-4760-b7d6-6d561c10affd', 'App\\Notifications\\OrderNotification', 'App\\Models\\User', 12, '{\"order_id\":6,\"order_code\":\"20220916-02082649\",\"user_id\":10,\"seller_id\":12,\"status\":\"delivered\"}', NULL, '2022-09-29 21:23:26', '2022-09-29 21:23:26'),
('448e35a2-dcf8-41c8-bae1-92d3cf7430c5', 'App\\Notifications\\OrderNotification', 'App\\Models\\User', 9, '{\"order_id\":1,\"order_code\":\"20220911-14471390\",\"user_id\":10,\"seller_id\":9,\"status\":\"paid\"}', '2022-09-11 16:06:32', '2022-09-11 12:50:06', '2022-09-11 16:06:32'),
('459d5193-b66e-401e-9c91-340526047a23', 'App\\Notifications\\OrderNotification', 'App\\Models\\User', 9, '{\"order_id\":20,\"order_code\":\"20221105-12160263\",\"user_id\":31,\"seller_id\":23,\"status\":\"paid\"}', '2022-11-20 10:41:37', '2022-11-19 22:12:53', '2022-11-20 10:41:37'),
('468ca471-8d70-414c-ac3b-08aa99cd9c65', 'App\\Notifications\\OrderNotification', 'App\\Models\\User', 9, '{\"order_id\":17,\"order_code\":\"20221101-17154863\",\"user_id\":30,\"seller_id\":9,\"status\":\"placed\"}', '2022-11-02 17:54:15', '2022-11-01 16:15:49', '2022-11-02 17:54:15'),
('46c0a607-ecd8-4ee3-9ed2-96f9f318e387', 'App\\Notifications\\OrderNotification', 'App\\Models\\User', 9, '{\"order_id\":12,\"order_code\":\"20221027-21365817\",\"user_id\":28,\"seller_id\":26,\"status\":\"paid\"}', '2022-11-02 17:54:15', '2022-10-28 12:19:27', '2022-11-02 17:54:15'),
('46c11adb-f2ad-408e-9b4e-8cbca7b20489', 'App\\Notifications\\OrderNotification', 'App\\Models\\User', 9, '{\"order_id\":33,\"order_code\":\"20221206-11513581\",\"user_id\":46,\"seller_id\":17,\"status\":\"placed\"}', '2022-12-06 10:56:32', '2022-12-06 10:51:36', '2022-12-06 10:56:32'),
('46f18736-2575-46b6-92d5-44f9bbfe2cdf', 'App\\Notifications\\OrderNotification', 'App\\Models\\User', 9, '{\"order_id\":21,\"order_code\":\"20221110-13521015\",\"user_id\":35,\"seller_id\":17,\"status\":\"confirmed\"}', '2022-11-10 15:17:04', '2022-11-10 14:58:44', '2022-11-10 15:17:04'),
('484c1ff9-6520-4afd-98e5-52ff67d5b9de', 'App\\Notifications\\OrderNotification', 'App\\Models\\User', 9, '{\"order_id\":96,\"order_code\":\"20230410-01184314\",\"user_id\":95,\"seller_id\":26,\"status\":\"placed\"}', '2023-04-09 23:19:07', '2023-04-09 23:18:44', '2023-04-09 23:19:07'),
('4876a987-6365-437c-bd96-fc151cf24e7e', 'App\\Notifications\\OrderNotification', 'App\\Models\\User', 9, '{\"order_id\":91,\"order_code\":\"20230331-21424824\",\"user_id\":29,\"seller_id\":9,\"status\":\"picked_up\"}', '2023-04-01 11:15:41', '2023-04-01 10:29:41', '2023-04-01 11:15:41'),
('487fc322-4c46-4d0c-b011-5a4001e968d0', 'App\\Notifications\\OrderNotification', 'App\\Models\\User', 17, '{\"order_id\":28,\"order_code\":\"20221124-12391583\",\"user_id\":51,\"seller_id\":17,\"status\":\"on_the_way\"}', '2022-11-28 13:57:30', '2022-11-26 22:17:41', '2022-11-28 13:57:30'),
('48f1d2cd-5b8c-4ad7-9c0e-84efe16d3c32', 'App\\Notifications\\OrderNotification', 'App\\Models\\User', 106, '{\"order_id\":87,\"order_code\":\"20230311-19111098\",\"user_id\":106,\"seller_id\":102,\"status\":\"confirmed\"}', NULL, '2023-03-11 18:38:55', '2023-03-11 18:38:55'),
('490a3fe1-6b72-4e7d-a811-709db6b899bf', 'App\\Notifications\\OrderNotification', 'App\\Models\\User', 16, '{\"order_id\":90,\"order_code\":\"20230321-12132324\",\"user_id\":109,\"seller_id\":16,\"status\":\"on_the_way\"}', NULL, '2023-03-22 20:41:26', '2023-03-22 20:41:26'),
('49528f5a-3c7a-4a42-b16d-21e423f41891', 'App\\Notifications\\OrderNotification', 'App\\Models\\User', 9, '{\"order_id\":94,\"order_code\":\"20230406-07034361\",\"user_id\":110,\"seller_id\":9,\"status\":\"confirmed\"}', '2023-04-06 23:50:59', '2023-04-06 20:33:28', '2023-04-06 23:50:59'),
('4a5f3eef-935a-4e73-913c-877b961a7ebc', 'App\\Notifications\\OrderNotification', 'App\\Models\\User', 9, '{\"order_id\":10,\"order_code\":\"20221003-15072370\",\"user_id\":10,\"seller_id\":9,\"status\":\"delivered\"}', '2022-11-02 17:54:15', '2022-10-25 08:17:56', '2022-11-02 17:54:15'),
('4aa29a5b-4d4a-440a-810b-1daaccac601c', 'App\\Notifications\\OrderNotification', 'App\\Models\\User', 17, '{\"order_id\":27,\"order_code\":\"20221115-12484832\",\"user_id\":46,\"seller_id\":17,\"status\":\"placed\"}', '2022-11-15 15:34:57', '2022-11-15 11:48:49', '2022-11-15 15:34:57'),
('4ad8fdee-c0c1-4b4d-a593-473f092530bb', 'App\\Notifications\\OrderNotification', 'App\\Models\\User', 9, '{\"order_id\":3,\"order_code\":\"20220912-21241144\",\"user_id\":10,\"seller_id\":12,\"status\":\"delivered\"}', '2022-10-11 21:20:34', '2022-09-12 19:27:34', '2022-10-11 21:20:34'),
('4aee43ed-3e3f-46a2-8786-05cecb3460d7', 'App\\Notifications\\OrderNotification', 'App\\Models\\User', 102, '{\"order_id\":85,\"order_code\":\"20230304-13075490\",\"user_id\":103,\"seller_id\":102,\"status\":\"confirmed\"}', '2023-03-08 10:57:35', '2023-03-04 15:19:01', '2023-03-08 10:57:35'),
('4af5ac58-e0f0-49cf-aeee-ac9521002999', 'App\\Notifications\\OrderNotification', 'App\\Models\\User', 102, '{\"order_id\":86,\"order_code\":\"20230307-10060744\",\"user_id\":105,\"seller_id\":102,\"status\":\"placed\"}', '2023-03-08 10:57:35', '2023-03-07 09:06:08', '2023-03-08 10:57:35'),
('4c149553-d295-4b30-b09f-bea056dc4022', 'App\\Notifications\\OrderNotification', 'App\\Models\\User', 103, '{\"order_id\":85,\"order_code\":\"20230304-13075490\",\"user_id\":103,\"seller_id\":102,\"status\":\"delivered\"}', NULL, '2023-03-08 10:35:08', '2023-03-08 10:35:08'),
('4c2ce8d9-7726-4b47-9d0b-11065834057d', 'App\\Notifications\\OrderNotification', 'App\\Models\\User', 9, '{\"order_id\":91,\"order_code\":\"20230331-21424824\",\"user_id\":29,\"seller_id\":9,\"status\":\"paid\"}', '2023-04-02 01:22:05', '2023-04-01 12:22:22', '2023-04-02 01:22:05'),
('4c5654de-4351-4266-991a-d82c82c4c5fb', 'App\\Notifications\\OrderNotification', 'App\\Models\\User', 95, '{\"order_id\":96,\"order_code\":\"20230410-01184314\",\"user_id\":95,\"seller_id\":26,\"status\":\"paid\"}', NULL, '2023-04-09 23:19:14', '2023-04-09 23:19:14'),
('4c8bcdfd-8f6a-4612-aeb1-3c3ae8bf8c91', 'App\\Notifications\\OrderNotification', 'App\\Models\\User', 17, '{\"order_id\":33,\"order_code\":\"20221206-11513581\",\"user_id\":46,\"seller_id\":17,\"status\":\"picked_up\"}', '2022-12-13 15:56:10', '2022-12-07 23:21:05', '2022-12-13 15:56:10'),
('4ca8e04b-bc84-4a64-a979-ff0229dfc61c', 'App\\Notifications\\OrderNotification', 'App\\Models\\User', 29, '{\"order_id\":91,\"order_code\":\"20230331-21424824\",\"user_id\":29,\"seller_id\":9,\"status\":\"on_the_way\"}', NULL, '2023-04-01 10:30:37', '2023-04-01 10:30:37'),
('4cc043b9-31c7-41a8-a814-ca39e8ac3f4d', 'App\\Notifications\\OrderNotification', 'App\\Models\\User', 26, '{\"order_id\":96,\"order_code\":\"20230410-01184314\",\"user_id\":95,\"seller_id\":26,\"status\":\"delivered\"}', NULL, '2023-04-09 23:19:12', '2023-04-09 23:19:12'),
('4cd8a3a6-2fb2-4715-844a-da6059ea17fd', 'App\\Notifications\\OrderNotification', 'App\\Models\\User', 9, '{\"order_id\":93,\"order_code\":\"20230402-03235763\",\"user_id\":46,\"seller_id\":91,\"status\":\"confirmed\"}', '2023-04-02 01:29:38', '2023-04-02 01:25:03', '2023-04-02 01:29:38'),
('4d0aab12-6b42-4d31-8916-fa99bde07e32', 'App\\Notifications\\OrderNotification', 'App\\Models\\User', 26, '{\"order_id\":12,\"order_code\":\"20221027-21365817\",\"user_id\":28,\"seller_id\":26,\"status\":\"placed\"}', '2022-10-27 21:58:02', '2022-10-27 19:36:59', '2022-10-27 21:58:02'),
('4d10d397-b87f-4bfc-8615-007f60371990', 'App\\Notifications\\OrderNotification', 'App\\Models\\User', 17, '{\"order_id\":27,\"order_code\":\"20221115-12484832\",\"user_id\":46,\"seller_id\":17,\"status\":\"on_the_way\"}', '2022-11-16 16:57:55', '2022-11-15 19:57:40', '2022-11-16 16:57:55'),
('4d530906-e9a3-4cdf-b38b-7b8653872c69', 'App\\Notifications\\OrderNotification', 'App\\Models\\User', 9, '{\"order_id\":28,\"order_code\":\"20221124-12391583\",\"user_id\":51,\"seller_id\":17,\"status\":\"paid\"}', '2022-12-07 23:22:58', '2022-12-07 23:21:42', '2022-12-07 23:22:58'),
('4d9140d7-22b0-4787-8eda-e7cf0e776d2a', 'App\\Notifications\\OrderNotification', 'App\\Models\\User', 9, '{\"order_id\":103,\"order_code\":\"20230504-20072746\",\"user_id\":120,\"seller_id\":87,\"status\":\"on_the_way\"}', '2023-05-05 20:00:36', '2023-05-05 20:00:24', '2023-05-05 20:00:36'),
('4e176d38-dee1-43df-a374-bb36252581c4', 'App\\Notifications\\OrderNotification', 'App\\Models\\User', 9, '{\"order_id\":28,\"order_code\":\"20221124-12391583\",\"user_id\":51,\"seller_id\":17,\"status\":\"delivered\"}', '2022-12-07 23:22:58', '2022-12-07 23:21:41', '2022-12-07 23:22:58'),
('4f26d32c-33e1-4bee-85da-3cb2bb775911', 'App\\Notifications\\OrderNotification', 'App\\Models\\User', 9, '{\"order_id\":93,\"order_code\":\"20230402-03235763\",\"user_id\":46,\"seller_id\":91,\"status\":\"paid\"}', '2023-04-15 13:31:18', '2023-04-15 13:28:40', '2023-04-15 13:31:18'),
('4f751fb9-9a23-4894-af56-cec3e6903ec2', 'App\\Notifications\\OrderNotification', 'App\\Models\\User', 29, '{\"order_id\":19,\"order_code\":\"20221103-17490084\",\"user_id\":29,\"seller_id\":26,\"status\":\"placed\"}', NULL, '2022-11-03 16:49:01', '2022-11-03 16:49:01'),
('4f913df8-f66a-433c-8773-41767757bd3f', 'App\\Notifications\\OrderNotification', 'App\\Models\\User', 10, '{\"order_id\":1,\"order_code\":\"20220911-14471390\",\"user_id\":10,\"seller_id\":9,\"status\":\"confirmed\"}', NULL, '2022-09-11 12:48:28', '2022-09-11 12:48:28'),
('506a9868-0f6c-4456-b949-2af289715908', 'App\\Notifications\\OrderNotification', 'App\\Models\\User', 29, '{\"order_id\":15,\"order_code\":\"20221101-16245861\",\"user_id\":29,\"seller_id\":26,\"status\":\"picked_up\"}', NULL, '2022-11-02 12:05:23', '2022-11-02 12:05:23'),
('50d5d3f1-07b9-469d-8f3f-5cf6bcfadeb4', 'App\\Notifications\\OrderNotification', 'App\\Models\\User', 87, '{\"order_id\":103,\"order_code\":\"20230504-20072746\",\"user_id\":120,\"seller_id\":87,\"status\":\"confirmed\"}', NULL, '2023-05-04 20:46:08', '2023-05-04 20:46:08'),
('50e4b5bb-5fb6-4a1e-8f0e-cfd596b75fe0', 'App\\Notifications\\OrderNotification', 'App\\Models\\User', 9, '{\"order_id\":88,\"order_code\":\"20230313-12281159\",\"user_id\":107,\"seller_id\":26,\"status\":\"confirmed\"}', '2023-03-13 19:43:16', '2023-03-13 11:31:11', '2023-03-13 19:43:16'),
('510978d0-dd96-4d3a-a140-6401a2c01637', 'App\\Notifications\\OrderNotification', 'App\\Models\\User', 9, '{\"order_id\":86,\"order_code\":\"20230307-10060744\",\"user_id\":105,\"seller_id\":102,\"status\":\"on_the_way\"}', '2023-03-08 10:32:14', '2023-03-07 21:35:28', '2023-03-08 10:32:14'),
('51828e95-94f8-47bb-9ec5-ca7ebd0aca91', 'App\\Notifications\\OrderNotification', 'App\\Models\\User', 46, '{\"order_id\":93,\"order_code\":\"20230402-03235763\",\"user_id\":46,\"seller_id\":91,\"status\":\"confirmed\"}', NULL, '2023-04-02 01:25:03', '2023-04-02 01:25:03'),
('51c269d3-656b-4d3e-8ef7-5eb1fce4497e', 'App\\Notifications\\OrderNotification', 'App\\Models\\User', 26, '{\"order_id\":88,\"order_code\":\"20230313-12281159\",\"user_id\":107,\"seller_id\":26,\"status\":\"cancelled\"}', NULL, '2023-03-20 08:56:10', '2023-03-20 08:56:10'),
('51c87fd2-46db-418a-856a-eaa1a640a3a3', 'App\\Notifications\\OrderNotification', 'App\\Models\\User', 9, '{\"order_id\":89,\"order_code\":\"20230319-12533669\",\"user_id\":107,\"seller_id\":26,\"status\":\"placed\"}', '2023-03-20 08:53:23', '2023-03-19 11:53:37', '2023-03-20 08:53:23'),
('51ca3673-948f-449e-8e4c-fcc994a1146d', 'App\\Notifications\\OrderNotification', 'App\\Models\\User', 9, '{\"order_id\":29,\"order_code\":\"20221124-18302943\",\"user_id\":52,\"seller_id\":17,\"status\":\"confirmed\"}', '2022-11-24 19:26:09', '2022-11-24 18:06:30', '2022-11-24 19:26:09'),
('521b9f73-0e40-4603-bce8-1d2d2468ed40', 'App\\Notifications\\OrderNotification', 'App\\Models\\User', 9, '{\"order_id\":90,\"order_code\":\"20230321-12132324\",\"user_id\":109,\"seller_id\":16,\"status\":\"placed\"}', '2023-03-21 18:17:23', '2023-03-21 11:13:24', '2023-03-21 18:17:23'),
('5276d05d-d2be-44a8-b1dc-07fffd4c8081', 'App\\Notifications\\OrderNotification', 'App\\Models\\User', 9, '{\"order_id\":86,\"order_code\":\"20230307-10060744\",\"user_id\":105,\"seller_id\":102,\"status\":\"paid\"}', '2023-03-21 18:17:23', '2023-03-20 08:55:42', '2023-03-21 18:17:23'),
('529a5a4f-d40a-4002-84de-519ed484c67c', 'App\\Notifications\\OrderNotification', 'App\\Models\\User', 29, '{\"order_id\":16,\"order_code\":\"20221101-16245824\",\"user_id\":29,\"seller_id\":9,\"status\":\"confirmed\"}', NULL, '2022-11-01 16:19:06', '2022-11-01 16:19:06'),
('53c207be-f425-4e71-8403-4fafda5c702a', 'App\\Notifications\\OrderNotification', 'App\\Models\\User', 109, '{\"order_id\":90,\"order_code\":\"20230321-12132324\",\"user_id\":109,\"seller_id\":16,\"status\":\"delivered\"}', NULL, '2023-03-22 20:41:29', '2023-03-22 20:41:29'),
('53de9548-9adf-4f4d-9e24-e03f8302715e', 'App\\Notifications\\OrderNotification', 'App\\Models\\User', 28, '{\"order_id\":12,\"order_code\":\"20221027-21365817\",\"user_id\":28,\"seller_id\":26,\"status\":\"delivered\"}', NULL, '2022-10-28 12:19:37', '2022-10-28 12:19:37'),
('54458586-503d-4932-9772-0de25309bbcc', 'App\\Notifications\\OrderNotification', 'App\\Models\\User', 9, '{\"order_id\":82,\"order_code\":\"20230218-13504562\",\"user_id\":95,\"seller_id\":26,\"status\":\"paid\"}', '2023-03-08 22:47:32', '2023-03-08 20:22:37', '2023-03-08 22:47:32'),
('5467b74f-d1dc-498d-801b-4e8e3ec116b6', 'App\\Notifications\\OrderNotification', 'App\\Models\\User', 10, '{\"order_id\":6,\"order_code\":\"20220916-02082649\",\"user_id\":10,\"seller_id\":12,\"status\":\"paid\"}', NULL, '2022-09-29 21:23:28', '2022-09-29 21:23:28'),
('549b4eb0-e414-43e7-8db5-33d452d09f56', 'App\\Notifications\\OrderNotification', 'App\\Models\\User', 26, '{\"order_id\":13,\"order_code\":\"20221029-12435473\",\"user_id\":29,\"seller_id\":26,\"status\":\"confirmed\"}', '2022-10-31 07:22:24', '2022-10-29 11:08:55', '2022-10-31 07:22:24'),
('558fcf26-b908-47dd-9523-fbd7164c7a73', 'App\\Notifications\\OrderNotification', 'App\\Models\\User', 9, '{\"order_id\":9,\"order_code\":\"20220925-16375114\",\"user_id\":13,\"seller_id\":9,\"status\":\"paid\"}', '2022-11-02 17:54:15', '2022-10-25 08:18:11', '2022-11-02 17:54:15'),
('55edb13f-3657-4490-a30e-b0384f7b1c48', 'App\\Notifications\\OrderNotification', 'App\\Models\\User', 9, '{\"order_id\":23,\"order_code\":\"20221113-13245097\",\"user_id\":38,\"seller_id\":33,\"status\":\"paid\"}', '2022-11-19 14:57:01', '2022-11-16 22:10:34', '2022-11-19 14:57:01'),
('55f2cc72-e2a3-489f-aa1e-2273a6dda8f0', 'App\\Notifications\\OrderNotification', 'App\\Models\\User', 26, '{\"order_id\":15,\"order_code\":\"20221101-16245861\",\"user_id\":29,\"seller_id\":26,\"status\":\"confirmed\"}', '2022-11-10 13:50:12', '2022-11-01 16:19:19', '2022-11-10 13:50:12'),
('5606eadb-df6e-41ac-a107-23e0c11109e2', 'App\\Notifications\\OrderNotification', 'App\\Models\\User', 9, '{\"order_id\":102,\"order_code\":\"20230429-16183134\",\"user_id\":118,\"seller_id\":102,\"status\":\"confirmed\"}', '2023-04-29 19:46:40', '2023-04-29 15:35:25', '2023-04-29 19:46:40'),
('56afee2a-eade-47e5-b223-4a5591be260b', 'App\\Notifications\\OrderNotification', 'App\\Models\\User', 102, '{\"order_id\":101,\"order_code\":\"20230429-14583640\",\"user_id\":117,\"seller_id\":102,\"status\":\"delivered\"}', NULL, '2023-05-03 16:55:41', '2023-05-03 16:55:41'),
('56e0f916-6d64-4e25-a192-6cd449053ca6', 'App\\Notifications\\OrderNotification', 'App\\Models\\User', 9, '{\"order_id\":101,\"order_code\":\"20230429-14583640\",\"user_id\":117,\"seller_id\":102,\"status\":\"picked_up\"}', '2023-04-29 15:35:02', '2023-04-29 15:34:28', '2023-04-29 15:35:02'),
('5749d607-8b02-4081-a8a9-0c7cde8e85fc', 'App\\Notifications\\OrderNotification', 'App\\Models\\User', 9, '{\"order_id\":78,\"order_code\":\"20230127-16170231\",\"user_id\":86,\"seller_id\":26,\"status\":\"on_the_way\"}', '2023-01-29 15:06:55', '2023-01-28 21:26:48', '2023-01-29 15:06:55'),
('57fa073b-97e8-4a18-96a6-b4d78938c795', 'App\\Notifications\\OrderNotification', 'App\\Models\\User', 91, '{\"order_id\":93,\"order_code\":\"20230402-03235763\",\"user_id\":46,\"seller_id\":91,\"status\":\"delivered\"}', '2023-04-05 14:36:42', '2023-04-04 11:24:49', '2023-04-05 14:36:42'),
('587ba48f-9823-462c-ad9f-0141e0324922', 'App\\Notifications\\OrderNotification', 'App\\Models\\User', 95, '{\"order_id\":82,\"order_code\":\"20230218-13504562\",\"user_id\":95,\"seller_id\":26,\"status\":\"picked_up\"}', NULL, '2023-03-08 19:06:15', '2023-03-08 19:06:15'),
('58b462ed-7c05-4a2a-a512-d3bbc72ebcc7', 'App\\Notifications\\OrderNotification', 'App\\Models\\User', 9, '{\"order_id\":11,\"order_code\":\"20221025-10163397\",\"user_id\":24,\"seller_id\":9,\"status\":\"confirmed\"}', '2022-11-02 17:54:15', '2022-10-25 08:17:11', '2022-11-02 17:54:15'),
('58d22330-98fc-45ed-8e4b-2f0a0f054228', 'App\\Notifications\\OrderNotification', 'App\\Models\\User', 10, '{\"order_id\":3,\"order_code\":\"20220912-21241144\",\"user_id\":10,\"seller_id\":12,\"status\":\"delivered\"}', NULL, '2022-09-12 19:27:34', '2022-09-12 19:27:34'),
('59e050af-edb3-4483-9b9c-7c52e05fab09', 'App\\Notifications\\OrderNotification', 'App\\Models\\User', 9, '{\"order_id\":22,\"order_code\":\"20221111-22580447\",\"user_id\":36,\"seller_id\":33,\"status\":\"placed\"}', '2022-11-11 22:10:42', '2022-11-11 21:58:04', '2022-11-11 22:10:42'),
('59f5fe6c-cbe2-4adc-922f-da558458c501', 'App\\Notifications\\OrderNotification', 'App\\Models\\User', 29, '{\"order_id\":13,\"order_code\":\"20221029-12435473\",\"user_id\":29,\"seller_id\":26,\"status\":\"paid\"}', '2022-10-29 17:08:30', '2022-10-29 16:44:27', '2022-10-29 17:08:30'),
('5a1fba46-f0d1-4f25-9d54-c38f41c9fdc5', 'App\\Notifications\\OrderNotification', 'App\\Models\\User', 10, '{\"order_id\":10,\"order_code\":\"20221003-15072370\",\"user_id\":10,\"seller_id\":9,\"status\":\"delivered\"}', NULL, '2022-10-25 08:17:56', '2022-10-25 08:17:56'),
('5a7108f4-94dd-4979-9ee1-d15da93fac8f', 'App\\Notifications\\OrderNotification', 'App\\Models\\User', 17, '{\"order_id\":30,\"order_code\":\"20221125-10112092\",\"user_id\":53,\"seller_id\":17,\"status\":\"on_the_way\"}', '2022-11-28 13:57:30', '2022-11-26 22:17:18', '2022-11-28 13:57:30'),
('5a7402c0-51e2-45a0-8c64-d9edfaeb8dba', 'App\\Notifications\\OrderNotification', 'App\\Models\\User', 91, '{\"order_id\":81,\"order_code\":\"20230216-16021220\",\"user_id\":93,\"seller_id\":91,\"status\":\"placed\"}', '2023-02-16 16:40:14', '2023-02-16 15:02:36', '2023-02-16 16:40:14'),
('5ad28d53-5819-4c8b-accf-0e4b54ae9f2b', 'App\\Notifications\\OrderNotification', 'App\\Models\\User', 17, '{\"order_id\":28,\"order_code\":\"20221124-12391583\",\"user_id\":51,\"seller_id\":17,\"status\":\"delivered\"}', '2022-12-13 15:56:10', '2022-12-07 23:21:41', '2022-12-13 15:56:10'),
('5af047f3-a8cb-4f81-93e5-6b940832fd33', 'App\\Notifications\\OrderNotification', 'App\\Models\\User', 46, '{\"order_id\":93,\"order_code\":\"20230402-03235763\",\"user_id\":46,\"seller_id\":91,\"status\":\"picked_up\"}', NULL, '2023-04-04 11:24:44', '2023-04-04 11:24:44'),
('5c2cebe7-80df-4271-a182-98dbf3761cfa', 'App\\Notifications\\OrderNotification', 'App\\Models\\User', 29, '{\"order_id\":14,\"order_code\":\"20221029-12435444\",\"user_id\":29,\"seller_id\":9,\"status\":\"confirmed\"}', '2022-10-29 17:08:31', '2022-10-29 10:57:17', '2022-10-29 17:08:31'),
('5ce7dfb8-56ed-4bc5-93fe-319935b9d6f1', 'App\\Notifications\\OrderNotification', 'App\\Models\\User', 9, '{\"order_id\":30,\"order_code\":\"20221125-10112092\",\"user_id\":53,\"seller_id\":17,\"status\":\"confirmed\"}', '2022-11-25 11:13:09', '2022-11-25 10:38:35', '2022-11-25 11:13:09'),
('5dd156e6-e3e4-4038-ab46-dcee5941c955', 'App\\Notifications\\OrderNotification', 'App\\Models\\User', 46, '{\"order_id\":33,\"order_code\":\"20221206-11513581\",\"user_id\":46,\"seller_id\":17,\"status\":\"paid\"}', '2023-04-01 23:06:52', '2022-12-13 15:11:16', '2023-04-01 23:06:52'),
('5df0417d-be3a-43f0-bc6d-90c82214a752', 'App\\Notifications\\OrderNotification', 'App\\Models\\User', 52, '{\"order_id\":29,\"order_code\":\"20221124-18302943\",\"user_id\":52,\"seller_id\":17,\"status\":\"paid\"}', NULL, '2022-11-24 19:26:30', '2022-11-24 19:26:30'),
('5ee1f261-bab8-4fbb-9a43-46329ddd96a7', 'App\\Notifications\\OrderNotification', 'App\\Models\\User', 31, '{\"order_id\":20,\"order_code\":\"20221105-12160263\",\"user_id\":31,\"seller_id\":23,\"status\":\"confirmed\"}', NULL, '2022-11-05 16:23:52', '2022-11-05 16:23:52'),
('5f376cd7-20d0-4327-beac-715c25abdc42', 'App\\Notifications\\OrderNotification', 'App\\Models\\User', 9, '{\"order_id\":1,\"order_code\":\"20220911-14471390\",\"user_id\":10,\"seller_id\":9,\"status\":\"confirmed\"}', '2022-09-11 16:06:32', '2022-09-11 12:48:28', '2022-09-11 16:06:32'),
('5f400f48-b7ee-4440-992c-26d4dcf50cc8', 'App\\Notifications\\OrderNotification', 'App\\Models\\User', 29, '{\"order_id\":80,\"order_code\":\"20230209-13202867\",\"user_id\":29,\"seller_id\":26,\"status\":\"delivered\"}', NULL, '2023-02-09 22:08:32', '2023-02-09 22:08:32'),
('5f79cc75-11b0-424c-a9ed-f531c5efebd9', 'App\\Notifications\\OrderNotification', 'App\\Models\\User', 9, '{\"order_id\":88,\"order_code\":\"20230313-12281159\",\"user_id\":107,\"seller_id\":26,\"status\":\"cancelled\"}', '2023-03-21 18:17:23', '2023-03-20 08:56:10', '2023-03-21 18:17:23'),
('5ff4f1c3-43f6-4d2e-9558-80e45728f7e2', 'App\\Notifications\\OrderNotification', 'App\\Models\\User', 12, '{\"order_id\":8,\"order_code\":\"20220916-02102256\",\"user_id\":10,\"seller_id\":12,\"status\":\"paid\"}', NULL, '2022-09-29 21:23:13', '2022-09-29 21:23:13'),
('602bdfa4-5a1d-489c-af83-d471748a0fff', 'App\\Notifications\\OrderNotification', 'App\\Models\\User', 29, '{\"order_id\":79,\"order_code\":\"20230209-13202875\",\"user_id\":29,\"seller_id\":9,\"status\":\"paid\"}', NULL, '2023-02-09 22:08:43', '2023-02-09 22:08:43'),
('60a670a8-83c8-4782-8253-7f890280fdd9', 'App\\Notifications\\OrderNotification', 'App\\Models\\User', 33, '{\"order_id\":23,\"order_code\":\"20221113-13245097\",\"user_id\":38,\"seller_id\":33,\"status\":\"paid\"}', '2022-11-18 21:15:27', '2022-11-16 22:10:34', '2022-11-18 21:15:27'),
('61b678a0-8825-443f-9345-a58e0c3d5d55', 'App\\Notifications\\OrderNotification', 'App\\Models\\User', 29, '{\"order_id\":91,\"order_code\":\"20230331-21424824\",\"user_id\":29,\"seller_id\":9,\"status\":\"placed\"}', NULL, '2023-03-31 19:42:49', '2023-03-31 19:42:49'),
('61f37e05-380b-476e-8174-f0c2142aa16c', 'App\\Notifications\\OrderNotification', 'App\\Models\\User', 29, '{\"order_id\":15,\"order_code\":\"20221101-16245861\",\"user_id\":29,\"seller_id\":26,\"status\":\"delivered\"}', NULL, '2022-11-02 16:22:40', '2022-11-02 16:22:40'),
('61f9fe3a-b86a-4b47-b127-014321a06752', 'App\\Notifications\\OrderNotification', 'App\\Models\\User', 24, '{\"order_id\":11,\"order_code\":\"20221025-10163397\",\"user_id\":24,\"seller_id\":9,\"status\":\"paid\"}', NULL, '2022-10-25 08:17:39', '2022-10-25 08:17:39'),
('624c33cd-43d4-4cc9-9d25-e7559a29ec01', 'App\\Notifications\\OrderNotification', 'App\\Models\\User', 9, '{\"order_id\":33,\"order_code\":\"20221206-11513581\",\"user_id\":46,\"seller_id\":17,\"status\":\"on_the_way\"}', '2022-12-07 23:22:58', '2022-12-07 23:21:07', '2022-12-07 23:22:58'),
('626c8ba2-cfd9-4928-b0ec-11ae047abe0b', 'App\\Notifications\\OrderNotification', 'App\\Models\\User', 9, '{\"order_id\":85,\"order_code\":\"20230304-13075490\",\"user_id\":103,\"seller_id\":102,\"status\":\"paid\"}', '2023-03-21 18:17:23', '2023-03-20 08:55:15', '2023-03-21 18:17:23'),
('6272d9e4-28b4-410c-ad28-b17c769360d8', 'App\\Notifications\\OrderNotification', 'App\\Models\\User', 98, '{\"order_id\":84,\"order_code\":\"20230227-15283787\",\"user_id\":98,\"seller_id\":16,\"status\":\"picked_up\"}', NULL, '2023-02-27 16:10:54', '2023-02-27 16:10:54'),
('62860f3b-a1f8-4cad-a054-7306f3ad551c', 'App\\Notifications\\OrderNotification', 'App\\Models\\User', 9, '{\"order_id\":82,\"order_code\":\"20230218-13504562\",\"user_id\":95,\"seller_id\":26,\"status\":\"on_the_way\"}', '2023-03-08 22:47:32', '2023-03-08 19:06:32', '2023-03-08 22:47:32'),
('62b084f6-db99-47d1-bc0c-dcd3754aea39', 'App\\Notifications\\OrderNotification', 'App\\Models\\User', 9, '{\"order_id\":76,\"order_code\":\"20230117-08045445\",\"user_id\":85,\"seller_id\":9,\"status\":\"placed\"}', '2023-01-21 14:19:25', '2023-01-17 07:04:55', '2023-01-21 14:19:25'),
('62d928c4-e3d1-4213-9ba8-c1760afd8627', 'App\\Notifications\\OrderNotification', 'App\\Models\\User', 53, '{\"order_id\":30,\"order_code\":\"20221125-10112092\",\"user_id\":53,\"seller_id\":17,\"status\":\"confirmed\"}', NULL, '2022-11-25 10:38:35', '2022-11-25 10:38:35'),
('62dc53b2-dece-4a04-9183-8f7e11cae871', 'App\\Notifications\\OrderNotification', 'App\\Models\\User', 17, '{\"order_id\":30,\"order_code\":\"20221125-10112092\",\"user_id\":53,\"seller_id\":17,\"status\":\"confirmed\"}', '2022-11-25 10:46:25', '2022-11-25 10:38:35', '2022-11-25 10:46:25'),
('62eb505c-da44-4b06-8f58-81619567c0a6', 'App\\Notifications\\OrderNotification', 'App\\Models\\User', 29, '{\"order_id\":13,\"order_code\":\"20221029-12435473\",\"user_id\":29,\"seller_id\":26,\"status\":\"on_the_way\"}', '2022-10-29 17:08:31', '2022-10-29 13:12:28', '2022-10-29 17:08:31'),
('630bebf8-ccf3-4ac8-b6ca-d29ed76e5930', 'App\\Notifications\\OrderNotification', 'App\\Models\\User', 17, '{\"order_id\":31,\"order_code\":\"20221125-15430154\",\"user_id\":54,\"seller_id\":17,\"status\":\"placed\"}', '2022-11-28 13:57:30', '2022-11-25 14:43:02', '2022-11-28 13:57:30'),
('632727fe-1569-47c5-893f-267cde2222fa', 'App\\Notifications\\OrderNotification', 'App\\Models\\User', 17, '{\"order_id\":27,\"order_code\":\"20221115-12484832\",\"user_id\":46,\"seller_id\":17,\"status\":\"delivered\"}', '2022-11-25 10:46:25', '2022-11-19 14:57:17', '2022-11-25 10:46:25'),
('635f39d1-0785-4c1b-91cb-9a26e1f9d259', 'App\\Notifications\\OrderNotification', 'App\\Models\\User', 120, '{\"order_id\":103,\"order_code\":\"20230504-20072746\",\"user_id\":120,\"seller_id\":87,\"status\":\"on_the_way\"}', NULL, '2023-05-05 20:00:24', '2023-05-05 20:00:24'),
('638ef67e-c358-44a5-9ad9-dc601969e316', 'App\\Notifications\\OrderNotification', 'App\\Models\\User', 110, '{\"order_id\":94,\"order_code\":\"20230406-07034361\",\"user_id\":110,\"seller_id\":9,\"status\":\"on_the_way\"}', NULL, '2023-04-10 22:31:44', '2023-04-10 22:31:44'),
('63b0750e-bd1e-427b-be8e-ab5fdbff8c52', 'App\\Notifications\\OrderNotification', 'App\\Models\\User', 9, '{\"order_id\":81,\"order_code\":\"20230216-16021220\",\"user_id\":93,\"seller_id\":91,\"status\":\"placed\"}', '2023-02-16 16:38:05', '2023-02-16 15:02:36', '2023-02-16 16:38:05'),
('64b13b1c-a259-4438-99b6-95cce69c19ec', 'App\\Notifications\\OrderNotification', 'App\\Models\\User', 26, '{\"order_id\":19,\"order_code\":\"20221103-17490084\",\"user_id\":29,\"seller_id\":26,\"status\":\"confirmed\"}', '2022-11-10 13:50:12', '2022-11-03 20:16:23', '2022-11-10 13:50:12'),
('65dad34e-4db0-456a-a262-0bd458b80036', 'App\\Notifications\\OrderNotification', 'App\\Models\\User', 121, '{\"order_id\":104,\"order_code\":\"20230507-10501272\",\"user_id\":121,\"seller_id\":26,\"status\":\"confirmed\"}', NULL, '2023-05-07 11:14:53', '2023-05-07 11:14:53'),
('65e41aae-4ec5-4bd7-a5b8-e8f081a28a68', 'App\\Notifications\\OrderNotification', 'App\\Models\\User', 9, '{\"order_id\":3,\"order_code\":\"20220912-21241144\",\"user_id\":10,\"seller_id\":12,\"status\":\"on_the_way\"}', '2022-10-11 21:20:34', '2022-09-12 19:27:29', '2022-10-11 21:20:34'),
('65fa4c9b-85fc-4c0b-a279-432357d9ef36', 'App\\Notifications\\OrderNotification', 'App\\Models\\User', 102, '{\"order_id\":85,\"order_code\":\"20230304-13075490\",\"user_id\":103,\"seller_id\":102,\"status\":\"on_the_way\"}', '2023-03-08 10:57:35', '2023-03-05 09:02:07', '2023-03-08 10:57:35'),
('666587a5-c949-45ca-ae0c-767fd7765974', 'App\\Notifications\\OrderNotification', 'App\\Models\\User', 107, '{\"order_id\":88,\"order_code\":\"20230313-12281159\",\"user_id\":107,\"seller_id\":26,\"status\":\"placed\"}', '2023-03-19 11:52:13', '2023-03-13 11:28:14', '2023-03-19 11:52:13'),
('6682635c-ec58-4c5d-8bc2-5f5e71b71864', 'App\\Notifications\\OrderNotification', 'App\\Models\\User', 31, '{\"order_id\":20,\"order_code\":\"20221105-12160263\",\"user_id\":31,\"seller_id\":23,\"status\":\"delivered\"}', NULL, '2022-11-12 07:20:49', '2022-11-12 07:20:49'),
('6684dc28-9c93-4bcb-a502-0c209df44bac', 'App\\Notifications\\OrderNotification', 'App\\Models\\User', 9, '{\"order_id\":27,\"order_code\":\"20221115-12484832\",\"user_id\":46,\"seller_id\":17,\"status\":\"picked_up\"}', '2022-11-16 09:06:06', '2022-11-15 19:57:29', '2022-11-16 09:06:06'),
('66f8e456-6313-4608-a964-a94e0de81b9c', 'App\\Notifications\\OrderNotification', 'App\\Models\\User', 9, '{\"order_id\":13,\"order_code\":\"20221029-12435473\",\"user_id\":29,\"seller_id\":26,\"status\":\"on_the_way\"}', '2022-11-02 17:54:15', '2022-10-29 13:12:28', '2022-11-02 17:54:15'),
('671f4b4c-7da8-4e04-8872-35ced8546f85', 'App\\Notifications\\OrderNotification', 'App\\Models\\User', 91, '{\"order_id\":81,\"order_code\":\"20230216-16021220\",\"user_id\":93,\"seller_id\":91,\"status\":\"placed\"}', '2023-02-16 16:40:14', '2023-02-16 15:02:13', '2023-02-16 16:40:14'),
('674ecb4e-ee20-435c-9e5e-905b8e402abd', 'App\\Notifications\\OrderNotification', 'App\\Models\\User', 9, '{\"order_id\":29,\"order_code\":\"20221124-18302943\",\"user_id\":52,\"seller_id\":17,\"status\":\"delivered\"}', '2022-11-25 10:38:13', '2022-11-24 19:26:31', '2022-11-25 10:38:13'),
('679e49d4-2a77-41a2-9a49-d94983da88b1', 'App\\Notifications\\OrderNotification', 'App\\Models\\User', 45, '{\"order_id\":26,\"order_code\":\"20221114-17261473\",\"user_id\":45,\"seller_id\":17,\"status\":\"on_the_way\"}', NULL, '2022-11-14 17:12:25', '2022-11-14 17:12:25'),
('680b4897-eda3-43f2-81e4-99cbb2c2e492', 'App\\Notifications\\OrderNotification', 'App\\Models\\User', 102, '{\"order_id\":87,\"order_code\":\"20230311-19111098\",\"user_id\":106,\"seller_id\":102,\"status\":\"picked_up\"}', NULL, '2023-03-12 12:51:14', '2023-03-12 12:51:14'),
('68143b46-b553-4481-9709-51605644ea4e', 'App\\Notifications\\OrderNotification', 'App\\Models\\User', 10, '{\"order_id\":3,\"order_code\":\"20220912-21241144\",\"user_id\":10,\"seller_id\":12,\"status\":\"confirmed\"}', NULL, '2022-09-12 19:27:11', '2022-09-12 19:27:11'),
('68483d4f-697f-4f43-ae3c-0a323565c0ec', 'App\\Notifications\\OrderNotification', 'App\\Models\\User', 112, '{\"order_id\":95,\"order_code\":\"20230409-11302476\",\"user_id\":112,\"seller_id\":91,\"status\":\"placed\"}', NULL, '2023-04-09 09:30:25', '2023-04-09 09:30:25'),
('68563a00-0503-4ccf-b276-01b74a61316b', 'App\\Notifications\\OrderNotification', 'App\\Models\\User', 46, '{\"order_id\":93,\"order_code\":\"20230402-03235763\",\"user_id\":46,\"seller_id\":91,\"status\":\"paid\"}', NULL, '2023-04-15 13:28:40', '2023-04-15 13:28:40'),
('68bab5a6-b0f3-453a-b23b-4bf005973873', 'App\\Notifications\\OrderNotification', 'App\\Models\\User', 102, '{\"order_id\":100,\"order_code\":\"20230421-20001760\",\"user_id\":114,\"seller_id\":102,\"status\":\"picked_up\"}', NULL, '2023-04-24 15:43:59', '2023-04-24 15:43:59'),
('6901703f-b6f3-4ca9-a65b-99dde50937db', 'App\\Notifications\\OrderNotification', 'App\\Models\\User', 9, '{\"order_id\":21,\"order_code\":\"20221110-13521015\",\"user_id\":35,\"seller_id\":17,\"status\":\"picked_up\"}', '2022-11-11 07:52:07', '2022-11-10 22:21:18', '2022-11-11 07:52:07'),
('690998da-8296-41e3-b6a4-0bee27726c33', 'App\\Notifications\\OrderNotification', 'App\\Models\\User', 46, '{\"order_id\":27,\"order_code\":\"20221115-12484832\",\"user_id\":46,\"seller_id\":17,\"status\":\"confirmed\"}', '2023-04-01 23:06:52', '2022-11-15 12:05:55', '2023-04-01 23:06:52'),
('69357e94-67d6-4def-ab14-c8bf89e54b65', 'App\\Notifications\\OrderNotification', 'App\\Models\\User', 9, '{\"order_id\":81,\"order_code\":\"20230216-16021220\",\"user_id\":93,\"seller_id\":91,\"status\":\"placed\"}', '2023-02-16 16:38:05', '2023-02-16 15:02:13', '2023-02-16 16:38:05'),
('698c6a9a-2265-415c-b22a-91a04319cfd4', 'App\\Notifications\\OrderNotification', 'App\\Models\\User', 103, '{\"order_id\":85,\"order_code\":\"20230304-13075490\",\"user_id\":103,\"seller_id\":102,\"status\":\"on_the_way\"}', NULL, '2023-03-05 09:02:07', '2023-03-05 09:02:07'),
('69a0a445-3aaf-4a15-8f4b-d0f1ddf31cdf', 'App\\Notifications\\OrderNotification', 'App\\Models\\User', 9, '{\"order_id\":22,\"order_code\":\"20221111-22580447\",\"user_id\":36,\"seller_id\":33,\"status\":\"paid\"}', '2022-11-19 14:57:01', '2022-11-16 22:10:45', '2022-11-19 14:57:01'),
('69a3d0a7-e7df-44b1-aec0-53a2807ce30a', 'App\\Notifications\\OrderNotification', 'App\\Models\\User', 9, '{\"order_id\":92,\"order_code\":\"20230402-01061315\",\"user_id\":46,\"seller_id\":91,\"status\":\"placed\"}', '2023-04-02 01:22:05', '2023-04-01 23:06:14', '2023-04-02 01:22:05'),
('6a1676ce-a534-4ac1-9ef8-54cd7c4d7df2', 'App\\Notifications\\OrderNotification', 'App\\Models\\User', 9, '{\"order_id\":14,\"order_code\":\"20221029-12435444\",\"user_id\":29,\"seller_id\":9,\"status\":\"picked_up\"}', '2022-11-02 17:54:15', '2022-10-29 12:23:02', '2022-11-02 17:54:15'),
('6a4e8e24-8914-463b-9340-987a8e32a1c6', 'App\\Notifications\\OrderNotification', 'App\\Models\\User', 9, '{\"order_id\":15,\"order_code\":\"20221101-16245861\",\"user_id\":29,\"seller_id\":26,\"status\":\"confirmed\"}', '2022-11-02 17:54:15', '2022-11-01 16:19:19', '2022-11-02 17:54:15'),
('6a55bdbe-5175-420d-bca9-8f6f6260a95e', 'App\\Notifications\\OrderNotification', 'App\\Models\\User', 9, '{\"order_id\":36,\"order_code\":\"20221213-11432677\",\"user_id\":60,\"seller_id\":9,\"status\":\"placed\"}', '2022-12-13 15:11:30', '2022-12-13 10:43:27', '2022-12-13 15:11:30'),
('6a6e549e-55f2-4468-b029-0657c9575449', 'App\\Notifications\\OrderNotification', 'App\\Models\\User', 17, '{\"order_id\":27,\"order_code\":\"20221115-12484832\",\"user_id\":46,\"seller_id\":17,\"status\":\"confirmed\"}', '2022-11-15 15:34:57', '2022-11-15 12:05:55', '2022-11-15 15:34:57'),
('6ac39758-cb7a-4790-b06f-70f6eda670df', 'App\\Notifications\\OrderNotification', 'App\\Models\\User', 23, '{\"order_id\":20,\"order_code\":\"20221105-12160263\",\"user_id\":31,\"seller_id\":23,\"status\":\"picked_up\"}', NULL, '2022-11-07 23:00:54', '2022-11-07 23:00:54'),
('6ada6b2b-02fa-412e-9e17-60b327ffbda9', 'App\\Notifications\\OrderNotification', 'App\\Models\\User', 9, '{\"order_id\":101,\"order_code\":\"20230429-14583640\",\"user_id\":117,\"seller_id\":102,\"status\":\"confirmed\"}', '2023-04-29 15:35:02', '2023-04-29 15:34:25', '2023-04-29 15:35:02'),
('6ae6dcaa-1c1b-4030-b8fa-b25e16003f0f', 'App\\Notifications\\OrderNotification', 'App\\Models\\User', 9, '{\"order_id\":101,\"order_code\":\"20230429-14583640\",\"user_id\":117,\"seller_id\":102,\"status\":\"delivered\"}', '2023-05-03 22:40:17', '2023-05-03 16:55:41', '2023-05-03 22:40:17'),
('6b0d1794-196a-40ad-ab33-df513a35293e', 'App\\Notifications\\OrderNotification', 'App\\Models\\User', 9, '{\"order_id\":25,\"order_code\":\"20221113-19424392\",\"user_id\":39,\"seller_id\":9,\"status\":\"cancelled\"}', '2022-11-13 21:07:48', '2022-11-13 21:07:02', '2022-11-13 21:07:48'),
('6bef93b7-1d34-493d-ace4-7e5ab4eb3d58', 'App\\Notifications\\OrderNotification', 'App\\Models\\User', 31, '{\"order_id\":20,\"order_code\":\"20221105-12160263\",\"user_id\":31,\"seller_id\":23,\"status\":\"paid\"}', NULL, '2022-11-19 22:12:53', '2022-11-19 22:12:53'),
('6c2a33db-49ff-4dbd-96c6-2b44c658b785', 'App\\Notifications\\OrderNotification', 'App\\Models\\User', 9, '{\"order_id\":94,\"order_code\":\"20230406-07034361\",\"user_id\":110,\"seller_id\":9,\"status\":\"picked_up\"}', '2023-04-10 23:19:34', '2023-04-10 22:31:40', '2023-04-10 23:19:34'),
('6ca564ca-0692-44d8-9f62-fb2cd58b5dd9', 'App\\Notifications\\OrderNotification', 'App\\Models\\User', 105, '{\"order_id\":86,\"order_code\":\"20230307-10060744\",\"user_id\":105,\"seller_id\":102,\"status\":\"on_the_way\"}', NULL, '2023-03-07 21:35:28', '2023-03-07 21:35:28'),
('6d660946-7f59-4dcd-b83d-bd88a5f2647d', 'App\\Notifications\\OrderNotification', 'App\\Models\\User', 26, '{\"order_id\":89,\"order_code\":\"20230319-12533669\",\"user_id\":107,\"seller_id\":26,\"status\":\"delivered\"}', NULL, '2023-03-21 18:17:53', '2023-03-21 18:17:53'),
('6d8662ce-1616-4cc6-826b-7cf190e351a1', 'App\\Notifications\\OrderNotification', 'App\\Models\\User', 9, '{\"order_id\":101,\"order_code\":\"20230429-14583640\",\"user_id\":117,\"seller_id\":102,\"status\":\"delivered\"}', '2023-05-01 12:07:48', '2023-05-01 09:52:31', '2023-05-01 12:07:48'),
('6e2c722e-e9ca-48c3-b25a-94ad3cadf1b8', 'App\\Notifications\\OrderNotification', 'App\\Models\\User', 60, '{\"order_id\":36,\"order_code\":\"20221213-11432677\",\"user_id\":60,\"seller_id\":9,\"status\":\"placed\"}', NULL, '2022-12-13 10:43:27', '2022-12-13 10:43:27'),
('6f00c562-74ba-480e-9938-0ba69df5694e', 'App\\Notifications\\OrderNotification', 'App\\Models\\User', 53, '{\"order_id\":30,\"order_code\":\"20221125-10112092\",\"user_id\":53,\"seller_id\":17,\"status\":\"delivered\"}', NULL, '2022-11-26 22:17:21', '2022-11-26 22:17:21'),
('6f0bb284-c5ad-41f8-a8fe-67109aabdaac', 'App\\Notifications\\OrderNotification', 'App\\Models\\User', 9, '{\"order_id\":90,\"order_code\":\"20230321-12132324\",\"user_id\":109,\"seller_id\":16,\"status\":\"delivered\"}', '2023-03-27 09:42:58', '2023-03-22 20:41:29', '2023-03-27 09:42:58'),
('6f58f22c-df2f-4077-b2ab-b43c532241c4', 'App\\Notifications\\OrderNotification', 'App\\Models\\User', 9, '{\"order_id\":7,\"order_code\":\"20220916-02102233\",\"user_id\":10,\"seller_id\":9,\"status\":\"paid\"}', '2022-10-11 21:20:34', '2022-09-25 14:40:02', '2022-10-11 21:20:34'),
('7043ad3f-b263-4135-a59c-b3ae2a7389e1', 'App\\Notifications\\OrderNotification', 'App\\Models\\User', 9, '{\"order_id\":103,\"order_code\":\"20230504-20072746\",\"user_id\":120,\"seller_id\":87,\"status\":\"placed\"}', '2023-05-04 20:38:00', '2023-05-04 18:07:28', '2023-05-04 20:38:00'),
('704e9b99-09aa-4414-9e36-b96c2c0640ae', 'App\\Notifications\\OrderNotification', 'App\\Models\\User', 23, '{\"order_id\":20,\"order_code\":\"20221105-12160263\",\"user_id\":31,\"seller_id\":23,\"status\":\"on_the_way\"}', NULL, '2022-11-07 23:00:56', '2022-11-07 23:00:56'),
('7073cec6-2cd5-4510-ad91-8ae166df3604', 'App\\Notifications\\OrderNotification', 'App\\Models\\User', 9, '{\"order_id\":1,\"order_code\":\"20220911-14471390\",\"user_id\":10,\"seller_id\":9,\"status\":\"picked_up\"}', '2022-09-11 16:06:32', '2022-09-11 12:48:46', '2022-09-11 16:06:32'),
('70d970da-d6c2-4d10-9da7-75cc8d94a408', 'App\\Notifications\\OrderNotification', 'App\\Models\\User', 10, '{\"order_id\":3,\"order_code\":\"20220912-21241144\",\"user_id\":10,\"seller_id\":12,\"status\":\"placed\"}', NULL, '2022-09-12 19:24:11', '2022-09-12 19:24:11'),
('7101f098-2a88-4359-b675-708f5eae07b5', 'App\\Notifications\\OrderNotification', 'App\\Models\\User', 9, '{\"order_id\":6,\"order_code\":\"20220916-02082649\",\"user_id\":10,\"seller_id\":12,\"status\":\"paid\"}', '2022-10-11 21:20:34', '2022-09-29 21:23:28', '2022-10-11 21:20:34'),
('715d055d-1317-4636-ab74-1a0f2694a944', 'App\\Notifications\\OrderNotification', 'App\\Models\\User', 51, '{\"order_id\":28,\"order_code\":\"20221124-12391583\",\"user_id\":51,\"seller_id\":17,\"status\":\"on_the_way\"}', NULL, '2022-11-26 22:17:41', '2022-11-26 22:17:41'),
('71aacba3-cd16-4ec4-b305-e2081eeed266', 'App\\Notifications\\OrderNotification', 'App\\Models\\User', 36, '{\"order_id\":22,\"order_code\":\"20221111-22580447\",\"user_id\":36,\"seller_id\":33,\"status\":\"confirmed\"}', NULL, '2022-11-12 07:21:32', '2022-11-12 07:21:32'),
('71c003ef-cb26-47fa-92a9-89a560423c1d', 'App\\Notifications\\OrderNotification', 'App\\Models\\User', 12, '{\"order_id\":6,\"order_code\":\"20220916-02082649\",\"user_id\":10,\"seller_id\":12,\"status\":\"paid\"}', NULL, '2022-09-29 21:23:28', '2022-09-29 21:23:28'),
('71d939eb-7904-44ac-81c2-9bbef547c823', 'App\\Notifications\\OrderNotification', 'App\\Models\\User', 26, '{\"order_id\":104,\"order_code\":\"20230507-10501272\",\"user_id\":121,\"seller_id\":26,\"status\":\"confirmed\"}', NULL, '2023-05-07 11:14:53', '2023-05-07 11:14:53'),
('722c873b-09ad-4299-8cf4-d931ab561ffe', 'App\\Notifications\\OrderNotification', 'App\\Models\\User', 91, '{\"order_id\":81,\"order_code\":\"20230216-16021220\",\"user_id\":93,\"seller_id\":91,\"status\":\"placed\"}', '2023-02-16 16:40:14', '2023-02-16 15:37:37', '2023-02-16 16:40:14');
INSERT INTO `notifications` (`id`, `type`, `notifiable_type`, `notifiable_id`, `data`, `read_at`, `created_at`, `updated_at`) VALUES
('7263c430-50fe-4ec5-9ad2-d7a02fb1fa3f', 'App\\Notifications\\OrderNotification', 'App\\Models\\User', 17, '{\"order_id\":26,\"order_code\":\"20221114-17261473\",\"user_id\":45,\"seller_id\":17,\"status\":\"delivered\"}', '2022-11-25 10:46:25', '2022-11-19 22:14:10', '2022-11-25 10:46:25'),
('727458fe-1883-4930-83d4-d96dd62eea91', 'App\\Notifications\\OrderNotification', 'App\\Models\\User', 9, '{\"order_id\":82,\"order_code\":\"20230218-13504562\",\"user_id\":95,\"seller_id\":26,\"status\":\"placed\"}', '2023-02-18 21:09:10', '2023-02-18 12:50:46', '2023-02-18 21:09:10'),
('728ce5fc-6cee-435b-8094-697821f232b6', 'App\\Notifications\\OrderNotification', 'App\\Models\\User', 10, '{\"order_id\":1,\"order_code\":\"20220911-14471390\",\"user_id\":10,\"seller_id\":9,\"status\":\"paid\"}', NULL, '2022-09-11 12:50:06', '2022-09-11 12:50:06'),
('73116c69-8179-4cb2-b42a-dbf40a642b9f', 'App\\Notifications\\OrderNotification', 'App\\Models\\User', 9, '{\"order_id\":34,\"order_code\":\"20221213-11284421\",\"user_id\":60,\"seller_id\":9,\"status\":\"placed\"}', '2022-12-13 10:29:33', '2022-12-13 10:28:45', '2022-12-13 10:29:33'),
('7355ba49-3cbd-4057-a785-ca75b1caf944', 'App\\Notifications\\OrderNotification', 'App\\Models\\User', 9, '{\"order_id\":23,\"order_code\":\"20221113-13245097\",\"user_id\":38,\"seller_id\":33,\"status\":\"picked_up\"}', '2022-11-13 21:07:48', '2022-11-13 21:07:23', '2022-11-13 21:07:48'),
('73656188-789d-409a-812c-e34e33ef1c14', 'App\\Notifications\\OrderNotification', 'App\\Models\\User', 26, '{\"order_id\":78,\"order_code\":\"20230127-16170231\",\"user_id\":86,\"seller_id\":26,\"status\":\"cancelled\"}', '2023-02-28 14:44:13', '2023-02-09 22:09:06', '2023-02-28 14:44:13'),
('73810481-f06a-4b5e-a89b-d36c5b6f5712', 'App\\Notifications\\OrderNotification', 'App\\Models\\User', 110, '{\"order_id\":94,\"order_code\":\"20230406-07034361\",\"user_id\":110,\"seller_id\":9,\"status\":\"confirmed\"}', NULL, '2023-04-06 20:33:28', '2023-04-06 20:33:28'),
('73e5e426-4a7d-4ef4-91e6-2df5c451b1b3', 'App\\Notifications\\OrderNotification', 'App\\Models\\User', 112, '{\"order_id\":95,\"order_code\":\"20230409-11302476\",\"user_id\":112,\"seller_id\":91,\"status\":\"confirmed\"}', NULL, '2023-04-09 09:31:24', '2023-04-09 09:31:24'),
('74c36472-36eb-44ce-bfbd-aa830a1fcac9', 'App\\Notifications\\OrderNotification', 'App\\Models\\User', 31, '{\"order_id\":18,\"order_code\":\"20221102-15514247\",\"user_id\":31,\"seller_id\":26,\"status\":\"placed\"}', NULL, '2022-11-02 14:51:43', '2022-11-02 14:51:43'),
('75a90542-5570-4f20-9c4a-a799184f6ee7', 'App\\Notifications\\OrderNotification', 'App\\Models\\User', 102, '{\"order_id\":101,\"order_code\":\"20230429-14583640\",\"user_id\":117,\"seller_id\":102,\"status\":\"placed\"}', NULL, '2023-04-29 12:58:36', '2023-04-29 12:58:36'),
('75ad309b-b1ce-4847-9e19-c723da70421e', 'App\\Notifications\\OrderNotification', 'App\\Models\\User', 24, '{\"order_id\":11,\"order_code\":\"20221025-10163397\",\"user_id\":24,\"seller_id\":9,\"status\":\"picked_up\"}', NULL, '2022-10-25 08:17:22', '2022-10-25 08:17:22'),
('75fa7cc4-dfbc-4897-84b0-75daabcd070f', 'App\\Notifications\\OrderNotification', 'App\\Models\\User', 46, '{\"order_id\":27,\"order_code\":\"20221115-12484832\",\"user_id\":46,\"seller_id\":17,\"status\":\"picked_up\"}', '2023-04-01 23:06:52', '2022-11-15 19:57:29', '2023-04-01 23:06:52'),
('760909ff-e162-48e4-9351-a24519cc121f', 'App\\Notifications\\OrderNotification', 'App\\Models\\User', 35, '{\"order_id\":21,\"order_code\":\"20221110-13521015\",\"user_id\":35,\"seller_id\":17,\"status\":\"delivered\"}', NULL, '2022-11-11 11:45:46', '2022-11-11 11:45:46'),
('761cc14b-8e0b-4849-aad8-ce551a78ce5f', 'App\\Notifications\\OrderNotification', 'App\\Models\\User', 114, '{\"order_id\":100,\"order_code\":\"20230421-20001760\",\"user_id\":114,\"seller_id\":102,\"status\":\"delivered\"}', NULL, '2023-04-27 12:31:40', '2023-04-27 12:31:40'),
('7642c252-61ad-45d2-9d49-5b25144b28fe', 'App\\Notifications\\OrderNotification', 'App\\Models\\User', 46, '{\"order_id\":33,\"order_code\":\"20221206-11513581\",\"user_id\":46,\"seller_id\":17,\"status\":\"placed\"}', '2023-04-01 23:06:52', '2022-12-06 10:51:36', '2023-04-01 23:06:52'),
('766386a5-4104-4481-8196-9045cc31510f', 'App\\Notifications\\OrderNotification', 'App\\Models\\User', 52, '{\"order_id\":29,\"order_code\":\"20221124-18302943\",\"user_id\":52,\"seller_id\":17,\"status\":\"placed\"}', '2022-11-24 17:30:38', '2022-11-24 17:30:30', '2022-11-24 17:30:38'),
('768e0e15-85a2-41c7-a738-3d6be74e4f4f', 'App\\Notifications\\OrderNotification', 'App\\Models\\User', 9, '{\"order_id\":32,\"order_code\":\"20221204-18140885\",\"user_id\":56,\"seller_id\":17,\"status\":\"picked_up\"}', '2022-12-04 22:34:33', '2022-12-04 17:15:28', '2022-12-04 22:34:33'),
('7735375e-20f1-4474-9fdd-7a00899b8ff1', 'App\\Notifications\\OrderNotification', 'App\\Models\\User', 9, '{\"order_id\":19,\"order_code\":\"20221103-17490084\",\"user_id\":29,\"seller_id\":26,\"status\":\"placed\"}', '2022-11-04 18:35:53', '2022-11-03 16:49:01', '2022-11-04 18:35:53'),
('775c4bf4-e46a-4bcf-be46-02f038c6b6a4', 'App\\Notifications\\OrderNotification', 'App\\Models\\User', 17, '{\"order_id\":30,\"order_code\":\"20221125-10112092\",\"user_id\":53,\"seller_id\":17,\"status\":\"picked_up\"}', '2022-11-28 13:57:30', '2022-11-26 22:17:16', '2022-11-28 13:57:30'),
('77eb81aa-8bfd-4013-ae0f-ec109609d7c4', 'App\\Notifications\\OrderNotification', 'App\\Models\\User', 12, '{\"order_id\":3,\"order_code\":\"20220912-21241144\",\"user_id\":10,\"seller_id\":12,\"status\":\"delivered\"}', NULL, '2022-09-12 19:27:34', '2022-09-12 19:27:34'),
('78016dc6-98b6-4c52-a1ea-e9b7910f060c', 'App\\Notifications\\OrderNotification', 'App\\Models\\User', 17, '{\"order_id\":33,\"order_code\":\"20221206-11513581\",\"user_id\":46,\"seller_id\":17,\"status\":\"on_the_way\"}', '2022-12-13 15:56:10', '2022-12-07 23:21:07', '2022-12-13 15:56:10'),
('78375878-7035-44fe-a753-b14c14501c11', 'App\\Notifications\\OrderNotification', 'App\\Models\\User', 26, '{\"order_id\":89,\"order_code\":\"20230319-12533669\",\"user_id\":107,\"seller_id\":26,\"status\":\"placed\"}', NULL, '2023-03-19 11:53:37', '2023-03-19 11:53:37'),
('7849144f-f77b-4d40-83db-5ea950087fdf', 'App\\Notifications\\OrderNotification', 'App\\Models\\User', 9, '{\"order_id\":94,\"order_code\":\"20230406-07034361\",\"user_id\":110,\"seller_id\":9,\"status\":\"delivered\"}', '2023-04-11 21:39:48', '2023-04-11 21:39:40', '2023-04-11 21:39:48'),
('7889b4cc-5ff1-4ae1-a1c3-ea1c0d65a11c', 'App\\Notifications\\OrderNotification', 'App\\Models\\User', 53, '{\"order_id\":30,\"order_code\":\"20221125-10112092\",\"user_id\":53,\"seller_id\":17,\"status\":\"on_the_way\"}', NULL, '2022-11-26 22:17:18', '2022-11-26 22:17:18'),
('78927d13-f692-49b5-9113-cd8b961ee6bf', 'App\\Notifications\\OrderNotification', 'App\\Models\\User', 10, '{\"order_id\":4,\"order_code\":\"20220914-18451249\",\"user_id\":10,\"seller_id\":9,\"status\":\"placed\"}', NULL, '2022-09-14 16:45:12', '2022-09-14 16:45:12'),
('78cced0e-58cd-4f7c-bc54-f00580de4807', 'App\\Notifications\\OrderNotification', 'App\\Models\\User', 9, '{\"order_id\":86,\"order_code\":\"20230307-10060744\",\"user_id\":105,\"seller_id\":102,\"status\":\"picked_up\"}', '2023-03-07 13:19:25', '2023-03-07 13:19:21', '2023-03-07 13:19:25'),
('78eb78de-d627-45b0-bc62-4c8acd25b56c', 'App\\Notifications\\OrderNotification', 'App\\Models\\User', 17, '{\"order_id\":33,\"order_code\":\"20221206-11513581\",\"user_id\":46,\"seller_id\":17,\"status\":\"placed\"}', '2022-12-13 15:56:10', '2022-12-06 10:51:36', '2022-12-13 15:56:10'),
('790899c1-f4dc-47c9-8d3e-a99e790a20ff', 'App\\Notifications\\OrderNotification', 'App\\Models\\User', 39, '{\"order_id\":25,\"order_code\":\"20221113-19424392\",\"user_id\":39,\"seller_id\":9,\"status\":\"cancelled\"}', NULL, '2022-11-13 21:07:02', '2022-11-13 21:07:02'),
('793b572c-3b74-41db-8b8c-667a84fcdd9f', 'App\\Notifications\\OrderNotification', 'App\\Models\\User', 103, '{\"order_id\":85,\"order_code\":\"20230304-13075490\",\"user_id\":103,\"seller_id\":102,\"status\":\"placed\"}', NULL, '2023-03-04 12:07:55', '2023-03-04 12:07:55'),
('79ee025e-97e6-4cd4-b951-c601e2f079e3', 'App\\Notifications\\OrderNotification', 'App\\Models\\User', 9, '{\"order_id\":87,\"order_code\":\"20230311-19111098\",\"user_id\":106,\"seller_id\":102,\"status\":\"confirmed\"}', '2023-03-11 22:53:24', '2023-03-11 18:38:55', '2023-03-11 22:53:24'),
('7a8a385a-1824-41c5-9c7b-1372c9698842', 'App\\Notifications\\OrderNotification', 'App\\Models\\User', 9, '{\"order_id\":93,\"order_code\":\"20230402-03235763\",\"user_id\":46,\"seller_id\":91,\"status\":\"delivered\"}', '2023-04-04 22:59:15', '2023-04-04 11:24:49', '2023-04-04 22:59:15'),
('7ade4c3a-cead-464b-9175-f85fe95db093', 'App\\Notifications\\OrderNotification', 'App\\Models\\User', 9, '{\"order_id\":25,\"order_code\":\"20221113-19424392\",\"user_id\":39,\"seller_id\":9,\"status\":\"placed\"}', '2022-11-13 21:06:35', '2022-11-13 18:42:44', '2022-11-13 21:06:35'),
('7aee7435-11d1-4cd8-a85b-37a2d42e67fb', 'App\\Notifications\\OrderNotification', 'App\\Models\\User', 17, '{\"order_id\":29,\"order_code\":\"20221124-18302943\",\"user_id\":52,\"seller_id\":17,\"status\":\"delivered\"}', '2022-11-25 10:46:25', '2022-11-24 19:26:31', '2022-11-25 10:46:25'),
('7af6e674-6135-438f-99b6-a2a331defc3d', 'App\\Notifications\\OrderNotification', 'App\\Models\\User', 10, '{\"order_id\":5,\"order_code\":\"20220916-02082614\",\"user_id\":10,\"seller_id\":9,\"status\":\"placed\"}', NULL, '2022-09-16 00:08:26', '2022-09-16 00:08:26'),
('7b4656bc-2d35-4c58-bd74-e7ccb3992508', 'App\\Notifications\\OrderNotification', 'App\\Models\\User', 9, '{\"order_id\":24,\"order_code\":\"20221113-19424330\",\"user_id\":39,\"seller_id\":17,\"status\":\"cancelled\"}', '2022-11-13 21:07:48', '2022-11-13 21:06:47', '2022-11-13 21:07:48'),
('7bd8457d-2fae-444a-804a-7310dc646830', 'App\\Notifications\\OrderNotification', 'App\\Models\\User', 24, '{\"order_id\":11,\"order_code\":\"20221025-10163397\",\"user_id\":24,\"seller_id\":9,\"status\":\"placed\"}', NULL, '2022-10-25 08:16:33', '2022-10-25 08:16:33'),
('7be81dcd-1be4-43de-a667-e7fb68ea9533', 'App\\Notifications\\OrderNotification', 'App\\Models\\User', 9, '{\"order_id\":36,\"order_code\":\"20221213-11432677\",\"user_id\":60,\"seller_id\":9,\"status\":\"paid\"}', '2022-12-13 15:11:30', '2022-12-13 15:10:57', '2022-12-13 15:11:30'),
('7c394f0a-6b72-4e24-9bfc-d84aca9fac7a', 'App\\Notifications\\OrderNotification', 'App\\Models\\User', 39, '{\"order_id\":24,\"order_code\":\"20221113-19424330\",\"user_id\":39,\"seller_id\":17,\"status\":\"cancelled\"}', NULL, '2022-11-13 21:06:47', '2022-11-13 21:06:47'),
('7d7838c1-4321-4109-a223-1f3cbe9c5543', 'App\\Notifications\\OrderNotification', 'App\\Models\\User', 26, '{\"order_id\":13,\"order_code\":\"20221029-12435473\",\"user_id\":29,\"seller_id\":26,\"status\":\"picked_up\"}', '2022-10-31 07:22:24', '2022-10-29 12:22:49', '2022-10-31 07:22:24'),
('7def1dc0-ece6-4b04-97b3-35a7c6adb2e7', 'App\\Notifications\\OrderNotification', 'App\\Models\\User', 10, '{\"order_id\":2,\"order_code\":\"20220911-16493630\",\"user_id\":10,\"seller_id\":9,\"status\":\"placed\"}', NULL, '2022-09-11 14:49:36', '2022-09-11 14:49:36'),
('7dfd10f3-935c-46b8-8890-801eed24e4d9', 'App\\Notifications\\OrderNotification', 'App\\Models\\User', 86, '{\"order_id\":77,\"order_code\":\"20230121-17062671\",\"user_id\":86,\"seller_id\":26,\"status\":\"on_the_way\"}', '2023-01-23 15:19:00', '2023-01-22 21:33:04', '2023-01-23 15:19:00'),
('7f2c7d40-4bc4-423b-9d7b-24bc0e00ac57', 'App\\Notifications\\OrderNotification', 'App\\Models\\User', 110, '{\"order_id\":94,\"order_code\":\"20230406-07034361\",\"user_id\":110,\"seller_id\":9,\"status\":\"delivered\"}', NULL, '2023-04-11 21:39:40', '2023-04-11 21:39:40'),
('7f9a1238-4291-4e5c-afe4-3d381c595d61', 'App\\Notifications\\OrderNotification', 'App\\Models\\User', 10, '{\"order_id\":10,\"order_code\":\"20221003-15072370\",\"user_id\":10,\"seller_id\":9,\"status\":\"placed\"}', NULL, '2022-10-03 13:07:24', '2022-10-03 13:07:24'),
('7fb2f93e-7dde-420c-ab12-70900f114880', 'App\\Notifications\\OrderNotification', 'App\\Models\\User', 9, '{\"order_id\":17,\"order_code\":\"20221101-17154863\",\"user_id\":30,\"seller_id\":9,\"status\":\"confirmed\"}', '2022-11-02 17:54:15', '2022-11-01 16:17:51', '2022-11-02 17:54:15'),
('7fc9f0ad-4d81-4a7b-8ff5-d1196037458a', 'App\\Notifications\\OrderNotification', 'App\\Models\\User', 39, '{\"order_id\":24,\"order_code\":\"20221113-19424330\",\"user_id\":39,\"seller_id\":17,\"status\":\"placed\"}', NULL, '2022-11-13 18:42:44', '2022-11-13 18:42:44'),
('80825ec9-b80a-41a6-b118-319daaadb40d', 'App\\Notifications\\OrderNotification', 'App\\Models\\User', 60, '{\"order_id\":34,\"order_code\":\"20221213-11284421\",\"user_id\":60,\"seller_id\":9,\"status\":\"placed\"}', '2022-12-13 10:29:12', '2022-12-13 10:28:45', '2022-12-13 10:29:12'),
('80852057-65ef-4dc2-a372-2c4bc0c2e9b8', 'App\\Notifications\\OrderNotification', 'App\\Models\\User', 102, '{\"order_id\":100,\"order_code\":\"20230421-20001760\",\"user_id\":114,\"seller_id\":102,\"status\":\"paid\"}', NULL, '2023-05-01 09:52:16', '2023-05-01 09:52:16'),
('815ebaf9-b72c-4236-a7ae-e9e358119a98', 'App\\Notifications\\OrderNotification', 'App\\Models\\User', 29, '{\"order_id\":13,\"order_code\":\"20221029-12435473\",\"user_id\":29,\"seller_id\":26,\"status\":\"delivered\"}', '2022-10-29 17:08:31', '2022-10-29 16:44:24', '2022-10-29 17:08:31'),
('818788a0-5810-4f85-88fc-40dcb7f54cf3', 'App\\Notifications\\OrderNotification', 'App\\Models\\User', 29, '{\"order_id\":80,\"order_code\":\"20230209-13202867\",\"user_id\":29,\"seller_id\":26,\"status\":\"placed\"}', NULL, '2023-02-09 12:20:29', '2023-02-09 12:20:29'),
('819d5e19-27a2-4ff4-a119-8b983942de60', 'App\\Notifications\\OrderNotification', 'App\\Models\\User', 9, '{\"order_id\":75,\"order_code\":\"20230117-08045487\",\"user_id\":85,\"seller_id\":26,\"status\":\"paid\"}', '2023-01-21 14:19:25', '2023-01-20 19:15:18', '2023-01-21 14:19:25'),
('81f8606c-3352-41d2-9a37-949f64b7a24a', 'App\\Notifications\\OrderNotification', 'App\\Models\\User', 29, '{\"order_id\":91,\"order_code\":\"20230331-21424824\",\"user_id\":29,\"seller_id\":9,\"status\":\"confirmed\"}', NULL, '2023-03-31 22:28:27', '2023-03-31 22:28:27'),
('8246baf0-b018-4ec9-9ae0-a18db32a4ea8', 'App\\Notifications\\OrderNotification', 'App\\Models\\User', 72, '{\"order_id\":83,\"order_code\":\"20230222-15305731\",\"user_id\":72,\"seller_id\":9,\"status\":\"placed\"}', NULL, '2023-02-22 14:30:58', '2023-02-22 14:30:58'),
('825ad8b1-7892-4acb-ac0a-982742afbdd0', 'App\\Notifications\\OrderNotification', 'App\\Models\\User', 9, '{\"order_id\":13,\"order_code\":\"20221029-12435473\",\"user_id\":29,\"seller_id\":26,\"status\":\"confirmed\"}', '2022-11-02 17:54:15', '2022-10-29 11:08:55', '2022-11-02 17:54:15'),
('82e66d96-e361-4422-97af-962849d1ff87', 'App\\Notifications\\OrderNotification', 'App\\Models\\User', 17, '{\"order_id\":26,\"order_code\":\"20221114-17261473\",\"user_id\":45,\"seller_id\":17,\"status\":\"picked_up\"}', '2022-11-15 15:34:57', '2022-11-14 17:12:20', '2022-11-15 15:34:57'),
('832ce9bd-8602-450e-9df9-b1c683f8ef61', 'App\\Notifications\\OrderNotification', 'App\\Models\\User', 9, '{\"order_id\":91,\"order_code\":\"20230331-21424824\",\"user_id\":29,\"seller_id\":9,\"status\":\"delivered\"}', '2023-04-02 01:22:05', '2023-04-01 12:22:16', '2023-04-02 01:22:05'),
('836fedc6-9b6b-4634-a4da-7a378439f041', 'App\\Notifications\\OrderNotification', 'App\\Models\\User', 38, '{\"order_id\":23,\"order_code\":\"20221113-13245097\",\"user_id\":38,\"seller_id\":33,\"status\":\"placed\"}', '2022-11-13 12:25:11', '2022-11-13 12:24:51', '2022-11-13 12:25:11'),
('83b17571-c42f-4f86-aa4d-fabb014e3748', 'App\\Notifications\\OrderNotification', 'App\\Models\\User', 33, '{\"order_id\":23,\"order_code\":\"20221113-13245097\",\"user_id\":38,\"seller_id\":33,\"status\":\"placed\"}', '2022-11-13 13:42:44', '2022-11-13 12:24:51', '2022-11-13 13:42:44'),
('84040d5a-53eb-4251-879b-092633aa7220', 'App\\Notifications\\OrderNotification', 'App\\Models\\User', 9, '{\"order_id\":86,\"order_code\":\"20230307-10060744\",\"user_id\":105,\"seller_id\":102,\"status\":\"confirmed\"}', '2023-03-07 13:19:12', '2023-03-07 09:06:36', '2023-03-07 13:19:12'),
('841f7426-b566-4625-bde5-7245aa0cbca4', 'App\\Notifications\\OrderNotification', 'App\\Models\\User', 26, '{\"order_id\":88,\"order_code\":\"20230313-12281159\",\"user_id\":107,\"seller_id\":26,\"status\":\"placed\"}', NULL, '2023-03-13 11:28:14', '2023-03-13 11:28:14'),
('84503a14-1f76-4083-9fc5-249041ea3e9a', 'App\\Notifications\\OrderNotification', 'App\\Models\\User', 17, '{\"order_id\":28,\"order_code\":\"20221124-12391583\",\"user_id\":51,\"seller_id\":17,\"status\":\"confirmed\"}', '2022-11-25 10:46:25', '2022-11-24 16:54:24', '2022-11-25 10:46:25'),
('84eae749-1201-4f34-bbe6-6c9cf202db9f', 'App\\Notifications\\OrderNotification', 'App\\Models\\User', 24, '{\"order_id\":11,\"order_code\":\"20221025-10163397\",\"user_id\":24,\"seller_id\":9,\"status\":\"delivered\"}', NULL, '2022-10-25 08:17:35', '2022-10-25 08:17:35'),
('84eed751-3de3-4c48-a67a-8eca8061bb3f', 'App\\Notifications\\OrderNotification', 'App\\Models\\User', 86, '{\"order_id\":77,\"order_code\":\"20230121-17062671\",\"user_id\":86,\"seller_id\":26,\"status\":\"confirmed\"}', '2023-01-23 15:19:00', '2023-01-21 16:10:29', '2023-01-23 15:19:00'),
('853402df-25b2-45f5-bb74-65bbf9477f52', 'App\\Notifications\\OrderNotification', 'App\\Models\\User', 9, '{\"order_id\":92,\"order_code\":\"20230402-01061315\",\"user_id\":46,\"seller_id\":91,\"status\":\"cancelled\"}', '2023-04-02 01:24:56', '2023-04-02 01:22:51', '2023-04-02 01:24:56'),
('85d60faa-48c8-4f52-a5d2-32de342ee047', 'App\\Notifications\\OrderNotification', 'App\\Models\\User', 9, '{\"order_id\":8,\"order_code\":\"20220916-02102256\",\"user_id\":10,\"seller_id\":12,\"status\":\"placed\"}', '2022-10-11 21:20:34', '2022-09-16 00:10:23', '2022-10-11 21:20:34'),
('85f17aa7-e90e-460b-a7d5-dd8737fab47b', 'App\\Notifications\\OrderNotification', 'App\\Models\\User', 46, '{\"order_id\":27,\"order_code\":\"20221115-12484832\",\"user_id\":46,\"seller_id\":17,\"status\":\"delivered\"}', '2023-04-01 23:06:52', '2022-11-19 14:57:17', '2023-04-01 23:06:52'),
('85f263ee-3586-4816-a868-c204d7b3a096', 'App\\Notifications\\OrderNotification', 'App\\Models\\User', 107, '{\"order_id\":89,\"order_code\":\"20230319-12533669\",\"user_id\":107,\"seller_id\":26,\"status\":\"paid\"}', NULL, '2023-03-21 18:17:55', '2023-03-21 18:17:55'),
('86153c91-4bf4-4568-91b8-4d663d0b938c', 'App\\Notifications\\OrderNotification', 'App\\Models\\User', 26, '{\"order_id\":89,\"order_code\":\"20230319-12533669\",\"user_id\":107,\"seller_id\":26,\"status\":\"confirmed\"}', NULL, '2023-03-20 08:53:32', '2023-03-20 08:53:32'),
('86b0b995-38d2-4426-bc38-b92618f88100', 'App\\Notifications\\OrderNotification', 'App\\Models\\User', 9, '{\"order_id\":11,\"order_code\":\"20221025-10163397\",\"user_id\":24,\"seller_id\":9,\"status\":\"placed\"}', '2022-11-02 17:54:15', '2022-10-25 08:16:33', '2022-11-02 17:54:15'),
('86cf32c5-7d75-4c2b-9ac6-50bb73085ac2', 'App\\Notifications\\OrderNotification', 'App\\Models\\User', 9, '{\"order_id\":15,\"order_code\":\"20221101-16245861\",\"user_id\":29,\"seller_id\":26,\"status\":\"delivered\"}', '2022-11-02 17:54:15', '2022-11-02 16:22:40', '2022-11-02 17:54:15'),
('870d0e54-fefd-4b15-9cf2-3994b5e6796b', 'App\\Notifications\\OrderNotification', 'App\\Models\\User', 26, '{\"order_id\":19,\"order_code\":\"20221103-17490084\",\"user_id\":29,\"seller_id\":26,\"status\":\"placed\"}', '2022-11-10 13:50:12', '2022-11-03 16:49:01', '2022-11-10 13:50:12'),
('8756e0f6-f2ad-4aa0-9d0e-e30c9cceb953', 'App\\Notifications\\OrderNotification', 'App\\Models\\User', 86, '{\"order_id\":78,\"order_code\":\"20230127-16170231\",\"user_id\":86,\"seller_id\":26,\"status\":\"on_the_way\"}', NULL, '2023-01-28 21:26:48', '2023-01-28 21:26:48'),
('875c82c3-648c-4a14-a600-d22e49e34371', 'App\\Notifications\\OrderNotification', 'App\\Models\\User', 103, '{\"order_id\":85,\"order_code\":\"20230304-13075490\",\"user_id\":103,\"seller_id\":102,\"status\":\"paid\"}', NULL, '2023-03-20 08:55:15', '2023-03-20 08:55:15'),
('876b7fdd-8e8d-43d9-9822-05421b433631', 'App\\Notifications\\OrderNotification', 'App\\Models\\User', 9, '{\"order_id\":91,\"order_code\":\"20230331-21424824\",\"user_id\":29,\"seller_id\":9,\"status\":\"confirmed\"}', '2023-04-01 10:28:58', '2023-03-31 22:28:27', '2023-04-01 10:28:58'),
('87a54b39-0bbd-431d-abeb-4f75814cefcc', 'App\\Notifications\\OrderNotification', 'App\\Models\\User', 17, '{\"order_id\":24,\"order_code\":\"20221113-19424330\",\"user_id\":39,\"seller_id\":17,\"status\":\"placed\"}', '2022-11-14 08:05:55', '2022-11-13 18:42:44', '2022-11-14 08:05:55'),
('87c2ebb4-f112-4a4f-821b-8aa0b8222604', 'App\\Notifications\\OrderNotification', 'App\\Models\\User', 86, '{\"order_id\":78,\"order_code\":\"20230127-16170231\",\"user_id\":86,\"seller_id\":26,\"status\":\"picked_up\"}', NULL, '2023-01-27 20:07:22', '2023-01-27 20:07:22'),
('8801a972-d987-4d1e-a536-5ea20fd265a8', 'App\\Notifications\\OrderNotification', 'App\\Models\\User', 95, '{\"order_id\":82,\"order_code\":\"20230218-13504562\",\"user_id\":95,\"seller_id\":26,\"status\":\"delivered\"}', NULL, '2023-03-08 20:22:34', '2023-03-08 20:22:34'),
('8828c712-a463-4327-9ccb-7eb8fc7d6b04', 'App\\Notifications\\OrderNotification', 'App\\Models\\User', 9, '{\"order_id\":14,\"order_code\":\"20221029-12435444\",\"user_id\":29,\"seller_id\":9,\"status\":\"on_the_way\"}', '2022-11-02 17:54:15', '2022-10-29 13:12:21', '2022-11-02 17:54:15'),
('88d96609-cc47-463a-8836-2ffabcfcea72', 'App\\Notifications\\OrderNotification', 'App\\Models\\User', 9, '{\"order_id\":27,\"order_code\":\"20221115-12484832\",\"user_id\":46,\"seller_id\":17,\"status\":\"paid\"}', '2022-12-07 23:22:58', '2022-12-07 23:22:02', '2022-12-07 23:22:58'),
('89114953-e3bc-42b2-aefe-8191d59c455b', 'App\\Notifications\\OrderNotification', 'App\\Models\\User', 85, '{\"order_id\":75,\"order_code\":\"20230117-08045487\",\"user_id\":85,\"seller_id\":26,\"status\":\"placed\"}', NULL, '2023-01-17 07:04:55', '2023-01-17 07:04:55'),
('89542c1b-b511-492a-a04f-7135ff46d2d1', 'App\\Notifications\\OrderNotification', 'App\\Models\\User', 45, '{\"order_id\":26,\"order_code\":\"20221114-17261473\",\"user_id\":45,\"seller_id\":17,\"status\":\"picked_up\"}', NULL, '2022-11-14 17:12:20', '2022-11-14 17:12:20'),
('89e20a72-e29c-405c-9357-ec618080296d', 'App\\Notifications\\OrderNotification', 'App\\Models\\User', 9, '{\"order_id\":77,\"order_code\":\"20230121-17062671\",\"user_id\":86,\"seller_id\":26,\"status\":\"paid\"}', '2023-01-23 17:09:56', '2023-01-23 16:26:32', '2023-01-23 17:09:56'),
('89f44501-aadd-4542-8cac-4c3603ec141a', 'App\\Notifications\\OrderNotification', 'App\\Models\\User', 9, '{\"order_id\":77,\"order_code\":\"20230121-17062671\",\"user_id\":86,\"seller_id\":26,\"status\":\"placed\"}', '2023-01-21 20:23:08', '2023-01-21 16:06:27', '2023-01-21 20:23:08'),
('8a85eb62-1b50-4957-84ab-9162852c56c8', 'App\\Notifications\\OrderNotification', 'App\\Models\\User', 102, '{\"order_id\":100,\"order_code\":\"20230421-20001760\",\"user_id\":114,\"seller_id\":102,\"status\":\"placed\"}', NULL, '2023-04-21 18:00:18', '2023-04-21 18:00:18'),
('8afc8483-aaaa-45bc-9d2d-adad89e7193d', 'App\\Notifications\\OrderNotification', 'App\\Models\\User', 56, '{\"order_id\":32,\"order_code\":\"20221204-18140885\",\"user_id\":56,\"seller_id\":17,\"status\":\"on_the_way\"}', NULL, '2022-12-07 23:21:20', '2022-12-07 23:21:20'),
('8b2b45f0-203d-4604-b027-69374df6f8fe', 'App\\Notifications\\OrderNotification', 'App\\Models\\User', 9, '{\"order_id\":83,\"order_code\":\"20230222-15305731\",\"user_id\":72,\"seller_id\":9,\"status\":\"placed\"}', '2023-02-22 21:39:03', '2023-02-22 14:30:58', '2023-02-22 21:39:03'),
('8ba4b32a-8fb7-43af-b13b-0c84d2563208', 'App\\Notifications\\OrderNotification', 'App\\Models\\User', 9, '{\"order_id\":26,\"order_code\":\"20221114-17261473\",\"user_id\":45,\"seller_id\":17,\"status\":\"paid\"}', '2022-11-22 02:49:36', '2022-11-22 02:49:08', '2022-11-22 02:49:36'),
('8c03158b-038e-4c83-a62f-56c7ea148a4f', 'App\\Notifications\\OrderNotification', 'App\\Models\\User', 9, '{\"order_id\":9,\"order_code\":\"20220925-16375114\",\"user_id\":13,\"seller_id\":9,\"status\":\"delivered\"}', '2022-10-11 21:20:34', '2022-09-25 14:39:29', '2022-10-11 21:20:34'),
('8c3b596a-6358-470e-87c1-1a1874aacd3a', 'App\\Notifications\\OrderNotification', 'App\\Models\\User', 9, '{\"order_id\":100,\"order_code\":\"20230421-20001760\",\"user_id\":114,\"seller_id\":102,\"status\":\"confirmed\"}', '2023-04-22 15:39:42', '2023-04-22 09:25:45', '2023-04-22 15:39:42'),
('8c9227fc-f2f8-4416-b298-1892c181d250', 'App\\Notifications\\OrderNotification', 'App\\Models\\User', 38, '{\"order_id\":23,\"order_code\":\"20221113-13245097\",\"user_id\":38,\"seller_id\":33,\"status\":\"picked_up\"}', NULL, '2022-11-13 21:07:23', '2022-11-13 21:07:23'),
('8d35b901-e682-4c84-85c2-41c66fe02390', 'App\\Notifications\\OrderNotification', 'App\\Models\\User', 9, '{\"order_id\":20,\"order_code\":\"20221105-12160263\",\"user_id\":31,\"seller_id\":23,\"status\":\"picked_up\"}', '2022-11-08 18:09:04', '2022-11-07 23:00:54', '2022-11-08 18:09:04'),
('8d3b3b59-5c57-4f37-8b27-25a0e4ca91fb', 'App\\Notifications\\OrderNotification', 'App\\Models\\User', 9, '{\"order_id\":11,\"order_code\":\"20221025-10163397\",\"user_id\":24,\"seller_id\":9,\"status\":\"on_the_way\"}', '2022-11-02 17:54:15', '2022-10-25 08:17:31', '2022-11-02 17:54:15'),
('8d58845b-c84f-42f1-a221-c920ddc0455f', 'App\\Notifications\\OrderNotification', 'App\\Models\\User', 106, '{\"order_id\":87,\"order_code\":\"20230311-19111098\",\"user_id\":106,\"seller_id\":102,\"status\":\"placed\"}', NULL, '2023-03-11 18:11:10', '2023-03-11 18:11:10'),
('8daa2adc-515e-4426-8c9c-b2d490488340', 'App\\Notifications\\OrderNotification', 'App\\Models\\User', 9, '{\"order_id\":29,\"order_code\":\"20221124-18302943\",\"user_id\":52,\"seller_id\":17,\"status\":\"paid\"}', '2022-11-25 10:38:13', '2022-11-24 19:26:30', '2022-11-25 10:38:13'),
('8e8a0db7-6a42-4203-b45f-caac1b7923f7', 'App\\Notifications\\OrderNotification', 'App\\Models\\User', 29, '{\"order_id\":91,\"order_code\":\"20230331-21424824\",\"user_id\":29,\"seller_id\":9,\"status\":\"delivered\"}', NULL, '2023-04-01 12:22:16', '2023-04-01 12:22:16'),
('8f594105-efba-4d24-9637-91503ca6388d', 'App\\Notifications\\OrderNotification', 'App\\Models\\User', 9, '{\"order_id\":26,\"order_code\":\"20221114-17261473\",\"user_id\":45,\"seller_id\":17,\"status\":\"delivered\"}', '2022-11-20 10:41:37', '2022-11-19 22:14:10', '2022-11-20 10:41:37'),
('8f65abda-e575-4673-807f-64149210df3f', 'App\\Notifications\\OrderNotification', 'App\\Models\\User', 109, '{\"order_id\":90,\"order_code\":\"20230321-12132324\",\"user_id\":109,\"seller_id\":16,\"status\":\"placed\"}', NULL, '2023-03-21 11:13:24', '2023-03-21 11:13:24'),
('8f6c79eb-bb13-4771-96aa-b3d3f93bf307', 'App\\Notifications\\OrderNotification', 'App\\Models\\User', 95, '{\"order_id\":96,\"order_code\":\"20230410-01184314\",\"user_id\":95,\"seller_id\":26,\"status\":\"delivered\"}', NULL, '2023-04-09 23:19:12', '2023-04-09 23:19:12'),
('8f80cf78-3b4b-4b8a-b94b-f540995c7404', 'App\\Notifications\\OrderNotification', 'App\\Models\\User', 17, '{\"order_id\":32,\"order_code\":\"20221204-18140885\",\"user_id\":56,\"seller_id\":17,\"status\":\"on_the_way\"}', '2022-12-13 15:56:10', '2022-12-07 23:21:20', '2022-12-13 15:56:10'),
('8f933c7a-1c11-4b7a-9ce0-7de1b7e558f3', 'App\\Notifications\\OrderNotification', 'App\\Models\\User', 33, '{\"order_id\":22,\"order_code\":\"20221111-22580447\",\"user_id\":36,\"seller_id\":33,\"status\":\"picked_up\"}', '2022-11-13 13:42:44', '2022-11-12 22:54:48', '2022-11-13 13:42:44'),
('8fad3f3c-6b99-4f1d-9b65-015196d74497', 'App\\Notifications\\OrderNotification', 'App\\Models\\User', 9, '{\"order_id\":89,\"order_code\":\"20230319-12533669\",\"user_id\":107,\"seller_id\":26,\"status\":\"paid\"}', '2023-03-21 18:18:31', '2023-03-21 18:17:55', '2023-03-21 18:18:31'),
('8fcee30c-42cb-4728-90f1-08ddd736e349', 'App\\Notifications\\OrderNotification', 'App\\Models\\User', 17, '{\"order_id\":21,\"order_code\":\"20221110-13521015\",\"user_id\":35,\"seller_id\":17,\"status\":\"on_the_way\"}', '2022-11-11 11:50:40', '2022-11-11 07:52:14', '2022-11-11 11:50:40'),
('90218ecf-72fa-41a7-a4e3-ca10f40ce754', 'App\\Notifications\\OrderNotification', 'App\\Models\\User', 46, '{\"order_id\":27,\"order_code\":\"20221115-12484832\",\"user_id\":46,\"seller_id\":17,\"status\":\"placed\"}', '2023-04-01 23:06:52', '2022-11-15 11:48:49', '2023-04-01 23:06:52'),
('90d14357-ec5a-44a4-a48d-a13627f30b1d', 'App\\Notifications\\OrderNotification', 'App\\Models\\User', 31, '{\"order_id\":18,\"order_code\":\"20221102-15514247\",\"user_id\":31,\"seller_id\":26,\"status\":\"confirmed\"}', NULL, '2022-11-02 14:52:39', '2022-11-02 14:52:39'),
('914518c3-cbd5-4915-ac54-a0c7d48ecd2d', 'App\\Notifications\\OrderNotification', 'App\\Models\\User', 87, '{\"order_id\":103,\"order_code\":\"20230504-20072746\",\"user_id\":120,\"seller_id\":87,\"status\":\"placed\"}', NULL, '2023-05-04 18:07:28', '2023-05-04 18:07:28'),
('91c2d7a6-4ca6-448e-9a08-22dfc7786db3', 'App\\Notifications\\OrderNotification', 'App\\Models\\User', 109, '{\"order_id\":90,\"order_code\":\"20230321-12132324\",\"user_id\":109,\"seller_id\":16,\"status\":\"cancelled\"}', NULL, '2023-03-22 20:41:34', '2023-03-22 20:41:34'),
('9229ba1a-e65d-485a-9686-cdb80a637109', 'App\\Notifications\\OrderNotification', 'App\\Models\\User', 26, '{\"order_id\":80,\"order_code\":\"20230209-13202867\",\"user_id\":29,\"seller_id\":26,\"status\":\"delivered\"}', '2023-02-28 14:44:13', '2023-02-09 22:08:32', '2023-02-28 14:44:13'),
('92c29a75-1c48-4f2c-a17b-442b8652d249', 'App\\Notifications\\OrderNotification', 'App\\Models\\User', 9, '{\"order_id\":12,\"order_code\":\"20221027-21365817\",\"user_id\":28,\"seller_id\":26,\"status\":\"picked_up\"}', '2022-11-02 17:54:15', '2022-10-28 12:15:34', '2022-11-02 17:54:15'),
('92c95041-8bac-4340-9b8d-55ac40b90c50', 'App\\Notifications\\OrderNotification', 'App\\Models\\User', 17, '{\"order_id\":33,\"order_code\":\"20221206-11513581\",\"user_id\":46,\"seller_id\":17,\"status\":\"delivered\"}', '2022-12-13 15:56:10', '2022-12-08 08:49:37', '2022-12-13 15:56:10'),
('93052e53-5ed6-4dae-a066-3cf81826c2d9', 'App\\Notifications\\OrderNotification', 'App\\Models\\User', 60, '{\"order_id\":36,\"order_code\":\"20221213-11432677\",\"user_id\":60,\"seller_id\":9,\"status\":\"delivered\"}', NULL, '2022-12-13 15:10:55', '2022-12-13 15:10:55'),
('93ec28f4-6fda-4106-a1b0-f3e7182eb764', 'App\\Notifications\\OrderNotification', 'App\\Models\\User', 52, '{\"order_id\":29,\"order_code\":\"20221124-18302943\",\"user_id\":52,\"seller_id\":17,\"status\":\"picked_up\"}', NULL, '2022-11-24 18:06:37', '2022-11-24 18:06:37'),
('94677313-1449-42c1-8cfe-4d6218fae649', 'App\\Notifications\\OrderNotification', 'App\\Models\\User', 9, '{\"order_id\":20,\"order_code\":\"20221105-12160263\",\"user_id\":31,\"seller_id\":23,\"status\":\"on_the_way\"}', '2022-11-08 18:09:04', '2022-11-07 23:00:56', '2022-11-08 18:09:04'),
('94c605c4-5a9f-4e45-ad47-bff3b88e7353', 'App\\Notifications\\OrderNotification', 'App\\Models\\User', 26, '{\"order_id\":12,\"order_code\":\"20221027-21365817\",\"user_id\":28,\"seller_id\":26,\"status\":\"picked_up\"}', '2022-10-31 07:22:24', '2022-10-28 12:15:34', '2022-10-31 07:22:24'),
('95515aa0-66dc-4679-ab4f-01185d4ee0fd', 'App\\Notifications\\OrderNotification', 'App\\Models\\User', 29, '{\"order_id\":19,\"order_code\":\"20221103-17490084\",\"user_id\":29,\"seller_id\":26,\"status\":\"confirmed\"}', NULL, '2022-11-03 20:16:23', '2022-11-03 20:16:23'),
('95aa28b2-0b3c-4827-9bc0-569859b37548', 'App\\Notifications\\OrderNotification', 'App\\Models\\User', 9, '{\"order_id\":20,\"order_code\":\"20221105-12160263\",\"user_id\":31,\"seller_id\":23,\"status\":\"placed\"}', '2022-11-05 16:23:44', '2022-11-05 11:16:03', '2022-11-05 16:23:44'),
('96911a2f-05a9-4f95-8613-263e2bd3e561', 'App\\Notifications\\OrderNotification', 'App\\Models\\User', 38, '{\"order_id\":23,\"order_code\":\"20221113-13245097\",\"user_id\":38,\"seller_id\":33,\"status\":\"confirmed\"}', NULL, '2022-11-13 21:07:20', '2022-11-13 21:07:20'),
('96ff803c-8073-4c7f-9f39-3851a7f128ae', 'App\\Notifications\\OrderNotification', 'App\\Models\\User', 9, '{\"order_id\":90,\"order_code\":\"20230321-12132324\",\"user_id\":109,\"seller_id\":16,\"status\":\"confirmed\"}', '2023-03-21 18:18:31', '2023-03-21 18:17:30', '2023-03-21 18:18:31'),
('9730ed71-6fa6-424b-a85f-e8cfe78e3c5c', 'App\\Notifications\\OrderNotification', 'App\\Models\\User', 9, '{\"order_id\":7,\"order_code\":\"20220916-02102233\",\"user_id\":10,\"seller_id\":9,\"status\":\"delivered\"}', '2022-10-11 21:20:34', '2022-09-25 14:40:06', '2022-10-11 21:20:34'),
('975b6017-6f26-436d-9ea3-248aa8da62b3', 'App\\Notifications\\OrderNotification', 'App\\Models\\User', 9, '{\"order_id\":81,\"order_code\":\"20230216-16021220\",\"user_id\":93,\"seller_id\":91,\"status\":\"cancelled\"}', '2023-02-18 21:09:10', '2023-02-17 07:03:16', '2023-02-18 21:09:10'),
('976afe6d-d351-4031-9ec1-637772433b99', 'App\\Notifications\\OrderNotification', 'App\\Models\\User', 9, '{\"order_id\":32,\"order_code\":\"20221204-18140885\",\"user_id\":56,\"seller_id\":17,\"status\":\"cancelled\"}', '2022-12-13 15:56:35', '2022-12-13 15:56:13', '2022-12-13 15:56:35'),
('9770e40c-9e53-4bea-ad73-1aff4c226983', 'App\\Notifications\\OrderNotification', 'App\\Models\\User', 29, '{\"order_id\":13,\"order_code\":\"20221029-12435473\",\"user_id\":29,\"seller_id\":26,\"status\":\"placed\"}', '2022-10-29 17:08:31', '2022-10-29 10:43:54', '2022-10-29 17:08:31'),
('97f8f882-ffc4-4e85-b9d9-08f3d193fa1f', 'App\\Notifications\\OrderNotification', 'App\\Models\\User', 26, '{\"order_id\":82,\"order_code\":\"20230218-13504562\",\"user_id\":95,\"seller_id\":26,\"status\":\"paid\"}', NULL, '2023-03-08 20:22:37', '2023-03-08 20:22:37'),
('984353c2-1875-4c61-a3df-bebe4632f87e', 'App\\Notifications\\OrderNotification', 'App\\Models\\User', 114, '{\"order_id\":100,\"order_code\":\"20230421-20001760\",\"user_id\":114,\"seller_id\":102,\"status\":\"paid\"}', NULL, '2023-05-01 09:52:16', '2023-05-01 09:52:16'),
('9873b528-1acb-487a-bdf1-7b07e0887bac', 'App\\Notifications\\OrderNotification', 'App\\Models\\User', 9, '{\"order_id\":9,\"order_code\":\"20220925-16375114\",\"user_id\":13,\"seller_id\":9,\"status\":\"picked_up\"}', '2022-10-11 21:20:34', '2022-09-25 14:39:17', '2022-10-11 21:20:34'),
('990c6838-f0ee-48be-bd97-4e7f5f988329', 'App\\Notifications\\OrderNotification', 'App\\Models\\User', 9, '{\"order_id\":22,\"order_code\":\"20221111-22580447\",\"user_id\":36,\"seller_id\":33,\"status\":\"confirmed\"}', '2022-11-12 22:54:39', '2022-11-12 07:21:32', '2022-11-12 22:54:39'),
('994240fa-e64f-4ec8-9aa1-f85283fa7722', 'App\\Notifications\\OrderNotification', 'App\\Models\\User', 91, '{\"order_id\":93,\"order_code\":\"20230402-03235763\",\"user_id\":46,\"seller_id\":91,\"status\":\"paid\"}', NULL, '2023-04-15 13:28:40', '2023-04-15 13:28:40'),
('9957b974-3af6-498d-91fe-8a10028deb5d', 'App\\Notifications\\OrderNotification', 'App\\Models\\User', 29, '{\"order_id\":15,\"order_code\":\"20221101-16245861\",\"user_id\":29,\"seller_id\":26,\"status\":\"on_the_way\"}', NULL, '2022-11-02 12:05:29', '2022-11-02 12:05:29'),
('998b3ba9-0fc3-4a5d-91e4-6e0646bb811c', 'App\\Notifications\\OrderNotification', 'App\\Models\\User', 10, '{\"order_id\":10,\"order_code\":\"20221003-15072370\",\"user_id\":10,\"seller_id\":9,\"status\":\"paid\"}', NULL, '2022-10-25 08:17:57', '2022-10-25 08:17:57'),
('99c3a2d7-8672-43a0-82c3-8f5d2983b206', 'App\\Notifications\\OrderNotification', 'App\\Models\\User', 9, '{\"order_id\":23,\"order_code\":\"20221113-13245097\",\"user_id\":38,\"seller_id\":33,\"status\":\"placed\"}', '2022-11-13 21:06:35', '2022-11-13 12:24:51', '2022-11-13 21:06:35'),
('9a5d285f-1f01-4eca-b7a7-558009622726', 'App\\Notifications\\OrderNotification', 'App\\Models\\User', 56, '{\"order_id\":32,\"order_code\":\"20221204-18140885\",\"user_id\":56,\"seller_id\":17,\"status\":\"placed\"}', NULL, '2022-12-04 17:14:09', '2022-12-04 17:14:09'),
('9a83337c-93d5-40f4-9e91-813b19764981', 'App\\Notifications\\OrderNotification', 'App\\Models\\User', 9, '{\"order_id\":18,\"order_code\":\"20221102-15514247\",\"user_id\":31,\"seller_id\":26,\"status\":\"placed\"}', '2022-11-02 17:54:15', '2022-11-02 14:51:42', '2022-11-02 17:54:15'),
('9bd27312-7067-42cf-8b44-0191789b6231', 'App\\Notifications\\OrderNotification', 'App\\Models\\User', 9, '{\"order_id\":89,\"order_code\":\"20230319-12533669\",\"user_id\":107,\"seller_id\":26,\"status\":\"delivered\"}', '2023-03-21 18:18:31', '2023-03-21 18:17:53', '2023-03-21 18:18:31'),
('9c1f58a4-1748-456e-8342-2fef5da80211', 'App\\Notifications\\OrderNotification', 'App\\Models\\User', 91, '{\"order_id\":95,\"order_code\":\"20230409-11302476\",\"user_id\":112,\"seller_id\":91,\"status\":\"delivered\"}', NULL, '2023-04-14 13:46:45', '2023-04-14 13:46:45'),
('9c39e8ad-11f2-4085-918c-397d2ad3cc0c', 'App\\Notifications\\OrderNotification', 'App\\Models\\User', 17, '{\"order_id\":28,\"order_code\":\"20221124-12391583\",\"user_id\":51,\"seller_id\":17,\"status\":\"picked_up\"}', '2022-11-25 10:46:25', '2022-11-24 16:54:35', '2022-11-25 10:46:25'),
('9c83b2af-f3c8-49a4-86b9-6fad3bd12f8c', 'App\\Notifications\\OrderNotification', 'App\\Models\\User', 10, '{\"order_id\":6,\"order_code\":\"20220916-02082649\",\"user_id\":10,\"seller_id\":12,\"status\":\"delivered\"}', NULL, '2022-09-29 21:23:26', '2022-09-29 21:23:26'),
('9da5db43-3261-4a3f-826b-895c02e759ef', 'App\\Notifications\\OrderNotification', 'App\\Models\\User', 9, '{\"order_id\":12,\"order_code\":\"20221027-21365817\",\"user_id\":28,\"seller_id\":26,\"status\":\"confirmed\"}', '2022-11-02 17:54:15', '2022-10-27 22:17:40', '2022-11-02 17:54:15'),
('9edcf8e3-0870-4fd4-95e1-af8d5e59a45f', 'App\\Notifications\\OrderNotification', 'App\\Models\\User', 9, '{\"order_id\":104,\"order_code\":\"20230507-10501272\",\"user_id\":121,\"seller_id\":26,\"status\":\"confirmed\"}', '2023-05-07 14:23:19', '2023-05-07 11:14:53', '2023-05-07 14:23:19'),
('9fe79b13-3fca-47e0-9b6a-bd8ac1c62e53', 'App\\Notifications\\OrderNotification', 'App\\Models\\User', 109, '{\"order_id\":90,\"order_code\":\"20230321-12132324\",\"user_id\":109,\"seller_id\":16,\"status\":\"on_the_way\"}', NULL, '2023-03-22 20:41:26', '2023-03-22 20:41:26'),
('a0196af6-ff68-4baf-801e-30ddec034d30', 'App\\Notifications\\OrderNotification', 'App\\Models\\User', 12, '{\"order_id\":3,\"order_code\":\"20220912-21241144\",\"user_id\":10,\"seller_id\":12,\"status\":\"placed\"}', NULL, '2022-09-12 19:24:11', '2022-09-12 19:24:11'),
('a019d0e9-68ff-4b71-8cde-3acd3269692b', 'App\\Notifications\\OrderNotification', 'App\\Models\\User', 46, '{\"order_id\":92,\"order_code\":\"20230402-01061315\",\"user_id\":46,\"seller_id\":91,\"status\":\"placed\"}', '2023-04-01 23:06:52', '2023-04-01 23:06:14', '2023-04-01 23:06:52'),
('a027287e-0e49-4ef9-94f5-061a7caba347', 'App\\Notifications\\OrderNotification', 'App\\Models\\User', 98, '{\"order_id\":84,\"order_code\":\"20230227-15283787\",\"user_id\":98,\"seller_id\":16,\"status\":\"delivered\"}', NULL, '2023-02-27 21:33:04', '2023-02-27 21:33:04'),
('a0559280-06bc-47b1-bd7c-46629c9d8acf', 'App\\Notifications\\OrderNotification', 'App\\Models\\User', 93, '{\"order_id\":81,\"order_code\":\"20230216-16021220\",\"user_id\":93,\"seller_id\":91,\"status\":\"cancelled\"}', NULL, '2023-02-17 07:03:16', '2023-02-17 07:03:16'),
('a07411c3-6110-4d2e-8265-966c6de35d03', 'App\\Notifications\\OrderNotification', 'App\\Models\\User', 107, '{\"order_id\":89,\"order_code\":\"20230319-12533669\",\"user_id\":107,\"seller_id\":26,\"status\":\"confirmed\"}', NULL, '2023-03-20 08:53:32', '2023-03-20 08:53:32'),
('a097b0d1-3ee2-4999-bcc0-1aacad8dbc2e', 'App\\Notifications\\OrderNotification', 'App\\Models\\User', 17, '{\"order_id\":30,\"order_code\":\"20221125-10112092\",\"user_id\":53,\"seller_id\":17,\"status\":\"paid\"}', '2022-12-13 15:56:10', '2022-12-07 11:54:26', '2022-12-13 15:56:10'),
('a16a4365-b185-45a3-848c-4fa8efdb0fd4', 'App\\Notifications\\OrderNotification', 'App\\Models\\User', 54, '{\"order_id\":31,\"order_code\":\"20221125-15430154\",\"user_id\":54,\"seller_id\":17,\"status\":\"cancelled\"}', NULL, '2022-12-07 23:20:41', '2022-12-07 23:20:41'),
('a1a7a8b0-72ea-4e65-93f1-2487d6c74c6e', 'App\\Notifications\\OrderNotification', 'App\\Models\\User', 9, '{\"order_id\":18,\"order_code\":\"20221102-15514247\",\"user_id\":31,\"seller_id\":26,\"status\":\"confirmed\"}', '2022-11-02 17:54:15', '2022-11-02 14:52:39', '2022-11-02 17:54:15'),
('a2070e55-203b-4bc4-b434-5b7939de676d', 'App\\Notifications\\OrderNotification', 'App\\Models\\User', 16, '{\"order_id\":90,\"order_code\":\"20230321-12132324\",\"user_id\":109,\"seller_id\":16,\"status\":\"placed\"}', NULL, '2023-03-21 11:13:24', '2023-03-21 11:13:24'),
('a26b803f-6781-466c-bcec-2f146ee01ce4', 'App\\Notifications\\OrderNotification', 'App\\Models\\User', 9, '{\"order_id\":82,\"order_code\":\"20230218-13504562\",\"user_id\":95,\"seller_id\":26,\"status\":\"picked_up\"}', '2023-03-08 22:47:32', '2023-03-08 19:06:15', '2023-03-08 22:47:32'),
('a2f0315b-94d0-4b91-9f0e-0ff5b1e23050', 'App\\Notifications\\OrderNotification', 'App\\Models\\User', 110, '{\"order_id\":94,\"order_code\":\"20230406-07034361\",\"user_id\":110,\"seller_id\":9,\"status\":\"paid\"}', NULL, '2023-04-24 08:46:23', '2023-04-24 08:46:23'),
('a382f57f-bb77-44de-b8b4-5dfa8df55efe', 'App\\Notifications\\OrderNotification', 'App\\Models\\User', 9, '{\"order_id\":93,\"order_code\":\"20230402-03235763\",\"user_id\":46,\"seller_id\":91,\"status\":\"picked_up\"}', '2023-04-04 22:59:15', '2023-04-04 11:24:44', '2023-04-04 22:59:15'),
('a3ba3163-3633-461d-a093-bc374c4caa87', 'App\\Notifications\\OrderNotification', 'App\\Models\\User', 9, '{\"order_id\":19,\"order_code\":\"20221103-17490084\",\"user_id\":29,\"seller_id\":26,\"status\":\"confirmed\"}', '2022-11-04 18:35:53', '2022-11-03 20:16:23', '2022-11-04 18:35:53'),
('a4cda56c-ca5c-4cb5-86e8-f6df5dce9a44', 'App\\Notifications\\OrderNotification', 'App\\Models\\User', 102, '{\"order_id\":86,\"order_code\":\"20230307-10060744\",\"user_id\":105,\"seller_id\":102,\"status\":\"paid\"}', NULL, '2023-03-20 08:55:42', '2023-03-20 08:55:42'),
('a54a7737-7942-4770-88e0-38f5e421ce1d', 'App\\Notifications\\OrderNotification', 'App\\Models\\User', 9, '{\"order_id\":96,\"order_code\":\"20230410-01184314\",\"user_id\":95,\"seller_id\":26,\"status\":\"delivered\"}', '2023-04-10 11:56:56', '2023-04-09 23:19:12', '2023-04-10 11:56:56'),
('a568df24-e5b9-414b-9f2d-d1c5c4db8cbe', 'App\\Notifications\\OrderNotification', 'App\\Models\\User', 29, '{\"order_id\":80,\"order_code\":\"20230209-13202867\",\"user_id\":29,\"seller_id\":26,\"status\":\"paid\"}', NULL, '2023-02-09 22:08:34', '2023-02-09 22:08:34'),
('a56f3b67-a2e1-48e2-b4d4-2511fb96cb0a', 'App\\Notifications\\OrderNotification', 'App\\Models\\User', 30, '{\"order_id\":17,\"order_code\":\"20221101-17154863\",\"user_id\":30,\"seller_id\":9,\"status\":\"paid\"}', NULL, '2022-11-02 20:54:52', '2022-11-02 20:54:52'),
('a581d187-12c1-436a-93a1-48befa5c1871', 'App\\Notifications\\OrderNotification', 'App\\Models\\User', 9, '{\"order_id\":77,\"order_code\":\"20230121-17062671\",\"user_id\":86,\"seller_id\":26,\"status\":\"confirmed\"}', '2023-01-21 20:23:08', '2023-01-21 16:10:29', '2023-01-21 20:23:08'),
('a5926572-79a5-4a51-a277-575a88260099', 'App\\Notifications\\OrderNotification', 'App\\Models\\User', 9, '{\"order_id\":31,\"order_code\":\"20221125-15430154\",\"user_id\":54,\"seller_id\":17,\"status\":\"confirmed\"}', '2022-11-26 09:25:13', '2022-11-26 08:47:21', '2022-11-26 09:25:13'),
('a644bbb2-f5ef-4db1-bc9a-d71b3aa957e9', 'App\\Notifications\\OrderNotification', 'App\\Models\\User', 17, '{\"order_id\":21,\"order_code\":\"20221110-13521015\",\"user_id\":35,\"seller_id\":17,\"status\":\"confirmed\"}', '2022-11-11 11:50:40', '2022-11-10 14:58:44', '2022-11-11 11:50:40'),
('a793a2a5-fff0-43b5-98be-80fc54ffab20', 'App\\Notifications\\OrderNotification', 'App\\Models\\User', 10, '{\"order_id\":7,\"order_code\":\"20220916-02102233\",\"user_id\":10,\"seller_id\":9,\"status\":\"delivered\"}', NULL, '2022-09-25 14:40:06', '2022-09-25 14:40:06'),
('a7a45f2f-30c6-4b76-aa3a-8b1cd9310367', 'App\\Notifications\\OrderNotification', 'App\\Models\\User', 9, '{\"order_id\":26,\"order_code\":\"20221114-17261473\",\"user_id\":45,\"seller_id\":17,\"status\":\"on_the_way\"}', '2022-11-14 17:12:28', '2022-11-14 17:12:25', '2022-11-14 17:12:28'),
('a821b714-3267-4fca-8f93-03bff0ae9faf', 'App\\Notifications\\OrderNotification', 'App\\Models\\User', 17, '{\"order_id\":29,\"order_code\":\"20221124-18302943\",\"user_id\":52,\"seller_id\":17,\"status\":\"paid\"}', '2022-11-25 10:46:25', '2022-11-24 19:26:30', '2022-11-25 10:46:25'),
('a828a525-98d2-4227-8d7a-0cf8cd68724d', 'App\\Notifications\\OrderNotification', 'App\\Models\\User', 9, '{\"order_id\":11,\"order_code\":\"20221025-10163397\",\"user_id\":24,\"seller_id\":9,\"status\":\"delivered\"}', '2022-11-02 17:54:15', '2022-10-25 08:17:35', '2022-11-02 17:54:15'),
('a888c2a8-db61-4592-8e1f-cac44290ce95', 'App\\Notifications\\OrderNotification', 'App\\Models\\User', 26, '{\"order_id\":75,\"order_code\":\"20230117-08045487\",\"user_id\":85,\"seller_id\":26,\"status\":\"paid\"}', '2023-01-31 16:36:28', '2023-01-20 19:15:18', '2023-01-31 16:36:28'),
('a9921754-2a8f-4c6c-a5e8-33c03e5591b3', 'App\\Notifications\\OrderNotification', 'App\\Models\\User', 56, '{\"order_id\":32,\"order_code\":\"20221204-18140885\",\"user_id\":56,\"seller_id\":17,\"status\":\"picked_up\"}', NULL, '2022-12-04 17:15:28', '2022-12-04 17:15:28'),
('a9e1aeb7-fb1f-43e6-9ad6-1ece0cf6d3f3', 'App\\Notifications\\OrderNotification', 'App\\Models\\User', 9, '{\"order_id\":79,\"order_code\":\"20230209-13202875\",\"user_id\":29,\"seller_id\":9,\"status\":\"paid\"}', '2023-02-09 22:09:24', '2023-02-09 22:08:43', '2023-02-09 22:09:24'),
('aa6d0f8e-bb23-41ce-a30f-0d085877d5e3', 'App\\Notifications\\OrderNotification', 'App\\Models\\User', 26, '{\"order_id\":13,\"order_code\":\"20221029-12435473\",\"user_id\":29,\"seller_id\":26,\"status\":\"on_the_way\"}', '2022-10-31 07:22:24', '2022-10-29 13:12:28', '2022-10-31 07:22:24'),
('aad7e7ad-8145-42c1-b5b0-05cc6ffc2aaa', 'App\\Notifications\\OrderNotification', 'App\\Models\\User', 9, '{\"order_id\":33,\"order_code\":\"20221206-11513581\",\"user_id\":46,\"seller_id\":17,\"status\":\"delivered\"}', '2022-12-08 08:50:34', '2022-12-08 08:49:37', '2022-12-08 08:50:34'),
('ab18f8b4-00a1-4ee8-aed9-80ed358ca203', 'App\\Notifications\\OrderNotification', 'App\\Models\\User', 91, '{\"order_id\":93,\"order_code\":\"20230402-03235763\",\"user_id\":46,\"seller_id\":91,\"status\":\"confirmed\"}', '2023-04-05 14:36:42', '2023-04-02 01:25:03', '2023-04-05 14:36:42'),
('abdc799b-beff-4046-a401-96e1b9e693b6', 'App\\Notifications\\OrderNotification', 'App\\Models\\User', 9, '{\"order_id\":3,\"order_code\":\"20220912-21241144\",\"user_id\":10,\"seller_id\":12,\"status\":\"paid\"}', '2022-10-11 21:20:34', '2022-09-12 19:27:52', '2022-10-11 21:20:34'),
('ac4b8897-5cfd-4f7f-b9e9-35a1af67bf7f', 'App\\Notifications\\OrderNotification', 'App\\Models\\User', 95, '{\"order_id\":82,\"order_code\":\"20230218-13504562\",\"user_id\":95,\"seller_id\":26,\"status\":\"on_the_way\"}', NULL, '2023-03-08 19:06:32', '2023-03-08 19:06:32'),
('ac893c9f-25d2-4d39-8a98-df69cb4f12ff', 'App\\Notifications\\OrderNotification', 'App\\Models\\User', 45, '{\"order_id\":26,\"order_code\":\"20221114-17261473\",\"user_id\":45,\"seller_id\":17,\"status\":\"delivered\"}', NULL, '2022-11-19 22:14:10', '2022-11-19 22:14:10'),
('ac9a1a8b-45bd-401b-bc0d-f910911b5184', 'App\\Notifications\\OrderNotification', 'App\\Models\\User', 9, '{\"order_id\":13,\"order_code\":\"20221029-12435473\",\"user_id\":29,\"seller_id\":26,\"status\":\"placed\"}', '2022-11-02 17:54:15', '2022-10-29 10:43:54', '2022-11-02 17:54:15'),
('ad37a4f6-c839-4a0b-8f79-028d0be33440', 'App\\Notifications\\OrderNotification', 'App\\Models\\User', 9, '{\"order_id\":16,\"order_code\":\"20221101-16245824\",\"user_id\":29,\"seller_id\":9,\"status\":\"paid\"}', '2022-11-02 17:54:15', '2022-11-02 16:22:23', '2022-11-02 17:54:15'),
('ad4efcd3-c4c7-4ab9-997d-909b3c45cb0c', 'App\\Notifications\\OrderNotification', 'App\\Models\\User', 9, '{\"order_id\":17,\"order_code\":\"20221101-17154863\",\"user_id\":30,\"seller_id\":9,\"status\":\"picked_up\"}', '2022-11-02 17:54:15', '2022-11-01 16:17:56', '2022-11-02 17:54:15'),
('ad82f969-e6da-4c0a-a2f8-e89536b14f8f', 'App\\Notifications\\OrderNotification', 'App\\Models\\User', 110, '{\"order_id\":94,\"order_code\":\"20230406-07034361\",\"user_id\":110,\"seller_id\":9,\"status\":\"placed\"}', NULL, '2023-04-06 05:03:44', '2023-04-06 05:03:44'),
('adf1a3a8-4a5b-4717-9701-a85ab0d749ab', 'App\\Notifications\\OrderNotification', 'App\\Models\\User', 9, '{\"order_id\":95,\"order_code\":\"20230409-11302476\",\"user_id\":112,\"seller_id\":91,\"status\":\"paid\"}', '2023-04-14 13:47:11', '2023-04-14 13:46:49', '2023-04-14 13:47:11'),
('aec72f2a-5169-4aa4-a28e-dfb261ec81b0', 'App\\Notifications\\OrderNotification', 'App\\Models\\User', 26, '{\"order_id\":80,\"order_code\":\"20230209-13202867\",\"user_id\":29,\"seller_id\":26,\"status\":\"placed\"}', '2023-02-28 14:44:13', '2023-02-09 12:20:29', '2023-02-28 14:44:13'),
('af12a23b-2d8f-455c-91f9-6aa58a864031', 'App\\Notifications\\OrderNotification', 'App\\Models\\User', 9, '{\"order_id\":86,\"order_code\":\"20230307-10060744\",\"user_id\":105,\"seller_id\":102,\"status\":\"placed\"}', '2023-03-07 13:19:12', '2023-03-07 09:06:08', '2023-03-07 13:19:12');
INSERT INTO `notifications` (`id`, `type`, `notifiable_type`, `notifiable_id`, `data`, `read_at`, `created_at`, `updated_at`) VALUES
('af138375-b18c-43db-90c6-bbb515656717', 'App\\Notifications\\OrderNotification', 'App\\Models\\User', 9, '{\"order_id\":15,\"order_code\":\"20221101-16245861\",\"user_id\":29,\"seller_id\":26,\"status\":\"placed\"}', '2022-11-02 17:54:15', '2022-11-01 15:24:59', '2022-11-02 17:54:15'),
('af71160c-ae7f-4e1a-820c-7a5fa63a2ecf', 'App\\Notifications\\OrderNotification', 'App\\Models\\User', 98, '{\"order_id\":84,\"order_code\":\"20230227-15283787\",\"user_id\":98,\"seller_id\":16,\"status\":\"placed\"}', NULL, '2023-02-27 14:28:38', '2023-02-27 14:28:38'),
('b00f0f69-7f44-422c-abe8-57bbfdd7ade0', 'App\\Notifications\\OrderNotification', 'App\\Models\\User', 13, '{\"order_id\":9,\"order_code\":\"20220925-16375114\",\"user_id\":13,\"seller_id\":9,\"status\":\"paid\"}', NULL, '2022-10-25 08:18:11', '2022-10-25 08:18:11'),
('b04e7bf7-66f7-46b3-afcd-0000652c1551', 'App\\Notifications\\OrderNotification', 'App\\Models\\User', 28, '{\"order_id\":12,\"order_code\":\"20221027-21365817\",\"user_id\":28,\"seller_id\":26,\"status\":\"on_the_way\"}', NULL, '2022-10-28 12:15:58', '2022-10-28 12:15:58'),
('b0ba2f1f-f10c-4536-806e-8ea6eee26267', 'App\\Notifications\\OrderNotification', 'App\\Models\\User', 30, '{\"order_id\":17,\"order_code\":\"20221101-17154863\",\"user_id\":30,\"seller_id\":9,\"status\":\"on_the_way\"}', NULL, '2022-11-01 16:17:59', '2022-11-01 16:17:59'),
('b0de8e7e-1796-44bf-8e30-bb0675947db6', 'App\\Notifications\\OrderNotification', 'App\\Models\\User', 102, '{\"order_id\":101,\"order_code\":\"20230429-14583640\",\"user_id\":117,\"seller_id\":102,\"status\":\"delivered\"}', NULL, '2023-05-01 09:52:31', '2023-05-01 09:52:31'),
('b0eef0a2-fa3c-4958-9611-b9a8a21c451e', 'App\\Notifications\\OrderNotification', 'App\\Models\\User', 9, '{\"order_id\":87,\"order_code\":\"20230311-19111098\",\"user_id\":106,\"seller_id\":102,\"status\":\"picked_up\"}', '2023-03-12 14:06:49', '2023-03-12 12:51:14', '2023-03-12 14:06:49'),
('b1205a8f-9e2e-489f-bc53-f3314a818857', 'App\\Notifications\\OrderNotification', 'App\\Models\\User', 117, '{\"order_id\":101,\"order_code\":\"20230429-14583640\",\"user_id\":117,\"seller_id\":102,\"status\":\"delivered\"}', NULL, '2023-05-03 16:55:41', '2023-05-03 16:55:41'),
('b1a3fd48-08fb-4c56-952d-879805ce6194', 'App\\Notifications\\OrderNotification', 'App\\Models\\User', 23, '{\"order_id\":20,\"order_code\":\"20221105-12160263\",\"user_id\":31,\"seller_id\":23,\"status\":\"confirmed\"}', NULL, '2022-11-05 16:23:52', '2022-11-05 16:23:52'),
('b1fb2bb6-abe2-486b-8024-163f7ba691ab', 'App\\Notifications\\OrderNotification', 'App\\Models\\User', 118, '{\"order_id\":102,\"order_code\":\"20230429-16183134\",\"user_id\":118,\"seller_id\":102,\"status\":\"on_the_way\"}', NULL, '2023-05-01 09:52:52', '2023-05-01 09:52:52'),
('b2555fb1-e723-435b-a649-1b233ebb832e', 'App\\Notifications\\OrderNotification', 'App\\Models\\User', 114, '{\"order_id\":100,\"order_code\":\"20230421-20001760\",\"user_id\":114,\"seller_id\":102,\"status\":\"placed\"}', NULL, '2023-04-21 18:00:18', '2023-04-21 18:00:18'),
('b2baa418-9c08-4d86-a996-657df623e2e5', 'App\\Notifications\\OrderNotification', 'App\\Models\\User', 102, '{\"order_id\":101,\"order_code\":\"20230429-14583640\",\"user_id\":117,\"seller_id\":102,\"status\":\"confirmed\"}', NULL, '2023-04-29 15:34:25', '2023-04-29 15:34:25'),
('b2e1d8d1-a93e-4afb-9c45-8153755ee59b', 'App\\Notifications\\OrderNotification', 'App\\Models\\User', 91, '{\"order_id\":92,\"order_code\":\"20230402-01061315\",\"user_id\":46,\"seller_id\":91,\"status\":\"placed\"}', '2023-04-01 23:08:22', '2023-04-01 23:06:14', '2023-04-01 23:08:22'),
('b35dd2e9-38b2-4b83-a0ee-e6a4479cfedd', 'App\\Notifications\\OrderNotification', 'App\\Models\\User', 9, '{\"order_id\":32,\"order_code\":\"20221204-18140885\",\"user_id\":56,\"seller_id\":17,\"status\":\"confirmed\"}', '2022-12-04 22:34:33', '2022-12-04 17:15:19', '2022-12-04 22:34:33'),
('b3a2c154-dc83-41ed-b8b0-f052290fddad', 'App\\Notifications\\OrderNotification', 'App\\Models\\User', 9, '{\"order_id\":17,\"order_code\":\"20221101-17154863\",\"user_id\":30,\"seller_id\":9,\"status\":\"on_the_way\"}', '2022-11-02 17:54:15', '2022-11-01 16:17:59', '2022-11-02 17:54:15'),
('b3fcdb38-95fb-433f-b99c-3899650dc1da', 'App\\Notifications\\OrderNotification', 'App\\Models\\User', 16, '{\"order_id\":84,\"order_code\":\"20230227-15283787\",\"user_id\":98,\"seller_id\":16,\"status\":\"on_the_way\"}', NULL, '2023-02-27 16:10:57', '2023-02-27 16:10:57'),
('b400c280-73b9-4e94-adda-cbccfb7a6fad', 'App\\Notifications\\OrderNotification', 'App\\Models\\User', 102, '{\"order_id\":100,\"order_code\":\"20230421-20001760\",\"user_id\":114,\"seller_id\":102,\"status\":\"confirmed\"}', NULL, '2023-04-22 09:25:45', '2023-04-22 09:25:45'),
('b44881c1-5084-49a1-8ade-e8a230831ef8', 'App\\Notifications\\OrderNotification', 'App\\Models\\User', 29, '{\"order_id\":14,\"order_code\":\"20221029-12435444\",\"user_id\":29,\"seller_id\":9,\"status\":\"on_the_way\"}', '2022-10-29 17:08:31', '2022-10-29 13:12:21', '2022-10-29 17:08:31'),
('b53985a4-00b6-4943-b137-725525ed7fd7', 'App\\Notifications\\OrderNotification', 'App\\Models\\User', 91, '{\"order_id\":95,\"order_code\":\"20230409-11302476\",\"user_id\":112,\"seller_id\":91,\"status\":\"placed\"}', NULL, '2023-04-09 09:30:25', '2023-04-09 09:30:25'),
('b713d9c5-c58b-4130-953b-b11fa2f73421', 'App\\Notifications\\OrderNotification', 'App\\Models\\User', 9, '{\"order_id\":21,\"order_code\":\"20221110-13521015\",\"user_id\":35,\"seller_id\":17,\"status\":\"paid\"}', '2022-11-16 22:09:57', '2022-11-16 09:08:48', '2022-11-16 22:09:57'),
('b7153417-2214-49c0-85fa-4f39d38e0848', 'App\\Notifications\\OrderNotification', 'App\\Models\\User', 31, '{\"order_id\":18,\"order_code\":\"20221102-15514247\",\"user_id\":31,\"seller_id\":26,\"status\":\"cancelled\"}', NULL, '2022-11-07 23:01:12', '2022-11-07 23:01:12'),
('b790708f-7bd3-4020-9e0f-6af406bce29f', 'App\\Notifications\\OrderNotification', 'App\\Models\\User', 35, '{\"order_id\":21,\"order_code\":\"20221110-13521015\",\"user_id\":35,\"seller_id\":17,\"status\":\"on_the_way\"}', NULL, '2022-11-11 07:52:14', '2022-11-11 07:52:14'),
('b7f50319-110c-4e52-8e9a-791def9371cb', 'App\\Notifications\\OrderNotification', 'App\\Models\\User', 9, '{\"order_id\":97,\"order_code\":\"20230413-00542926\",\"user_id\":96,\"seller_id\":9,\"status\":\"delivered\"}', '2023-04-13 00:23:34', '2023-04-12 23:03:01', '2023-04-13 00:23:34'),
('b859e05a-1911-4298-a0f0-cf06c7459378', 'App\\Notifications\\OrderNotification', 'App\\Models\\User', 13, '{\"order_id\":9,\"order_code\":\"20220925-16375114\",\"user_id\":13,\"seller_id\":9,\"status\":\"placed\"}', NULL, '2022-09-25 14:37:52', '2022-09-25 14:37:52'),
('b8dc7bec-2e28-4b49-9152-d6bd61cb406c', 'App\\Notifications\\OrderNotification', 'App\\Models\\User', 51, '{\"order_id\":28,\"order_code\":\"20221124-12391583\",\"user_id\":51,\"seller_id\":17,\"status\":\"confirmed\"}', NULL, '2022-11-24 16:54:24', '2022-11-24 16:54:24'),
('b973072f-2a4a-4797-8072-8c9a7a4bf79a', 'App\\Notifications\\OrderNotification', 'App\\Models\\User', 118, '{\"order_id\":102,\"order_code\":\"20230429-16183134\",\"user_id\":118,\"seller_id\":102,\"status\":\"placed\"}', NULL, '2023-04-29 14:18:31', '2023-04-29 14:18:31'),
('b992f73d-17bb-42ea-9af0-73d029a0cab9', 'App\\Notifications\\OrderNotification', 'App\\Models\\User', 17, '{\"order_id\":26,\"order_code\":\"20221114-17261473\",\"user_id\":45,\"seller_id\":17,\"status\":\"on_the_way\"}', '2022-11-15 15:34:57', '2022-11-14 17:12:25', '2022-11-15 15:34:57'),
('b9eaca59-f08c-4da8-a2cd-c2ce8b7bd4ee', 'App\\Notifications\\OrderNotification', 'App\\Models\\User', 9, '{\"order_id\":102,\"order_code\":\"20230429-16183134\",\"user_id\":118,\"seller_id\":102,\"status\":\"delivered\"}', '2023-05-03 22:40:17', '2023-05-03 16:55:59', '2023-05-03 22:40:17'),
('ba558189-a00b-4a62-b818-d4ac018dbd4f', 'App\\Notifications\\OrderNotification', 'App\\Models\\User', 9, '{\"order_id\":21,\"order_code\":\"20221110-13521015\",\"user_id\":35,\"seller_id\":17,\"status\":\"delivered\"}', '2022-11-11 22:10:42', '2022-11-11 11:45:46', '2022-11-11 22:10:42'),
('ba9be3ef-774e-491f-b357-6c1cf448802e', 'App\\Notifications\\OrderNotification', 'App\\Models\\User', 51, '{\"order_id\":28,\"order_code\":\"20221124-12391583\",\"user_id\":51,\"seller_id\":17,\"status\":\"paid\"}', NULL, '2022-12-07 23:21:42', '2022-12-07 23:21:42'),
('bae71b14-1745-4904-ba63-9715e4c0f9be', 'App\\Notifications\\OrderNotification', 'App\\Models\\User', 10, '{\"order_id\":2,\"order_code\":\"20220911-16493630\",\"user_id\":10,\"seller_id\":9,\"status\":\"delivered\"}', NULL, '2022-09-12 19:25:14', '2022-09-12 19:25:14'),
('bb0476ae-8383-4cef-b53c-b010b0d78778', 'App\\Notifications\\OrderNotification', 'App\\Models\\User', 105, '{\"order_id\":86,\"order_code\":\"20230307-10060744\",\"user_id\":105,\"seller_id\":102,\"status\":\"confirmed\"}', NULL, '2023-03-07 09:06:36', '2023-03-07 09:06:36'),
('bb10188a-ec5d-4d0e-8765-e37d3989e7aa', 'App\\Notifications\\OrderNotification', 'App\\Models\\User', 9, '{\"order_id\":78,\"order_code\":\"20230127-16170231\",\"user_id\":86,\"seller_id\":26,\"status\":\"picked_up\"}', '2023-01-28 21:26:44', '2023-01-27 20:07:22', '2023-01-28 21:26:44'),
('bb9855cf-dbfe-454f-8918-961cd68b08d7', 'App\\Notifications\\OrderNotification', 'App\\Models\\User', 51, '{\"order_id\":28,\"order_code\":\"20221124-12391583\",\"user_id\":51,\"seller_id\":17,\"status\":\"picked_up\"}', NULL, '2022-11-24 16:54:35', '2022-11-24 16:54:35'),
('bbb6e902-80d8-4ec5-9f0f-4930aface3ee', 'App\\Notifications\\OrderNotification', 'App\\Models\\User', 26, '{\"order_id\":12,\"order_code\":\"20221027-21365817\",\"user_id\":28,\"seller_id\":26,\"status\":\"delivered\"}', '2022-10-31 07:22:24', '2022-10-28 12:19:37', '2022-10-31 07:22:24'),
('bbc6c20e-e39f-4c4a-ab30-a4c24e82ce75', 'App\\Notifications\\OrderNotification', 'App\\Models\\User', 33, '{\"order_id\":22,\"order_code\":\"20221111-22580447\",\"user_id\":36,\"seller_id\":33,\"status\":\"paid\"}', '2022-11-18 21:15:27', '2022-11-16 22:10:45', '2022-11-18 21:15:27'),
('bc1d4174-5441-4b89-96ef-3eb05b2d5db1', 'App\\Notifications\\OrderNotification', 'App\\Models\\User', 10, '{\"order_id\":3,\"order_code\":\"20220912-21241144\",\"user_id\":10,\"seller_id\":12,\"status\":\"on_the_way\"}', NULL, '2022-09-12 19:27:29', '2022-09-12 19:27:29'),
('bcfed773-0d85-476d-b8fa-7f01a6e0cee6', 'App\\Notifications\\OrderNotification', 'App\\Models\\User', 9, '{\"order_id\":9,\"order_code\":\"20220925-16375114\",\"user_id\":13,\"seller_id\":9,\"status\":\"on_the_way\"}', '2022-10-11 21:20:34', '2022-09-25 14:39:23', '2022-10-11 21:20:34'),
('bd282f47-62c4-4aaf-8ed6-4e121b880cd1', 'App\\Notifications\\OrderNotification', 'App\\Models\\User', 9, '{\"order_id\":101,\"order_code\":\"20230429-14583640\",\"user_id\":117,\"seller_id\":102,\"status\":\"placed\"}', '2023-04-29 15:35:02', '2023-04-29 12:58:36', '2023-04-29 15:35:02'),
('bd71a9ed-8752-4ae7-8b9b-20f9858395b2', 'App\\Notifications\\OrderNotification', 'App\\Models\\User', 102, '{\"order_id\":85,\"order_code\":\"20230304-13075490\",\"user_id\":103,\"seller_id\":102,\"status\":\"paid\"}', NULL, '2023-03-20 08:55:15', '2023-03-20 08:55:15'),
('bda0797b-cf34-49cf-83ad-57398105e681', 'App\\Notifications\\OrderNotification', 'App\\Models\\User', 9, '{\"order_id\":76,\"order_code\":\"20230117-08045445\",\"user_id\":85,\"seller_id\":9,\"status\":\"cancelled\"}', '2023-03-21 18:17:23', '2023-03-20 08:54:37', '2023-03-21 18:17:23'),
('bda84ae9-e05a-4f62-ae06-73dd345ce652', 'App\\Notifications\\OrderNotification', 'App\\Models\\User', 9, '{\"order_id\":2,\"order_code\":\"20220911-16493630\",\"user_id\":10,\"seller_id\":9,\"status\":\"paid\"}', '2022-10-11 21:20:34', '2022-09-12 19:25:16', '2022-10-11 21:20:34'),
('bdc1712e-86c8-4c21-adce-c797603700d6', 'App\\Notifications\\OrderNotification', 'App\\Models\\User', 46, '{\"order_id\":33,\"order_code\":\"20221206-11513581\",\"user_id\":46,\"seller_id\":17,\"status\":\"delivered\"}', '2023-04-01 23:06:52', '2022-12-08 08:49:37', '2023-04-01 23:06:52'),
('bde71994-64e8-4cb6-9aaf-641af0f36477', 'App\\Notifications\\OrderNotification', 'App\\Models\\User', 26, '{\"order_id\":82,\"order_code\":\"20230218-13504562\",\"user_id\":95,\"seller_id\":26,\"status\":\"placed\"}', '2023-02-28 14:44:13', '2023-02-18 12:50:46', '2023-02-28 14:44:13'),
('be7fb087-9034-4bf2-ad74-fe9db0a30a50', 'App\\Notifications\\OrderNotification', 'App\\Models\\User', 29, '{\"order_id\":14,\"order_code\":\"20221029-12435444\",\"user_id\":29,\"seller_id\":9,\"status\":\"delivered\"}', '2022-10-29 17:08:30', '2022-10-29 16:44:49', '2022-10-29 17:08:30'),
('be8d042a-071a-4119-bed7-b3d6ecd7ea8b', 'App\\Notifications\\OrderNotification', 'App\\Models\\User', 102, '{\"order_id\":85,\"order_code\":\"20230304-13075490\",\"user_id\":103,\"seller_id\":102,\"status\":\"delivered\"}', '2023-03-08 10:57:35', '2023-03-08 10:35:08', '2023-03-08 10:57:35'),
('bf7a8a8b-221f-409c-a93f-85b697a0b0a9', 'App\\Notifications\\OrderNotification', 'App\\Models\\User', 9, '{\"order_id\":88,\"order_code\":\"20230313-12281159\",\"user_id\":107,\"seller_id\":26,\"status\":\"placed\"}', '2023-03-13 11:30:58', '2023-03-13 11:28:14', '2023-03-13 11:30:58'),
('c00ff341-974e-44a7-9c69-092afcbbd695', 'App\\Notifications\\OrderNotification', 'App\\Models\\User', 9, '{\"order_id\":95,\"order_code\":\"20230409-11302476\",\"user_id\":112,\"seller_id\":91,\"status\":\"placed\"}', '2023-04-09 11:36:08', '2023-04-09 09:30:25', '2023-04-09 11:36:08'),
('c015483d-2f55-49ce-b5ed-4c4fc3947571', 'App\\Notifications\\OrderNotification', 'App\\Models\\User', 17, '{\"order_id\":28,\"order_code\":\"20221124-12391583\",\"user_id\":51,\"seller_id\":17,\"status\":\"placed\"}', '2022-11-25 10:46:25', '2022-11-24 11:39:16', '2022-11-25 10:46:25'),
('c029a98f-6874-4b0f-8082-0ad80017d672', 'App\\Notifications\\OrderNotification', 'App\\Models\\User', 29, '{\"order_id\":16,\"order_code\":\"20221101-16245824\",\"user_id\":29,\"seller_id\":9,\"status\":\"picked_up\"}', NULL, '2022-11-01 19:46:58', '2022-11-01 19:46:58'),
('c03bb816-d572-4e54-88f2-799436dfe3ad', 'App\\Notifications\\OrderNotification', 'App\\Models\\User', 9, '{\"order_id\":87,\"order_code\":\"20230311-19111098\",\"user_id\":106,\"seller_id\":102,\"status\":\"placed\"}', '2023-03-11 18:38:32', '2023-03-11 18:11:10', '2023-03-11 18:38:32'),
('c05cc695-e2df-4470-94db-682c746f86d9', 'App\\Notifications\\OrderNotification', 'App\\Models\\User', 9, '{\"order_id\":94,\"order_code\":\"20230406-07034361\",\"user_id\":110,\"seller_id\":9,\"status\":\"paid\"}', '2023-04-24 08:53:34', '2023-04-24 08:46:23', '2023-04-24 08:53:34'),
('c0642af4-f27b-437c-a1c3-c1c15e0efc93', 'App\\Notifications\\OrderNotification', 'App\\Models\\User', 9, '{\"order_id\":102,\"order_code\":\"20230429-16183134\",\"user_id\":118,\"seller_id\":102,\"status\":\"on_the_way\"}', '2023-05-01 12:07:48', '2023-05-01 09:52:52', '2023-05-01 12:07:48'),
('c1f6da79-3432-4547-86d5-30a691552e72', 'App\\Notifications\\OrderNotification', 'App\\Models\\User', 46, '{\"order_id\":33,\"order_code\":\"20221206-11513581\",\"user_id\":46,\"seller_id\":17,\"status\":\"picked_up\"}', '2023-04-01 23:06:52', '2022-12-07 23:21:05', '2023-04-01 23:06:52'),
('c2106eb8-72f4-42fb-8b52-1de2d564d659', 'App\\Notifications\\OrderNotification', 'App\\Models\\User', 9, '{\"order_id\":32,\"order_code\":\"20221204-18140885\",\"user_id\":56,\"seller_id\":17,\"status\":\"on_the_way\"}', '2022-12-07 23:22:58', '2022-12-07 23:21:20', '2022-12-07 23:22:58'),
('c21ae614-2bfe-49b0-ba64-ee464264488f', 'App\\Notifications\\OrderNotification', 'App\\Models\\User', 17, '{\"order_id\":32,\"order_code\":\"20221204-18140885\",\"user_id\":56,\"seller_id\":17,\"status\":\"confirmed\"}', '2022-12-13 15:56:10', '2022-12-04 17:15:19', '2022-12-13 15:56:10'),
('c28b239f-4931-4028-84fb-2fae9e60b0f0', 'App\\Notifications\\OrderNotification', 'App\\Models\\User', 9, '{\"order_id\":104,\"order_code\":\"20230507-10501272\",\"user_id\":121,\"seller_id\":26,\"status\":\"placed\"}', '2023-05-07 10:31:48', '2023-05-07 08:50:13', '2023-05-07 10:31:48'),
('c30712c4-3435-44b2-be50-63974c203756', 'App\\Notifications\\OrderNotification', 'App\\Models\\User', 10, '{\"order_id\":1,\"order_code\":\"20220911-14471390\",\"user_id\":10,\"seller_id\":9,\"status\":\"placed\"}', NULL, '2022-09-11 12:47:14', '2022-09-11 12:47:14'),
('c39f9cb4-dd71-4421-bf11-71b1d350cdfc', 'App\\Notifications\\OrderNotification', 'App\\Models\\User', 29, '{\"order_id\":15,\"order_code\":\"20221101-16245861\",\"user_id\":29,\"seller_id\":26,\"status\":\"confirmed\"}', NULL, '2022-11-01 16:19:19', '2022-11-01 16:19:19'),
('c3df0694-59a2-4366-93bb-6f687d3b4624', 'App\\Notifications\\OrderNotification', 'App\\Models\\User', 17, '{\"order_id\":33,\"order_code\":\"20221206-11513581\",\"user_id\":46,\"seller_id\":17,\"status\":\"paid\"}', '2022-12-13 15:56:10', '2022-12-13 15:11:16', '2022-12-13 15:56:10'),
('c4043ed0-4206-4967-9dfd-9632684a3801', 'App\\Notifications\\OrderNotification', 'App\\Models\\User', 9, '{\"order_id\":22,\"order_code\":\"20221111-22580447\",\"user_id\":36,\"seller_id\":33,\"status\":\"delivered\"}', '2022-11-15 12:05:50', '2022-11-15 11:05:01', '2022-11-15 12:05:50'),
('c435b3fa-a959-4e2b-a5dc-0db096865f02', 'App\\Notifications\\OrderNotification', 'App\\Models\\User', 17, '{\"order_id\":31,\"order_code\":\"20221125-15430154\",\"user_id\":54,\"seller_id\":17,\"status\":\"confirmed\"}', '2022-11-28 13:57:30', '2022-11-26 08:47:21', '2022-11-28 13:57:30'),
('c4f9be0f-302c-42cc-97f8-c687e0a3ed8e', 'App\\Notifications\\OrderNotification', 'App\\Models\\User', 52, '{\"order_id\":29,\"order_code\":\"20221124-18302943\",\"user_id\":52,\"seller_id\":17,\"status\":\"on_the_way\"}', NULL, '2022-11-24 18:06:42', '2022-11-24 18:06:42'),
('c51522a5-dca1-46c6-ab02-199f7dc9dc35', 'App\\Notifications\\OrderNotification', 'App\\Models\\User', 9, '{\"order_id\":31,\"order_code\":\"20221125-15430154\",\"user_id\":54,\"seller_id\":17,\"status\":\"on_the_way\"}', '2022-11-27 23:00:39', '2022-11-27 18:00:03', '2022-11-27 23:00:39'),
('c5212b0a-a51e-4ea0-8f5a-0ec8b5169a54', 'App\\Notifications\\OrderNotification', 'App\\Models\\User', 26, '{\"order_id\":88,\"order_code\":\"20230313-12281159\",\"user_id\":107,\"seller_id\":26,\"status\":\"confirmed\"}', NULL, '2023-03-13 11:31:11', '2023-03-13 11:31:11'),
('c5368551-cae8-4d77-973e-cc7e3a38f83c', 'App\\Notifications\\OrderNotification', 'App\\Models\\User', 13, '{\"order_id\":9,\"order_code\":\"20220925-16375114\",\"user_id\":13,\"seller_id\":9,\"status\":\"delivered\"}', NULL, '2022-09-25 14:39:29', '2022-09-25 14:39:29'),
('c558cbde-ac53-44fb-a49f-43bf3eff39aa', 'App\\Notifications\\OrderNotification', 'App\\Models\\User', 56, '{\"order_id\":32,\"order_code\":\"20221204-18140885\",\"user_id\":56,\"seller_id\":17,\"status\":\"confirmed\"}', NULL, '2022-12-04 17:15:19', '2022-12-04 17:15:19'),
('c593f480-1634-400c-8ad1-60d7998dd606', 'App\\Notifications\\OrderNotification', 'App\\Models\\User', 26, '{\"order_id\":89,\"order_code\":\"20230319-12533669\",\"user_id\":107,\"seller_id\":26,\"status\":\"paid\"}', NULL, '2023-03-21 18:17:55', '2023-03-21 18:17:55'),
('c5c4017e-59ae-401c-868f-971ce1984782', 'App\\Notifications\\OrderNotification', 'App\\Models\\User', 24, '{\"order_id\":11,\"order_code\":\"20221025-10163397\",\"user_id\":24,\"seller_id\":9,\"status\":\"on_the_way\"}', NULL, '2022-10-25 08:17:31', '2022-10-25 08:17:31'),
('c65d73cf-a57a-4143-8f87-45be331df453', 'App\\Notifications\\OrderNotification', 'App\\Models\\User', 102, '{\"order_id\":100,\"order_code\":\"20230421-20001760\",\"user_id\":114,\"seller_id\":102,\"status\":\"delivered\"}', NULL, '2023-04-27 12:31:40', '2023-04-27 12:31:40'),
('c6be1f51-4a0a-4cd0-be52-d349aedcfa69', 'App\\Notifications\\OrderNotification', 'App\\Models\\User', 24, '{\"order_id\":11,\"order_code\":\"20221025-10163397\",\"user_id\":24,\"seller_id\":9,\"status\":\"confirmed\"}', NULL, '2022-10-25 08:17:11', '2022-10-25 08:17:11'),
('c6ec3e79-5646-4f21-a44a-81fd2dc8bde2', 'App\\Notifications\\OrderNotification', 'App\\Models\\User', 9, '{\"order_id\":30,\"order_code\":\"20221125-10112092\",\"user_id\":53,\"seller_id\":17,\"status\":\"on_the_way\"}', '2022-11-27 23:00:39', '2022-11-26 22:17:18', '2022-11-27 23:00:39'),
('c713a849-e569-4c9e-8a28-4191dccdeb1b', 'App\\Notifications\\OrderNotification', 'App\\Models\\User', 46, '{\"order_id\":27,\"order_code\":\"20221115-12484832\",\"user_id\":46,\"seller_id\":17,\"status\":\"on_the_way\"}', '2023-04-01 23:06:52', '2022-11-15 19:57:40', '2023-04-01 23:06:52'),
('c730bb07-9eed-47a0-9103-4051c913267e', 'App\\Notifications\\OrderNotification', 'App\\Models\\User', 85, '{\"order_id\":76,\"order_code\":\"20230117-08045445\",\"user_id\":85,\"seller_id\":9,\"status\":\"placed\"}', NULL, '2023-01-17 07:04:55', '2023-01-17 07:04:55'),
('c8039a8b-85fd-491a-bc4a-0ede43210135', 'App\\Notifications\\OrderNotification', 'App\\Models\\User', 9, '{\"order_id\":7,\"order_code\":\"20220916-02102233\",\"user_id\":10,\"seller_id\":9,\"status\":\"placed\"}', '2022-10-11 21:20:34', '2022-09-16 00:10:23', '2022-10-11 21:20:34'),
('c82d55f9-81b2-447f-a916-98ebef312b5f', 'App\\Notifications\\OrderNotification', 'App\\Models\\User', 9, '{\"order_id\":93,\"order_code\":\"20230402-03235763\",\"user_id\":46,\"seller_id\":91,\"status\":\"placed\"}', '2023-04-02 01:24:56', '2023-04-02 01:23:58', '2023-04-02 01:24:56'),
('c844d20b-e490-4e32-bd40-d27fe38a9d70', 'App\\Notifications\\OrderNotification', 'App\\Models\\User', 9, '{\"order_id\":78,\"order_code\":\"20230127-16170231\",\"user_id\":86,\"seller_id\":26,\"status\":\"cancelled\"}', '2023-02-09 22:09:24', '2023-02-09 22:09:06', '2023-02-09 22:09:24'),
('c84a0983-0459-4599-9ba0-3285dccd16d3', 'App\\Notifications\\OrderNotification', 'App\\Models\\User', 9, '{\"order_id\":9,\"order_code\":\"20220925-16375114\",\"user_id\":13,\"seller_id\":9,\"status\":\"confirmed\"}', '2022-10-11 21:20:34', '2022-09-25 14:39:09', '2022-10-11 21:20:34'),
('c8c54af4-9b41-4914-85ba-fb49bdd47271', 'App\\Notifications\\OrderNotification', 'App\\Models\\User', 9, '{\"order_id\":16,\"order_code\":\"20221101-16245824\",\"user_id\":29,\"seller_id\":9,\"status\":\"delivered\"}', '2022-11-02 17:54:15', '2022-11-02 16:22:19', '2022-11-02 17:54:15'),
('c9bd88e6-c5ff-4611-8dec-c0d4f1a2c9ca', 'App\\Notifications\\OrderNotification', 'App\\Models\\User', 17, '{\"order_id\":30,\"order_code\":\"20221125-10112092\",\"user_id\":53,\"seller_id\":17,\"status\":\"delivered\"}', '2022-11-28 13:57:30', '2022-11-26 22:17:21', '2022-11-28 13:57:30'),
('c9f55f54-1e5f-4c73-8815-eee778550d55', 'App\\Notifications\\OrderNotification', 'App\\Models\\User', 9, '{\"order_id\":31,\"order_code\":\"20221125-15430154\",\"user_id\":54,\"seller_id\":17,\"status\":\"cancelled\"}', '2022-12-07 23:22:58', '2022-12-07 23:20:41', '2022-12-07 23:22:58'),
('caef45b6-d553-400e-b8b6-51337e21da65', 'App\\Notifications\\OrderNotification', 'App\\Models\\User', 93, '{\"order_id\":81,\"order_code\":\"20230216-16021220\",\"user_id\":93,\"seller_id\":91,\"status\":\"placed\"}', NULL, '2023-02-16 15:37:37', '2023-02-16 15:37:37'),
('caf7ecdc-0853-41cc-bde8-c61f3d2931b0', 'App\\Notifications\\OrderNotification', 'App\\Models\\User', 103, '{\"order_id\":85,\"order_code\":\"20230304-13075490\",\"user_id\":103,\"seller_id\":102,\"status\":\"picked_up\"}', NULL, '2023-03-04 15:19:05', '2023-03-04 15:19:05'),
('cbf0f95a-cef3-44ed-bc86-7c24f4ee1ac9', 'App\\Notifications\\OrderNotification', 'App\\Models\\User', 9, '{\"order_id\":4,\"order_code\":\"20220914-18451249\",\"user_id\":10,\"seller_id\":9,\"status\":\"placed\"}', '2022-10-11 21:20:34', '2022-09-14 16:45:12', '2022-10-11 21:20:34'),
('ccf9b4a3-647e-4a1e-87dc-04f1567b5e23', 'App\\Notifications\\OrderNotification', 'App\\Models\\User', 9, '{\"order_id\":20,\"order_code\":\"20221105-12160263\",\"user_id\":31,\"seller_id\":23,\"status\":\"delivered\"}', '2022-11-12 22:54:39', '2022-11-12 07:20:49', '2022-11-12 22:54:39'),
('cd2e0b80-60be-433b-aa0e-55d5b6d54ef8', 'App\\Notifications\\OrderNotification', 'App\\Models\\User', 9, '{\"order_id\":101,\"order_code\":\"20230429-14583640\",\"user_id\":117,\"seller_id\":102,\"status\":\"on_the_way\"}', '2023-05-01 12:07:48', '2023-05-01 09:52:34', '2023-05-01 12:07:48'),
('cd985b12-5832-4910-896f-2b5098fae110', 'App\\Notifications\\OrderNotification', 'App\\Models\\User', 10, '{\"order_id\":1,\"order_code\":\"20220911-14471390\",\"user_id\":10,\"seller_id\":9,\"status\":\"on_the_way\"}', NULL, '2022-09-11 12:49:32', '2022-09-11 12:49:32'),
('cdfefc87-f583-446d-8f46-bdb8d1a66ee6', 'App\\Notifications\\OrderNotification', 'App\\Models\\User', 9, '{\"order_id\":33,\"order_code\":\"20221206-11513581\",\"user_id\":46,\"seller_id\":17,\"status\":\"picked_up\"}', '2022-12-07 23:22:58', '2022-12-07 23:21:05', '2022-12-07 23:22:58'),
('ce34dd59-c725-44f9-a020-b9c9e0ff81a2', 'App\\Notifications\\OrderNotification', 'App\\Models\\User', 9, '{\"order_id\":13,\"order_code\":\"20221029-12435473\",\"user_id\":29,\"seller_id\":26,\"status\":\"paid\"}', '2022-11-02 17:54:15', '2022-10-29 16:44:27', '2022-11-02 17:54:15'),
('ceddb95a-0bba-42c6-b4db-583be0f72cd7', 'App\\Notifications\\OrderNotification', 'App\\Models\\User', 9, '{\"order_id\":13,\"order_code\":\"20221029-12435473\",\"user_id\":29,\"seller_id\":26,\"status\":\"delivered\"}', '2022-11-02 17:54:15', '2022-10-29 16:44:24', '2022-11-02 17:54:15'),
('cf341a6c-766e-4edf-a239-89c49ed31241', 'App\\Notifications\\OrderNotification', 'App\\Models\\User', 9, '{\"order_id\":100,\"order_code\":\"20230421-20001760\",\"user_id\":114,\"seller_id\":102,\"status\":\"delivered\"}', '2023-04-28 18:01:36', '2023-04-27 12:31:40', '2023-04-28 18:01:36'),
('cf8bde30-1f0f-4fbf-b70b-df5a0a2b161d', 'App\\Notifications\\OrderNotification', 'App\\Models\\User', 9, '{\"order_id\":6,\"order_code\":\"20220916-02082649\",\"user_id\":10,\"seller_id\":12,\"status\":\"placed\"}', '2022-10-11 21:20:34', '2022-09-16 00:08:26', '2022-10-11 21:20:34'),
('d025ef8c-41b1-4f00-890d-0101cacef12f', 'App\\Notifications\\OrderNotification', 'App\\Models\\User', 91, '{\"order_id\":93,\"order_code\":\"20230402-03235763\",\"user_id\":46,\"seller_id\":91,\"status\":\"picked_up\"}', '2023-04-05 14:36:42', '2023-04-04 11:24:44', '2023-04-05 14:36:42'),
('d02ef678-4d9c-43f4-ad1c-79ca8af4aa40', 'App\\Notifications\\OrderNotification', 'App\\Models\\User', 9, '{\"order_id\":17,\"order_code\":\"20221101-17154863\",\"user_id\":30,\"seller_id\":9,\"status\":\"delivered\"}', '2022-11-02 17:54:15', '2022-11-02 12:06:16', '2022-11-02 17:54:15'),
('d07b93d9-bdf8-4f63-b069-c5799937eec9', 'App\\Notifications\\OrderNotification', 'App\\Models\\User', 9, '{\"order_id\":8,\"order_code\":\"20220916-02102256\",\"user_id\":10,\"seller_id\":12,\"status\":\"delivered\"}', '2022-10-11 21:20:34', '2022-09-29 21:23:11', '2022-10-11 21:20:34'),
('d129bb1f-fb1e-40f3-bdf1-59ac849e7666', 'App\\Notifications\\OrderNotification', 'App\\Models\\User', 9, '{\"order_id\":17,\"order_code\":\"20221101-17154863\",\"user_id\":30,\"seller_id\":9,\"status\":\"paid\"}', '2022-11-04 18:35:53', '2022-11-02 20:54:52', '2022-11-04 18:35:53'),
('d12ed74f-de5b-43b1-85da-c7832cf7db88', 'App\\Notifications\\OrderNotification', 'App\\Models\\User', 9, '{\"order_id\":12,\"order_code\":\"20221027-21365817\",\"user_id\":28,\"seller_id\":26,\"status\":\"placed\"}', '2022-11-02 17:54:15', '2022-10-27 19:36:59', '2022-11-02 17:54:15'),
('d15d6757-2342-4c03-bc9b-8bfa42ddf586', 'App\\Notifications\\OrderNotification', 'App\\Models\\User', 46, '{\"order_id\":33,\"order_code\":\"20221206-11513581\",\"user_id\":46,\"seller_id\":17,\"status\":\"on_the_way\"}', '2023-04-01 23:06:52', '2022-12-07 23:21:07', '2023-04-01 23:06:52'),
('d169fb80-5072-4b8f-8ed2-ab0b9e41a54d', 'App\\Notifications\\OrderNotification', 'App\\Models\\User', 46, '{\"order_id\":92,\"order_code\":\"20230402-01061315\",\"user_id\":46,\"seller_id\":91,\"status\":\"confirmed\"}', NULL, '2023-04-02 01:22:13', '2023-04-02 01:22:13'),
('d17c200e-440e-48d0-a77f-37d3deb5cf24', 'App\\Notifications\\OrderNotification', 'App\\Models\\User', 29, '{\"order_id\":16,\"order_code\":\"20221101-16245824\",\"user_id\":29,\"seller_id\":9,\"status\":\"delivered\"}', NULL, '2022-11-02 16:22:19', '2022-11-02 16:22:19'),
('d1adcf6c-9588-422c-8ae7-eff5132e9a47', 'App\\Notifications\\OrderNotification', 'App\\Models\\User', 17, '{\"order_id\":32,\"order_code\":\"20221204-18140885\",\"user_id\":56,\"seller_id\":17,\"status\":\"picked_up\"}', '2022-12-13 15:56:10', '2022-12-04 17:15:28', '2022-12-13 15:56:10'),
('d1bb0327-3f90-4e97-9438-003846fa2e1d', 'App\\Notifications\\OrderNotification', 'App\\Models\\User', 9, '{\"order_id\":85,\"order_code\":\"20230304-13075490\",\"user_id\":103,\"seller_id\":102,\"status\":\"delivered\"}', '2023-03-08 19:03:41', '2023-03-08 10:35:08', '2023-03-08 19:03:41'),
('d1ec5edd-3357-47b5-aaf7-a3dc75e93832', 'App\\Notifications\\OrderNotification', 'App\\Models\\User', 91, '{\"order_id\":81,\"order_code\":\"20230216-16021220\",\"user_id\":93,\"seller_id\":91,\"status\":\"placed\"}', '2023-02-16 16:40:14', '2023-02-16 15:02:47', '2023-02-16 16:40:14'),
('d224b57c-7c70-4f3a-88e9-a99d01289743', 'App\\Notifications\\OrderNotification', 'App\\Models\\User', 9, '{\"order_id\":28,\"order_code\":\"20221124-12391583\",\"user_id\":51,\"seller_id\":17,\"status\":\"placed\"}', '2022-11-24 16:54:11', '2022-11-24 11:39:16', '2022-11-24 16:54:11'),
('d24bb625-ade0-46e4-ad9f-77c3b694b317', 'App\\Notifications\\OrderNotification', 'App\\Models\\User', 26, '{\"order_id\":105,\"order_code\":\"20230507-13105638\",\"user_id\":122,\"seller_id\":26,\"status\":\"placed\"}', NULL, '2023-05-07 11:10:57', '2023-05-07 11:10:57'),
('d2b17deb-e01b-41f5-a8ae-5f4bcad4e74a', 'App\\Notifications\\OrderNotification', 'App\\Models\\User', 91, '{\"order_id\":95,\"order_code\":\"20230409-11302476\",\"user_id\":112,\"seller_id\":91,\"status\":\"paid\"}', NULL, '2023-04-14 13:46:49', '2023-04-14 13:46:49'),
('d2fd53ea-f4f3-40ea-a07d-5e60b1995b94', 'App\\Notifications\\OrderNotification', 'App\\Models\\User', 17, '{\"order_id\":21,\"order_code\":\"20221110-13521015\",\"user_id\":35,\"seller_id\":17,\"status\":\"paid\"}', '2022-11-16 16:57:55', '2022-11-16 09:08:48', '2022-11-16 16:57:55'),
('d31c86b0-0503-426c-b493-83724bae5bde', 'App\\Notifications\\OrderNotification', 'App\\Models\\User', 26, '{\"order_id\":12,\"order_code\":\"20221027-21365817\",\"user_id\":28,\"seller_id\":26,\"status\":\"on_the_way\"}', '2022-10-31 07:22:24', '2022-10-28 12:15:58', '2022-10-31 07:22:24'),
('d467a718-7425-4871-b5b4-27f79a78c5fa', 'App\\Notifications\\OrderNotification', 'App\\Models\\User', 51, '{\"order_id\":28,\"order_code\":\"20221124-12391583\",\"user_id\":51,\"seller_id\":17,\"status\":\"delivered\"}', NULL, '2022-12-07 23:21:41', '2022-12-07 23:21:41'),
('d4e943df-61ff-4483-a194-48e1327aa536', 'App\\Notifications\\OrderNotification', 'App\\Models\\User', 9, '{\"order_id\":91,\"order_code\":\"20230331-21424824\",\"user_id\":29,\"seller_id\":9,\"status\":\"on_the_way\"}', '2023-04-01 11:15:41', '2023-04-01 10:30:37', '2023-04-01 11:15:41'),
('d5c63278-051b-4c71-bae4-da5fd1dcbbc9', 'App\\Notifications\\OrderNotification', 'App\\Models\\User', 53, '{\"order_id\":30,\"order_code\":\"20221125-10112092\",\"user_id\":53,\"seller_id\":17,\"status\":\"paid\"}', NULL, '2022-12-07 11:54:26', '2022-12-07 11:54:26'),
('d5c8251e-8cdb-4561-9a9e-7794e172e8b6', 'App\\Notifications\\OrderNotification', 'App\\Models\\User', 26, '{\"order_id\":96,\"order_code\":\"20230410-01184314\",\"user_id\":95,\"seller_id\":26,\"status\":\"paid\"}', NULL, '2023-04-09 23:19:14', '2023-04-09 23:19:14'),
('d60996f9-516b-4ddb-b5c8-30422f9df24c', 'App\\Notifications\\OrderNotification', 'App\\Models\\User', 95, '{\"order_id\":82,\"order_code\":\"20230218-13504562\",\"user_id\":95,\"seller_id\":26,\"status\":\"confirmed\"}', NULL, '2023-02-18 21:09:15', '2023-02-18 21:09:15'),
('d61032c8-9dad-4f51-b3fb-bce1517e95c3', 'App\\Notifications\\OrderNotification', 'App\\Models\\User', 17, '{\"order_id\":31,\"order_code\":\"20221125-15430154\",\"user_id\":54,\"seller_id\":17,\"status\":\"cancelled\"}', '2022-12-13 15:56:10', '2022-12-07 23:20:41', '2022-12-13 15:56:10'),
('d63e12a3-53b8-4087-984d-3c4485437b87', 'App\\Notifications\\OrderNotification', 'App\\Models\\User', 9, '{\"order_id\":75,\"order_code\":\"20230117-08045487\",\"user_id\":85,\"seller_id\":26,\"status\":\"delivered\"}', '2023-01-21 14:19:25', '2023-01-20 19:15:15', '2023-01-21 14:19:25'),
('d662b8fe-a18c-4146-a2ca-8e53f3488490', 'App\\Notifications\\OrderNotification', 'App\\Models\\User', 9, '{\"order_id\":84,\"order_code\":\"20230227-15283787\",\"user_id\":98,\"seller_id\":16,\"status\":\"placed\"}', '2023-02-27 21:32:56', '2023-02-27 14:28:38', '2023-02-27 21:32:56'),
('d67b0aa0-01cd-4a79-9e1e-bacf3b4917db', 'App\\Notifications\\OrderNotification', 'App\\Models\\User', 9, '{\"order_id\":81,\"order_code\":\"20230216-16021220\",\"user_id\":93,\"seller_id\":91,\"status\":\"placed\"}', '2023-02-16 16:38:05', '2023-02-16 15:37:37', '2023-02-16 16:38:05'),
('d682dda0-4a0d-48c2-85f1-809af0c73ac3', 'App\\Notifications\\OrderNotification', 'App\\Models\\User', 9, '{\"order_id\":91,\"order_code\":\"20230331-21424824\",\"user_id\":29,\"seller_id\":9,\"status\":\"placed\"}', '2023-03-31 22:28:09', '2023-03-31 19:42:49', '2023-03-31 22:28:09'),
('d7b674d5-fc16-4308-b397-589196800416', 'App\\Notifications\\OrderNotification', 'App\\Models\\User', 9, '{\"order_id\":8,\"order_code\":\"20220916-02102256\",\"user_id\":10,\"seller_id\":12,\"status\":\"paid\"}', '2022-10-11 21:20:34', '2022-09-29 21:23:13', '2022-10-11 21:20:34'),
('d7b877ac-774f-46d0-aaef-9727ec81736c', 'App\\Notifications\\OrderNotification', 'App\\Models\\User', 29, '{\"order_id\":91,\"order_code\":\"20230331-21424824\",\"user_id\":29,\"seller_id\":9,\"status\":\"paid\"}', NULL, '2023-04-01 12:22:22', '2023-04-01 12:22:22'),
('d7d92f92-586f-4e05-bec2-f95c32dd8d4c', 'App\\Notifications\\OrderNotification', 'App\\Models\\User', 112, '{\"order_id\":95,\"order_code\":\"20230409-11302476\",\"user_id\":112,\"seller_id\":91,\"status\":\"paid\"}', NULL, '2023-04-14 13:46:49', '2023-04-14 13:46:49'),
('d828be29-f285-4800-a547-004f17d72b57', 'App\\Notifications\\OrderNotification', 'App\\Models\\User', 38, '{\"order_id\":23,\"order_code\":\"20221113-13245097\",\"user_id\":38,\"seller_id\":33,\"status\":\"delivered\"}', NULL, '2022-11-15 11:04:50', '2022-11-15 11:04:50'),
('d834896f-4ce1-4d06-9284-426ee1078d49', 'App\\Notifications\\OrderNotification', 'App\\Models\\User', 10, '{\"order_id\":1,\"order_code\":\"20220911-14471390\",\"user_id\":10,\"seller_id\":9,\"status\":\"picked_up\"}', NULL, '2022-09-11 12:48:46', '2022-09-11 12:48:46'),
('d89ebd19-54c2-4aab-bdf0-f0b10281af59', 'App\\Notifications\\OrderNotification', 'App\\Models\\User', 102, '{\"order_id\":86,\"order_code\":\"20230307-10060744\",\"user_id\":105,\"seller_id\":102,\"status\":\"delivered\"}', NULL, '2023-03-20 08:55:41', '2023-03-20 08:55:41'),
('d8a416d3-b082-42c2-b9a6-9f78773b8127', 'App\\Notifications\\OrderNotification', 'App\\Models\\User', 26, '{\"order_id\":12,\"order_code\":\"20221027-21365817\",\"user_id\":28,\"seller_id\":26,\"status\":\"paid\"}', '2022-10-31 07:22:24', '2022-10-28 12:19:27', '2022-10-31 07:22:24'),
('d8eab2ce-a439-4122-9f6b-50cb46e8b975', 'App\\Notifications\\OrderNotification', 'App\\Models\\User', 9, '{\"order_id\":33,\"order_code\":\"20221206-11513581\",\"user_id\":46,\"seller_id\":17,\"status\":\"confirmed\"}', '2022-12-06 11:05:04', '2022-12-06 10:56:39', '2022-12-06 11:05:04'),
('d983a409-186e-473a-a516-0736a3cae612', 'App\\Notifications\\OrderNotification', 'App\\Models\\User', 36, '{\"order_id\":22,\"order_code\":\"20221111-22580447\",\"user_id\":36,\"seller_id\":33,\"status\":\"paid\"}', NULL, '2022-11-16 22:10:45', '2022-11-16 22:10:45'),
('d9c07038-5836-424f-b62d-efd2c385e44b', 'App\\Notifications\\OrderNotification', 'App\\Models\\User', 9, '{\"order_id\":30,\"order_code\":\"20221125-10112092\",\"user_id\":53,\"seller_id\":17,\"status\":\"delivered\"}', '2022-11-27 23:00:39', '2022-11-26 22:17:21', '2022-11-27 23:00:39'),
('da7624e1-7393-4e39-96ef-0718b50036c6', 'App\\Notifications\\OrderNotification', 'App\\Models\\User', 93, '{\"order_id\":81,\"order_code\":\"20230216-16021220\",\"user_id\":93,\"seller_id\":91,\"status\":\"placed\"}', NULL, '2023-02-16 15:02:47', '2023-02-16 15:02:47'),
('daa2bdd2-7561-477d-a80b-3c6550814a18', 'App\\Notifications\\OrderNotification', 'App\\Models\\User', 16, '{\"order_id\":99,\"order_code\":\"20230421-18450626\",\"user_id\":113,\"seller_id\":16,\"status\":\"placed\"}', NULL, '2023-04-21 16:45:07', '2023-04-21 16:45:07'),
('dac37198-2e96-4765-b02a-c577f0f9e269', 'App\\Notifications\\OrderNotification', 'App\\Models\\User', 9, '{\"order_id\":29,\"order_code\":\"20221124-18302943\",\"user_id\":52,\"seller_id\":17,\"status\":\"on_the_way\"}', '2022-11-24 19:26:09', '2022-11-24 18:06:42', '2022-11-24 19:26:09'),
('dacef87c-4ec1-4112-8969-123e90a3db09', 'App\\Notifications\\OrderNotification', 'App\\Models\\User', 26, '{\"order_id\":77,\"order_code\":\"20230121-17062671\",\"user_id\":86,\"seller_id\":26,\"status\":\"on_the_way\"}', '2023-01-31 16:36:28', '2023-01-22 21:33:04', '2023-01-31 16:36:28'),
('dad34a8e-c2e4-48ea-b929-6ad140da808a', 'App\\Notifications\\OrderNotification', 'App\\Models\\User', 98, '{\"order_id\":84,\"order_code\":\"20230227-15283787\",\"user_id\":98,\"seller_id\":16,\"status\":\"on_the_way\"}', NULL, '2023-02-27 16:10:57', '2023-02-27 16:10:57'),
('dae1fe02-ff28-4c20-839c-66843f9b5eb9', 'App\\Notifications\\OrderNotification', 'App\\Models\\User', 9, '{\"order_id\":82,\"order_code\":\"20230218-13504562\",\"user_id\":95,\"seller_id\":26,\"status\":\"delivered\"}', '2023-03-08 22:47:32', '2023-03-08 20:22:34', '2023-03-08 22:47:32'),
('db029f48-0e6d-4a71-b92a-24624685f0c6', 'App\\Notifications\\OrderNotification', 'App\\Models\\User', 9, '{\"order_id\":1,\"order_code\":\"20220911-14471390\",\"user_id\":10,\"seller_id\":9,\"status\":\"on_the_way\"}', '2022-09-11 16:06:32', '2022-09-11 12:49:32', '2022-09-11 16:06:32'),
('db4f3f6d-af46-4698-934e-4225f40ad2cd', 'App\\Notifications\\OrderNotification', 'App\\Models\\User', 107, '{\"order_id\":89,\"order_code\":\"20230319-12533669\",\"user_id\":107,\"seller_id\":26,\"status\":\"delivered\"}', NULL, '2023-03-21 18:17:53', '2023-03-21 18:17:53'),
('db63aacb-c77e-41b0-978a-3aca4212a2fc', 'App\\Notifications\\OrderNotification', 'App\\Models\\User', 107, '{\"order_id\":89,\"order_code\":\"20230319-12533669\",\"user_id\":107,\"seller_id\":26,\"status\":\"placed\"}', NULL, '2023-03-19 11:53:37', '2023-03-19 11:53:37'),
('dbd07800-5cbc-4111-a39d-669b891b1613', 'App\\Notifications\\OrderNotification', 'App\\Models\\User', 29, '{\"order_id\":13,\"order_code\":\"20221029-12435473\",\"user_id\":29,\"seller_id\":26,\"status\":\"picked_up\"}', '2022-10-29 17:08:31', '2022-10-29 12:22:49', '2022-10-29 17:08:31'),
('dcd60675-f4bf-4927-9fe9-98931496e429', 'App\\Notifications\\OrderNotification', 'App\\Models\\User', 9, '{\"order_id\":92,\"order_code\":\"20230402-01061315\",\"user_id\":46,\"seller_id\":91,\"status\":\"confirmed\"}', '2023-04-02 01:24:56', '2023-04-02 01:22:13', '2023-04-02 01:24:56'),
('dd136b10-5480-4a39-bb02-9041602d228b', 'App\\Notifications\\OrderNotification', 'App\\Models\\User', 39, '{\"order_id\":25,\"order_code\":\"20221113-19424392\",\"user_id\":39,\"seller_id\":9,\"status\":\"placed\"}', NULL, '2022-11-13 18:42:44', '2022-11-13 18:42:44'),
('dd211f92-8ff8-4d3f-8361-40abe6f5c8ef', 'App\\Notifications\\OrderNotification', 'App\\Models\\User', 9, '{\"order_id\":14,\"order_code\":\"20221029-12435444\",\"user_id\":29,\"seller_id\":9,\"status\":\"placed\"}', '2022-11-02 17:54:15', '2022-10-29 10:43:55', '2022-11-02 17:54:15'),
('dd8725eb-31cf-47dc-8354-77fa45b3b3d9', 'App\\Notifications\\OrderNotification', 'App\\Models\\User', 9, '{\"order_id\":15,\"order_code\":\"20221101-16245861\",\"user_id\":29,\"seller_id\":26,\"status\":\"paid\"}', '2022-11-02 17:54:15', '2022-11-02 16:22:42', '2022-11-02 17:54:15'),
('dd882bcd-72a9-4b75-965c-1dcb14e3d2fa', 'App\\Notifications\\OrderNotification', 'App\\Models\\User', 17, '{\"order_id\":31,\"order_code\":\"20221125-15430154\",\"user_id\":54,\"seller_id\":17,\"status\":\"on_the_way\"}', '2022-11-28 13:57:30', '2022-11-27 18:00:03', '2022-11-28 13:57:30'),
('dec0a4a2-4ad0-4a52-95be-380583ef5d88', 'App\\Notifications\\OrderNotification', 'App\\Models\\User', 46, '{\"order_id\":93,\"order_code\":\"20230402-03235763\",\"user_id\":46,\"seller_id\":91,\"status\":\"on_the_way\"}', NULL, '2023-04-04 11:24:47', '2023-04-04 11:24:47'),
('df400ef9-cc4c-4086-a86d-15aba4e87b26', 'App\\Notifications\\OrderNotification', 'App\\Models\\User', 29, '{\"order_id\":16,\"order_code\":\"20221101-16245824\",\"user_id\":29,\"seller_id\":9,\"status\":\"paid\"}', NULL, '2022-11-02 16:22:23', '2022-11-02 16:22:23'),
('df649713-afc9-49d8-a6ac-62f25b43e7d4', 'App\\Notifications\\OrderNotification', 'App\\Models\\User', 33, '{\"order_id\":22,\"order_code\":\"20221111-22580447\",\"user_id\":36,\"seller_id\":33,\"status\":\"placed\"}', '2022-11-12 15:08:36', '2022-11-11 21:58:04', '2022-11-12 15:08:36'),
('dfa17ef5-9608-45a8-b74c-b86c92abcaa1', 'App\\Notifications\\OrderNotification', 'App\\Models\\User', 9, '{\"order_id\":90,\"order_code\":\"20230321-12132324\",\"user_id\":109,\"seller_id\":16,\"status\":\"cancelled\"}', '2023-03-27 09:42:58', '2023-03-22 20:41:34', '2023-03-27 09:42:58'),
('e060bd81-acb2-4995-93e1-6ec9d426ba30', 'App\\Notifications\\OrderNotification', 'App\\Models\\User', 45, '{\"order_id\":26,\"order_code\":\"20221114-17261473\",\"user_id\":45,\"seller_id\":17,\"status\":\"paid\"}', NULL, '2022-11-22 02:49:08', '2022-11-22 02:49:08'),
('e089220d-5444-49ef-9f50-a48f5dfd5e14', 'App\\Notifications\\OrderNotification', 'App\\Models\\User', 26, '{\"order_id\":75,\"order_code\":\"20230117-08045487\",\"user_id\":85,\"seller_id\":26,\"status\":\"placed\"}', '2023-01-31 16:36:28', '2023-01-17 07:04:55', '2023-01-31 16:36:28'),
('e0dcd575-827e-4340-be18-3e801fc9a54c', 'App\\Notifications\\OrderNotification', 'App\\Models\\User', 85, '{\"order_id\":75,\"order_code\":\"20230117-08045487\",\"user_id\":85,\"seller_id\":26,\"status\":\"paid\"}', NULL, '2023-01-20 19:15:18', '2023-01-20 19:15:18'),
('e101517e-882d-4b4e-9aba-7970e75cb545', 'App\\Notifications\\OrderNotification', 'App\\Models\\User', 13, '{\"order_id\":9,\"order_code\":\"20220925-16375114\",\"user_id\":13,\"seller_id\":9,\"status\":\"on_the_way\"}', NULL, '2022-09-25 14:39:23', '2022-09-25 14:39:23'),
('e1d720bf-7b0b-4b04-bc59-fdc1280ef2bc', 'App\\Notifications\\OrderNotification', 'App\\Models\\User', 9, '{\"order_id\":24,\"order_code\":\"20221113-19424330\",\"user_id\":39,\"seller_id\":17,\"status\":\"placed\"}', '2022-11-13 21:06:35', '2022-11-13 18:42:44', '2022-11-13 21:06:35'),
('e205b129-a4b8-4430-915d-dd2cec5ffe95', 'App\\Notifications\\OrderNotification', 'App\\Models\\User', 85, '{\"order_id\":75,\"order_code\":\"20230117-08045487\",\"user_id\":85,\"seller_id\":26,\"status\":\"delivered\"}', NULL, '2023-01-20 19:15:15', '2023-01-20 19:15:15'),
('e2c72fb9-dcf3-4e62-b748-1b5548937212', 'App\\Notifications\\OrderNotification', 'App\\Models\\User', 9, '{\"order_id\":102,\"order_code\":\"20230429-16183134\",\"user_id\":118,\"seller_id\":102,\"status\":\"picked_up\"}', '2023-04-29 19:46:55', '2023-04-29 19:46:53', '2023-04-29 19:46:55'),
('e3f2f2bd-84f7-41d5-9826-cf447b06c250', 'App\\Notifications\\OrderNotification', 'App\\Models\\User', 9, '{\"order_id\":27,\"order_code\":\"20221115-12484832\",\"user_id\":46,\"seller_id\":17,\"status\":\"placed\"}', '2022-11-15 12:05:50', '2022-11-15 11:48:49', '2022-11-15 12:05:50'),
('e3fa6031-30b7-46f0-acdb-643b6c762864', 'App\\Notifications\\OrderNotification', 'App\\Models\\User', 10, '{\"order_id\":8,\"order_code\":\"20220916-02102256\",\"user_id\":10,\"seller_id\":12,\"status\":\"placed\"}', NULL, '2022-09-16 00:10:23', '2022-09-16 00:10:23'),
('e4a1938a-9845-44fb-9a72-3d499e606b49', 'App\\Notifications\\OrderNotification', 'App\\Models\\User', 9, '{\"order_id\":30,\"order_code\":\"20221125-10112092\",\"user_id\":53,\"seller_id\":17,\"status\":\"picked_up\"}', '2022-11-27 23:00:39', '2022-11-26 22:17:16', '2022-11-27 23:00:39'),
('e4ec1790-e0bc-4902-a917-b82c84597e07', 'App\\Notifications\\OrderNotification', 'App\\Models\\User', 103, '{\"order_id\":85,\"order_code\":\"20230304-13075490\",\"user_id\":103,\"seller_id\":102,\"status\":\"confirmed\"}', NULL, '2023-03-04 15:19:01', '2023-03-04 15:19:01'),
('e4ed6dab-b2d9-47b3-9993-0eb4174c347f', 'App\\Notifications\\OrderNotification', 'App\\Models\\User', 10, '{\"order_id\":6,\"order_code\":\"20220916-02082649\",\"user_id\":10,\"seller_id\":12,\"status\":\"placed\"}', NULL, '2022-09-16 00:08:26', '2022-09-16 00:08:26'),
('e5271923-296c-4737-90ca-5483f193fc39', 'App\\Notifications\\OrderNotification', 'App\\Models\\User', 9, '{\"order_id\":84,\"order_code\":\"20230227-15283787\",\"user_id\":98,\"seller_id\":16,\"status\":\"paid\"}', '2023-02-27 21:33:16', '2023-02-27 21:33:09', '2023-02-27 21:33:16'),
('e53e5d08-162b-4b95-a6c6-21339bb29a30', 'App\\Notifications\\OrderNotification', 'App\\Models\\User', 91, '{\"order_id\":81,\"order_code\":\"20230216-16021220\",\"user_id\":93,\"seller_id\":91,\"status\":\"cancelled\"}', '2023-02-20 08:51:29', '2023-02-17 07:03:16', '2023-02-20 08:51:29'),
('e53f42c6-7f5e-4238-9889-e7df666dc080', 'App\\Notifications\\OrderNotification', 'App\\Models\\User', 9, '{\"order_id\":15,\"order_code\":\"20221101-16245861\",\"user_id\":29,\"seller_id\":26,\"status\":\"picked_up\"}', '2022-11-02 17:54:15', '2022-11-02 12:05:23', '2022-11-02 17:54:15'),
('e56bfc61-a302-4009-80a2-a49864f8faff', 'App\\Notifications\\OrderNotification', 'App\\Models\\User', 9, '{\"order_id\":1,\"order_code\":\"20220911-14471390\",\"user_id\":10,\"seller_id\":9,\"status\":\"delivered\"}', '2022-09-11 16:06:32', '2022-09-11 12:50:05', '2022-09-11 16:06:32'),
('e5d2cb7f-e6b6-4279-9029-f645a7c617d9', 'App\\Notifications\\OrderNotification', 'App\\Models\\User', 9, '{\"order_id\":15,\"order_code\":\"20221101-16245861\",\"user_id\":29,\"seller_id\":26,\"status\":\"on_the_way\"}', '2022-11-02 17:54:15', '2022-11-02 12:05:29', '2022-11-02 17:54:15'),
('e5f7e381-9de2-40b3-adda-ed162784a241', 'App\\Notifications\\OrderNotification', 'App\\Models\\User', 120, '{\"order_id\":103,\"order_code\":\"20230504-20072746\",\"user_id\":120,\"seller_id\":87,\"status\":\"confirmed\"}', NULL, '2023-05-04 20:46:08', '2023-05-04 20:46:08'),
('e6150e84-18d4-464b-8a2b-856fe30150de', 'App\\Notifications\\OrderNotification', 'App\\Models\\User', 105, '{\"order_id\":86,\"order_code\":\"20230307-10060744\",\"user_id\":105,\"seller_id\":102,\"status\":\"placed\"}', NULL, '2023-03-07 09:06:08', '2023-03-07 09:06:08'),
('e66672b4-81a0-4981-b9a2-c2c582993f8c', 'App\\Notifications\\OrderNotification', 'App\\Models\\User', 38, '{\"order_id\":23,\"order_code\":\"20221113-13245097\",\"user_id\":38,\"seller_id\":33,\"status\":\"paid\"}', NULL, '2022-11-16 22:10:34', '2022-11-16 22:10:34'),
('e6a9f2c2-e7dd-48ed-b79f-4dad4471d0b9', 'App\\Notifications\\OrderNotification', 'App\\Models\\User', 9, '{\"order_id\":84,\"order_code\":\"20230227-15283787\",\"user_id\":98,\"seller_id\":16,\"status\":\"picked_up\"}', '2023-02-27 21:32:56', '2023-02-27 16:10:54', '2023-02-27 21:32:56'),
('e723fe34-2a58-4563-b7c1-8d7a948c652c', 'App\\Notifications\\OrderNotification', 'App\\Models\\User', 9, '{\"order_id\":35,\"order_code\":\"20221213-11363525\",\"user_id\":60,\"seller_id\":9,\"status\":\"placed\"}', '2022-12-13 15:11:30', '2022-12-13 10:36:35', '2022-12-13 15:11:30'),
('e79388e7-d7c8-4993-92ee-cda0595de42a', 'App\\Notifications\\OrderNotification', 'App\\Models\\User', 12, '{\"order_id\":3,\"order_code\":\"20220912-21241144\",\"user_id\":10,\"seller_id\":12,\"status\":\"confirmed\"}', NULL, '2022-09-12 19:27:11', '2022-09-12 19:27:11'),
('e7a07adc-1937-4cc8-bf00-735f8d5e5d7d', 'App\\Notifications\\OrderNotification', 'App\\Models\\User', 26, '{\"order_id\":15,\"order_code\":\"20221101-16245861\",\"user_id\":29,\"seller_id\":26,\"status\":\"on_the_way\"}', '2022-11-10 13:50:12', '2022-11-02 12:05:29', '2022-11-10 13:50:12'),
('e8d03d8f-f462-4c16-ad98-64a28605b438', 'App\\Notifications\\OrderNotification', 'App\\Models\\User', 9, '{\"order_id\":18,\"order_code\":\"20221102-15514247\",\"user_id\":31,\"seller_id\":26,\"status\":\"cancelled\"}', '2022-11-08 18:09:04', '2022-11-07 23:01:12', '2022-11-08 18:09:04'),
('e9156aa5-7126-4b24-abf8-4f2f313d61f2', 'App\\Notifications\\OrderNotification', 'App\\Models\\User', 9, '{\"order_id\":29,\"order_code\":\"20221124-18302943\",\"user_id\":52,\"seller_id\":17,\"status\":\"placed\"}', '2022-11-24 18:06:20', '2022-11-24 17:30:30', '2022-11-24 18:06:20'),
('e943b7b3-ff86-425d-b131-fa5b9794e569', 'App\\Notifications\\OrderNotification', 'App\\Models\\User', 26, '{\"order_id\":77,\"order_code\":\"20230121-17062671\",\"user_id\":86,\"seller_id\":26,\"status\":\"placed\"}', '2023-01-31 16:36:28', '2023-01-21 16:06:27', '2023-01-31 16:36:28'),
('e998050f-b6bb-493a-a12e-03c2ab284254', 'App\\Notifications\\OrderNotification', 'App\\Models\\User', 30, '{\"order_id\":17,\"order_code\":\"20221101-17154863\",\"user_id\":30,\"seller_id\":9,\"status\":\"picked_up\"}', NULL, '2022-11-01 16:17:56', '2022-11-01 16:17:56'),
('eac0c58a-3a2c-4ee2-a3b1-7dcf6a92068b', 'App\\Notifications\\OrderNotification', 'App\\Models\\User', 29, '{\"order_id\":79,\"order_code\":\"20230209-13202875\",\"user_id\":29,\"seller_id\":9,\"status\":\"placed\"}', NULL, '2023-02-09 12:20:29', '2023-02-09 12:20:29'),
('eac9cb6f-1ff3-4bb4-86d3-bc18c40621cd', 'App\\Notifications\\OrderNotification', 'App\\Models\\User', 114, '{\"order_id\":100,\"order_code\":\"20230421-20001760\",\"user_id\":114,\"seller_id\":102,\"status\":\"confirmed\"}', NULL, '2023-04-22 09:25:45', '2023-04-22 09:25:45');
INSERT INTO `notifications` (`id`, `type`, `notifiable_type`, `notifiable_id`, `data`, `read_at`, `created_at`, `updated_at`) VALUES
('eb1a040b-845f-42fc-b65b-bff2b6084dfb', 'App\\Notifications\\OrderNotification', 'App\\Models\\User', 102, '{\"order_id\":101,\"order_code\":\"20230429-14583640\",\"user_id\":117,\"seller_id\":102,\"status\":\"on_the_way\"}', NULL, '2023-05-01 09:52:34', '2023-05-01 09:52:34'),
('eb380337-10c1-4cd5-8733-8805ce747e60', 'App\\Notifications\\OrderNotification', 'App\\Models\\User', 9, '{\"order_id\":93,\"order_code\":\"20230402-03235763\",\"user_id\":46,\"seller_id\":91,\"status\":\"on_the_way\"}', '2023-04-04 22:59:15', '2023-04-04 11:24:47', '2023-04-04 22:59:15'),
('ebed50e9-f206-464c-97d3-c2a19792421e', 'App\\Notifications\\OrderNotification', 'App\\Models\\User', 10, '{\"order_id\":8,\"order_code\":\"20220916-02102256\",\"user_id\":10,\"seller_id\":12,\"status\":\"delivered\"}', NULL, '2022-09-29 21:23:11', '2022-09-29 21:23:11'),
('ec03bd57-eb22-4b6b-8369-b4cffb9a3115', 'App\\Notifications\\OrderNotification', 'App\\Models\\User', 10, '{\"order_id\":8,\"order_code\":\"20220916-02102256\",\"user_id\":10,\"seller_id\":12,\"status\":\"paid\"}', NULL, '2022-09-29 21:23:13', '2022-09-29 21:23:13'),
('ec380b4a-f4c7-4bb9-a615-e0b7d783bfd9', 'App\\Notifications\\OrderNotification', 'App\\Models\\User', 117, '{\"order_id\":101,\"order_code\":\"20230429-14583640\",\"user_id\":117,\"seller_id\":102,\"status\":\"placed\"}', NULL, '2023-04-29 12:58:36', '2023-04-29 12:58:36'),
('ecb75e33-fcff-4db0-85ed-e30674c1f245', 'App\\Notifications\\OrderNotification', 'App\\Models\\User', 9, '{\"order_id\":99,\"order_code\":\"20230421-18450626\",\"user_id\":113,\"seller_id\":16,\"status\":\"placed\"}', '2023-04-22 09:24:44', '2023-04-21 16:45:07', '2023-04-22 09:24:44'),
('ecdb3fc8-0802-410b-8c35-b719545bdb39', 'App\\Notifications\\OrderNotification', 'App\\Models\\User', 23, '{\"order_id\":20,\"order_code\":\"20221105-12160263\",\"user_id\":31,\"seller_id\":23,\"status\":\"paid\"}', NULL, '2022-11-19 22:12:53', '2022-11-19 22:12:53'),
('ed600fc7-9678-4c34-824b-1f40a913759c', 'App\\Notifications\\OrderNotification', 'App\\Models\\User', 9, '{\"order_id\":28,\"order_code\":\"20221124-12391583\",\"user_id\":51,\"seller_id\":17,\"status\":\"on_the_way\"}', '2022-11-27 23:00:39', '2022-11-26 22:17:41', '2022-11-27 23:00:39'),
('ed63248e-1003-462d-9b31-fa71d21078cc', 'App\\Notifications\\OrderNotification', 'App\\Models\\User', 26, '{\"order_id\":104,\"order_code\":\"20230507-10501272\",\"user_id\":121,\"seller_id\":26,\"status\":\"placed\"}', NULL, '2023-05-07 08:50:13', '2023-05-07 08:50:13'),
('edb8e2c1-a00a-41c0-aeb8-bd2000510694', 'App\\Notifications\\OrderNotification', 'App\\Models\\User', 102, '{\"order_id\":85,\"order_code\":\"20230304-13075490\",\"user_id\":103,\"seller_id\":102,\"status\":\"placed\"}', '2023-03-08 10:57:35', '2023-03-04 12:07:55', '2023-03-08 10:57:35'),
('ee50e8d3-e6ae-4c0d-aa17-42a005d6098c', 'App\\Notifications\\OrderNotification', 'App\\Models\\User', 120, '{\"order_id\":103,\"order_code\":\"20230504-20072746\",\"user_id\":120,\"seller_id\":87,\"status\":\"placed\"}', NULL, '2023-05-04 18:07:28', '2023-05-04 18:07:28'),
('ee5a1ce1-cc37-4bb1-b3eb-09ea00b3b7e7', 'App\\Notifications\\OrderNotification', 'App\\Models\\User', 9, '{\"order_id\":2,\"order_code\":\"20220911-16493630\",\"user_id\":10,\"seller_id\":9,\"status\":\"placed\"}', '2022-09-11 16:06:32', '2022-09-11 14:49:36', '2022-09-11 16:06:32'),
('eeb579dc-b5b3-4521-8210-e0f088179bd1', 'App\\Notifications\\OrderNotification', 'App\\Models\\User', 51, '{\"order_id\":28,\"order_code\":\"20221124-12391583\",\"user_id\":51,\"seller_id\":17,\"status\":\"placed\"}', NULL, '2022-11-24 11:39:16', '2022-11-24 11:39:16'),
('eec09a7d-a877-43dd-9098-daf9f8075691', 'App\\Notifications\\OrderNotification', 'App\\Models\\User', 102, '{\"order_id\":101,\"order_code\":\"20230429-14583640\",\"user_id\":117,\"seller_id\":102,\"status\":\"picked_up\"}', NULL, '2023-04-29 15:34:28', '2023-04-29 15:34:28'),
('ef8b32bd-3a86-41e3-a9e5-0c08e942b546', 'App\\Notifications\\OrderNotification', 'App\\Models\\User', 95, '{\"order_id\":82,\"order_code\":\"20230218-13504562\",\"user_id\":95,\"seller_id\":26,\"status\":\"paid\"}', NULL, '2023-03-08 20:22:37', '2023-03-08 20:22:37'),
('f034f1da-8dab-470b-a4b7-464c9598f189', 'App\\Notifications\\OrderNotification', 'App\\Models\\User', 9, '{\"order_id\":16,\"order_code\":\"20221101-16245824\",\"user_id\":29,\"seller_id\":9,\"status\":\"confirmed\"}', '2022-11-02 17:54:15', '2022-11-01 16:19:06', '2022-11-02 17:54:15'),
('f098a5d0-1b2e-4c5e-ba23-6d3228474207', 'App\\Notifications\\OrderNotification', 'App\\Models\\User', 33, '{\"order_id\":23,\"order_code\":\"20221113-13245097\",\"user_id\":38,\"seller_id\":33,\"status\":\"delivered\"}', '2022-11-18 21:15:27', '2022-11-15 11:04:50', '2022-11-18 21:15:27'),
('f1783a44-4689-44a1-be7b-1e8b0dc3b801', 'App\\Notifications\\OrderNotification', 'App\\Models\\User', 87, '{\"order_id\":103,\"order_code\":\"20230504-20072746\",\"user_id\":120,\"seller_id\":87,\"status\":\"on_the_way\"}', NULL, '2023-05-05 20:00:24', '2023-05-05 20:00:24'),
('f20d69c8-70a5-4c1f-9a39-a26555faba4d', 'App\\Notifications\\OrderNotification', 'App\\Models\\User', 28, '{\"order_id\":12,\"order_code\":\"20221027-21365817\",\"user_id\":28,\"seller_id\":26,\"status\":\"paid\"}', NULL, '2022-10-28 12:19:27', '2022-10-28 12:19:27'),
('f28118f4-1e7d-48aa-b404-e0d292cf3a0a', 'App\\Notifications\\OrderNotification', 'App\\Models\\User', 9, '{\"order_id\":100,\"order_code\":\"20230421-20001760\",\"user_id\":114,\"seller_id\":102,\"status\":\"on_the_way\"}', '2023-04-25 18:46:14', '2023-04-24 15:44:01', '2023-04-25 18:46:14'),
('f2875e71-797b-4516-8867-2dae22c77c60', 'App\\Notifications\\OrderNotification', 'App\\Models\\User', 64, '{\"order_id\":37,\"order_code\":\"20221213-16530391\",\"user_id\":64,\"seller_id\":9,\"status\":\"placed\"}', NULL, '2022-12-13 15:53:04', '2022-12-13 15:53:04'),
('f2c66eb3-7e86-4708-b5fb-d8fdbaf01a06', 'App\\Notifications\\OrderNotification', 'App\\Models\\User', 16, '{\"order_id\":84,\"order_code\":\"20230227-15283787\",\"user_id\":98,\"seller_id\":16,\"status\":\"paid\"}', NULL, '2023-02-27 21:33:09', '2023-02-27 21:33:09'),
('f2c99a91-e6c6-46d5-ae30-8eab0ff9522c', 'App\\Notifications\\OrderNotification', 'App\\Models\\User', 9, '{\"order_id\":85,\"order_code\":\"20230304-13075490\",\"user_id\":103,\"seller_id\":102,\"status\":\"on_the_way\"}', '2023-03-05 09:03:37', '2023-03-05 09:02:07', '2023-03-05 09:03:37'),
('f2ee92de-4240-4e4d-831c-5ec964c4ba6b', 'App\\Notifications\\OrderNotification', 'App\\Models\\User', 26, '{\"order_id\":82,\"order_code\":\"20230218-13504562\",\"user_id\":95,\"seller_id\":26,\"status\":\"confirmed\"}', '2023-02-28 14:44:13', '2023-02-18 21:09:15', '2023-02-28 14:44:13'),
('f374a75b-3b02-42d3-8db2-d0e87f7bad2b', 'App\\Notifications\\OrderNotification', 'App\\Models\\User', 110, '{\"order_id\":94,\"order_code\":\"20230406-07034361\",\"user_id\":110,\"seller_id\":9,\"status\":\"picked_up\"}', NULL, '2023-04-10 22:31:40', '2023-04-10 22:31:40'),
('f42dfe16-8d03-44cf-845c-6f7d81bd845c', 'App\\Notifications\\OrderNotification', 'App\\Models\\User', 9, '{\"order_id\":11,\"order_code\":\"20221025-10163397\",\"user_id\":24,\"seller_id\":9,\"status\":\"picked_up\"}', '2022-11-02 17:54:15', '2022-10-25 08:17:22', '2022-11-02 17:54:15'),
('f47beb37-aa95-49c1-ade4-d246d431c9d7', 'App\\Notifications\\OrderNotification', 'App\\Models\\User', 9, '{\"order_id\":80,\"order_code\":\"20230209-13202867\",\"user_id\":29,\"seller_id\":26,\"status\":\"delivered\"}', '2023-02-09 22:09:24', '2023-02-09 22:08:32', '2023-02-09 22:09:24'),
('f4ed4d19-d069-4ae4-bba4-e43946984682', 'App\\Notifications\\OrderNotification', 'App\\Models\\User', 16, '{\"order_id\":84,\"order_code\":\"20230227-15283787\",\"user_id\":98,\"seller_id\":16,\"status\":\"confirmed\"}', NULL, '2023-02-27 16:10:50', '2023-02-27 16:10:50'),
('f5101294-74b3-44d9-be5d-d8771b359e6d', 'App\\Notifications\\OrderNotification', 'App\\Models\\User', 29, '{\"order_id\":15,\"order_code\":\"20221101-16245861\",\"user_id\":29,\"seller_id\":26,\"status\":\"placed\"}', NULL, '2022-11-01 15:24:59', '2022-11-01 15:24:59'),
('f54aa915-01b2-45a1-acb1-dfef70c52aa5', 'App\\Notifications\\OrderNotification', 'App\\Models\\User', 26, '{\"order_id\":77,\"order_code\":\"20230121-17062671\",\"user_id\":86,\"seller_id\":26,\"status\":\"paid\"}', '2023-01-31 16:36:28', '2023-01-23 16:26:32', '2023-01-31 16:36:28'),
('f5663f82-fa56-4fb3-a4ac-847eacf3ae73', 'App\\Notifications\\OrderNotification', 'App\\Models\\User', 26, '{\"order_id\":13,\"order_code\":\"20221029-12435473\",\"user_id\":29,\"seller_id\":26,\"status\":\"delivered\"}', '2022-10-31 07:22:24', '2022-10-29 16:44:24', '2022-10-31 07:22:24'),
('f70803d1-38af-4ae3-a57f-f9d52880036b', 'App\\Notifications\\OrderNotification', 'App\\Models\\User', 117, '{\"order_id\":101,\"order_code\":\"20230429-14583640\",\"user_id\":117,\"seller_id\":102,\"status\":\"on_the_way\"}', NULL, '2023-05-01 09:52:34', '2023-05-01 09:52:34'),
('f72aac74-e70b-4898-8288-b34a206afbb3', 'App\\Notifications\\OrderNotification', 'App\\Models\\User', 35, '{\"order_id\":21,\"order_code\":\"20221110-13521015\",\"user_id\":35,\"seller_id\":17,\"status\":\"paid\"}', NULL, '2022-11-16 09:08:48', '2022-11-16 09:08:48'),
('f73c8473-b34c-40d3-9f03-7da968948f74', 'App\\Notifications\\OrderNotification', 'App\\Models\\User', 9, '{\"order_id\":28,\"order_code\":\"20221124-12391583\",\"user_id\":51,\"seller_id\":17,\"status\":\"confirmed\"}', '2022-11-24 18:06:20', '2022-11-24 16:54:24', '2022-11-24 18:06:20'),
('f8669b0a-4cd0-46c6-ab6b-3559679dd2d0', 'App\\Notifications\\OrderNotification', 'App\\Models\\User', 9, '{\"order_id\":14,\"order_code\":\"20221029-12435444\",\"user_id\":29,\"seller_id\":9,\"status\":\"delivered\"}', '2022-11-02 17:54:15', '2022-10-29 16:44:49', '2022-11-02 17:54:15'),
('f8ad7e50-38d7-46af-a42c-411bd4a0bf86', 'App\\Notifications\\OrderNotification', 'App\\Models\\User', 86, '{\"order_id\":77,\"order_code\":\"20230121-17062671\",\"user_id\":86,\"seller_id\":26,\"status\":\"placed\"}', '2023-01-23 15:19:00', '2023-01-21 16:06:27', '2023-01-23 15:19:00'),
('f8fe83a2-64bd-4a3a-9456-f79e110f5bea', 'App\\Notifications\\OrderNotification', 'App\\Models\\User', 117, '{\"order_id\":101,\"order_code\":\"20230429-14583640\",\"user_id\":117,\"seller_id\":102,\"status\":\"picked_up\"}', NULL, '2023-04-29 15:34:28', '2023-04-29 15:34:28'),
('f930073c-321f-4923-8abb-37631bd7200f', 'App\\Notifications\\OrderNotification', 'App\\Models\\User', 28, '{\"order_id\":12,\"order_code\":\"20221027-21365817\",\"user_id\":28,\"seller_id\":26,\"status\":\"picked_up\"}', NULL, '2022-10-28 12:15:34', '2022-10-28 12:15:34'),
('f96dbaba-5957-4d01-95d4-47ae98337cd5', 'App\\Notifications\\OrderNotification', 'App\\Models\\User', 9, '{\"order_id\":32,\"order_code\":\"20221204-18140885\",\"user_id\":56,\"seller_id\":17,\"status\":\"placed\"}', '2022-12-04 17:15:03', '2022-12-04 17:14:09', '2022-12-04 17:15:03'),
('f99f4eca-6d41-4bc6-892a-6bbfd6ea783c', 'App\\Notifications\\OrderNotification', 'App\\Models\\User', 12, '{\"order_id\":8,\"order_code\":\"20220916-02102256\",\"user_id\":10,\"seller_id\":12,\"status\":\"placed\"}', NULL, '2022-09-16 00:10:23', '2022-09-16 00:10:23'),
('f9f4a33f-40f3-4d81-8b60-3c6a9b77c492', 'App\\Notifications\\OrderNotification', 'App\\Models\\User', 16, '{\"order_id\":90,\"order_code\":\"20230321-12132324\",\"user_id\":109,\"seller_id\":16,\"status\":\"confirmed\"}', NULL, '2023-03-21 18:17:30', '2023-03-21 18:17:30'),
('fa9a2536-5a24-4844-bfda-22082ad82d4d', 'App\\Notifications\\OrderNotification', 'App\\Models\\User', 9, '{\"order_id\":80,\"order_code\":\"20230209-13202867\",\"user_id\":29,\"seller_id\":26,\"status\":\"paid\"}', '2023-02-09 22:09:24', '2023-02-09 22:08:34', '2023-02-09 22:09:24'),
('faa78077-b6ff-4b2a-94bb-c6af1fa02803', 'App\\Notifications\\OrderNotification', 'App\\Models\\User', 54, '{\"order_id\":31,\"order_code\":\"20221125-15430154\",\"user_id\":54,\"seller_id\":17,\"status\":\"on_the_way\"}', NULL, '2022-11-27 18:00:03', '2022-11-27 18:00:03'),
('faa8efb9-fc7f-437b-9246-5794dc8b0734', 'App\\Notifications\\OrderNotification', 'App\\Models\\User', 9, '{\"order_id\":3,\"order_code\":\"20220912-21241144\",\"user_id\":10,\"seller_id\":12,\"status\":\"picked_up\"}', '2022-10-11 21:20:34', '2022-09-12 19:27:20', '2022-10-11 21:20:34'),
('fab42acd-a8fb-4225-b2e0-072bb5f09234', 'App\\Notifications\\OrderNotification', 'App\\Models\\User', 28, '{\"order_id\":12,\"order_code\":\"20221027-21365817\",\"user_id\":28,\"seller_id\":26,\"status\":\"confirmed\"}', NULL, '2022-10-27 22:17:40', '2022-10-27 22:17:40'),
('faf07e5c-815c-41eb-814c-bfaa11cf1fb2', 'App\\Notifications\\OrderNotification', 'App\\Models\\User', 118, '{\"order_id\":102,\"order_code\":\"20230429-16183134\",\"user_id\":118,\"seller_id\":102,\"status\":\"delivered\"}', NULL, '2023-05-03 16:55:59', '2023-05-03 16:55:59'),
('fba4621d-d218-4129-8e1b-0c6656e3e5c2', 'App\\Notifications\\OrderNotification', 'App\\Models\\User', 9, '{\"order_id\":12,\"order_code\":\"20221027-21365817\",\"user_id\":28,\"seller_id\":26,\"status\":\"on_the_way\"}', '2022-11-02 17:54:15', '2022-10-28 12:15:58', '2022-11-02 17:54:15'),
('fc004577-eb9b-45f4-960b-7168329b62e1', 'App\\Notifications\\OrderNotification', 'App\\Models\\User', 9, '{\"order_id\":103,\"order_code\":\"20230504-20072746\",\"user_id\":120,\"seller_id\":87,\"status\":\"confirmed\"}', '2023-05-04 20:46:22', '2023-05-04 20:46:08', '2023-05-04 20:46:22'),
('fc070838-324a-41ae-8b97-5629d50e0156', 'App\\Notifications\\OrderNotification', 'App\\Models\\User', 107, '{\"order_id\":88,\"order_code\":\"20230313-12281159\",\"user_id\":107,\"seller_id\":26,\"status\":\"cancelled\"}', NULL, '2023-03-20 08:56:10', '2023-03-20 08:56:10'),
('fcb2b320-f40d-4ff5-bcfa-7480b8eafa94', 'App\\Notifications\\OrderNotification', 'App\\Models\\User', 33, '{\"order_id\":22,\"order_code\":\"20221111-22580447\",\"user_id\":36,\"seller_id\":33,\"status\":\"delivered\"}', '2022-11-18 21:15:27', '2022-11-15 11:05:01', '2022-11-18 21:15:27'),
('fce19caa-0c21-4590-aa0d-c99780099b20', 'App\\Notifications\\OrderNotification', 'App\\Models\\User', 23, '{\"order_id\":20,\"order_code\":\"20221105-12160263\",\"user_id\":31,\"seller_id\":23,\"status\":\"delivered\"}', NULL, '2022-11-12 07:20:49', '2022-11-12 07:20:49'),
('fd513169-4084-4487-be5c-5a6089a53caa', 'App\\Notifications\\OrderNotification', 'App\\Models\\User', 118, '{\"order_id\":102,\"order_code\":\"20230429-16183134\",\"user_id\":118,\"seller_id\":102,\"status\":\"picked_up\"}', NULL, '2023-04-29 19:46:53', '2023-04-29 19:46:53'),
('fdb4f492-8fd6-4ac9-9e5f-ce3cbd102216', 'App\\Notifications\\OrderNotification', 'App\\Models\\User', 9, '{\"order_id\":27,\"order_code\":\"20221115-12484832\",\"user_id\":46,\"seller_id\":17,\"status\":\"delivered\"}', '2022-11-20 10:41:37', '2022-11-19 14:57:17', '2022-11-20 10:41:37'),
('fdbae518-308d-4673-9a36-902048e53567', 'App\\Notifications\\OrderNotification', 'App\\Models\\User', 102, '{\"order_id\":102,\"order_code\":\"20230429-16183134\",\"user_id\":118,\"seller_id\":102,\"status\":\"placed\"}', NULL, '2023-04-29 14:18:31', '2023-04-29 14:18:31'),
('fe3a6cd3-fac8-4c44-94d5-fa9c40f8028d', 'App\\Notifications\\OrderNotification', 'App\\Models\\User', 9, '{\"order_id\":11,\"order_code\":\"20221025-10163397\",\"user_id\":24,\"seller_id\":9,\"status\":\"paid\"}', '2022-11-02 17:54:15', '2022-10-25 08:17:39', '2022-11-02 17:54:15'),
('ff4f3580-732a-4779-b839-083ebb814ab3', 'App\\Notifications\\OrderNotification', 'App\\Models\\User', 98, '{\"order_id\":84,\"order_code\":\"20230227-15283787\",\"user_id\":98,\"seller_id\":16,\"status\":\"confirmed\"}', NULL, '2023-02-27 16:10:50', '2023-02-27 16:10:50'),
('ff96583b-0e6b-4f6c-b1a9-fac8f0adce9b', 'App\\Notifications\\OrderNotification', 'App\\Models\\User', 9, '{\"order_id\":82,\"order_code\":\"20230218-13504562\",\"user_id\":95,\"seller_id\":26,\"status\":\"confirmed\"}', '2023-02-19 09:15:17', '2023-02-18 21:09:15', '2023-02-19 09:15:17'),
('ffbfbad0-7df6-4680-9682-30f2864287dc', 'App\\Notifications\\OrderNotification', 'App\\Models\\User', 9, '{\"order_id\":90,\"order_code\":\"20230321-12132324\",\"user_id\":109,\"seller_id\":16,\"status\":\"picked_up\"}', '2023-03-21 18:18:31', '2023-03-21 18:18:23', '2023-03-21 18:18:31'),
('ffebf656-fea5-4f17-9e40-20decfd6ab78', 'App\\Notifications\\OrderNotification', 'App\\Models\\User', 112, '{\"order_id\":95,\"order_code\":\"20230409-11302476\",\"user_id\":112,\"seller_id\":91,\"status\":\"delivered\"}', NULL, '2023-04-14 13:46:45', '2023-04-14 13:46:45');

-- --------------------------------------------------------

--
-- Structure de la table `orders`
--

